Back
From: metabase:user:9820532a-708b-1014-9a05-b18a96298da1
Subject: FAIL Class-PObject-2.17 v5.15.3 GNU/Linux
Date: 2011-10-14T23:06:15Z
This distribution has been tested as part of the CPAN Testers
project, supporting the Perl programming language. See
http://wiki.cpantesters.org/ for more information or email
questions to cpan-testers-discuss@perl.org
--
Dear Sherzod Ruzmetov,
This is a computer-generated report for Class-PObject-2.17
on perl 5.15.3, created by CPAN-Reporter-1.2002.
Thank you for uploading your work to CPAN. However, there was a problem
testing your distribution.
If you think this report is invalid, please consult the CPAN Testers Wiki
for suggestions on how to avoid getting FAIL reports for missing library
or binary dependencies, unsupported operating systems, and so on:
http://wiki.cpantesters.org/wiki/CPANAuthorNotes
Sections of this report:
* Tester comments
* Program output
* Prerequisites
* Environment and other context
------------------------------
TESTER COMMENTS
------------------------------
Additional comments from tester:
this report is from an automated smoke testing program
and was not reviewed by a human for accuracy
------------------------------
PROGRAM OUTPUT
------------------------------
Output from '/usr/bin/make test':
PERL_DL_NONLAZY=1 /home/bri/perl5/perlbrew/perls/perl-5.15.3-th/bin/perl5.15.3 "-MExtUtils::Command::MM" "-e" "test_harness(0, 'blib/lib', 'blib/arch')" t/*.t
t/01basic_file.t ..... ok
# Failed test at /home/bri/.cpan/build/Class-PObject-2.17-Rcp8G_/blib/lib/Class/PObject/Test/Basic.pm line 330.
# Failed test at /home/bri/.cpan/build/Class-PObject-2.17-Rcp8G_/blib/lib/Class/PObject/Test/Basic.pm line 332.
# Failed test at /home/bri/.cpan/build/Class-PObject-2.17-Rcp8G_/blib/lib/Class/PObject/Test/Basic.pm line 343.
# Failed test at /home/bri/.cpan/build/Class-PObject-2.17-Rcp8G_/blib/lib/Class/PObject/Test/Basic.pm line 355.
# Failed test at /home/bri/.cpan/build/Class-PObject-2.17-Rcp8G_/blib/lib/Class/PObject/Test/Basic.pm line 356.
# Failed test at /home/bri/.cpan/build/Class-PObject-2.17-Rcp8G_/blib/lib/Class/PObject/Test/Basic.pm line 425.
# Failed test at /home/bri/.cpan/build/Class-PObject-2.17-Rcp8G_/blib/lib/Class/PObject/Test/Basic.pm line 426.
# Failed test at /home/bri/.cpan/build/Class-PObject-2.17-Rcp8G_/blib/lib/Class/PObject/Test/Basic.pm line 444.
# Failed test at /home/bri/.cpan/build/Class-PObject-2.17-Rcp8G_/blib/lib/Class/PObject/Test/Basic.pm line 451.
# Failed test at /home/bri/.cpan/build/Class-PObject-2.17-Rcp8G_/blib/lib/Class/PObject/Test/Basic.pm line 457.
# Failed test at /home/bri/.cpan/build/Class-PObject-2.17-Rcp8G_/blib/lib/Class/PObject/Test/Basic.pm line 471.
# Failed test at /home/bri/.cpan/build/Class-PObject-2.17-Rcp8G_/blib/lib/Class/PObject/Test/Basic.pm line 481.
# Failed test 'count: 1'
# at /home/bri/.cpan/build/Class-PObject-2.17-Rcp8G_/blib/lib/Class/PObject/Test/Basic.pm line 511.
# Looks like you failed 13 tests of 204.
t/06basic_csv.t ......
Dubious, test returned 13 (wstat 3328, 0xd00)
Failed 13/204 subtests
t/11basic_mysql.t .... skipped: DBD::mysql is not available
t/16basic_db_file.t .. skipped: DB_File is not available
# Failed test at /home/bri/.cpan/build/Class-PObject-2.17-Rcp8G_/blib/lib/Class/PObject/Test/Basic.pm line 195.
# Failed test at /home/bri/.cpan/build/Class-PObject-2.17-Rcp8G_/blib/lib/Class/PObject/Test/Basic.pm line 198.
# Failed test at /home/bri/.cpan/build/Class-PObject-2.17-Rcp8G_/blib/lib/Class/PObject/Test/Basic.pm line 231.
Can't call method "title" on an undefined value at /home/bri/.cpan/build/Class-PObject-2.17-Rcp8G_/blib/lib/Class/PObject/Test/Basic.pm line 233.
# Looks like you planned 204 tests but ran 51.
# Looks like you failed 3 tests of 51 run.
# Looks like your test exited with 2 just after 51.
t/21basic_sqlite.t ...
Dubious, test returned 2 (wstat 512, 0x200)
Failed 156/204 subtests
t/61types_file.t ..... ok
t/62types_csv.t ...... ok
t/63types_db_file.t .. skipped: DB_File is not available
t/64types_mysql.t .... skipped: DBD::mysql is not available
# Failed test at /home/bri/.cpan/build/Class-PObject-2.17-Rcp8G_/blib/lib/Class/PObject/Test/Types.pm line 105.
Can't call method "name" on an undefined value at /home/bri/.cpan/build/Class-PObject-2.17-Rcp8G_/blib/lib/Class/PObject/Test/Types.pm line 113.
# Looks like you planned 46 tests but ran 21.
# Looks like you failed 1 test of 21 run.
# Looks like your test exited with 2 just after 21.
t/65types_sqlite.t ...
Dubious, test returned 2 (wstat 512, 0x200)
Failed 26/46 subtests
Use of uninitialized value in concatenation (.) or string at /home/bri/.cpan/build/Class-PObject-2.17-Rcp8G_/blib/lib/Class/PObject/Test/HAS_A.pm line 81.
t/70hasa_file.t ...... ok
Use of uninitialized value in concatenation (.) or string at /home/bri/.cpan/build/Class-PObject-2.17-Rcp8G_/blib/lib/Class/PObject/Test/HAS_A.pm line 81.
t/71hasa_csv.t ....... ok
t/72hasa_mysql.t ..... skipped: DBD::mysql is not available
t/73hasa_db_file.t ... skipped: DB_File is not available
Use of uninitialized value in concatenation (.) or string at /home/bri/.cpan/build/Class-PObject-2.17-Rcp8G_/blib/lib/Class/PObject/Test/HAS_A.pm line 81.
Use of uninitialized value in string eq at /home/bri/.cpan/build/Class-PObject-2.17-Rcp8G_/blib/lib/Class/PObject/Test/HAS_A.pm line 99.
# Failed test at /home/bri/.cpan/build/Class-PObject-2.17-Rcp8G_/blib/lib/Class/PObject/Test/HAS_A.pm line 99.
# Failed test at /home/bri/.cpan/build/Class-PObject-2.17-Rcp8G_/blib/lib/Class/PObject/Test/HAS_A.pm line 108.
Can't call method "author" on an undefined value at /home/bri/.cpan/build/Class-PObject-2.17-Rcp8G_/blib/lib/Class/PObject/Test/HAS_A.pm line 112.
# Looks like you planned 37 tests but ran 15.
# Looks like you failed 2 tests of 15 run.
# Looks like your test exited with 2 just after 15.
t/74hasa_sqlite.t ....
Dubious, test returned 2 (wstat 512, 0x200)
Failed 24/37 subtests
Test Summary Report
-------------------
t/06basic_csv.t (Wstat: 3328 Tests: 204 Failed: 13)
Failed tests: 100, 102, 109, 116-117, 150-151, 161, 165
169, 175, 183, 198
Non-zero exit status: 13
t/21basic_sqlite.t (Wstat: 512 Tests: 51 Failed: 3)
Failed tests: 45-46, 51
Non-zero exit status: 2
Parse errors: Bad plan. You planned 204 tests but ran 51.
t/65types_sqlite.t (Wstat: 512 Tests: 21 Failed: 1)
Failed test: 21
Non-zero exit status: 2
Parse errors: Bad plan. You planned 46 tests but ran 21.
t/74hasa_sqlite.t (Wstat: 512 Tests: 15 Failed: 2)
Failed tests: 12, 15
Non-zero exit status: 2
Parse errors: Bad plan. You planned 37 tests but ran 15.
Files=15, Tests=661, 3 wallclock secs ( 0.12 usr 0.04 sys + 1.57 cusr 0.14 csys = 1.87 CPU)
Result: FAIL
Failed 4/15 test programs. 19/661 subtests failed.
make: *** [test_dynamic] Error 2
------------------------------
PREREQUISITES
------------------------------
Prerequisite modules loaded:
requires:
Module Need Have
------------------- ---- -----
File::Basename 0 2.83
File::Path 0 2.08
File::Spec 0 3.33
IO::Dir 0 1.07
Log::Agent 0 0.307
Storable 0 2.30
Test::More 0 0.98
build_requires:
Module Need Have
------------------- ---- -----
ExtUtils::MakeMaker 0 6.58
------------------------------
ENVIRONMENT AND OTHER CONTEXT
------------------------------
Environment variables:
AUTOMATED_TESTING = 1
LANG = C
LANGUAGE = en_GB:en
LC_ALL = C
PATH = /home/bri/bin:/home/bri/perl5/perlbrew/bin:/home/bri/perl5/perlbrew/perls/perl-5.15.3-th/bin:~/bin:/usr/local/sbin:/usr/local/bin:/usr/sbin:/usr/bin:/sbin:/bin:/usr/games
PATH_WITHOUT_PERLBREW = ~/bin:/usr/local/sbin:/usr/local/bin:/usr/sbin:/usr/bin:/sbin:/bin:/usr/games
PERL5LIB =
PERL5OPT =
PERL5_CPANPLUS_IS_RUNNING = 27205
PERL5_CPAN_IS_RUNNING = 27205
PERL5_CPAN_IS_RUNNING_IN_RECURSION = 17562,27205
PERLBREW_HOME = /home/bri/.perlbrew
PERLBREW_PATH = /home/bri/perl5/perlbrew/bin:/home/bri/perl5/perlbrew/perls/perl-5.15.3-th/bin
PERLBREW_PERL = perl-5.15.3-th
PERLBREW_ROOT = /home/bri/perl5/perlbrew
PERLBREW_VERSION = 0.29
PERL_CPANM_OPT = --prompt --mirror http://172.16.1.3/cpan/
PERL_CR_SMOKER_CURRENT = Class-PObject-2.17
PERL_EXTUTILS_AUTOINSTALL = --defaultdeps
PERL_MM_USE_DEFAULT = 1
SHELL = /bin/bash
TERM = linux
Perl special variables (and OS-specific diagnostics, for MSWin32):
$^X = /home/bri/perl5/perlbrew/perls/perl-5.15.3-th/bin/perl5.15.3
$UID/$EUID = 1000 / 1000
$GID = 1000 4 20 24 46 112 120 122 1000
$EGID = 1000 4 20 24 46 112 120 122 1000
Perl module toolchain versions installed:
Module Have
------------------- --------
CPAN 1.9800
CPAN::Meta 2.112621
Cwd 3.33
ExtUtils::CBuilder 0.280202
ExtUtils::Command 1.17
ExtUtils::Install 1.52
ExtUtils::MakeMaker 6.58
ExtUtils::Manifest 1.60
ExtUtils::ParseXS 3.05
File::Spec 3.33
JSON 2.53
JSON::PP 2.27200
Module::Build 0.3800
Module::Signature n/a
Parse::CPAN::Meta 1.4401
Test::Harness 3.23
Test::More 0.98
YAML 0.73
YAML::Syck n/a
version 0.94
--
Summary of my perl5 (revision 5 version 15 subversion 3) configuration:
Platform:
osname=linux, osvers=2.6.38-11-generic, archname=i686-linux-thread-multi
uname='linux lappy 2.6.38-11-generic #48-ubuntu smp fri jul 29 19:05:14 utc 2011 i686 i686 i386 gnulinux '
config_args='-de -Dprefix=/home/bri/perl5/perlbrew/perls/perl-5.15.3-th -Dusethreads -Dusedevel'
hint=recommended, useposix=true, d_sigaction=define
useithreads=define, usemultiplicity=define
useperlio=define, d_sfio=undef, uselargefiles=define, usesocks=undef
use64bitint=undef, use64bitall=undef, uselongdouble=undef
usemymalloc=n, bincompat5005=undef
Compiler:
cc='cc', ccflags ='-D_REENTRANT -D_GNU_SOURCE -fno-strict-aliasing -pipe -fstack-protector -I/usr/local/include -D_LARGEFILE_SOURCE -D_FILE_OFFSET_BITS=64',
optimize='-O2',
cppflags='-D_REENTRANT -D_GNU_SOURCE -fno-strict-aliasing -pipe -fstack-protector -I/usr/local/include'
ccversion='', gccversion='4.5.2', gccosandvers=''
intsize=4, longsize=4, ptrsize=4, doublesize=8, byteorder=1234
d_longlong=define, longlongsize=8, d_longdbl=define, longdblsize=12
ivtype='long', ivsize=4, nvtype='double', nvsize=8, Off_t='off_t', lseeksize=8
alignbytes=4, prototype=define
Linker and Libraries:
ld='cc', ldflags =' -fstack-protector -L/usr/local/lib'
libpth=/usr/local/lib /lib /usr/lib /usr/lib/i386-linux-gnu /usr/lib64
libs=-lnsl -ldl -lm -lcrypt -lutil -lpthread -lc
perllibs=-lnsl -ldl -lm -lcrypt -lutil -lpthread -lc
libc=, so=so, useshrplib=false, libperl=libperl.a
gnulibc_version='2.13'
Dynamic Linking:
dlsrc=dl_dlopen.xs, dlext=so, d_dlsymun=undef, ccdlflags='-Wl,-E'
cccdlflags='-fPIC', lddlflags='-shared -O2 -L/usr/local/lib -fstack-protector'
Characteristics of this binary (from libperl):
Compile-time options: HAS_TIMES MULTIPLICITY PERLIO_LAYERS
PERL_DONT_CREATE_GVSV PERL_IMPLICIT_CONTEXT
PERL_MALLOC_WRAP PERL_PRESERVE_IVUV PERL_USE_DEVEL
USE_ITHREADS USE_LARGE_FILES USE_LOCALE
USE_LOCALE_COLLATE USE_LOCALE_CTYPE
USE_LOCALE_NUMERIC USE_PERLIO USE_PERL_ATOF
USE_REENTRANT_API
Built under linux
Compiled at Oct 7 2011 21:33:17
%ENV:
PERL5LIB=""
PERL5OPT=""
PERL5_CPANPLUS_IS_RUNNING="27205"
PERL5_CPAN_IS_RUNNING="27205"
PERL5_CPAN_IS_RUNNING_IN_RECURSION="17562,27205"
PERLBREW_HOME="/home/bri/.perlbrew"
PERLBREW_PATH="/home/bri/perl5/perlbrew/bin:/home/bri/perl5/perlbrew/perls/perl-5.15.3-th/bin"
PERLBREW_PERL="perl-5.15.3-th"
PERLBREW_ROOT="/home/bri/perl5/perlbrew"
PERLBREW_VERSION="0.29"
PERL_CPANM_OPT="--prompt --mirror http://172.16.1.3/cpan/"
PERL_CR_SMOKER_CURRENT="Class-PObject-2.17"
PERL_EXTUTILS_AUTOINSTALL="--defaultdeps"
PERL_MM_USE_DEFAULT="1"
@INC:
/home/bri/perl5/perlbrew/perls/perl-5.15.3-th/lib/site_perl/5.15.3/i686-linux-thread-multi
/home/bri/perl5/perlbrew/perls/perl-5.15.3-th/lib/site_perl/5.15.3
/home/bri/perl5/perlbrew/perls/perl-5.15.3-th/lib/5.15.3/i686-linux-thread-multi
/home/bri/perl5/perlbrew/perls/perl-5.15.3-th/lib/5.15.3
.