Report for App-CatalystStarter-Bloated-v0.9.3

Back
From: metabase:user:314402c4-2aae-11df-837a-5e0a49663a4f
Subject: FAIL App-CatalystStarter-Bloated-v0.9.3 v5.22.0 GNU/Linux
Date: 2016-03-22T19:05:59Z

This distribution has been tested as part of the CPAN Testers
project, supporting the Perl programming language.  See
http://wiki.cpantesters.org/ for more information or email
questions to cpan-testers-discuss@perl.org


--
Dear Torbjorn Lindahl,

This is a computer-generated report for App-CatalystStarter-Bloated-v0.9.3
on perl 5.22.0, created by CPAN-Reporter-1.2016.

Thank you for uploading your work to CPAN.  However, there was a problem
testing your distribution.

If you think this report is invalid, please consult the CPAN Testers Wiki
for suggestions on how to avoid getting FAIL reports for missing library
or binary dependencies, unsupported operating systems, and so on:

http://wiki.cpantesters.org/wiki/CPANAuthorNotes

Sections of this report:

    * Tester comments
    * Program output
    * Prerequisites
    * Environment and other context

------------------------------
TESTER COMMENTS
------------------------------

Additional comments from tester:

none provided

------------------------------
PROGRAM OUTPUT
------------------------------

Output from './Build test':

t/00.load.t ........................ ok
t/catalyst_path.t .................. ok
t/complete_dsn_from_pgpass_data.t .. ok
2016/03/22 18:46:51 system call died. It definitely shouldn't have.
2016/03/22 18:46:51 command was: TestCat410591028679/script/testcat410591028679_create.pl view JSON2 JSON
Error open (<:encoding(UTF-8)) on '/var/tmp/cpansmoker-1023/2016032218/D8msXPRapy/TestCat410591028679/lib/TestCat410591028679/View/JSON2.pm': No such file or directory at /tmpfs/.cpan-build-cpansand/2016032218/App-CatalystStarter-Bloated-v0.9.3-eOJXef/blib/lib/App/CatalystStarter/Bloated.pm line 569.
# Tests were run but no plan was declared and done_testing() was not seen.
# Looks like your test exited with 2 just after 1.
t/create_json.t .................... 
Dubious, test returned 2 (wstat 512, 0x200)
All 1 subtests passed 
2016/03/22 18:46:53 system call died. It definitely shouldn't have.
2016/03/22 18:46:53 command was: TestCat6841021010692/script/testcat6841021010692_create.pl view HTML2 TT

#   Failed test 'create TT view'
#   at t/create_tt.t line 24.
Can't locate Catalyst/ScriptRunner.pm in @INC (@INC contains: /tmpfs/.cpan-build-cpansand/2016032218/App-CatalystStarter-Bloated-v0.9.3-eOJXef/blib/lib /tmpfs/.cpan-build-cpansand/2016032218/App-CatalystStarter-Bloated-v0.9.3-eOJXef/blib/arch /etc/perl /usr/local/lib/perl/5.14.2 /usr/local/share/perl/5.14.2 /usr/lib/perl5 /usr/share/perl5 /usr/lib/perl/5.14 /usr/share/perl/5.14 /usr/local/lib/site_perl .) at TestCat6841021010692/script/testcat6841021010692_create.pl line 6.
BEGIN failed--compilation aborted at TestCat6841021010692/script/testcat6841021010692_create.pl line 6.
2016/03/22 18:46:55 system call died. It definitely shouldn't have.
2016/03/22 18:46:55 command was: TestCat6841021010692/script/testcat6841021010692_create.pl view HTML2 TT

#   Failed test 'verbose create'
#   at t/create_tt.t line 32.
# STDOUT:
# 
# doesn't match:
# (?^:\bcreated.*HTML2\.pm\b)
# as expected
# Looks like you failed 2 tests of 3.
t/create_tt.t ...................... 
Dubious, test returned 2 (wstat 512, 0x200)
Failed 2/3 subtests 
t/creater.t ........................ ok
t/dsn.t ............................ ok
t/finalize_argv.t .................. ok
t/fix_dbi_driver_case.t ............ ok
t/mk_app.t ......................... ok
t/pgpass.t ......................... ok
t/verify_json.t .................... ok
t/verify_root.t .................... ok
t/verify_tt.t ...................... ok

Test Summary Report
-------------------
t/create_json.t                  (Wstat: 512 Tests: 1 Failed: 0)
  Non-zero exit status: 2
  Parse errors: No plan found in TAP output
t/create_tt.t                    (Wstat: 512 Tests: 3 Failed: 2)
  Failed tests:  2-3
  Non-zero exit status: 2
Files=14, Tests=91, 20 wallclock secs ( 0.05 usr  0.10 sys +  7.24 cusr  1.33 csys =  8.72 CPU)
Result: FAIL
Failed 2/14 test programs. 2/91 subtests failed.

------------------------------
PREREQUISITES
------------------------------

Prerequisite modules loaded:

requires:

    Module               Need   Have    
    -------------------- ------ --------
    Archive::Zip         1.30   1.55    
    Capture::Tiny        0.23   0.36    
    Catalyst::View::JSON 0.30   0.36    
    Catalyst::View::TT   0.41   0.44    
    DBI                  1.63   1.633   
    File::ShareDir       1.03   1.102   
    File::Which          1.09   1.19    
    HTML::TreeBuilder    5.03   5.03    
    IO::All              0.53   0.86    
    List::MoreUtils      0.33   0.413   
    Log::Log4perl        1.42   1.47    
    Moose                2.1005 2.1604  
    namespace::autoclean 0.13   0.28    
    Path::Tiny           0.051  0.084   
    Test::FailWarnings   0.008  0.008   
    Test::File::ShareDir v0.3.1 1.001001
    Test::Most           0.31   0.34    
    Test::Output         1.02   1.03    
    Test::Perl::Critic   1.02   1.03    
    Test::Pod            1.48   1.51    
    Test::Pod::Coverage  1.08   1.10    
    utf8::all            0.011  0.016   

configure_requires:

    Module               Need   Have    
    -------------------- ------ --------
    Module::Build        0.42   0.4214  


------------------------------
ENVIRONMENT AND OTHER CONTEXT
------------------------------

Environment variables:

    LANG = C
    PATH = /usr/local/bin:/usr/bin:/bin:/usr/local/sbin:/usr/sbin:/sbin:/home/cpansand/bin/linux-gnu:/home/cpansand/bin/sh:/home/cpansand/bin:/home/cpansand/bin/pistachio-perl/bin:/usr/games:/home/cpansand/devel:/home/eserte/src/srezic-misc/scripts
    PERL5LIB = 
    PERL5OPT = 
    PERL5_CPANPLUS_IS_RUNNING = 13346
    PERL5_CPAN_IS_RUNNING = 13346
    PERL5_CPAN_IS_RUNNING_IN_RECURSION = 13676,13346
    PERLDOC = -MPod::Perldoc::ToTextOverstrike
    PERL_BATCH = yes
    PERL_CANARY_STABILITY_NOPROMPT = 1
    PERL_CPAN_REPORTER_CONFIG = /var/tmp/cpansmoker-1023/2016032218/cpanreporter_007_config.ini
    PERL_EXTUTILS_AUTOINSTALL = --defaultdeps
    SHELL = /bin/zsh
    TERM = screen
    TMPDIR = /var/tmp/cpansmoker-1023/2016032218

Perl special variables (and OS-specific diagnostics, for MSWin32):

    $^X = /bbbike/perl-5.22.0/bin/perl
    $UID/$EUID = 1023 / 1023
    $GID = 1023 1023
    $EGID = 1023 1023

Perl module toolchain versions installed:

    Module              Have    
    ------------------- --------
    CPAN                2.10    
    CPAN::Meta          2.150005
    Cwd                 3.62    
    ExtUtils::CBuilder  0.280221
    ExtUtils::Command   7.10    
    ExtUtils::Install   2.04    
    ExtUtils::MakeMaker 7.10    
    ExtUtils::Manifest  1.70    
    ExtUtils::ParseXS   3.28    
    File::Spec          3.62    
    JSON                2.90    
    JSON::PP            2.27300 
    Module::Build       0.4214  
    Module::Signature   0.79    
    Parse::CPAN::Meta   1.4414  
    Test::Harness       3.36    
    Test::More          1.001014
    YAML                1.15    
    YAML::Syck          1.29    
    version             0.9916  


--

Summary of my perl5 (revision 5 version 22 subversion 0) configuration:
   
  Platform:
    osname=linux, osvers=3.2.0-4-amd64, archname=x86_64-linux
    uname='linux eserte 3.2.0-4-amd64 #1 smp debian 3.2.68-1+deb7u1 x86_64 gnulinux '
    config_args='-ds -e -Dprefix=/opt/perl-5.22.0 -Dcf_email=srezic@cpan.org'
    hint=recommended, useposix=true, d_sigaction=define
    useithreads=undef, usemultiplicity=undef
    use64bitint=define, use64bitall=define, uselongdouble=undef
    usemymalloc=n, bincompat5005=undef
  Compiler:
    cc='cc', ccflags ='-fwrapv -fno-strict-aliasing -pipe -fstack-protector -I/usr/local/include -D_LARGEFILE_SOURCE -D_FILE_OFFSET_BITS=64 -D_FORTIFY_SOURCE=2',
    optimize='-O2',
    cppflags='-fwrapv -fno-strict-aliasing -pipe -fstack-protector -I/usr/local/include'
    ccversion='', gccversion='4.7.2', gccosandvers=''
    intsize=4, longsize=8, ptrsize=8, doublesize=8, byteorder=12345678, doublekind=3
    d_longlong=define, longlongsize=8, d_longdbl=define, longdblsize=16, longdblkind=3
    ivtype='long', ivsize=8, nvtype='double', nvsize=8, Off_t='off_t', lseeksize=8
    alignbytes=8, prototype=define
  Linker and Libraries:
    ld='cc', ldflags =' -fstack-protector -L/usr/local/lib'
    libpth=/usr/local/lib /usr/lib/gcc/x86_64-linux-gnu/4.7/include-fixed /usr/include/x86_64-linux-gnu /usr/lib /lib/x86_64-linux-gnu /lib/../lib /usr/lib/x86_64-linux-gnu /usr/lib/../lib /lib
    libs=-lpthread -lnsl -ldb -ldl -lm -lcrypt -lutil -lc
    perllibs=-lpthread -lnsl -ldl -lm -lcrypt -lutil -lc
    libc=libc-2.13.so, so=so, useshrplib=false, libperl=libperl.a
    gnulibc_version='2.13'
  Dynamic Linking:
    dlsrc=dl_dlopen.xs, dlext=so, d_dlsymun=undef, ccdlflags='-Wl,-E'
    cccdlflags='-fPIC', lddlflags='-shared -O2 -L/usr/local/lib -fstack-protector'


Characteristics of this binary (from libperl): 
  Compile-time options: HAS_TIMES PERLIO_LAYERS PERL_DONT_CREATE_GVSV
                        PERL_HASH_FUNC_ONE_AT_A_TIME_HARD PERL_MALLOC_WRAP
                        PERL_NEW_COPY_ON_WRITE PERL_PRESERVE_IVUV
                        USE_64_BIT_ALL USE_64_BIT_INT USE_LARGE_FILES
                        USE_LOCALE USE_LOCALE_COLLATE USE_LOCALE_CTYPE
                        USE_LOCALE_NUMERIC USE_LOCALE_TIME USE_PERLIO
                        USE_PERL_ATOF
  Built under linux
  Compiled at Jun  1 2015 18:17:49
  %ENV:
    PERL5LIB=""
    PERL5OPT=""
    PERL5_CPANPLUS_IS_RUNNING="13346"
    PERL5_CPAN_IS_RUNNING="13346"
    PERL5_CPAN_IS_RUNNING_IN_RECURSION="13676,13346"
    PERLDOC="-MPod::Perldoc::ToTextOverstrike"
    PERL_BATCH="yes"
    PERL_CANARY_STABILITY_NOPROMPT="1"
    PERL_CPAN_REPORTER_CONFIG="/var/tmp/cpansmoker-1023/2016032218/cpanreporter_007_config.ini"
    PERL_EXTUTILS_AUTOINSTALL="--defaultdeps"
  @INC:
    /opt/perl-5.22.0/lib/site_perl/5.22.0/x86_64-linux
    /opt/perl-5.22.0/lib/site_perl/5.22.0
    /opt/perl-5.22.0/lib/5.22.0/x86_64-linux
    /opt/perl-5.22.0/lib/5.22.0
    .