Back
From: metabase:user:30ae4450-2aae-11df-837a-5e0a49663a4f
Subject: FAIL Catalyst-Plugin-Authentication-Store-DBIC-0.11 v5.25.8
Date: 2017-02-08T01:52:22Z
This distribution has been tested as part of the CPAN Testers
project, supporting the Perl programming language. See
http://wiki.cpantesters.org/ for more information or email
questions to cpan-testers-discuss@perl.org
--
Dear Matt S Trout,
This is a computer-generated report for Catalyst-Plugin-Authentication-Store-DBIC-0.11
on perl 5.25.8, created by CPAN-Reporter-1.2018.
Thank you for uploading your work to CPAN. However, there was a problem
testing your distribution.
If you think this report is invalid, please consult the CPAN Testers Wiki
for suggestions on how to avoid getting FAIL reports for missing library
or binary dependencies, unsupported operating systems, and so on:
http://wiki.cpantesters.org/wiki/CPANAuthorNotes
Sections of this report:
* Tester comments
* Program output
* Prerequisites
* Environment and other context
------------------------------
TESTER COMMENTS
------------------------------
Additional comments from tester:
this report is from an automated smoke testing program
and was not reviewed by a human for accuracy
------------------------------
PROGRAM OUTPUT
------------------------------
Output from 'C:\STRAWB~1\c\bin\dmake.exe test':
"C:\Strawberry258\perl\bin\perl.exe" "-MExtUtils::Command::MM" "-MTest::Harness" "-e" "undef *Test::Harness::Switches; test_harness(0, 'inc', 'blib\lib', 'blib\arch')" t/01use.t t/02pod.t t/03podcoverage.t t/04auth-clear.t t/05auth-crypted.t t/06auth-hashed.t t/06auth-salted-hash.t t/07auth-sessions-peruser.t t/07auth-sessions.t t/09authz-cdbi.t t/10authz-dbic-schema.t t/11autocreate.t
t/01use.t .................... ok
t/02pod.t .................... skipped: set TEST_POD to enable this test
t/03podcoverage.t ............ skipped: set TEST_POD to enable this test
Can't use string ("HASH(0xfc5e84)") as a HASH ref while "strict refs" in use at C:/Strawberry258/perl/site/lib/Catalyst/Component.pm line 132.
Compilation failed in require at C:/Strawberry258/perl/site/lib/Catalyst/Test.pm line 155.
BEGIN failed--compilation aborted at t/04auth-clear.t line 46.
t/04auth-clear.t .............
Dubious, test returned 255 (wstat 65280, 0xff00)
Failed 6/6 subtests
Can't use string ("HASH(0xfc5e84)") as a HASH ref while "strict refs" in use at C:/Strawberry258/perl/site/lib/Catalyst/Component.pm line 132.
Compilation failed in require at C:/Strawberry258/perl/site/lib/Catalyst/Test.pm line 155.
BEGIN failed--compilation aborted at t/05auth-crypted.t line 46.
t/05auth-crypted.t ...........
Dubious, test returned 255 (wstat 65280, 0xff00)
Failed 2/2 subtests
Can't use string ("HASH(0x1107824)") as a HASH ref while "strict refs" in use at C:/Strawberry258/perl/site/lib/Catalyst/Component.pm line 132.
Compilation failed in require at C:/Strawberry258/perl/site/lib/Catalyst/Test.pm line 155.
BEGIN failed--compilation aborted at t/06auth-hashed.t line 51.
t/06auth-hashed.t ............
Dubious, test returned 255 (wstat 65280, 0xff00)
Failed 2/2 subtests
Can't use string ("HASH(0x11086ec)") as a HASH ref while "strict refs" in use at C:/Strawberry258/perl/site/lib/Catalyst/Component.pm line 132.
Compilation failed in require at C:/Strawberry258/perl/site/lib/Test/WWW/Mechanize/Catalyst.pm line 245.
Test::WWW::Mechanize::Catalyst::import("Test::WWW::Mechanize::Catalyst", "TestApp") called at t/06auth-salted-hash.t line 52
main::BEGIN() called at t/06auth-salted-hash.t line 52
eval {...} called at t/06auth-salted-hash.t line 52
BEGIN failed--compilation aborted at t/06auth-salted-hash.t line 52.
t/06auth-salted-hash.t .......
Dubious, test returned 255 (wstat 65280, 0xff00)
Failed 2/2 subtests
t/07auth-sessions-peruser.t .. skipped: Catalyst::Plugin::Session::PerUser >= 0.03 is required for this test
Can't use string ("HASH(0x22029f4)") as a HASH ref while "strict refs" in use at C:/Strawberry258/perl/site/lib/Catalyst/Component.pm line 132.
Compilation failed in require at C:/Strawberry258/perl/site/lib/Test/WWW/Mechanize/Catalyst.pm line 245.
Test::WWW::Mechanize::Catalyst::import("Test::WWW::Mechanize::Catalyst", "TestApp") called at t/07auth-sessions.t line 62
main::BEGIN() called at t/07auth-sessions.t line 62
eval {...} called at t/07auth-sessions.t line 62
BEGIN failed--compilation aborted at t/07auth-sessions.t line 62.
t/07auth-sessions.t ..........
Dubious, test returned 255 (wstat 65280, 0xff00)
Failed 8/8 subtests
Can't use string ("HASH(0x19bbcb4)") as a HASH ref while "strict refs" in use at C:/Strawberry258/perl/site/lib/Catalyst/Component.pm line 132.
Compilation failed in require at C:/Strawberry258/perl/site/lib/Catalyst/Test.pm line 155.
BEGIN failed--compilation aborted at t/09authz-cdbi.t line 60.
t/09authz-cdbi.t .............
Dubious, test returned 255 (wstat 65280, 0xff00)
Failed 8/8 subtests
Can't use string ("HASH(0x1ea414c)") as a HASH ref while "strict refs" in use at C:/Strawberry258/perl/site/lib/Catalyst/Component.pm line 132.
Compilation failed in require at C:/Strawberry258/perl/site/lib/Catalyst/Test.pm line 155.
BEGIN failed--compilation aborted at t/10authz-dbic-schema.t line 66.
t/10authz-dbic-schema.t ......
Dubious, test returned 255 (wstat 65280, 0xff00)
Failed 8/8 subtests
Can't use string ("HASH(0xec3d4c)") as a HASH ref while "strict refs" in use at C:/Strawberry258/perl/site/lib/Catalyst/Component.pm line 132.
Compilation failed in require at C:/Strawberry258/perl/site/lib/Catalyst/Test.pm line 155.
BEGIN failed--compilation aborted at t/11autocreate.t line 47.
t/11autocreate.t .............
Dubious, test returned 255 (wstat 65280, 0xff00)
Failed 2/2 subtests
Test Summary Report
-------------------
t/04auth-clear.t (Wstat: 65280 Tests: 0 Failed: 0)
Non-zero exit status: 255
Parse errors: Bad plan. You planned 6 tests but ran 0.
t/05auth-crypted.t (Wstat: 65280 Tests: 0 Failed: 0)
Non-zero exit status: 255
Parse errors: Bad plan. You planned 2 tests but ran 0.
t/06auth-hashed.t (Wstat: 65280 Tests: 0 Failed: 0)
Non-zero exit status: 255
Parse errors: Bad plan. You planned 2 tests but ran 0.
t/06auth-salted-hash.t (Wstat: 65280 Tests: 0 Failed: 0)
Non-zero exit status: 255
Parse errors: Bad plan. You planned 2 tests but ran 0.
t/07auth-sessions.t (Wstat: 65280 Tests: 0 Failed: 0)
Non-zero exit status: 255
Parse errors: Bad plan. You planned 8 tests but ran 0.
t/09authz-cdbi.t (Wstat: 65280 Tests: 0 Failed: 0)
Non-zero exit status: 255
Parse errors: Bad plan. You planned 8 tests but ran 0.
t/10authz-dbic-schema.t (Wstat: 65280 Tests: 0 Failed: 0)
Non-zero exit status: 255
Parse errors: Bad plan. You planned 8 tests but ran 0.
t/11autocreate.t (Wstat: 65280 Tests: 0 Failed: 0)
Non-zero exit status: 255
Parse errors: Bad plan. You planned 2 tests but ran 0.
Files=12, Tests=4, 34 wallclock secs ( 0.13 usr + 0.05 sys = 0.18 CPU)
Result: FAIL
Failed 8/12 test programs. 0/4 subtests failed.
dmake.exe: Error code 255, while making 'test_dynamic'
------------------------------
PREREQUISITES
------------------------------
Prerequisite modules loaded:
requires:
Module Need Have
-------------------------------- ---- --------
Catalyst::Model::DBIC::Schema 0 0.65
Catalyst::Plugin::Authentication 0.06 0.10023
Catalyst::Runtime 0 5.90114
Class::Accessor::Fast 0 0.34
DBIx::Class 0 0.082840
ExtUtils::MakeMaker 7.24 7.24
Set::Object 1.14 1.35
build_requires:
Module Need Have
-------------------------------- ---- --------
ExtUtils::MakeMaker 0 7.24
------------------------------
ENVIRONMENT AND OTHER CONTEXT
------------------------------
Environment variables:
AUTOMATED_TESTING = 1
COMSPEC = C:\WINDOWS\system32\cmd.exe
NUMBER_OF_PROCESSORS = 1
PATH = C:\WINDOWS\system32;C:\WINDOWS;C:\WINDOWS\System32\Wbem;C:\Git\cmd;C:\Strawberry258\c\bin;C:\Strawberry258\perl\site\bin;C:\Strawberry258\perl\bin
PERL5LIB =
PERL5OPT =
PERL5_CPANPLUS_IS_RUNNING = 42172
PERL5_CPAN_IS_RUNNING = 42172
PERL5_CPAN_IS_RUNNING_IN_RECURSION = 1536,42172
PERL_CR_SMOKER_CURRENT = Catalyst-Plugin-Authentication-Store-DBIC-0.11
PERL_CR_SMOKER_RUNONCE = 1
PERL_EXTUTILS_AUTOINSTALL = --defaultdeps
PERL_HASH_SEED = 0x11111111
PERL_MM_USE_DEFAULT = 1
PROCESSOR_IDENTIFIER = x86 Family 16 Model 5 Stepping 3, AuthenticAMD
TEMP = C:\DOCUME~1\a\LOCALS~1\Temp
Perl special variables (and OS-specific diagnostics, for MSWin32):
$^X = C:\Strawberry258\perl\bin\perl.exe
$UID/$EUID = 0 / 0
$GID = 0
$EGID = 0
Win32::GetOSName = WinXP/.Net
Win32::GetOSVersion = Service Pack 3, 5, 1, 2600, 2, 3, 0, 256, 1
Win32::FsType = NTFS
Win32::IsAdminUser = 1
Perl module toolchain versions installed:
Module Have
------------------- ----------
CPAN 2.14_01
CPAN::Meta 2.150010
Cwd 3.66
ExtUtils::CBuilder 0.280225
ExtUtils::Command 7.24
ExtUtils::Install 2.04
ExtUtils::MakeMaker 7.24
ExtUtils::Manifest 1.70
ExtUtils::ParseXS 3.33
File::Spec 3.66
JSON 2.90
JSON::PP 2.27400_02
Module::Build 0.4220
Module::Signature 0.81
Parse::CPAN::Meta 2.150010
Test::Harness 3.36_01
Test::More 1.302073
YAML 1.21
YAML::Syck 1.29
version 0.9917
--
Summary of my perl5 (revision 5 version 25 subversion 8) configuration:
Platform:
osname=MSWin32
osvers=4.0
archname=MSWin32-x86-multi-thread
uname='Win32 strawberry-perl 5.25.8.1-beta1 #1 Thu Dec 29 20:16:24 2016 i386'
config_args='undef'
hint=recommended
useposix=true
d_sigaction=undef
useithreads=define
usemultiplicity=define
use64bitint=undef
use64bitall=undef
uselongdouble=undef
usemymalloc=n
bincompat5005=undef
Compiler:
cc='gcc'
ccflags =' -s -O2 -DWIN32 -DPERL_TEXTMODE_SCRIPTS -DPERL_IMPLICIT_CONTEXT -DPERL_IMPLICIT_SYS -fwrapv -fno-strict-aliasing -mms-bitfields'
optimize='-s -O2'
cppflags='-DWIN32'
ccversion=''
gccversion='4.9.2'
gccosandvers=''
intsize=4
longsize=4
ptrsize=4
doublesize=8
byteorder=1234
doublekind=3
d_longlong=define
longlongsize=8
d_longdbl=define
longdblsize=12
longdblkind=3
ivtype='long'
ivsize=4
nvtype='double'
nvsize=8
Off_t='long long'
lseeksize=8
alignbytes=8
prototype=define
Linker and Libraries:
ld='g++'
ldflags ='-s -L"C:\STRAWB~1\perl\lib\CORE" -L"C:\STRAWB~1\c\lib"'
libpth=C:\STRAWB~1\c\lib C:\STRAWB~1\c\i686-w64-mingw32\lib C:\STRAWB~1\c\lib\gcc\i686-w64-mingw32\4.9.2
libs=-lmoldname -lkernel32 -luser32 -lgdi32 -lwinspool -lcomdlg32 -ladvapi32 -lshell32 -lole32 -loleaut32 -lnetapi32 -luuid -lws2_32 -lmpr -lwinmm -lversion -lodbc32 -lodbccp32 -lcomctl32
perllibs=-lmoldname -lkernel32 -luser32 -lgdi32 -lwinspool -lcomdlg32 -ladvapi32 -lshell32 -lole32 -loleaut32 -lnetapi32 -luuid -lws2_32 -lmpr -lwinmm -lversion -lodbc32 -lodbccp32 -lcomctl32
libc=
so=dll
useshrplib=true
libperl=libperl525.a
gnulibc_version=''
Dynamic Linking:
dlsrc=dl_win32.xs
dlext=xs.dll
d_dlsymun=undef
ccdlflags=' '
cccdlflags=' '
lddlflags='-mdll -s -L"C:\STRAWB~1\perl\lib\CORE" -L"C:\STRAWB~1\c\lib"'
Characteristics of this binary (from libperl):
Compile-time options:
HAS_TIMES
HAVE_INTERP_INTERN
MULTIPLICITY
PERLIO_LAYERS
PERL_COPY_ON_WRITE
PERL_DONT_CREATE_GVSV
PERL_HASH_FUNC_ONE_AT_A_TIME_HARD
PERL_IMPLICIT_CONTEXT
PERL_IMPLICIT_SYS
PERL_MALLOC_WRAP
PERL_OP_PARENT
PERL_PRESERVE_IVUV
USE_ITHREADS
USE_LARGE_FILES
USE_LOCALE
USE_LOCALE_COLLATE
USE_LOCALE_CTYPE
USE_LOCALE_NUMERIC
USE_LOCALE_TIME
USE_PERLIO
USE_PERL_ATOF
Built under MSWin32
Compiled at Dec 29 2016 20:25:17
%ENV:
PERL5_CPANPLUS_IS_RUNNING="42172"
PERL5_CPAN_IS_RUNNING="42172"
PERL5_CPAN_IS_RUNNING_IN_RECURSION="1536,42172"
PERL_CR_SMOKER_CURRENT="Catalyst-Plugin-Authentication-Store-DBIC-0.11"
PERL_CR_SMOKER_RUNONCE="1"
PERL_EXTUTILS_AUTOINSTALL="--defaultdeps"
PERL_HASH_SEED="0x11111111"
PERL_MM_USE_DEFAULT="1"
@INC:
C:/Strawberry258/perl/site/lib
C:/Strawberry258/perl/vendor/lib
C:/Strawberry258/perl/lib
.