Back
From: metabase:user:320bfe00-2aae-11df-837a-5e0a49663a4f
Subject: FAIL signatures-0.06 v5.13.9 GNU/Linux
Date: 2011-02-07T04:24:10Z
This distribution has been tested as part of the CPAN Testers
project, supporting the Perl programming language. See
http://wiki.cpantesters.org/ for more information or email
questions to cpan-testers-discuss@perl.org
--
Dear Florian Ragwitz,
This is a computer-generated report for signatures-0.06
on perl 5.13.9, created by CPAN-Reporter-1.1902.
Thank you for uploading your work to CPAN. However, there was a problem
testing your distribution.
If you think this report is invalid, please consult the CPAN Testers Wiki
for suggestions on how to avoid getting FAIL reports for missing library
or binary dependencies, unsupported operating systems, and so on:
http://wiki.cpantesters.org/wiki/CPANAuthorNotes
Sections of this report:
* Tester comments
* Program output
* Prerequisites
* Environment and other context
------------------------------
TESTER COMMENTS
------------------------------
Additional comments from tester:
none provided
------------------------------
PROGRAM OUTPUT
------------------------------
Output from '/usr/bin/make test':
make[1]: Entering directory `/home/sand/.cpan/build/signatures-0.06-lhYG1K'
/home/src/perl/repoperls/installed-perls/perl/v5.13.9-260-gad01be2/bin/perl "-Iinc" "-MModule::Install::ExtraTests" "-e" "Module::Install::ExtraTests::__harness('Test::Harness', 0, 'xt/author', '', '', 0, 'blib/lib', 'blib/arch')" t/*.t
t/anon.t ........... ok
t/basic.t .......... ok
t/bug_junctions.t .. ok
# Failed test 'signatures parse in eval'
# at t/eval.t line 8.
# forced to realloc PL_linestr for line use signatures;sub foo ($bar) { $bar }
# ;, bailing out before we crash harder at /home/sand/.cpan/build/signatures-0.06-lhYG1K/blib/lib/signatures.pm line 87.
Undefined subroutine &main::foo called at t/eval.t line 11.
# Looks like you planned 8 tests but ran 2.
# Looks like you failed 1 test of 2 run.
# Looks like your test exited with 255 just after 2.
t/eval.t ...........
Dubious, test returned 255 (wstat 65280, 0xff00)
Failed 7/8 subtests
t/proto.t .......... ok
t/subclass.t ....... ok
t/warnings.t ....... ok
t/weird.t .......... ok
Test Summary Report
-------------------
t/eval.t (Wstat: 65280 Tests: 2 Failed: 1)
Failed test: 1
Non-zero exit status: 255
Parse errors: Bad plan. You planned 8 tests but ran 2.
Files=8, Tests=24, 0 wallclock secs ( 0.04 usr 0.02 sys + 0.40 cusr 0.07 csys = 0.53 CPU)
Result: FAIL
Failed 1/8 test programs. 1/24 subtests failed.
make[1]: *** [test_dynamic] Error 255
make[1]: Leaving directory `/home/sand/.cpan/build/signatures-0.06-lhYG1K'
------------------------------
PREREQUISITES
------------------------------
Prerequisite modules loaded:
requires:
Module Need Have
-------------------- ----- -------
B::Hooks::EndOfScope 0.08 0.09
B::Hooks::OP::Check 0.17 0.18
B::Hooks::OP::PPAddr 0 0.03
B::Hooks::Parser 0.07 0.09
ExtUtils::Depends 0.302 0.304
ExtUtils::MakeMaker 6.42 6.57_05
build_requires:
Module Need Have
-------------------- ----- -------
ExtUtils::MakeMaker 0 6.57_05
configure_requires:
Module Need Have
-------------------- ----- -------
B::Hooks::OP::Check 0.18 0.18
B::Hooks::OP::PPAddr 0.03 0.03
B::Hooks::Parser 0.07 0.09
ExtUtils::Depends 0.302 0.304
ExtUtils::MakeMaker 6.42 6.57_05
------------------------------
ENVIRONMENT AND OTHER CONTEXT
------------------------------
Environment variables:
LANG = en_US.UTF-8
PATH = /home/sand/bin:/usr/local/bin:/usr/bin:/bin:/usr/bin/X11:/usr/games:/usr/local/perl/bin:/usr/X11/bin:/sbin:/usr/sbin
PERL5LIB =
PERL5OPT =
PERL5_CPANPLUS_IS_RUNNING = 13053
PERL5_CPAN_IS_RUNNING = 13053
SHELL = /usr/bin/zsh
TERM = screen
Perl special variables (and OS-specific diagnostics, for MSWin32):
$^X = /home/src/perl/repoperls/installed-perls/perl/v5.13.9-260-gad01be2/bin/perl
$UID/$EUID = 1001 / 1001
$GID = 1001 1001
$EGID = 1001 1001
Perl module toolchain versions installed:
Module Have
------------------- --------
CPAN 1.94_64
Cwd 3.37
ExtUtils::CBuilder 0.280202
ExtUtils::Command 1.16
ExtUtils::Install 1.56
ExtUtils::MakeMaker 6.57_05
ExtUtils::Manifest 1.58
ExtUtils::ParseXS 2.2209
File::Spec 3.33
Module::Build 0.3624
Module::Signature 0.66
Test::Harness 3.22
Test::More 0.97_01
YAML 0.72
YAML::Syck 1.17
version 0.88
--
Summary of my perl5 (revision 5 version 13 subversion 9) configuration:
Commit id: ad01be2b63e28bdd8e5e9c5e2a377f0391d5411d
Platform:
osname=linux, osvers=2.6.32-5-xen-amd64, archname=x86_64-linux
uname='linux k81 2.6.32-5-xen-amd64 #1 smp wed jan 12 05:46:49 utc 2011 x86_64 gnulinux '
config_args='-Dprefix=/home/src/perl/repoperls/installed-perls/perl/v5.13.9-260-gad01be2 -Dinstallusrbinperl=n -Uversiononly -Dusedevel -des -Ui_db -Uuseithreads -Uuselongdouble'
hint=recommended, useposix=true, d_sigaction=define
useithreads=undef, usemultiplicity=undef
useperlio=define, d_sfio=undef, uselargefiles=define, usesocks=undef
use64bitint=define, use64bitall=define, uselongdouble=undef
usemymalloc=n, bincompat5005=undef
Compiler:
cc='cc', ccflags ='-fno-strict-aliasing -pipe -fstack-protector -I/usr/local/include -D_LARGEFILE_SOURCE -D_FILE_OFFSET_BITS=64',
optimize='-O2',
cppflags='-fno-strict-aliasing -pipe -fstack-protector -I/usr/local/include'
ccversion='', gccversion='4.4.5', gccosandvers=''
intsize=4, longsize=8, ptrsize=8, doublesize=8, byteorder=12345678
d_longlong=define, longlongsize=8, d_longdbl=define, longdblsize=16
ivtype='long', ivsize=8, nvtype='double', nvsize=8, Off_t='off_t', lseeksize=8
alignbytes=8, prototype=define
Linker and Libraries:
ld='cc', ldflags =' -fstack-protector -L/usr/local/lib'
libpth=/usr/local/lib /lib /usr/lib /lib64 /usr/lib64
libs=-lnsl -lgdbm -ldb -ldl -lm -lcrypt -lutil -lc -lgdbm_compat
perllibs=-lnsl -ldl -lm -lcrypt -lutil -lc
libc=/lib/libc-2.11.2.so, so=so, useshrplib=false, libperl=libperl.a
gnulibc_version='2.11.2'
Dynamic Linking:
dlsrc=dl_dlopen.xs, dlext=so, d_dlsymun=undef, ccdlflags='-Wl,-E'
cccdlflags='-fPIC', lddlflags='-shared -O2 -L/usr/local/lib -fstack-protector'
Characteristics of this binary (from libperl):
Compile-time options: PERL_DONT_CREATE_GVSV PERL_MALLOC_WRAP PERL_USE_DEVEL
USE_64_BIT_ALL USE_64_BIT_INT USE_LARGE_FILES
USE_PERLIO USE_PERL_ATOF
Built under linux
Compiled at Feb 6 2011 08:14:14
%ENV:
PERL5LIB=""
PERL5OPT=""
PERL5_CPANPLUS_IS_RUNNING="13053"
PERL5_CPAN_IS_RUNNING="13053"
@INC:
/home/src/perl/repoperls/installed-perls/perl/v5.13.9-260-gad01be2/lib/site_perl/5.13.9/x86_64-linux
/home/src/perl/repoperls/installed-perls/perl/v5.13.9-260-gad01be2/lib/site_perl/5.13.9
/home/src/perl/repoperls/installed-perls/perl/v5.13.9-260-gad01be2/lib/5.13.9/x86_64-linux
/home/src/perl/repoperls/installed-perls/perl/v5.13.9-260-gad01be2/lib/5.13.9
.