Test-WWW-Mechanize v1.60 Perl 5 v5.24.0 MSWin32-x86-multi-thread-64int

Status
Fail
From
NONAME
Dist
Test-WWW-Mechanize v1.60
Platform
Perl 5 v5.24.0 MSWin32-x86-multi-thread-64int
Date
2022-12-06 09:25:36
ID
1c0e93c3-6d94-1014-8319-7619c445e7f0
This distribution has been tested as part of the CPAN Testers
project, supporting the Perl programming language.  See
http://wiki.cpantesters.org/ for more information or email
questions to cpan-testers-discuss@perl.org


--
Dear Andy Lester,

This is a computer-generated report for Test-WWW-Mechanize-1.60
on perl 5.24.0, created by CPAN-Reporter-1.2018.

Thank you for uploading your work to CPAN.  However, there was a problem
testing your distribution.

If you think this report is invalid, please consult the CPAN Testers Wiki
for suggestions on how to avoid getting FAIL reports for missing library
or binary dependencies, unsupported operating systems, and so on:

http://wiki.cpantesters.org/wiki/CPANAuthorNotes

Sections of this report:

    * Tester comments
    * Program output
    * Prerequisites
    * Environment and other context

------------------------------
TESTER COMMENTS
------------------------------

Additional comments from tester:

none provided

------------------------------
PROGRAM OUTPUT
------------------------------

Output from 'C:\Strawberry\c\bin\dmake.exe test':

C:\"Strawberry\perl\bin\perl.exe" "-MExtUtils::Command::MM" "-MTest::Harness" "-e" "undef *Test::Harness::Switches; test_harness(0, 'blib\lib', 'blib\arch')" t/*.t
# Testing Test::WWW::Mechanize 1.60 on Perl 5.024000, C:\Strawberry\perl\bin\perl.exe
# LWP 6.67
# WWW::Mechanize 2.15
# Test::More 1.302191
# Test::Builder::Tester 1.302191
# Found optional HTML::Lint 2.32
# Optional HTML::Tidy5 not found. Install it to use additional features.
t/00-load.t ................ ok
t/autolint.t ............... ok
t/autotidy.t ............... skipped: Optional HTML::Tidy5 1.00 is not installed, cannot test autotidy.
t/button_exists.t .......... ok
# Test server http://127.0.0.1:26668 as PID -7648
t/click_ok.t ............... ok

#   Failed test 'Handles not finding it'
#   at t/content_contains.t line 54.
# STDERR is:
# > #   Failed test 'Where is Mungo?'
# > #   at t/content_contains.t line 53.
# > #     searched: "<html>\x{0a}    <head>\x{0a}        <title>Test Page</title>"...
# > #   can't find: "Mungo"
# > #         LCSS: "go"
# > # LCSS context: "dy>\x{0a}        <h1>Test Page</h1>\x{0a}        <a href="go"
# not:
# > /#\s+Failed\ test.*?\n?.*?at\ t\/content_contains\.t line 53.*\n?/
# > #     searched: "<html>\x{0d}\x{0a}    <head>\x{0d}\x{0a}        <title>Test Page</titl"...
# > #   can't find: "Mungo"
# > #         LCSS: "go"
# > # LCSS context: ">\x{0d}\x{0a}        <h1>Test Page</h1>\x{0d}\x{0a}        <a href="go"
# > 
# as expected
t/content_contains.t ....... 
Failed 1/21 subtests 

#   Failed test 'Handles not finding it'
#   at t/content_lacks.t line 41.
# STDERR is:
# > #   Failed test 'Shouldn't say it's a test page'
# > #   at t/content_lacks.t line 40.
# > #     searched: "<html>\x{0a}    <head>\x{0a}        <title>Test Page</title>"...
# > #    and found: "Test Page"
# > #  at position: 33 (line 3 column 16)
# not:
# > /#\s+Failed\ test.*?\n?.*?at\ t\/content_lacks\.t line 40.*\n?/
# > #     searched: "<html>\x{0d}\x{0a}    <head>\x{0d}\x{0a}        <title>Test Page</titl"...
# > #    and found: "Test Page"
# > #  at position: 35 (line 3 column 16)
# > 
# as expected
t/content_lacks.t .......... 
Failed 1/5 subtests 
# Test server http://127.0.0.1:22166 as PID -3404
t/delete_ok.t .............. ok
t/follow_link_ok.t ......... ok
t/followable_links.t ....... ok
t/get_ok-parms.t ........... ok
t/get_ok.t ................. ok
t/has_tag.t ................ ok
t/head_ok-parms.t .......... ok
t/head_ok.t ................ ok
# Test server http://127.0.0.1:23543 as PID -8048
t/headers.t ................ ok
t/html_lint_ok.t ........... ok
t/html_tidy_ok.t ........... skipped: Optional HTML::Tidy5 1.00 is not installed, cannot test html_tidy_ok
t/id_exists.t .............. ok
t/lacks_uncapped_inputs.t .. ok
t/link_content.t ........... ok
t/link_status.t ............ ok
t/links_ok.t ............... ok
t/new.t .................... ok
t/page_links_content.t ..... ok
t/page_links_ok.t .......... ok
t/pod-coverage.t ........... ok
t/pod.t .................... ok
t/post_ok.t ................ ok
# Test server http://127.0.0.1:34198 as PID -6792
t/put_ok.t ................. ok
t/scrape_text_by_id.t ...... ok
t/stuff_inputs.t ........... ok
# Test server http://127.0.0.1:31943 as PID -5576
t/submit_form_ok.t ......... ok
t/text_contains.t .......... ok
t/title_is.t ............... ok

Test Summary Report
-------------------
t/content_contains.t     (Wstat: 0 Tests: 21 Failed: 1)
  Failed test:  21
t/content_lacks.t        (Wstat: 0 Tests: 5 Failed: 1)
  Failed test:  5
Files=35, Tests=325, 34 wallclock secs ( 0.36 usr +  0.20 sys =  0.56 CPU)
Result: FAIL
Failed 2/35 test programs. 2/325 subtests failed.
dmake.exe:  Error code 255, while making 'test_dynamic'

------------------------------
PREREQUISITES
------------------------------

Prerequisite modules loaded:

requires:

    Module                    Need  Have    
    ------------------------- ----- --------
    Carp                      0     1.50    
    Carp::Assert::More        1.16  2.1.0   
    HTML::Form                0     6.10    
    HTML::TokeParser          0     3.80    
    HTTP::Message             6.29  6.44    
    LWP                       6.02  6.67    
    parent                    0     0.234   
    perl                      5.010 5.024000
    Test::Builder             0     1.302191
    Test::LongString          0.15  0.17    
    WWW::Mechanize            1.68  2.15    

build_requires:

    Module                    Need  Have    
    ------------------------- ----- --------
    ExtUtils::MakeMaker       0     7.65_02 
    HTTP::Server::Simple      0.42  0.51    
    HTTP::Server::Simple::CGI 0     0       
    Test::Builder::Tester     1.09  1.302191
    Test::More                0.96  1.302191
    URI::file                 0     5.17    

configure_requires:

    Module                    Need  Have    
    ------------------------- ----- --------
    ExtUtils::MakeMaker       0     7.65_02 


------------------------------
ENVIRONMENT AND OTHER CONTEXT
------------------------------

Environment variables:

    COMSPEC = C:\windows\system32\cmd.exe
    NONINTERACTIVE_TESTING = 1
    NUMBER_OF_PROCESSORS = 4
    PATH = C:\home\west\perl5\bin;C:\windows\system32;C:\windows;C:\windows\System32\Wbem;C:\windows\System32\WindowsPowerShell\v1.0\;C:\Strawberry\c\bin;C:\Strawberry\perl\site\bin;C:\Strawberry\perl\bin
    PERL5LIB = C:\home\west\perl5\lib\perl5
    PERL5OPT = 
    PERL5_CPANPLUS_IS_RUNNING = 6108
    PERL5_CPAN_IS_RUNNING = 6108
    PERL_LOCAL_LIB_ROOT = C:\home\west\perl5
    PERL_MB_OPT = --install_base "C:\\home\\west\\perl5"
    PERL_MM_OPT = INSTALL_BASE=C:\\home\\west\\perl5
    PERL_MM_USE_DEFAULT = 1
    PERL_USE_UNSAFE_INC = 1
    PROCESSOR_IDENTIFIER = x86 Family 6 Model 37 Stepping 5, GenuineIntel
    TEMP = C:\Users\user\AppData\Local\Temp
    TERM = dumb

Perl special variables (and OS-specific diagnostics, for MSWin32):

    $^X = C:\Strawberry\perl\bin\perl.exe
    $UID/$EUID = 0 / 0
    $GID = 0
    $EGID = 0
    Win32::GetOSName = Win7
    Win32::GetOSVersion = Service Pack 1, 6, 1, 7601, 2, 1, 0, 256, 1
    Win32::FsType = NTFS
    Win32::IsAdminUser = 0

Perl module toolchain versions installed:

    Module              Have    
    ------------------- --------
    CPAN                2.34    
    CPAN::Meta          2.150010
    Cwd                 3.75    
    ExtUtils::CBuilder  0.280236
    ExtUtils::Command   7.65_02 
    ExtUtils::Install   2.20    
    ExtUtils::MakeMaker 7.65_02 
    ExtUtils::Manifest  1.73    
    ExtUtils::ParseXS   3.44    
    File::Spec          3.75    
    JSON                4.10    
    JSON::PP            4.12    
    Module::Build       0.42_28 
    Module::Signature   0.88    
    Parse::CPAN::Meta   2.150010
    Test::Harness       3.44    
    Test::More          1.302191
    YAML                1.27    
    YAML::Syck          1.34    
    version             0.9929  


--

Summary of my perl5 (revision 5 version 24 subversion 0) configuration:
   
  Platform:
    osname=MSWin32, osvers=6.3, archname=MSWin32-x86-multi-thread-64int
    uname='Win32 strawberry-perl 5.24.0.1 #1 Tue May 10 17:10:11 2016 i386'
    config_args='undef'
    hint=recommended, useposix=true, d_sigaction=undef
    useithreads=define, usemultiplicity=define
    use64bitint=define, use64bitall=undef, uselongdouble=undef
    usemymalloc=n, bincompat5005=undef
  Compiler:
    cc='gcc', ccflags =' -s -O2 -DWIN32  -DPERL_TEXTMODE_SCRIPTS -DPERL_IMPLICIT_CONTEXT -DPERL_IMPLICIT_SYS -fwrapv -fno-strict-aliasing -mms-bitfields',
    optimize='-s -O2',
    cppflags='-DWIN32'
    ccversion='', gccversion='4.9.2', gccosandvers=''
    intsize=4, longsize=4, ptrsize=4, doublesize=8, byteorder=12345678, doublekind=3
    d_longlong=define, longlongsize=8, d_longdbl=define, longdblsize=12, longdblkind=3
    ivtype='long long', ivsize=8, nvtype='double', nvsize=8, Off_t='long long', lseeksize=8
    alignbytes=8, prototype=define
  Linker and Libraries:
    ld='g++', ldflags ='-s -L"C:\Strawberry\perl\lib\CORE" -L"C:\Strawberry\c\lib"'
    libpth=C:\Strawberry\c\lib C:\Strawberry\c\i686-w64-mingw32\lib C:\Strawberry\c\lib\gcc\i686-w64-mingw32\4.9.2
    libs=-lmoldname -lkernel32 -luser32 -lgdi32 -lwinspool -lcomdlg32 -ladvapi32 -lshell32 -lole32 -loleaut32 -lnetapi32 -luuid -lws2_32 -lmpr -lwinmm -lversion -lodbc32 -lodbccp32 -lcomctl32
    perllibs=-lmoldname -lkernel32 -luser32 -lgdi32 -lwinspool -lcomdlg32 -ladvapi32 -lshell32 -lole32 -loleaut32 -lnetapi32 -luuid -lws2_32 -lmpr -lwinmm -lversion -lodbc32 -lodbccp32 -lcomctl32
    libc=, so=dll, useshrplib=true, libperl=libperl524.a
    gnulibc_version=''
  Dynamic Linking:
    dlsrc=dl_win32.xs, dlext=xs.dll, d_dlsymun=undef, ccdlflags=' '
    cccdlflags=' ', lddlflags='-mdll -s -L"C:\Strawberry\perl\lib\CORE" -L"C:\Strawberry\c\lib"'


Characteristics of this binary (from libperl): 
  Compile-time options: HAS_TIMES HAVE_INTERP_INTERN MULTIPLICITY
                        PERLIO_LAYERS PERL_COPY_ON_WRITE
                        PERL_DONT_CREATE_GVSV
                        PERL_HASH_FUNC_ONE_AT_A_TIME_HARD
                        PERL_IMPLICIT_CONTEXT PERL_IMPLICIT_SYS
                        PERL_MALLOC_WRAP PERL_PRESERVE_IVUV USE_64_BIT_INT
                        USE_ITHREADS USE_LARGE_FILES USE_LOCALE
                        USE_LOCALE_COLLATE USE_LOCALE_CTYPE
                        USE_LOCALE_NUMERIC USE_LOCALE_TIME USE_PERLIO
                        USE_PERL_ATOF
  Built under MSWin32
  Compiled at May 10 2016 17:20:50
  %ENV:
    PERL5LIB="C:\home\west\perl5\lib\perl5"
    PERL5_CPANPLUS_IS_RUNNING="6108"
    PERL5_CPAN_IS_RUNNING="6108"
    PERL_LOCAL_LIB_ROOT="C:\home\west\perl5"
    PERL_MB_OPT="--install_base "C:\\home\\west\\perl5""
    PERL_MM_OPT="INSTALL_BASE=C:\\home\\west\\perl5"
    PERL_MM_USE_DEFAULT="1"
    PERL_USE_UNSAFE_INC="1"
  @INC:
    C:\home\west\perl5\lib\perl5/MSWin32-x86-multi-thread-64int
    C:\home\west\perl5\lib\perl5
    C:/Strawberry/perl/site/lib
    C:/Strawberry/perl/vendor/lib
    C:/Strawberry/perl/lib
    .