Class-Trait v0.33 Perl 5 v5.12.4 x86_64-linux-thread-multi-ld

Status
Fail
From
Chris Williams (BINGOS)
Dist
Class-Trait v0.33
Platform
Perl 5 v5.12.4 x86_64-linux-thread-multi-ld
Date
2023-06-06 03:13:29
ID
1c02f832-0418-11ee-98b0-b3c3213a625c
This distribution has been tested as part of the CPAN Testers
project, supporting the Perl programming language.  See
http://wiki.cpantesters.org/ for more information or email
questions to cpan-testers-discuss@perl.org


--

Dear OVID,

This is a computer-generated error report created automatically by
CPANPLUS, version 0.9914. Testers personal comments may appear
at the end of this report.


Thank you for uploading your work to CPAN.  However, it appears that
there were some problems testing your distribution.

TEST RESULTS:

Below is the error stack from stage 'make test':

Class::Trait is deprecated and should no longer be used. Please use Role::Tiny or Role::Basic instead. at t/test_lib/BasicTrait.pm line 6
t/010_class_trait.t ............. ok
Class::Trait is deprecated and should no longer be used. Please use Role::Tiny or Role::Basic instead. at t/test_lib/BasicTraitImport.pm line 6
t/020_test_imports.t ............ ok
Class::Trait is deprecated and should no longer be used. Please use Role::Tiny or Role::Basic instead. at t/test_lib/TraitTestBase.pm line 6
t/030_trait_overload.t .......... ok
Class::Trait is deprecated and should no longer be used. Please use Role::Tiny or Role::Basic instead. at test_lib/Circle.pm line 11
t/040_trait_composition.t ....... ok
t/050_Trait_Config_test.t ....... ok
Class::Trait is deprecated and should no longer be used. Please use Role::Tiny or Role::Basic instead. at t/test_lib/SyncRead.pm line 8
t/060_Trait_SUPER_test.t ........ ok

#   Failed test 'mod_perl should no longer warn on startup'
#   at t/070_Trait_mod_perl_test.t line 24.
# Looks like you failed 1 test of 2.
t/070_Trait_mod_perl_test.t ..... 
Dubious, test returned 1 (wstat 256, 0x100)
Failed 1/2 subtests 
Class::Trait is deprecated and should no longer be used. Please use Role::Tiny or Role::Basic instead. at t/test_lib/PersonWithTitle.pm line 6
t/080_Trait_SUPER2_test.t ....... ok
Class::Trait is deprecated and should no longer be used. Please use Role::Tiny or Role::Basic instead. at t/090_Class_Trait_Lib_tests.t line 17
t/090_Class_Trait_Lib_tests.t ... ok
Class::Trait is deprecated and should no longer be used. Please use Role::Tiny or Role::Basic instead. at t/100_trait_rename_does.t line 22
t/100_trait_rename_does.t ....... ok
Class::Trait is deprecated and should no longer be used. Please use Role::Tiny or Role::Basic instead. at t/110_trait_performs.t line 16
t/110_trait_performs.t .......... ok
Class::Trait is deprecated and should no longer be used. Please use Role::Tiny or Role::Basic instead. at (eval 7) line 2
Class::Trait is deprecated and should no longer be used. Please use Role::Tiny or Role::Basic instead. at (eval 19) line 5
Class::Trait is deprecated and should no longer be used. Please use Role::Tiny or Role::Basic instead. at (eval 30) line 5
Class::Trait is deprecated and should no longer be used. Please use Role::Tiny or Role::Basic instead. at (eval 43) line 4
Class::Trait is deprecated and should no longer be used. Please use Role::Tiny or Role::Basic instead. at (eval 54) line 2
Class::Trait is deprecated and should no longer be used. Please use Role::Tiny or Role::Basic instead. at (eval 66) line 2
Class::Trait is deprecated and should no longer be used. Please use Role::Tiny or Role::Basic instead. at (eval 78) line 2
Class::Trait is deprecated and should no longer be used. Please use Role::Tiny or Role::Basic instead. at (eval 91) line 5
Class::Trait is deprecated and should no longer be used. Please use Role::Tiny or Role::Basic instead. at (eval 103) line 2
Class::Trait is deprecated and should no longer be used. Please use Role::Tiny or Role::Basic instead. at (eval 134) line 2
Class::Trait is deprecated and should no longer be used. Please use Role::Tiny or Role::Basic instead. at (eval 143) line 5
Class::Trait is deprecated and should no longer be used. Please use Role::Tiny or Role::Basic instead. at (eval 152) line 5
t/120_trait_errors.t ............ ok
Class::Trait is deprecated and should no longer be used. Please use Role::Tiny or Role::Basic instead. at t/130_trait_runtime_instance.t line 21
t/130_trait_runtime_instance.t .. ok
Class::Trait is deprecated and should no longer be used. Please use Role::Tiny or Role::Basic instead. at t/140_trait_runtime_class.t line 9
t/140_trait_runtime_class.t ..... ok
Class::Trait is deprecated and should no longer be used. Please use Role::Tiny or Role::Basic instead. at t/150_inherited_does.t line 14
t/150_inherited_does.t .......... ok
t/pod.t ......................... skipped: Test::Pod 1.14 required for testing POD
t/pod_coverage.t ................ skipped: Test::Pod::Coverage required for testing POD coverage

Test Summary Report
-------------------
t/070_Trait_mod_perl_test.t   (Wstat: 256 (exited 1) Tests: 2 Failed: 1)
  Failed test:  1
  Non-zero exit status: 1
Files=17, Tests=398,  1 wallclock secs ( 0.08 usr  0.03 sys +  0.81 cusr  0.16 csys =  1.08 CPU)
Result: FAIL
Failed 1/17 test programs. 1/398 subtests failed.


PREREQUISITES:

Here is a list of prerequisites you specified and versions we
managed to load:

	  Module Name                        Have     Want
	  Class::Accessor::Fast              0.51        0
	  File::Spec                         3.75        0
	  Test::Differences                  0.69     0.47
	  Test::Simple                   1.302194     0.62

Perl module toolchain versions installed:
	Module Name                        Have
	CPANPLUS                         0.9914
	CPANPLUS::Dist::Build              0.90
	Cwd                                3.75
	ExtUtils::CBuilder             0.280236
	ExtUtils::Command                  7.70
	ExtUtils::Install                  2.22
	ExtUtils::MakeMaker                7.70
	ExtUtils::Manifest                 1.73
	ExtUtils::ParseXS                  3.44
	File::Spec                         3.75
	Module::Build                    0.4232
	Pod::Parser                        1.37
	Pod::Simple                        3.14
	Test2                          1.302194
	Test::Harness                      3.44
	Test::More                     1.302194
	version                          0.9929

******************************** NOTE ********************************
The comments above are created mechanically, possibly without manual
checking by the sender.  As there are many people performing automatic
tests on each upload to CPAN, it is likely that you will receive
identical messages about the same problem.

If you believe that the message is mistaken, please reply to the first
one with correction and/or additional informations, and do not take
it personally.  We appreciate your patience. :)
**********************************************************************

Additional comments:


This report was machine-generated by CPANPLUS::Dist::YACSmoke 1.08.
Powered by minismokebox version 0.68

CPANPLUS is prefering Build.PL

------------------------------
ENVIRONMENT AND OTHER CONTEXT
------------------------------

Environment variables:

    AUTOMATED_TESTING = 1
    LANG = en_GB.UTF-8
    LANGUAGE = en_GB:en
    NONINTERACTIVE_TESTING = 1
    PATH = /usr/local/sbin:/usr/local/bin:/usr/sbin:/usr/bin:/sbin:/bin:/usr/games:/usr/local/games:/snap/bin
    PERL5LIB = /home/cpan/pit/jail/xVrC9vjKVK/lib/perl5:/home/cpan/pit/thr-ld/conf/perl-5.12.4/.cpanplus/5.12.4/build/x1kVVLjtl9/Class-Trait-0.33/blib/lib:/home/cpan/pit/thr-ld/conf/perl-5.12.4/.cpanplus/5.12.4/build/x1kVVLjtl9/Class-Trait-0.33/blib/arch
    PERL5_CPANPLUS_IS_RUNNING = 978
    PERL5_CPANPLUS_IS_VERSION = 0.9914
    PERL5_MINISMOKEBOX = 0.68
    PERL5_YACSMOKE_BASE = /home/cpan/pit/thr-ld/conf/perl-5.12.4
    PERL_EXTUTILS_AUTOINSTALL = --defaultdeps
    PERL_LOCAL_LIB_ROOT = /home/cpan/pit/jail/xVrC9vjKVK
    PERL_MB_OPT = --install_base "/home/cpan/pit/jail/xVrC9vjKVK"
    PERL_MM_OPT = INSTALL_BASE=/home/cpan/pit/jail/xVrC9vjKVK
    PERL_MM_USE_DEFAULT = 1
    SHELL = /bin/bash
    TERM = screen

Perl special variables (and OS-specific diagnostics, for MSWin32):

    Perl: $^X = /home/cpan/pit/thr-ld/perl-5.12.4/bin/perl
    UID:  $<  = 1001
    EUID: $>  = 1001
    GID:  $(  = 1001 1001
    EGID: $)  = 1001 1001


-------------------------------


--

Summary of my perl5 (revision 5 version 12 subversion 4) configuration:
   
  Platform:
    osname=linux, osvers=5.4.0-26-generic, archname=x86_64-linux-thread-multi-ld
    uname='linux uchder 5.4.0-26-generic #30-ubuntu smp mon apr 20 16:58:30 utc 2020 x86_64 x86_64 x86_64 gnulinux '
    config_args='-des -Dprefix=/home/cpan/pit/thr-ld/perl-5.12.4 -Dusethreads -Duselongdouble'
    hint=recommended, useposix=true, d_sigaction=define
    useithreads=define, usemultiplicity=define
    useperlio=define, d_sfio=undef, uselargefiles=define, usesocks=undef
    use64bitint=define, use64bitall=define, uselongdouble=define
    usemymalloc=n, bincompat5005=undef
  Compiler:
    cc='cc', ccflags ='-D_REENTRANT -D_GNU_SOURCE -fwrapv -fno-strict-aliasing -pipe -fstack-protector -I/usr/local/include -D_LARGEFILE_SOURCE -D_FILE_OFFSET_BITS=64',
    optimize='-O2',
    cppflags='-D_REENTRANT -D_GNU_SOURCE -fwrapv -fno-strict-aliasing -pipe -fstack-protector -I/usr/local/include'
    ccversion='', gccversion='9.3.0', gccosandvers=''
    intsize=4, longsize=8, ptrsize=8, doublesize=8, byteorder=12345678
    d_longlong=define, longlongsize=8, d_longdbl=define, longdblsize=16
    ivtype='long', ivsize=8, nvtype='long double', nvsize=16, Off_t='off_t', lseeksize=8
    alignbytes=16, prototype=define
  Linker and Libraries:
    ld='cc', ldflags =' -fstack-protector -L/usr/local/lib'
    libpth=/usr/local/lib /lib/x86_64-linux-gnu /lib/../lib /usr/lib/x86_64-linux-gnu /usr/lib/../lib /lib /usr/lib
    libs=-lnsl -lgdbm -ldl -lm -lcrypt -lutil -lpthread -lc
    perllibs=-lnsl -ldl -lm -lcrypt -lutil -lpthread -lc
    libc=libc-2.31.so, so=so, useshrplib=false, libperl=libperl.a
    gnulibc_version='2.31'
  Dynamic Linking:
    dlsrc=dl_dlopen.xs, dlext=so, d_dlsymun=undef, ccdlflags='-Wl,-E'
    cccdlflags='-fPIC', lddlflags='-shared -O2 -L/usr/local/lib -fstack-protector'


Characteristics of this binary (from libperl): 
  Compile-time options: MULTIPLICITY PERL_DONT_CREATE_GVSV
                        PERL_IMPLICIT_CONTEXT PERL_MALLOC_WRAP USE_64_BIT_ALL
                        USE_64_BIT_INT USE_ITHREADS USE_LARGE_FILES
                        USE_LONG_DOUBLE USE_PERLIO USE_PERL_ATOF
                        USE_REENTRANT_API
  Locally applied patches:
	Devel::PatchPerl 1.92
  Built under linux
  Compiled at Apr 28 2020 00:12:31
  %ENV:
    PERL5LIB="/home/cpan/pit/jail/xVrC9vjKVK/lib/perl5:/home/cpan/pit/thr-ld/conf/perl-5.12.4/.cpanplus/5.12.4/build/x1kVVLjtl9/Class-Trait-0.33/blib/lib:/home/cpan/pit/thr-ld/conf/perl-5.12.4/.cpanplus/5.12.4/build/x1kVVLjtl9/Class-Trait-0.33/blib/arch"
    PERL5_CPANPLUS_IS_RUNNING="978"
    PERL5_CPANPLUS_IS_VERSION="0.9914"
    PERL5_MINISMOKEBOX="0.68"
    PERL5_YACSMOKE_BASE="/home/cpan/pit/thr-ld/conf/perl-5.12.4"
    PERL_EXTUTILS_AUTOINSTALL="--defaultdeps"
    PERL_LOCAL_LIB_ROOT="/home/cpan/pit/jail/xVrC9vjKVK"
    PERL_MB_OPT="--install_base "/home/cpan/pit/jail/xVrC9vjKVK""
    PERL_MM_OPT="INSTALL_BASE=/home/cpan/pit/jail/xVrC9vjKVK"
    PERL_MM_USE_DEFAULT="1"
  @INC:
    /home/cpan/pit/jail/xVrC9vjKVK/lib/perl5/5.12.4/x86_64-linux-thread-multi-ld
    /home/cpan/pit/jail/xVrC9vjKVK/lib/perl5/5.12.4
    /home/cpan/pit/jail/xVrC9vjKVK/lib/perl5/x86_64-linux-thread-multi-ld
    /home/cpan/pit/jail/xVrC9vjKVK/lib/perl5
    /home/cpan/pit/thr-ld/conf/perl-5.12.4/.cpanplus/5.12.4/build/x1kVVLjtl9/Class-Trait-0.33/blib/lib
    /home/cpan/pit/thr-ld/conf/perl-5.12.4/.cpanplus/5.12.4/build/x1kVVLjtl9/Class-Trait-0.33/blib/arch
    /home/cpan/pit/thr-ld/perl-5.12.4/lib/site_perl/5.12.4/x86_64-linux-thread-multi-ld
    /home/cpan/pit/thr-ld/perl-5.12.4/lib/site_perl/5.12.4
    /home/cpan/pit/thr-ld/perl-5.12.4/lib/5.12.4/x86_64-linux-thread-multi-ld
    /home/cpan/pit/thr-ld/perl-5.12.4/lib/5.12.4
    .