XML-Debian-ENetInterfaces v0.07 Perl 5 v5.26.0 MSWin32-x86-multi-thread-64int

Status
Fail
From
Alexandr Ciornii (CHORNY)
Dist
XML-Debian-ENetInterfaces v0.07
Platform
Perl 5 v5.26.0 MSWin32-x86-multi-thread-64int
Date
2018-02-01 17:27:50
ID
1b9fab33-6c09-1014-b66c-c7d062ca88c4
This distribution has been tested as part of the CPAN Testers
project, supporting the Perl programming language.  See
http://wiki.cpantesters.org/ for more information or email
questions to cpan-testers-discuss@perl.org


--
Dear Mike Mestnik,

This is a computer-generated report for XML-Debian-ENetInterfaces-0.07
on perl 5.26.0, created by CPAN-Reporter-1.2018.

Thank you for uploading your work to CPAN.  However, there was a problem
testing your distribution.

If you think this report is invalid, please consult the CPAN Testers Wiki
for suggestions on how to avoid getting FAIL reports for missing library
or binary dependencies, unsupported operating systems, and so on:

http://wiki.cpantesters.org/wiki/CPANAuthorNotes

Sections of this report:

    * Tester comments
    * Program output
    * Prerequisites
    * Environment and other context

------------------------------
TESTER COMMENTS
------------------------------

Additional comments from tester:

this report is from an automated smoke testing program
and was not reviewed by a human for accuracy

------------------------------
PROGRAM OUTPUT
------------------------------

Output from 'C:\STRAWB~1\c\bin\gmake.exe test':

"C:\Strawberry260\perl\bin\perl.exe" "-MExtUtils::Command::MM" "-MTest::Harness" "-e" "undef *Test::Harness::Switches; test_harness(0, 'blib\lib', 'blib\arch')" t/*.t
given is experimental at C:\STRAWB~1\cpan\build\XML-Debian-ENetInterfaces-0.07-0\blib\lib/XML/Debian/ENetInterfaces.pm line 119.
when is experimental at C:\STRAWB~1\cpan\build\XML-Debian-ENetInterfaces-0.07-0\blib\lib/XML/Debian/ENetInterfaces.pm line 120.
when is experimental at C:\STRAWB~1\cpan\build\XML-Debian-ENetInterfaces-0.07-0\blib\lib/XML/Debian/ENetInterfaces.pm line 121.
given is experimental at C:\STRAWB~1\cpan\build\XML-Debian-ENetInterfaces-0.07-0\blib\lib/XML/Debian/ENetInterfaces.pm line 250.
when is experimental at C:\STRAWB~1\cpan\build\XML-Debian-ENetInterfaces-0.07-0\blib\lib/XML/Debian/ENetInterfaces.pm line 251.
when is experimental at C:\STRAWB~1\cpan\build\XML-Debian-ENetInterfaces-0.07-0\blib\lib/XML/Debian/ENetInterfaces.pm line 257.
when is experimental at C:\STRAWB~1\cpan\build\XML-Debian-ENetInterfaces-0.07-0\blib\lib/XML/Debian/ENetInterfaces.pm line 263.
given is experimental at C:\STRAWB~1\cpan\build\XML-Debian-ENetInterfaces-0.07-0\blib\lib/XML/Debian/ENetInterfaces.pm line 281.
when is experimental at C:\STRAWB~1\cpan\build\XML-Debian-ENetInterfaces-0.07-0\blib\lib/XML/Debian/ENetInterfaces.pm line 282.
when is experimental at C:\STRAWB~1\cpan\build\XML-Debian-ENetInterfaces-0.07-0\blib\lib/XML/Debian/ENetInterfaces.pm line 292.
when is experimental at C:\STRAWB~1\cpan\build\XML-Debian-ENetInterfaces-0.07-0\blib\lib/XML/Debian/ENetInterfaces.pm line 299.
given is experimental at C:\STRAWB~1\cpan\build\XML-Debian-ENetInterfaces-0.07-0\blib\lib/XML/Debian/ENetInterfaces.pm line 379.
when is experimental at C:\STRAWB~1\cpan\build\XML-Debian-ENetInterfaces-0.07-0\blib\lib/XML/Debian/ENetInterfaces.pm line 380.
when is experimental at C:\STRAWB~1\cpan\build\XML-Debian-ENetInterfaces-0.07-0\blib\lib/XML/Debian/ENetInterfaces.pm line 381.
when is experimental at C:\STRAWB~1\cpan\build\XML-Debian-ENetInterfaces-0.07-0\blib\lib/XML/Debian/ENetInterfaces.pm line 382.
given is experimental at C:\STRAWB~1\cpan\build\XML-Debian-ENetInterfaces-0.07-0\blib\lib/XML/Debian/ENetInterfaces.pm line 405.
when is experimental at C:\STRAWB~1\cpan\build\XML-Debian-ENetInterfaces-0.07-0\blib\lib/XML/Debian/ENetInterfaces.pm line 406.
when is experimental at C:\STRAWB~1\cpan\build\XML-Debian-ENetInterfaces-0.07-0\blib\lib/XML/Debian/ENetInterfaces.pm line 410.
given is experimental at C:\STRAWB~1\cpan\build\XML-Debian-ENetInterfaces-0.07-0\blib\lib/XML/Debian/ENetInterfaces.pm line 423.
when is experimental at C:\STRAWB~1\cpan\build\XML-Debian-ENetInterfaces-0.07-0\blib\lib/XML/Debian/ENetInterfaces.pm line 424.
when is experimental at C:\STRAWB~1\cpan\build\XML-Debian-ENetInterfaces-0.07-0\blib\lib/XML/Debian/ENetInterfaces.pm line 425.
when is experimental at C:\STRAWB~1\cpan\build\XML-Debian-ENetInterfaces-0.07-0\blib\lib/XML/Debian/ENetInterfaces.pm line 426.
when is experimental at C:\STRAWB~1\cpan\build\XML-Debian-ENetInterfaces-0.07-0\blib\lib/XML/Debian/ENetInterfaces.pm line 427.
when is experimental at C:\STRAWB~1\cpan\build\XML-Debian-ENetInterfaces-0.07-0\blib\lib/XML/Debian/ENetInterfaces.pm line 428.
# Testing XML::Debian::ENetInterfaces 0.07, Perl 5.026000, C:\Strawberry260\perl\bin\perl.exe
t/00-load.t ....... ok
Smartmatch is experimental at t/05-perl.t line 10.
Smartmatch is experimental at t/05-perl.t line 11.
Smartmatch is experimental at t/05-perl.t line 13.
Smartmatch is experimental at t/05-perl.t line 15.
Smartmatch is experimental at t/05-perl.t line 16.
Smartmatch is experimental at t/05-perl.t line 17.
Smartmatch is experimental at t/05-perl.t line 18.
Smartmatch is experimental at t/05-perl.t line 19.
Smartmatch is experimental at t/05-perl.t line 21.
Smartmatch is experimental at t/05-perl.t line 23.
Smartmatch is experimental at t/05-perl.t line 24.
Smartmatch is experimental at t/05-perl.t line 25.
Smartmatch is experimental at t/05-perl.t line 26.
Smartmatch is experimental at t/05-perl.t line 27.
Smartmatch is experimental at t/05-perl.t line 28.
Smartmatch is experimental at t/05-perl.t line 29.
Smartmatch is experimental at t/05-perl.t line 30.
Smartmatch is experimental at t/05-perl.t line 31.
given is experimental at t/05-perl.t line 42.
when is experimental at t/05-perl.t line 42.
given is experimental at t/05-perl.t line 44.
when is experimental at t/05-perl.t line 44.
given is experimental at t/05-perl.t line 46.
when is experimental at t/05-perl.t line 46.
given is experimental at t/05-perl.t line 48.
when is experimental at t/05-perl.t line 48.
given is experimental at t/05-perl.t line 50.
when is experimental at t/05-perl.t line 50.
given is experimental at t/05-perl.t line 52.
when is experimental at t/05-perl.t line 52.
given is experimental at t/05-perl.t line 54.
when is experimental at t/05-perl.t line 54.
given is experimental at t/05-perl.t line 57.
when is experimental at t/05-perl.t line 57.
given is experimental at t/05-perl.t line 59.
when is experimental at t/05-perl.t line 59.
given is experimental at t/05-perl.t line 62.
when is experimental at t/05-perl.t line 62.
given is experimental at t/05-perl.t line 64.
when is experimental at t/05-perl.t line 64.
given is experimental at t/05-perl.t line 66.
when is experimental at t/05-perl.t line 66.
given is experimental at t/05-perl.t line 68.
when is experimental at t/05-perl.t line 68.
given is experimental at t/05-perl.t line 71.
when is experimental at t/05-perl.t line 71.
given is experimental at t/05-perl.t line 73.
when is experimental at t/05-perl.t line 73.
given is experimental at t/05-perl.t line 75.
when is experimental at t/05-perl.t line 75.
given is experimental at t/05-perl.t line 77.
when is experimental at t/05-perl.t line 77.
given is experimental at t/05-perl.t line 83.
when is experimental at t/05-perl.t line 84.
when is experimental at t/05-perl.t line 85.
when is experimental at t/05-perl.t line 86.
given is experimental at t/05-perl.t line 111.
when is experimental at t/05-perl.t line 112.
when is experimental at t/05-perl.t line 113.
when is experimental at t/05-perl.t line 114.
when is experimental at t/05-perl.t line 115.
given is experimental at t/05-perl.t line 137.
when is experimental at t/05-perl.t line 138.
when is experimental at t/05-perl.t line 139.
when is experimental at t/05-perl.t line 140.
when is experimental at t/05-perl.t line 141.
given is experimental at t/05-perl.t line 166.
when is experimental at t/05-perl.t line 167.
when is experimental at t/05-perl.t line 168.
when is experimental at t/05-perl.t line 169.
when is experimental at t/05-perl.t line 170.
when is experimental at t/05-perl.t line 171.
t/05-perl.t ....... ok
given is experimental at C:\STRAWB~1\cpan\build\XML-Debian-ENetInterfaces-0.07-0\blib\lib/XML/Debian/ENetInterfaces.pm line 119.
when is experimental at C:\STRAWB~1\cpan\build\XML-Debian-ENetInterfaces-0.07-0\blib\lib/XML/Debian/ENetInterfaces.pm line 120.
when is experimental at C:\STRAWB~1\cpan\build\XML-Debian-ENetInterfaces-0.07-0\blib\lib/XML/Debian/ENetInterfaces.pm line 121.
given is experimental at C:\STRAWB~1\cpan\build\XML-Debian-ENetInterfaces-0.07-0\blib\lib/XML/Debian/ENetInterfaces.pm line 250.
when is experimental at C:\STRAWB~1\cpan\build\XML-Debian-ENetInterfaces-0.07-0\blib\lib/XML/Debian/ENetInterfaces.pm line 251.
when is experimental at C:\STRAWB~1\cpan\build\XML-Debian-ENetInterfaces-0.07-0\blib\lib/XML/Debian/ENetInterfaces.pm line 257.
when is experimental at C:\STRAWB~1\cpan\build\XML-Debian-ENetInterfaces-0.07-0\blib\lib/XML/Debian/ENetInterfaces.pm line 263.
given is experimental at C:\STRAWB~1\cpan\build\XML-Debian-ENetInterfaces-0.07-0\blib\lib/XML/Debian/ENetInterfaces.pm line 281.
when is experimental at C:\STRAWB~1\cpan\build\XML-Debian-ENetInterfaces-0.07-0\blib\lib/XML/Debian/ENetInterfaces.pm line 282.
when is experimental at C:\STRAWB~1\cpan\build\XML-Debian-ENetInterfaces-0.07-0\blib\lib/XML/Debian/ENetInterfaces.pm line 292.
when is experimental at C:\STRAWB~1\cpan\build\XML-Debian-ENetInterfaces-0.07-0\blib\lib/XML/Debian/ENetInterfaces.pm line 299.
given is experimental at C:\STRAWB~1\cpan\build\XML-Debian-ENetInterfaces-0.07-0\blib\lib/XML/Debian/ENetInterfaces.pm line 379.
when is experimental at C:\STRAWB~1\cpan\build\XML-Debian-ENetInterfaces-0.07-0\blib\lib/XML/Debian/ENetInterfaces.pm line 380.
when is experimental at C:\STRAWB~1\cpan\build\XML-Debian-ENetInterfaces-0.07-0\blib\lib/XML/Debian/ENetInterfaces.pm line 381.
when is experimental at C:\STRAWB~1\cpan\build\XML-Debian-ENetInterfaces-0.07-0\blib\lib/XML/Debian/ENetInterfaces.pm line 382.
given is experimental at C:\STRAWB~1\cpan\build\XML-Debian-ENetInterfaces-0.07-0\blib\lib/XML/Debian/ENetInterfaces.pm line 405.
when is experimental at C:\STRAWB~1\cpan\build\XML-Debian-ENetInterfaces-0.07-0\blib\lib/XML/Debian/ENetInterfaces.pm line 406.
when is experimental at C:\STRAWB~1\cpan\build\XML-Debian-ENetInterfaces-0.07-0\blib\lib/XML/Debian/ENetInterfaces.pm line 410.
given is experimental at C:\STRAWB~1\cpan\build\XML-Debian-ENetInterfaces-0.07-0\blib\lib/XML/Debian/ENetInterfaces.pm line 423.
when is experimental at C:\STRAWB~1\cpan\build\XML-Debian-ENetInterfaces-0.07-0\blib\lib/XML/Debian/ENetInterfaces.pm line 424.
when is experimental at C:\STRAWB~1\cpan\build\XML-Debian-ENetInterfaces-0.07-0\blib\lib/XML/Debian/ENetInterfaces.pm line 425.
when is experimental at C:\STRAWB~1\cpan\build\XML-Debian-ENetInterfaces-0.07-0\blib\lib/XML/Debian/ENetInterfaces.pm line 426.
when is experimental at C:\STRAWB~1\cpan\build\XML-Debian-ENetInterfaces-0.07-0\blib\lib/XML/Debian/ENetInterfaces.pm line 427.
when is experimental at C:\STRAWB~1\cpan\build\XML-Debian-ENetInterfaces-0.07-0\blib\lib/XML/Debian/ENetInterfaces.pm line 428.

#   Failed test 'Write out provided xml compare to provided interfaces.'
#   at t/10-run.t line 49.
# +----+--------------------------------------------------------------------------------------+------------------------------------------------------------------------------------+
# |  Ln|Got                                                                                   |Expected                                                                            |
# +----+--------------------------------------------------------------------------------------+------------------------------------------------------------------------------------+
# *   1|'######################################################################\r\n           |'######################################################################\n           *
# *   2|# /etc/network/interfaces -- configuration file for ifup(8), ifdown(8)\r\n            |# /etc/network/interfaces -- configuration file for ifup(8), ifdown(8)\n            *
# *   3|#\r\n                                                                                 |#\n                                                                                 *
# *   4|# A "#" character in the very first column makes the rest of the line\r\n             |# A "#" character in the very first column makes the rest of the line\n             *
# *   5|# be ignored. Blank lines are ignored. Lines may be indented freely.\r\n              |# be ignored. Blank lines are ignored. Lines may be indented freely.\n              *
# *   6|# A "\\" character at the very end of the line indicates the next line\r\n            |# A "\\" character at the very end of the line indicates the next line\n            *
# *   7|# should be treated as a continuation of the current one.\r\n                         |# should be treated as a continuation of the current one.\n                         *
# *   8|#\r\n                                                                                 |#\n                                                                                 *
# *   9|# The "pre-up", "up", "down" and "post-down" options are valid for all\s\r\n          |# The "pre-up", "up", "down" and "post-down" options are valid for all\s\n          *
# *  10|# interfaces, and may be specified multiple times. All other options\r\n              |# interfaces, and may be specified multiple times. All other options\n              *
# *  11|# may only be specified once.\r\n                                                     |# may only be specified once.\n                                                     *
# *  12|#\r\n                                                                                 |#\n                                                                                 *
# *  13|# See the interfaces(5) manpage for information on what options are\s\r\n             |# See the interfaces(5) manpage for information on what options are\s\n             *
# *  14|# available.\r\n                                                                      |# available.\n                                                                      *
# *  15|######################################################################\r\n            |######################################################################\n            *
# *  16|\r\n                                                                                  |\n                                                                                  *
# *  17|# We always want the loopback interface.\r\n                                          |# We always want the loopback interface.\n                                          *
# *  18|#\r\n                                                                                 |#\n                                                                                 *
# *  19|auto lo\r\n                                                                           |auto lo\n                                                                           *
# *  20|iface lo inet loopback\r\n                                                            |iface lo inet loopback\n                                                            *
# *  21|\r\n                                                                                  |\n                                                                                  *
# *  22|# An example ethernet card setup: (broadcast and gateway are optional)\r\n            |# An example ethernet card setup: (broadcast and gateway are optional)\n            *
# *  23|#\r\n                                                                                 |#\n                                                                                 *
# *  24|          auto eth0\r\n                                                               |          auto eth0\n                                                               *
# *  25|iface eth0 inet static\r\n                                                            |iface eth0 inet static\n                                                            *
# *  26|    address 192.168.0.42\r\n                                                          |    address 192.168.0.42\n                                                          *
# *  27|    network 192.168.0.0\r\n                                                           |    network 192.168.0.0\n                                                           *
# *  28|    netmask 255.255.255.0\r\n                                                         |    netmask 255.255.255.0\n                                                         *
# *  29|    broadcast 192.168.0.255\r\n                                                       |    broadcast 192.168.0.255\n                                                       *
# *  30|    gateway 192.168.0.1\r\n                                                           |    gateway 192.168.0.1\n                                                           *
# *  31|\r\n                                                                                  |\n                                                                                  *
# *  32|# A more complicated ethernet setup, with a less common netmask, and a downright\r\n  |# A more complicated ethernet setup, with a less common netmask, and a downright\n  *
# *  33|# weird broadcast address: (the "up" lines are executed verbatim when the\s\r\n       |# weird broadcast address: (the "up" lines are executed verbatim when the\s\n       *
# *  34|# interface is brought up, the "down" lines when it\'s brought down)\r\n              |# interface is brought up, the "down" lines when it\'s brought down)\n              *
# *  35|#\r\n                                                                                 |#\n                                                                                 *
# *  36|  auto eth0\r\n                                                                       |  auto eth0\n                                                                       *
# *  37|iface eth0 inet static\r\n                                                            |iface eth0 inet static\n                                                            *
# *  38|    address 192.168.1.42\r\n                                                          |    address 192.168.1.42\n                                                          *
# *  39|    network 192.168.1.0\r\n                                                           |    network 192.168.1.0\n                                                           *
# *  40|    netmask 255.255.255.128\r\n                                                       |    netmask 255.255.255.128\n                                                       *
# *  41|    broadcast 192.168.1.0\r\n                                                         |    broadcast 192.168.1.0\n                                                         *
# *  42|    up route add -net 192.168.1.128 netmask 255.255.255.128 gw 192.168.1.2\r\n        |    up route add -net 192.168.1.128 netmask 255.255.255.128 gw 192.168.1.2\n        *
# *  43|    up route add default gw 192.168.1.200\r\n                                         |    up route add default gw 192.168.1.200\n                                         *
# *  44|    down route del default gw 192.168.1.200\r\n                                       |    down route del default gw 192.168.1.200\n                                       *
# *  45|    down route del -net 192.168.1.128 netmask 255.255.255.128 gw 192.168.1.2\r\n      |    down route del -net 192.168.1.128 netmask 255.255.255.128 gw 192.168.1.2\n      *
# *  46|\r\n                                                                                  |\n                                                                                  *
# *  47|# A more complicated ethernet setup with a single ethernet card with\r\n              |# A more complicated ethernet setup with a single ethernet card with\n              *
# *  48|# two interfaces.\r\n                                                                 |# two interfaces.\n                                                                 *
# *  49|# Note: This happens to work since ifconfig handles it that way, not because\r\n      |# Note: This happens to work since ifconfig handles it that way, not because\n      *
# *  50|# ifup/down handles the \':\' any differently.\r\n                                    |# ifup/down handles the \':\' any differently.\n                                    *
# *  51|# Warning: There is a known bug if you do this, since the state will not\r\n          |# Warning: There is a known bug if you do this, since the state will not\n          *
# *  52|# be properly defined if you try to \'ifdown eth0\' when both interfaces\r\n          |# be properly defined if you try to \'ifdown eth0\' when both interfaces\n          *
# *  53|# are up. The ifconfig program will not remove eth0 but it will be\r\n                |# are up. The ifconfig program will not remove eth0 but it will be\n                *
# *  54|# removed from the interfaces state so you will see it up until you execute:\r\n      |# removed from the interfaces state so you will see it up until you execute:\n      *
# *  55|# \'ifdown eth0:1 ; ifup eth0; ifdown eth0\'\r\n                                      |# \'ifdown eth0:1 ; ifup eth0; ifdown eth0\'\n                                      *
# *  56|# BTW, this is "bug" #193679 (it\\'s not really a bug, it\\'s more of a\s\r\n         |# BTW, this is "bug" #193679 (it\\'s not really a bug, it\\'s more of a\s\n         *
# *  57|# limitation)\r\n                                                                     |# limitation)\n                                                                     *
# *  58|#\r\n                                                                                 |#\n                                                                                 *
# *  59|auto eth0 eth0:1\r\n                                                                  |auto eth0 eth0:1\n                                                                  *
# *  60|iface eth0 inet static\r\n                                                            |iface eth0 inet static\n                                                            *
# *  61|    address 192.168.0.100\r\n                                                         |    address 192.168.0.100\n                                                         *
# *  62|    network 192.168.0.0\r\n                                                           |    network 192.168.0.0\n                                                           *
# *  63|    netmask 255.255.255.0\r\n                                                         |    netmask 255.255.255.0\n                                                         *
# *  64|    broadcast 192.168.0.255\r\n                                                       |    broadcast 192.168.0.255\n                                                       *
# *  65|    gateway 192.168.0.1\r\n                                                           |    gateway 192.168.0.1\n                                                           *
# *  66|iface eth0:1 inet static\r\n                                                          |iface eth0:1 inet static\n                                                          *
# *  67|    address 192.168.0.200\r\n                                                         |    address 192.168.0.200\n                                                         *
# *  68|    network 192.168.0.0\r\n                                                           |    network 192.168.0.0\n                                                           *
# *  69|    netmask 255.255.255.0\r\n                                                         |    netmask 255.255.255.0\n                                                         *
# *  70|\r\n                                                                                  |\n                                                                                  *
# *  71|# "pre-up" and "post-down" commands are also available. In addition, the\r\n          |# "pre-up" and "post-down" commands are also available. In addition, the\n          *
# *  72|# exit status of these commands are checked, and if any fail, configuration\r\n       |# exit status of these commands are checked, and if any fail, configuration\n       *
# *  73|# (or deconfiguration) is aborted. So:\r\n                                            |# (or deconfiguration) is aborted. So:\n                                            *
# *  74|#\r\n                                                                                 |#\n                                                                                 *
# *  75|auto eth0\r\n                                                                         |auto eth0\n                                                                         *
# *  76|iface eth0 inet dhcp\r\n                                                              |iface eth0 inet dhcp\n                                                              *
# *  77|    pre-up [ -f /etc/network/local-network-ok ]\r\n                                   |    pre-up [ -f /etc/network/local-network-ok ]\n                                   *
# *  78|#\r\n                                                                                 |#\n                                                                                 *
# *  79|# will allow you to only have eth0 brought up when the file\s\r\n                     |# will allow you to only have eth0 brought up when the file\s\n                     *
# *  80|# /etc/network/local-network-ok exists.\r\n                                           |# /etc/network/local-network-ok exists.\n                                           *
# *  81|\r\n                                                                                  |\n                                                                                  *
# *  82|# Two ethernet interfaces, one connected to a trusted LAN, the other to\r\n           |# Two ethernet interfaces, one connected to a trusted LAN, the other to\n           *
# *  83|# the untrusted Internet. If their MAC addresses get swapped (because an\r\n          |# the untrusted Internet. If their MAC addresses get swapped (because an\n          *
# *  84|# updated kernel uses a different order when probing for network cards,\r\n           |# updated kernel uses a different order when probing for network cards,\n           *
# *  85|# say), then they don\'t get brought up at all.\r\n                                   |# say), then they don\'t get brought up at all.\n                                   *
# *  86|#\r\n                                                                                 |#\n                                                                                 *
# *  87|auto eth0 eth1\r\n                                                                    |auto eth0 eth1\n                                                                    *
# *  88|iface eth0 inet static\r\n                                                            |iface eth0 inet static\n                                                            *
# *  89|    address 192.168.42.1\r\n                                                          |    address 192.168.42.1\n                                                          *
# *  90|    netmask 255.255.255.0\r\n                                                         |    netmask 255.255.255.0\n                                                         *
# *  91|    pre-up /path/to/check-mac-address.sh eth0 11:22:33:44:55:66\r\n                   |    pre-up /path/to/check-mac-address.sh eth0 11:22:33:44:55:66\n                   *
# *  92|    pre-up /usr/local/sbin/enable-masq\r\n                                            |    pre-up /usr/local/sbin/enable-masq\n                                            *
# *  93|iface eth1 inet dhcp\r\n                                                              |iface eth1 inet dhcp\n                                                              *
# *  94|    pre-up /path/to/check-mac-address.sh eth1 AA:BB:CC:DD:EE:FF\r\n                   |    pre-up /path/to/check-mac-address.sh eth1 AA:BB:CC:DD:EE:FF\n                   *
# *  95|    pre-up /usr/local/sbin/firewall\r\n                                               |    pre-up /usr/local/sbin/firewall\n                                               *
# *  96|\r\n                                                                                  |\n                                                                                  *
# *  97|# Two ethernet interfaces, one connected to a trusted LAN, the other to\r\n           |# Two ethernet interfaces, one connected to a trusted LAN, the other to\n           *
# *  98|# the untrusted Internet, identified by MAC address rather than interface\r\n         |# the untrusted Internet, identified by MAC address rather than interface\n         *
# *  99|# name:\r\n                                                                           |# name:\n                                                                           *
# * 100|#\r\n                                                                                 |#\n                                                                                 *
# * 101|auto eth0 eth1\r\n                                                                    |auto eth0 eth1\n                                                                    *
# * 102|mapping eth0 eth1\r\n                                                                 |mapping eth0 eth1\n                                                                 *
# * 103|    script /path/to/get-mac-address.sh\r\n                                            |    script /path/to/get-mac-address.sh\n                                            *
# * 104|    map 11:22:33:44:55:66 lan\r\n                                                     |    map 11:22:33:44:55:66 lan\n                                                     *
# * 105|    map AA:BB:CC:DD:EE:FF internet\r\n                                                |    map AA:BB:CC:DD:EE:FF internet\n                                                *
# * 106|iface lan inet static\r\n                                                             |iface lan inet static\n                                                             *
# * 107|    address 192.168.42.1\r\n                                                          |    address 192.168.42.1\n                                                          *
# * 108|    netmask 255.255.255.0\r\n                                                         |    netmask 255.255.255.0\n                                                         *
# * 109|    pre-up /usr/local/sbin/enable-masq $IFACE\r\n                                     |    pre-up /usr/local/sbin/enable-masq $IFACE\n                                     *
# * 110|iface internet inet dhcp\r\n                                                          |iface internet inet dhcp\n                                                          *
# * 111|    pre-up /usr/local/sbin/firewall $IFACE\r\n                                        |    pre-up /usr/local/sbin/firewall $IFACE\n                                        *
# * 112|\r\n                                                                                  |\n                                                                                  *
# * 113|# A PCMCIA interface for a laptop that is used in different locations:\r\n            |# A PCMCIA interface for a laptop that is used in different locations:\n            *
# * 114|# (note the lack of an "auto" line for any of these)\r\n                              |# (note the lack of an "auto" line for any of these)\n                              *
# * 115|#\r\n                                                                                 |#\n                                                                                 *
# * 116|mapping eth0\r\n                                                                      |mapping eth0\n                                                                      *
# * 117|   script /path/to/pcmcia-compat.sh\r\n                                               |   script /path/to/pcmcia-compat.sh\n                                               *
# * 118|   map home,*,*,*                  home\r\n                                           |   map home,*,*,*                  home\n                                           *
# * 119|   map work,*,*,00:11:22:33:44:55  work-wireless\r\n                                  |   map work,*,*,00:11:22:33:44:55  work-wireless\n                                  *
# * 120|   map work,*,*,01:12:23:34:45:50  work-static\r\n                                    |   map work,*,*,01:12:23:34:45:50  work-static\n                                    *
# * 121|\r\n                                                                                  |\n                                                                                  *
# * 122|iface home inet dhcp\r\n                                                              |iface home inet dhcp\n                                                              *
# * 123|iface work-wireless bootp\r\n                                                         |iface work-wireless bootp\n                                                         *
# * 124|iface work-static static\r\n                                                          |iface work-static static\n                                                          *
# * 125|    address 10.15.43.23\r\n                                                           |    address 10.15.43.23\n                                                           *
# * 126|    netmask 255.255.255.0\r\n                                                         |    netmask 255.255.255.0\n                                                         *
# * 127|    gateway 10.15.43.1\r\n                                                            |    gateway 10.15.43.1\n                                                            *
# * 128|#\r\n                                                                                 |#\n                                                                                 *
# * 129|# Note, this won\'t work unless you specifically change the file\r\n                  |# Note, this won\'t work unless you specifically change the file\n                  *
# * 130|# /etc/pcmcia/network to look more like:\r\n                                          |# /etc/pcmcia/network to look more like:\n                                          *
# * 131|#\r\n                                                                                 |#\n                                                                                 *
# * 132|#     if [ -r ./shared ] ; then . ./shared ; else . /etc/pcmcia/shared ; fi\r\n       |#     if [ -r ./shared ] ; then . ./shared ; else . /etc/pcmcia/shared ; fi\n       *
# * 133|#     get_info $DEVICE\r\n                                                            |#     get_info $DEVICE\n                                                            *
# * 134|#     case "$ACTION" in\r\n                                                           |#     case "$ACTION" in\n                                                           *
# * 135|#         \'start\')\r\n                                                              |#         \'start\')\n                                                              *
# * 136|#             /sbin/ifup $DEVICE\r\n                                                  |#             /sbin/ifup $DEVICE\n                                                  *
# * 137|#             ;;\r\n                                                                  |#             ;;\n                                                                  *
# * 138|#         \'stop\')\r\n                                                               |#         \'stop\')\n                                                               *
# * 139|#             /sbin/ifdown $DEVICE\r\n                                                |#             /sbin/ifdown $DEVICE\n                                                *
# * 140|#             ;;\r\n                                                                  |#             ;;\n                                                                  *
# * 141|#     esac\r\n                                                                        |#     esac\n                                                                        *
# * 142|#     exit 0\r\n                                                                      |#     exit 0\n                                                                      *
# * 143|\r\n                                                                                  |\n                                                                                  *
# * 144|# An alternate way of doing the same thing: (in this case identifying\r\n             |# An alternate way of doing the same thing: (in this case identifying\n             *
# * 145|# where the laptop is is done by configuring the interface as various\r\n             |# where the laptop is is done by configuring the interface as various\n             *
# * 146|# options, and seeing if a computer that is known to be on each particular\r\n        |# options, and seeing if a computer that is known to be on each particular\n        *
# * 147|# network will respond to pings. The various numbers here need to be chosen\r\n       |# network will respond to pings. The various numbers here need to be chosen\n       *
# * 148|# with a great deal of care.)\r\n                                                     |# with a great deal of care.)\n                                                     *
# * 149|#\r\n                                                                                 |#\n                                                                                 *
# * 150|mapping eth0\r\n                                                                      |mapping eth0\n                                                                      *
# * 151|   script /path/to/ping-places.sh\r\n                                                 |   script /path/to/ping-places.sh\n                                                 *
# * 152|   map 192.168.42.254/24 192.168.42.1 home\r\n                                        |   map 192.168.42.254/24 192.168.42.1 home\n                                        *
# * 153|   map 10.15.43.254/24 10.15.43.1 work-wireless\r\n                                   |   map 10.15.43.254/24 10.15.43.1 work-wireless\n                                   *
# * 154|   map 10.15.43.23/24 10.15.43.1 work-static\r\n                                      |   map 10.15.43.23/24 10.15.43.1 work-static\n                                      *
# * 155|\r\n                                                                                  |\n                                                                                  *
# * 156|iface home inet dhcp\r\n                                                              |iface home inet dhcp\n                                                              *
# * 157|iface work-wireless bootp\r\n                                                         |iface work-wireless bootp\n                                                         *
# * 158|iface work-static static\r\n                                                          |iface work-static static\n                                                          *
# * 159|    address 10.15.43.23\r\n                                                           |    address 10.15.43.23\n                                                           *
# * 160|    netmask 255.255.255.0\r\n                                                         |    netmask 255.255.255.0\n                                                         *
# * 161|    gateway 10.15.43.1\r\n                                                            |    gateway 10.15.43.1\n                                                            *
# * 162|#\r\n                                                                                 |#\n                                                                                 *
# * 163|# Note that the ping-places script requires the iproute package installed,\r\n        |# Note that the ping-places script requires the iproute package installed,\n        *
# * 164|# and the same changes to /etc/pcmcia/network are required for this as for\r\n        |# and the same changes to /etc/pcmcia/network are required for this as for\n        *
# * 165|# the previous example.\r\n                                                           |# the previous example.\n                                                           *
# * 166|\r\n                                                                                  |\n                                                                                  *
# * 167|\r\n                                                                                  |\n                                                                                  *
# * 168|# Set up an interface to read all the traffic on the network. This\s\r\n              |# Set up an interface to read all the traffic on the network. This\s\n              *
# * 169|# configuration can be useful to setup Network Intrusion Detection\r\n                |# configuration can be useful to setup Network Intrusion Detection\n                *
# * 170|# sensors in \'stealth\'-type configuration. This prevents the NIDS\r\n               |# sensors in \'stealth\'-type configuration. This prevents the NIDS\n               *
# * 171|# system to be a direct target in a hostile network since they have\r\n               |# system to be a direct target in a hostile network since they have\n               *
# * 172|# no IP address on the network. Notice, however, that there have been\r\n             |# no IP address on the network. Notice, however, that there have been\n             *
# * 173|# known bugs over time in sensors part of NIDS (for example see\s\r\n                 |# known bugs over time in sensors part of NIDS (for example see\s\n                 *
# * 174|# DSA-297 related to Snort) and remote buffer overflows might even be\r\n             |# DSA-297 related to Snort) and remote buffer overflows might even be\n             *
# * 175|# triggered by network packet processing.\r\n                                         |# triggered by network packet processing.\n                                         *
# * 176|#\s\r\n                                                                               |#\s\n                                                                               *
# * 177|auto eth0\r\n                                                                         |auto eth0\n                                                                         *
# * 178|iface eth0 inet manual\r\n                                                            |iface eth0 inet manual\n                                                            *
# * 179|        up ifconfig $IFACE 0.0.0.0 up\r\n                                             |        up ifconfig $IFACE 0.0.0.0 up\n                                             *
# * 180|      up ip link set $IFACE promisc on\r\n                                            |      up ip link set $IFACE promisc on\n                                            *
# * 181|      down ip link set $IFACE promisc off\r\n                                         |      down ip link set $IFACE promisc off\n                                         *
# * 182|      down ifconfig $IFACE down\r\n                                                   |      down ifconfig $IFACE down\n                                                   *
# * 183|\r\n                                                                                  |\n                                                                                  *
# * 184|# Set up an interface which will not be allocated an IP address by\r\n                |# Set up an interface which will not be allocated an IP address by\n                *
# * 185|# ifupdown but will be configured through external programs. This\r\n                 |# ifupdown but will be configured through external programs. This\n                 *
# * 186|# can be useful to setup interfaces configured through other programs,\r\n            |# can be useful to setup interfaces configured through other programs,\n            *
# * 187|# like, for example, PPPOE scripts.\r\n                                               |# like, for example, PPPOE scripts.\n                                               *
# * 188|#\r\n                                                                                 |#\n                                                                                 *
# * 189|auto eth0\r\n                                                                         |auto eth0\n                                                                         *
# * 190|iface eth0 inet manual\r\n                                                            |iface eth0 inet manual\n                                                            *
# * 191|      up ifconfig $IFACE 0.0.0.0 up\r\n                                               |      up ifconfig $IFACE 0.0.0.0 up\n                                               *
# * 192|      up /usr/local/bin/myconfigscript\r\n                                            |      up /usr/local/bin/myconfigscript\n                                            *
# * 193|      down ifconfig $IFACE down\r\n                                                   |      down ifconfig $IFACE down\n                                                   *
# | 194|'                                                                                     |'                                                                                   |
# +----+--------------------------------------------------------------------------------------+------------------------------------------------------------------------------------+
# Looks like you failed 1 test of 5.
t/10-run.t ........ 
Dubious, test returned 1 (wstat 256, 0x100)
Failed 1/5 subtests 
	(less 3 skipped subtests: 1 okay)
t/manifest.t ...... skipped: Author tests not required for installation
given is experimental at C:\STRAWB~1\cpan\build\XML-Debian-ENetInterfaces-0.07-0\blib\lib/XML/Debian/ENetInterfaces.pm line 119.
when is experimental at C:\STRAWB~1\cpan\build\XML-Debian-ENetInterfaces-0.07-0\blib\lib/XML/Debian/ENetInterfaces.pm line 120.
when is experimental at C:\STRAWB~1\cpan\build\XML-Debian-ENetInterfaces-0.07-0\blib\lib/XML/Debian/ENetInterfaces.pm line 121.
given is experimental at C:\STRAWB~1\cpan\build\XML-Debian-ENetInterfaces-0.07-0\blib\lib/XML/Debian/ENetInterfaces.pm line 250.
when is experimental at C:\STRAWB~1\cpan\build\XML-Debian-ENetInterfaces-0.07-0\blib\lib/XML/Debian/ENetInterfaces.pm line 251.
when is experimental at C:\STRAWB~1\cpan\build\XML-Debian-ENetInterfaces-0.07-0\blib\lib/XML/Debian/ENetInterfaces.pm line 257.
when is experimental at C:\STRAWB~1\cpan\build\XML-Debian-ENetInterfaces-0.07-0\blib\lib/XML/Debian/ENetInterfaces.pm line 263.
given is experimental at C:\STRAWB~1\cpan\build\XML-Debian-ENetInterfaces-0.07-0\blib\lib/XML/Debian/ENetInterfaces.pm line 281.
when is experimental at C:\STRAWB~1\cpan\build\XML-Debian-ENetInterfaces-0.07-0\blib\lib/XML/Debian/ENetInterfaces.pm line 282.
when is experimental at C:\STRAWB~1\cpan\build\XML-Debian-ENetInterfaces-0.07-0\blib\lib/XML/Debian/ENetInterfaces.pm line 292.
when is experimental at C:\STRAWB~1\cpan\build\XML-Debian-ENetInterfaces-0.07-0\blib\lib/XML/Debian/ENetInterfaces.pm line 299.
given is experimental at C:\STRAWB~1\cpan\build\XML-Debian-ENetInterfaces-0.07-0\blib\lib/XML/Debian/ENetInterfaces.pm line 379.
when is experimental at C:\STRAWB~1\cpan\build\XML-Debian-ENetInterfaces-0.07-0\blib\lib/XML/Debian/ENetInterfaces.pm line 380.
when is experimental at C:\STRAWB~1\cpan\build\XML-Debian-ENetInterfaces-0.07-0\blib\lib/XML/Debian/ENetInterfaces.pm line 381.
when is experimental at C:\STRAWB~1\cpan\build\XML-Debian-ENetInterfaces-0.07-0\blib\lib/XML/Debian/ENetInterfaces.pm line 382.
given is experimental at C:\STRAWB~1\cpan\build\XML-Debian-ENetInterfaces-0.07-0\blib\lib/XML/Debian/ENetInterfaces.pm line 405.
when is experimental at C:\STRAWB~1\cpan\build\XML-Debian-ENetInterfaces-0.07-0\blib\lib/XML/Debian/ENetInterfaces.pm line 406.
when is experimental at C:\STRAWB~1\cpan\build\XML-Debian-ENetInterfaces-0.07-0\blib\lib/XML/Debian/ENetInterfaces.pm line 410.
given is experimental at C:\STRAWB~1\cpan\build\XML-Debian-ENetInterfaces-0.07-0\blib\lib/XML/Debian/ENetInterfaces.pm line 423.
when is experimental at C:\STRAWB~1\cpan\build\XML-Debian-ENetInterfaces-0.07-0\blib\lib/XML/Debian/ENetInterfaces.pm line 424.
when is experimental at C:\STRAWB~1\cpan\build\XML-Debian-ENetInterfaces-0.07-0\blib\lib/XML/Debian/ENetInterfaces.pm line 425.
when is experimental at C:\STRAWB~1\cpan\build\XML-Debian-ENetInterfaces-0.07-0\blib\lib/XML/Debian/ENetInterfaces.pm line 426.
when is experimental at C:\STRAWB~1\cpan\build\XML-Debian-ENetInterfaces-0.07-0\blib\lib/XML/Debian/ENetInterfaces.pm line 427.
when is experimental at C:\STRAWB~1\cpan\build\XML-Debian-ENetInterfaces-0.07-0\blib\lib/XML/Debian/ENetInterfaces.pm line 428.
t/pod-coverage.t .. ok
t/pod.t ........... ok

Test Summary Report
-------------------
t/10-run.t      (Wstat: 256 Tests: 5 Failed: 1)
  Failed test:  2
  Non-zero exit status: 1
Files=6, Tests=101,  2 wallclock secs ( 0.05 usr +  0.02 sys =  0.07 CPU)
Result: FAIL
Failed 1/6 test programs. 1/101 subtests failed.
gmake: *** [Makefile:854: test_dynamic] Error 255

------------------------------
PREREQUISITES
------------------------------

Prerequisite modules loaded:

requires:

    Module               Need     Have    
    -------------------- -------- --------
    perl                 5.010000 5.026000
    Test::More           0        1.302120
    XML::LibXML          0        2.0132  
    XML::Parser::PerlSAX 0        0.08    

build_requires:

    Module               Need     Have    
    -------------------- -------- --------
    ExtUtils::MakeMaker  0        7.30    

configure_requires:

    Module               Need     Have    
    -------------------- -------- --------
    ExtUtils::MakeMaker  0        7.30    


------------------------------
ENVIRONMENT AND OTHER CONTEXT
------------------------------

Environment variables:

    AUTOMATED_TESTING = 1
    COMSPEC = C:\WINDOWS\system32\cmd.exe
    NUMBER_OF_PROCESSORS = 1
    PATH = C:\WINDOWS\system32;C:\WINDOWS;C:\WINDOWS\System32\Wbem;C:\Git\cmd;C:\Strawberry260\c\bin;C:\Strawberry260\perl\site\bin;C:\Strawberry260\perl\bin
    PERL5LIB = C:\STRAWB~1\cpan\build\libxml-perl-0.08-0/blib/arch;C:\STRAWB~1\cpan\build\libxml-perl-0.08-0/blib/lib
    PERL5OPT = 
    PERL5_CPANPLUS_IS_RUNNING = 1316
    PERL5_CPAN_IS_RUNNING = 1316
    PERL5_CPAN_IS_RUNNING_IN_RECURSION = 1272,1316
    PERL_CR_SMOKER_CURRENT = XML-Debian-ENetInterfaces-0.07
    PERL_CR_SMOKER_RUNONCE = 1
    PERL_EXTUTILS_AUTOINSTALL = --defaultdeps
    PERL_MM_USE_DEFAULT = 1
    PERL_USE_UNSAFE_INC = 1
    PROCESSOR_IDENTIFIER = x86 Family 18 Model 1 Stepping 0, AuthenticAMD
    TEMP = C:\DOCUME~1\a\LOCALS~1\Temp

Perl special variables (and OS-specific diagnostics, for MSWin32):

    $^X = C:\Strawberry260\perl\bin\perl.exe
    $UID/$EUID = 0 / 0
    $GID = 0
    $EGID = 0
    Win32::GetOSName = WinXP/.Net
    Win32::GetOSVersion = Service Pack 3, 5, 1, 2600, 2, 3, 0, 256, 1
    Win32::FsType = NTFS
    Win32::IsAdminUser = 1

Perl module toolchain versions installed:

    Module              Have    
    ------------------- --------
    CPAN                2.18    
    CPAN::Meta          2.150010
    Cwd                 3.67    
    ExtUtils::CBuilder  0.280230
    ExtUtils::Command   7.30    
    ExtUtils::Install   2.14    
    ExtUtils::MakeMaker 7.30    
    ExtUtils::Manifest  1.70    
    ExtUtils::ParseXS   3.35    
    File::Spec          3.67    
    JSON                2.97001 
    JSON::PP            2.97001 
    Module::Build       0.4224  
    Module::Signature   0.81    
    Parse::CPAN::Meta   2.150010
    Test::Harness       3.39    
    Test::More          1.302120
    YAML                1.24    
    YAML::Syck          1.30    
    version             0.9918  


--

Summary of my perl5 (revision 5 version 26 subversion 0) configuration:
   
  Platform:
    osname=MSWin32
    osvers=4.0
    archname=MSWin32-x86-multi-thread-64int
    uname='Win32 strawberry-perl 5.26.0.1 #1 Sat Dec 30 15:55:34 2017 i386'
    config_args='undef'
    hint=recommended
    useposix=true
    d_sigaction=undef
    useithreads=define
    usemultiplicity=define
    use64bitint=define
    use64bitall=undef
    uselongdouble=undef
    usemymalloc=n
    default_inc_excludes_dot=define
    bincompat5005=undef
  Compiler:
    cc='gcc'
    ccflags =' -s -O2 -DWIN32 -D__USE_MINGW_ANSI_STDIO -DPERL_TEXTMODE_SCRIPTS -DPERL_IMPLICIT_CONTEXT -DPERL_IMPLICIT_SYS -DUSE_PERLIO -fwrapv -fno-strict-aliasing -mms-bitfields'
    optimize='-s -O2'
    cppflags='-DWIN32'
    ccversion=''
    gccversion='7.1.0'
    gccosandvers=''
    intsize=4
    longsize=4
    ptrsize=4
    doublesize=8
    byteorder=12345678
    doublekind=3
    d_longlong=define
    longlongsize=8
    d_longdbl=define
    longdblsize=12
    longdblkind=3
    ivtype='long long'
    ivsize=8
    nvtype='double'
    nvsize=8
    Off_t='long long'
    lseeksize=8
    alignbytes=8
    prototype=define
  Linker and Libraries:
    ld='g++'
    ldflags ='-s -L"C:\STRAWB~1\perl\lib\CORE" -L"C:\STRAWB~1\c\lib"'
    libpth=C:\STRAWB~1\c\lib C:\STRAWB~1\c\i686-w64-mingw32\lib C:\STRAWB~1\c\lib\gcc\i686-w64-mingw32\7.1.0
    libs= -lmoldname -lkernel32 -luser32 -lgdi32 -lwinspool -lcomdlg32 -ladvapi32 -lshell32 -lole32 -loleaut32 -lnetapi32 -luuid -lws2_32 -lmpr -lwinmm -lversion -lodbc32 -lodbccp32 -lcomctl32
    perllibs= -lmoldname -lkernel32 -luser32 -lgdi32 -lwinspool -lcomdlg32 -ladvapi32 -lshell32 -lole32 -loleaut32 -lnetapi32 -luuid -lws2_32 -lmpr -lwinmm -lversion -lodbc32 -lodbccp32 -lcomctl32
    libc=
    so=dll
    useshrplib=true
    libperl=libperl526.a
    gnulibc_version=''
  Dynamic Linking:
    dlsrc=dl_win32.xs
    dlext=xs.dll
    d_dlsymun=undef
    ccdlflags=' '
    cccdlflags=' '
    lddlflags='-mdll -s -L"C:\STRAWB~1\perl\lib\CORE" -L"C:\STRAWB~1\c\lib"'


Characteristics of this binary (from libperl): 
  Compile-time options:
    HAS_TIMES
    HAVE_INTERP_INTERN
    MULTIPLICITY
    PERLIO_LAYERS
    PERL_COPY_ON_WRITE
    PERL_DONT_CREATE_GVSV
    PERL_IMPLICIT_CONTEXT
    PERL_IMPLICIT_SYS
    PERL_MALLOC_WRAP
    PERL_OP_PARENT
    PERL_PRESERVE_IVUV
    USE_64_BIT_INT
    USE_ITHREADS
    USE_LARGE_FILES
    USE_LOCALE
    USE_LOCALE_COLLATE
    USE_LOCALE_CTYPE
    USE_LOCALE_NUMERIC
    USE_LOCALE_TIME
    USE_PERLIO
    USE_PERL_ATOF
  Built under MSWin32
  Compiled at Dec 30 2017 16:05:39
  %ENV:
    PERL5LIB="C:\STRAWB~1\cpan\build\libxml-perl-0.08-0/blib/arch;C:\STRAWB~1\cpan\build\libxml-perl-0.08-0/blib/lib"
    PERL5_CPANPLUS_IS_RUNNING="1316"
    PERL5_CPAN_IS_RUNNING="1316"
    PERL5_CPAN_IS_RUNNING_IN_RECURSION="1272,1316"
    PERL_CR_SMOKER_CURRENT="XML-Debian-ENetInterfaces-0.07"
    PERL_CR_SMOKER_RUNONCE="1"
    PERL_EXTUTILS_AUTOINSTALL="--defaultdeps"
    PERL_MM_USE_DEFAULT="1"
    PERL_USE_UNSAFE_INC="1"
  @INC:
    C:\STRAWB~1\cpan\build\libxml-perl-0.08-0/blib/arch
    C:\STRAWB~1\cpan\build\libxml-perl-0.08-0/blib/lib
    C:/Strawberry260/perl/site/lib
    C:/Strawberry260/perl/vendor/lib
    C:/Strawberry260/perl/lib
    .