Report for Catalyst-ActionRole-BuildDBICResult-0.04

Back
From: metabase:user:314402c4-2aae-11df-837a-5e0a49663a4f
Subject: FAIL Catalyst-ActionRole-BuildDBICResult-0.04 v5.18.4 FreeBSD
Date: 2016-05-18T05:26:43Z

This distribution has been tested as part of the CPAN Testers
project, supporting the Perl programming language.  See
http://wiki.cpantesters.org/ for more information or email
questions to cpan-testers-discuss@perl.org


--
Dear John Napiorkowski,

This is a computer-generated report for Catalyst-ActionRole-BuildDBICResult-0.04
on perl 5.18.4, created by CPAN-Reporter-1.2016.

Thank you for uploading your work to CPAN.  However, there was a problem
testing your distribution.

If you think this report is invalid, please consult the CPAN Testers Wiki
for suggestions on how to avoid getting FAIL reports for missing library
or binary dependencies, unsupported operating systems, and so on:

http://wiki.cpantesters.org/wiki/CPANAuthorNotes

Sections of this report:

    * Tester comments
    * Program output
    * Prerequisites
    * Environment and other context

------------------------------
TESTER COMMENTS
------------------------------

Additional comments from tester:

none provided

------------------------------
PROGRAM OUTPUT
------------------------------

Output from '/usr/bin/make test':

PERL_DL_NONLAZY=1 "/usr/perl5.18.4p/bin/perl5.18.4" "-MExtUtils::Command::MM" "-MTest::Harness" "-e" "undef *Test::Harness::Switches; test_harness(0, 'inc', 'blib/lib', 'blib/arch')" t/app.t t/app_attrs.t t/attributes.t t/basic.t t/dbic.t
DBIx::Class::Storage::DBI::SQLite::_dbi_attrs_for_bind(): Non-integer value supplied for column 'me.user_id' despite the integer datatype at /home/cpansand/.cpan/build/2016051721/Catalyst-ActionRole-BuildDBICResult-0.04-iA_0HO/t/lib/TestApp/DBIC/ResultSet/User.pm line 11
datatype mismatch: bind param (0) john@shutterstock.com as integer at /usr/perl5.18.4p/lib/site_perl/5.18.4/DBIx/Class/Storage/DBI.pm line 1834.

#   Failed test 'got expected values for user email (john@shutterstock.com)'
#   at t/app.t line 62.
#          got: 'user_default,john@shutterstock.com'
#     expected: 'user_default,error,john@shutterstock.com'
datatype mismatch: bind param (0) 99999.com as integer at /usr/perl5.18.4p/lib/site_perl/5.18.4/DBIx/Class/Storage/DBI.pm line 1834.

#   Failed test 'got expected values for user not found'
#   at t/app.t line 69.
#          got: 'user_default,notfound'
#     expected: 'user_default,error,notfound'
datatype mismatch: bind param (0) error@error.com as integer at /usr/perl5.18.4p/lib/site_perl/5.18.4/DBIx/Class/Storage/DBI.pm line 1834.

#   Failed test 'got expected values for user not found'
#   at t/app.t line 75.
#          got: 'user_default,error,BOO,notfound'
#     expected: 'user_default,error,error,BOO,notfound'
datatype mismatch: bind param (0) john@shutterstock.com as integer at /usr/perl5.18.4p/lib/site_perl/5.18.4/DBIx/Class/Storage/DBI.pm line 1834.

#   Failed test 'got expected values for user email (john@shutterstock.com)'
#   at t/app.t line 139.
#          got: 'user_default,john@shutterstock.com'
#     expected: 'user_default,error,john@shutterstock.com'
datatype mismatch: bind param (0) 99999.com as integer at /usr/perl5.18.4p/lib/site_perl/5.18.4/DBIx/Class/Storage/DBI.pm line 1834.

#   Failed test 'got expected values for user not found'
#   at t/app.t line 145.
#          got: 'user_default,notfound'
#     expected: 'user_default,error,notfound'
datatype mismatch: bind param (0) error@error.com as integer at /usr/perl5.18.4p/lib/site_perl/5.18.4/DBIx/Class/Storage/DBI.pm line 1834.

#   Failed test 'got expected values for user not found'
#   at t/app.t line 151.
#          got: 'user_default,error,BOO,notfound'
#     expected: 'user_default,error,error,BOO,notfound'
[error] the number of args ($#args) does not equal the constraint fields ($#columns)
# Looks like you failed 6 tests of 65.
t/app.t ......... 
Dubious, test returned 6 (wstat 1536, 0x600)
Failed 6/65 subtests 
	(less 2 skipped subtests: 57 okay)
Useless use of a constant ("model") in void context at (eval 783) line 1.
t/app_attrs.t ... ok
t/attributes.t .. ok
t/basic.t ....... ok
t/dbic.t ........ ok

Test Summary Report
-------------------
t/app.t       (Wstat: 1536 Tests: 65 Failed: 6)
  Failed tests:  19, 21, 23, 42, 44, 46
  Non-zero exit status: 6
Files=5, Tests=119, 62 wallclock secs ( 0.17 usr  0.09 sys + 30.66 cusr  2.52 csys = 33.45 CPU)
Result: FAIL
Failed 1/5 test programs. 6/119 subtests failed.
*** Error code 255

Stop.
make: stopped in /home/cpansand/.cpan/build/2016051721/Catalyst-ActionRole-BuildDBICResult-0.04-iA_0HO

------------------------------
PREREQUISITES
------------------------------

Prerequisite modules loaded:

requires:

    Module                           Need    Have    
    -------------------------------- ------- --------
    Catalyst::Controller::ActionRole 0.15    0.17    
    Catalyst::Model::DBIC::Schema    0.43    0.65    
    Catalyst::Runtime                5.80025 5.90104 
    DBD::SQLite                      1.35    1.50    
    DBIx::Class                      0.08123 0.082820
    Moose                            1.10    2.1801  
    MooseX::Types                    0.23    0.45    
    Perl6::Junction                  1.40000 1.60000 
    Test::More                       0.94    1.302015
    Try::Tiny                        0.06    0.24    

build_requires:

    Module                           Need    Have    
    -------------------------------- ------- --------
    Catalyst::Model::DBIC::Schema    0.43    0.65    
    Catalyst::Runtime                5.80025 5.90104 
    DBD::SQLite                      1.35    1.50    
    DBIx::Class                      0.08123 0.082820
    ExtUtils::MakeMaker              6.36    7.14    
    Test::More                       0.94    1.302015

configure_requires:

    Module                           Need    Have    
    -------------------------------- ------- --------
    ExtUtils::MakeMaker              6.36    7.14    


------------------------------
ENVIRONMENT AND OTHER CONTEXT
------------------------------

Environment variables:

    LC_ALL = de_DE.ISO8859-1
    PATH = /usr/local/bin:/usr/bin:/bin:/usr/local/sbin:/usr/sbin:/sbin:/home/cpansand/bin/freebsd10.1:/home/cpansand/bin/sh:/home/cpansand/bin:/usr/games:/home/cpansand/devel:/home/eserte/src/srezic-misc/scripts
    PERL5LIB = 
    PERL5OPT = 
    PERL5_CPANPLUS_IS_RUNNING = 31463
    PERL5_CPAN_IS_RUNNING = 31463
    PERL5_CPAN_IS_RUNNING_IN_RECURSION = 1124,31463
    PERLDOC = -MPod::Perldoc::ToTextOverstrike
    PERL_BATCH = yes
    PERL_CANARY_STABILITY_NOPROMPT = 1
    PERL_CPAN_REPORTER_CONFIG = /var/tmp/cpansmoker-1023/2016051718/cpanreporter_000_config.ini
    PERL_EXTUTILS_AUTOINSTALL = --defaultdeps
    SHELL = /usr/local/bin/zsh
    TERM = screen
    TMPDIR = /var/tmp/cpansmoker-1023/2016051718

Perl special variables (and OS-specific diagnostics, for MSWin32):

    $^X = /usr/perl5.18.4p/bin/perl5.18.4
    $UID/$EUID = 1023 / 1023
    $GID = 1023 1023
    $EGID = 1023 1023

Perl module toolchain versions installed:

    Module              Have    
    ------------------- --------
    CPAN                2.10    
    CPAN::Meta          2.150005
    Cwd                 3.60    
    ExtUtils::CBuilder  0.280224
    ExtUtils::Command   7.14    
    ExtUtils::Install   1.59    
    ExtUtils::MakeMaker 7.14    
    ExtUtils::Manifest  1.70    
    ExtUtils::ParseXS   3.24    
    File::Spec          3.60    
    JSON                2.90    
    JSON::PP            2.27300 
    Module::Build       0.4218  
    Module::Signature   0.79    
    Parse::CPAN::Meta   1.4417  
    Test::Harness       3.35    
    Test::More          1.302015
    YAML                1.15    
    YAML::Syck          1.29    
    version             0.9916  


--

Summary of my perl5 (revision 5 version 18 subversion 4) configuration:
   
  Platform:
    osname=freebsd, osvers=10.1-release, archname=amd64-freebsd
    uname='freebsd cvrsnica-freebsd-101.herceg.de 10.1-release freebsd 10.1-release #0 r274401: tue nov 11 21:02:49 utc 2014 root@releng1.nyi.freebsd.org:usrobjusrsrcsysgeneric amd64 '
    config_args='-ds -e -Dprefix=/usr/perl5.18.4p'
    hint=recommended, useposix=true, d_sigaction=define
    useithreads=undef, usemultiplicity=undef
    useperlio=define, d_sfio=undef, uselargefiles=define, usesocks=undef
    use64bitint=define, use64bitall=define, uselongdouble=undef
    usemymalloc=n, bincompat5005=undef
  Compiler:
    cc='cc', ccflags ='-DHAS_FPSETMASK -DHAS_FLOATINGPOINT_H -fno-strict-aliasing -pipe -fstack-protector -I/usr/local/include',
    optimize='-O',
    cppflags='-DHAS_FPSETMASK -DHAS_FLOATINGPOINT_H -fno-strict-aliasing -pipe -fstack-protector -I/usr/local/include'
    ccversion='', gccversion='4.2.1 Compatible FreeBSD Clang 3.4.1 (tags/RELEASE_34/dot1-final 208032)', gccosandvers=''
    intsize=4, longsize=8, ptrsize=8, doublesize=8, byteorder=12345678
    d_longlong=define, longlongsize=8, d_longdbl=define, longdblsize=16
    ivtype='long', ivsize=8, nvtype='double', nvsize=8, Off_t='off_t', lseeksize=8
    alignbytes=8, prototype=define
  Linker and Libraries:
    ld='cc', ldflags ='-pthread -Wl,-E  -fstack-protector -L/usr/local/lib'
    libpth=/usr/lib /usr/local/lib
    libs=-lgdbm -lm -lcrypt -lutil -lc
    perllibs=-lm -lcrypt -lutil -lc
    libc=, so=so, useshrplib=false, libperl=libperl.a
    gnulibc_version=''
  Dynamic Linking:
    dlsrc=dl_dlopen.xs, dlext=so, d_dlsymun=undef, ccdlflags=' '
    cccdlflags='-DPIC -fPIC', lddlflags='-shared  -L/usr/local/lib -fstack-protector'


Characteristics of this binary (from libperl): 
  Compile-time options: HAS_TIMES PERLIO_LAYERS PERL_DONT_CREATE_GVSV
                        PERL_HASH_FUNC_ONE_AT_A_TIME_HARD PERL_MALLOC_WRAP
                        PERL_PRESERVE_IVUV PERL_SAWAMPERSAND USE_64_BIT_ALL
                        USE_64_BIT_INT USE_LARGE_FILES USE_LOCALE
                        USE_LOCALE_COLLATE USE_LOCALE_CTYPE
                        USE_LOCALE_NUMERIC USE_PERLIO USE_PERL_ATOF
  Built under freebsd
  Compiled at Apr  4 2015 13:03:15
  %ENV:
    PERL5LIB=""
    PERL5OPT=""
    PERL5_CPANPLUS_IS_RUNNING="31463"
    PERL5_CPAN_IS_RUNNING="31463"
    PERL5_CPAN_IS_RUNNING_IN_RECURSION="1124,31463"
    PERLDOC="-MPod::Perldoc::ToTextOverstrike"
    PERL_BATCH="yes"
    PERL_CANARY_STABILITY_NOPROMPT="1"
    PERL_CPAN_REPORTER_CONFIG="/var/tmp/cpansmoker-1023/2016051718/cpanreporter_000_config.ini"
    PERL_EXTUTILS_AUTOINSTALL="--defaultdeps"
  @INC:
    /usr/perl5.18.4p/lib/site_perl/5.18.4/amd64-freebsd
    /usr/perl5.18.4p/lib/site_perl/5.18.4
    /usr/perl5.18.4p/lib/5.18.4/amd64-freebsd
    /usr/perl5.18.4p/lib/5.18.4
    .