Report for Monitor-MetricsAPI-0.900

Back
From: metabase:user:314402c4-2aae-11df-837a-5e0a49663a4f
Subject: FAIL Monitor-MetricsAPI-0.900 v5.8.9 GNU/Linux
Date: 2016-12-08T06:25:26Z

This distribution has been tested as part of the CPAN Testers
project, supporting the Perl programming language.  See
http://wiki.cpantesters.org/ for more information or email
questions to cpan-testers-discuss@perl.org


--
Dear Jon Sime,

This is a computer-generated report for Monitor-MetricsAPI-0.900
on perl 5.8.9, created by CPAN-Reporter-1.2018.

Thank you for uploading your work to CPAN.  However, there was a problem
testing your distribution.

If you think this report is invalid, please consult the CPAN Testers Wiki
for suggestions on how to avoid getting FAIL reports for missing library
or binary dependencies, unsupported operating systems, and so on:

http://wiki.cpantesters.org/wiki/CPANAuthorNotes

Sections of this report:

    * Tester comments
    * Program output
    * Prerequisites
    * Environment and other context

------------------------------
TESTER COMMENTS
------------------------------

Additional comments from tester:

none provided

------------------------------
PROGRAM OUTPUT
------------------------------

Output from '/usr/bin/make test':

PERL_DL_NONLAZY=1 "/bbbike/perl-5.8.9/bin/perl5.8.9" "-MExtUtils::Command::MM" "-MTest::Harness" "-e" "undef *Test::Harness::Switches; test_harness(0, 'blib/lib', 'blib/arch')" t/*.t
# 
# Versions for all modules listed in MYMETA.json (including optional ones):
# 
# === Configure Requires ===
# 
#     Module              Want Have
#     ------------------- ---- ----
#     ExtUtils::MakeMaker  any 7.24
# 
# === Build Requires ===
# 
#     Module              Want Have
#     ------------------- ---- ----
#     ExtUtils::MakeMaker  any 7.24
# 
# === Test Requires ===
# 
#     Module              Want     Have
#     ------------------- ---- --------
#     ExtUtils::MakeMaker  any     7.24
#     File::Spec           any     3.62
#     JSON                 any     2.90
#     LWP::UserAgent       any     6.15
#     Scalar::Util         any     1.45
#     Test::More           any 1.302067
#     Test::TCP            any     2.17
# 
# === Test Recommends ===
# 
#     Module         Want     Have
#     ---------- -------- --------
#     CPAN::Meta 2.120900 2.150010
# 
# === Runtime Requires ===
# 
#     Module                 Want     Have
#     ---------------------- ---- --------
#     Dancer2                 any 0.204001
#     DateTime                any     1.41
#     Module::Loaded          any     0.08
#     Moose                   any   2.1806
#     MooseX::ClassAttribute  any     0.28
#     Plack::Builder          any    undef
#     Socket                  any    2.024
#     Try::Tiny               any     0.27
#     Twiggy::Server          any    undef
#     namespace::autoclean    any     0.28
#     strict                  any     1.03
#     warnings                any  1.05_01
# 
t/00-report-prereqs.t ............ ok

#   Failed test 'require Monitor::MetricsAPI;'
#   at t/000-require.t line 6.
#     Tried to require 'Monitor::MetricsAPI'.
#     Error:  Can't modify division (/) in division (/) at /tmpfs/.cpan-build-cpansand/2016120800/Monitor-MetricsAPI-0.900-12/blib/lib/Monitor/MetricsAPI/Server.pm line 38, near "8200;"
#   (Might be a runaway multi-line // string starting on line 37)
# Compilation failed in require at /tmpfs/.cpan-build-cpansand/2016120800/Monitor-MetricsAPI-0.900-12/blib/lib/Monitor/MetricsAPI/Collector.pm line 11.
# BEGIN failed--compilation aborted at /tmpfs/.cpan-build-cpansand/2016120800/Monitor-MetricsAPI-0.900-12/blib/lib/Monitor/MetricsAPI/Collector.pm line 11.
# Compilation failed in require at /tmpfs/.cpan-build-cpansand/2016120800/Monitor-MetricsAPI-0.900-12/blib/lib/Monitor/MetricsAPI.pm line 11.
# BEGIN failed--compilation aborted at /tmpfs/.cpan-build-cpansand/2016120800/Monitor-MetricsAPI-0.900-12/blib/lib/Monitor/MetricsAPI.pm line 11.
# Compilation failed in require at (eval 5) line 2.
# Looks like you failed 1 test of 1.
t/000-require.t .................. 
Dubious, test returned 1 (wstat 256, 0x100)
Failed 1/1 subtests 

#   Failed test 'use Monitor::MetricsAPI;'
#   at t/005-same-collector.t line 7.
#     Tried to use 'Monitor::MetricsAPI'.
#     Error:  Can't modify division (/) in division (/) at /tmpfs/.cpan-build-cpansand/2016120800/Monitor-MetricsAPI-0.900-12/blib/lib/Monitor/MetricsAPI/Server.pm line 38, near "8200;"
#   (Might be a runaway multi-line // string starting on line 37)
# Compilation failed in require at /tmpfs/.cpan-build-cpansand/2016120800/Monitor-MetricsAPI-0.900-12/blib/lib/Monitor/MetricsAPI/Collector.pm line 11.
# BEGIN failed--compilation aborted at /tmpfs/.cpan-build-cpansand/2016120800/Monitor-MetricsAPI-0.900-12/blib/lib/Monitor/MetricsAPI/Collector.pm line 11.
# Compilation failed in require at /tmpfs/.cpan-build-cpansand/2016120800/Monitor-MetricsAPI-0.900-12/blib/lib/Monitor/MetricsAPI.pm line 11.
# BEGIN failed--compilation aborted at /tmpfs/.cpan-build-cpansand/2016120800/Monitor-MetricsAPI-0.900-12/blib/lib/Monitor/MetricsAPI.pm line 11.
# Compilation failed in require at t/005-same-collector.t line 7.
# BEGIN failed--compilation aborted at t/005-same-collector.t line 7.
Can't locate object method "create" via package "Monitor::MetricsAPI" at t/005-same-collector.t line 9.
# Looks like your test exited with 255 just after 1.
t/005-same-collector.t ........... 
Dubious, test returned 255 (wstat 65280, 0xff00)
Failed 2/2 subtests 

#   Failed test 'use Monitor::MetricsAPI;'
#   at t/100-create-metrics.t line 7.
#     Tried to use 'Monitor::MetricsAPI'.
#     Error:  Can't modify division (/) in division (/) at /tmpfs/.cpan-build-cpansand/2016120800/Monitor-MetricsAPI-0.900-12/blib/lib/Monitor/MetricsAPI/Server.pm line 38, near "8200;"
#   (Might be a runaway multi-line // string starting on line 37)
# Compilation failed in require at /tmpfs/.cpan-build-cpansand/2016120800/Monitor-MetricsAPI-0.900-12/blib/lib/Monitor/MetricsAPI/Collector.pm line 11.
# BEGIN failed--compilation aborted at /tmpfs/.cpan-build-cpansand/2016120800/Monitor-MetricsAPI-0.900-12/blib/lib/Monitor/MetricsAPI/Collector.pm line 11.
# Compilation failed in require at /tmpfs/.cpan-build-cpansand/2016120800/Monitor-MetricsAPI-0.900-12/blib/lib/Monitor/MetricsAPI.pm line 11.
# BEGIN failed--compilation aborted at /tmpfs/.cpan-build-cpansand/2016120800/Monitor-MetricsAPI-0.900-12/blib/lib/Monitor/MetricsAPI.pm line 11.
# Compilation failed in require at t/100-create-metrics.t line 7.
# BEGIN failed--compilation aborted at t/100-create-metrics.t line 7.
Can't locate object method "create" via package "Monitor::MetricsAPI" at t/100-create-metrics.t line 20.
# Looks like your test exited with 255 just after 1.
t/100-create-metrics.t ........... 
Dubious, test returned 255 (wstat 65280, 0xff00)
Failed 4/4 subtests 

#   Failed test 'use Monitor::MetricsAPI;'
#   at t/101-bulk-add-metrics.t line 7.
#     Tried to use 'Monitor::MetricsAPI'.
#     Error:  Can't modify division (/) in division (/) at /tmpfs/.cpan-build-cpansand/2016120800/Monitor-MetricsAPI-0.900-12/blib/lib/Monitor/MetricsAPI/Server.pm line 38, near "8200;"
#   (Might be a runaway multi-line // string starting on line 37)
# Compilation failed in require at /tmpfs/.cpan-build-cpansand/2016120800/Monitor-MetricsAPI-0.900-12/blib/lib/Monitor/MetricsAPI/Collector.pm line 11.
# BEGIN failed--compilation aborted at /tmpfs/.cpan-build-cpansand/2016120800/Monitor-MetricsAPI-0.900-12/blib/lib/Monitor/MetricsAPI/Collector.pm line 11.
# Compilation failed in require at /tmpfs/.cpan-build-cpansand/2016120800/Monitor-MetricsAPI-0.900-12/blib/lib/Monitor/MetricsAPI.pm line 11.
# BEGIN failed--compilation aborted at /tmpfs/.cpan-build-cpansand/2016120800/Monitor-MetricsAPI-0.900-12/blib/lib/Monitor/MetricsAPI.pm line 11.
# Compilation failed in require at t/101-bulk-add-metrics.t line 7.
# BEGIN failed--compilation aborted at t/101-bulk-add-metrics.t line 7.
Can't locate object method "create" via package "Monitor::MetricsAPI" at t/101-bulk-add-metrics.t line 9.
# Looks like your test exited with 255 just after 1.
t/101-bulk-add-metrics.t ......... 
Dubious, test returned 255 (wstat 65280, 0xff00)
Failed 8/8 subtests 

#   Failed test 'use Monitor::MetricsAPI;'
#   at t/200-metric-boolean.t line 7.
#     Tried to use 'Monitor::MetricsAPI'.
#     Error:  Can't modify division (/) in division (/) at /tmpfs/.cpan-build-cpansand/2016120800/Monitor-MetricsAPI-0.900-12/blib/lib/Monitor/MetricsAPI/Server.pm line 38, near "8200;"
#   (Might be a runaway multi-line // string starting on line 37)
# Compilation failed in require at /tmpfs/.cpan-build-cpansand/2016120800/Monitor-MetricsAPI-0.900-12/blib/lib/Monitor/MetricsAPI/Collector.pm line 11.
# BEGIN failed--compilation aborted at /tmpfs/.cpan-build-cpansand/2016120800/Monitor-MetricsAPI-0.900-12/blib/lib/Monitor/MetricsAPI/Collector.pm line 11.
# Compilation failed in require at /tmpfs/.cpan-build-cpansand/2016120800/Monitor-MetricsAPI-0.900-12/blib/lib/Monitor/MetricsAPI.pm line 11.
# BEGIN failed--compilation aborted at /tmpfs/.cpan-build-cpansand/2016120800/Monitor-MetricsAPI-0.900-12/blib/lib/Monitor/MetricsAPI.pm line 11.
# Compilation failed in require at t/200-metric-boolean.t line 7.
# BEGIN failed--compilation aborted at t/200-metric-boolean.t line 7.
Can't locate object method "create" via package "Monitor::MetricsAPI" at t/200-metric-boolean.t line 9.
# Looks like your test exited with 255 just after 1.
t/200-metric-boolean.t ........... 
Dubious, test returned 255 (wstat 65280, 0xff00)
Failed 11/11 subtests 

#   Failed test 'use Monitor::MetricsAPI;'
#   at t/210-metric-callback.t line 7.
#     Tried to use 'Monitor::MetricsAPI'.
#     Error:  Can't modify division (/) in division (/) at /tmpfs/.cpan-build-cpansand/2016120800/Monitor-MetricsAPI-0.900-12/blib/lib/Monitor/MetricsAPI/Server.pm line 38, near "8200;"
#   (Might be a runaway multi-line // string starting on line 37)
# Compilation failed in require at /tmpfs/.cpan-build-cpansand/2016120800/Monitor-MetricsAPI-0.900-12/blib/lib/Monitor/MetricsAPI/Collector.pm line 11.
# BEGIN failed--compilation aborted at /tmpfs/.cpan-build-cpansand/2016120800/Monitor-MetricsAPI-0.900-12/blib/lib/Monitor/MetricsAPI/Collector.pm line 11.
# Compilation failed in require at /tmpfs/.cpan-build-cpansand/2016120800/Monitor-MetricsAPI-0.900-12/blib/lib/Monitor/MetricsAPI.pm line 11.
# BEGIN failed--compilation aborted at /tmpfs/.cpan-build-cpansand/2016120800/Monitor-MetricsAPI-0.900-12/blib/lib/Monitor/MetricsAPI.pm line 11.
# Compilation failed in require at t/210-metric-callback.t line 7.
# BEGIN failed--compilation aborted at t/210-metric-callback.t line 7.
Can't locate object method "create" via package "Monitor::MetricsAPI" at t/210-metric-callback.t line 15.
# Looks like your test exited with 255 just after 1.
t/210-metric-callback.t .......... 
Dubious, test returned 255 (wstat 65280, 0xff00)
Failed 8/8 subtests 

#   Failed test 'use Monitor::MetricsAPI;'
#   at t/220-metric-counter.t line 7.
#     Tried to use 'Monitor::MetricsAPI'.
#     Error:  Can't modify division (/) in division (/) at /tmpfs/.cpan-build-cpansand/2016120800/Monitor-MetricsAPI-0.900-12/blib/lib/Monitor/MetricsAPI/Server.pm line 38, near "8200;"
#   (Might be a runaway multi-line // string starting on line 37)
# Compilation failed in require at /tmpfs/.cpan-build-cpansand/2016120800/Monitor-MetricsAPI-0.900-12/blib/lib/Monitor/MetricsAPI/Collector.pm line 11.
# BEGIN failed--compilation aborted at /tmpfs/.cpan-build-cpansand/2016120800/Monitor-MetricsAPI-0.900-12/blib/lib/Monitor/MetricsAPI/Collector.pm line 11.
# Compilation failed in require at /tmpfs/.cpan-build-cpansand/2016120800/Monitor-MetricsAPI-0.900-12/blib/lib/Monitor/MetricsAPI.pm line 11.
# BEGIN failed--compilation aborted at /tmpfs/.cpan-build-cpansand/2016120800/Monitor-MetricsAPI-0.900-12/blib/lib/Monitor/MetricsAPI.pm line 11.
# Compilation failed in require at t/220-metric-counter.t line 7.
# BEGIN failed--compilation aborted at t/220-metric-counter.t line 7.
Can't locate object method "create" via package "Monitor::MetricsAPI" at t/220-metric-counter.t line 9.
# Looks like your test exited with 255 just after 1.
t/220-metric-counter.t ........... 
Dubious, test returned 255 (wstat 65280, 0xff00)
Failed 9/9 subtests 

#   Failed test 'use Monitor::MetricsAPI;'
#   at t/230-metric-gauge.t line 7.
#     Tried to use 'Monitor::MetricsAPI'.
#     Error:  Can't modify division (/) in division (/) at /tmpfs/.cpan-build-cpansand/2016120800/Monitor-MetricsAPI-0.900-12/blib/lib/Monitor/MetricsAPI/Server.pm line 38, near "8200;"
#   (Might be a runaway multi-line // string starting on line 37)
# Compilation failed in require at /tmpfs/.cpan-build-cpansand/2016120800/Monitor-MetricsAPI-0.900-12/blib/lib/Monitor/MetricsAPI/Collector.pm line 11.
# BEGIN failed--compilation aborted at /tmpfs/.cpan-build-cpansand/2016120800/Monitor-MetricsAPI-0.900-12/blib/lib/Monitor/MetricsAPI/Collector.pm line 11.
# Compilation failed in require at /tmpfs/.cpan-build-cpansand/2016120800/Monitor-MetricsAPI-0.900-12/blib/lib/Monitor/MetricsAPI.pm line 11.
# BEGIN failed--compilation aborted at /tmpfs/.cpan-build-cpansand/2016120800/Monitor-MetricsAPI-0.900-12/blib/lib/Monitor/MetricsAPI.pm line 11.
# Compilation failed in require at t/230-metric-gauge.t line 7.
# BEGIN failed--compilation aborted at t/230-metric-gauge.t line 7.
Can't locate object method "create" via package "Monitor::MetricsAPI" at t/230-metric-gauge.t line 9.
# Looks like your test exited with 255 just after 1.
t/230-metric-gauge.t ............. 
Dubious, test returned 255 (wstat 65280, 0xff00)
Failed 9/9 subtests 

#   Failed test 'use Monitor::MetricsAPI;'
#   at t/240-metric-string.t line 7.
#     Tried to use 'Monitor::MetricsAPI'.
#     Error:  Can't modify division (/) in division (/) at /tmpfs/.cpan-build-cpansand/2016120800/Monitor-MetricsAPI-0.900-12/blib/lib/Monitor/MetricsAPI/Server.pm line 38, near "8200;"
#   (Might be a runaway multi-line // string starting on line 37)
# Compilation failed in require at /tmpfs/.cpan-build-cpansand/2016120800/Monitor-MetricsAPI-0.900-12/blib/lib/Monitor/MetricsAPI/Collector.pm line 11.
# BEGIN failed--compilation aborted at /tmpfs/.cpan-build-cpansand/2016120800/Monitor-MetricsAPI-0.900-12/blib/lib/Monitor/MetricsAPI/Collector.pm line 11.
# Compilation failed in require at /tmpfs/.cpan-build-cpansand/2016120800/Monitor-MetricsAPI-0.900-12/blib/lib/Monitor/MetricsAPI.pm line 11.
# BEGIN failed--compilation aborted at /tmpfs/.cpan-build-cpansand/2016120800/Monitor-MetricsAPI-0.900-12/blib/lib/Monitor/MetricsAPI.pm line 11.
# Compilation failed in require at t/240-metric-string.t line 7.
# BEGIN failed--compilation aborted at t/240-metric-string.t line 7.
Can't locate object method "create" via package "Monitor::MetricsAPI" at t/240-metric-string.t line 9.
# Looks like your test exited with 255 just after 1.
t/240-metric-string.t ............ 
Dubious, test returned 255 (wstat 65280, 0xff00)
Failed 9/9 subtests 

#   Failed test 'use Monitor::MetricsAPI;'
#   at t/250-metric-timestamp.t line 11.
#     Tried to use 'Monitor::MetricsAPI'.
#     Error:  Can't modify division (/) in division (/) at /tmpfs/.cpan-build-cpansand/2016120800/Monitor-MetricsAPI-0.900-12/blib/lib/Monitor/MetricsAPI/Server.pm line 38, near "8200;"
#   (Might be a runaway multi-line // string starting on line 37)
# Compilation failed in require at /tmpfs/.cpan-build-cpansand/2016120800/Monitor-MetricsAPI-0.900-12/blib/lib/Monitor/MetricsAPI/Collector.pm line 11.
# BEGIN failed--compilation aborted at /tmpfs/.cpan-build-cpansand/2016120800/Monitor-MetricsAPI-0.900-12/blib/lib/Monitor/MetricsAPI/Collector.pm line 11.
# Compilation failed in require at /tmpfs/.cpan-build-cpansand/2016120800/Monitor-MetricsAPI-0.900-12/blib/lib/Monitor/MetricsAPI.pm line 11.
# BEGIN failed--compilation aborted at /tmpfs/.cpan-build-cpansand/2016120800/Monitor-MetricsAPI-0.900-12/blib/lib/Monitor/MetricsAPI.pm line 11.
# Compilation failed in require at t/250-metric-timestamp.t line 11.
# BEGIN failed--compilation aborted at t/250-metric-timestamp.t line 11.
Can't locate object method "create" via package "Monitor::MetricsAPI" at t/250-metric-timestamp.t line 13.
# Looks like your test exited with 255 just after 1.
t/250-metric-timestamp.t ......... 
Dubious, test returned 255 (wstat 65280, 0xff00)
Failed 7/7 subtests 

#   Failed test 'use Monitor::MetricsAPI;'
#   at t/260-metric-list.t line 7.
#     Tried to use 'Monitor::MetricsAPI'.
#     Error:  Can't modify division (/) in division (/) at /tmpfs/.cpan-build-cpansand/2016120800/Monitor-MetricsAPI-0.900-12/blib/lib/Monitor/MetricsAPI/Server.pm line 38, near "8200;"
#   (Might be a runaway multi-line // string starting on line 37)
# Compilation failed in require at /tmpfs/.cpan-build-cpansand/2016120800/Monitor-MetricsAPI-0.900-12/blib/lib/Monitor/MetricsAPI/Collector.pm line 11.
# BEGIN failed--compilation aborted at /tmpfs/.cpan-build-cpansand/2016120800/Monitor-MetricsAPI-0.900-12/blib/lib/Monitor/MetricsAPI/Collector.pm line 11.
# Compilation failed in require at /tmpfs/.cpan-build-cpansand/2016120800/Monitor-MetricsAPI-0.900-12/blib/lib/Monitor/MetricsAPI.pm line 11.
# BEGIN failed--compilation aborted at /tmpfs/.cpan-build-cpansand/2016120800/Monitor-MetricsAPI-0.900-12/blib/lib/Monitor/MetricsAPI.pm line 11.
# Compilation failed in require at t/260-metric-list.t line 7.
# BEGIN failed--compilation aborted at t/260-metric-list.t line 7.
Can't locate object method "create" via package "Monitor::MetricsAPI" at t/260-metric-list.t line 9.
# Looks like your test exited with 255 just after 1.
t/260-metric-list.t .............. 
Dubious, test returned 255 (wstat 65280, 0xff00)
Failed 17/17 subtests 

#   Failed test 'use Monitor::MetricsAPI;'
#   at t/500-with-listener.t line 7.
#     Tried to use 'Monitor::MetricsAPI'.
#     Error:  Can't modify division (/) in division (/) at /tmpfs/.cpan-build-cpansand/2016120800/Monitor-MetricsAPI-0.900-12/blib/lib/Monitor/MetricsAPI/Server.pm line 38, near "8200;"
#   (Might be a runaway multi-line // string starting on line 37)
# Compilation failed in require at /tmpfs/.cpan-build-cpansand/2016120800/Monitor-MetricsAPI-0.900-12/blib/lib/Monitor/MetricsAPI/Collector.pm line 11.
# BEGIN failed--compilation aborted at /tmpfs/.cpan-build-cpansand/2016120800/Monitor-MetricsAPI-0.900-12/blib/lib/Monitor/MetricsAPI/Collector.pm line 11.
# Compilation failed in require at /tmpfs/.cpan-build-cpansand/2016120800/Monitor-MetricsAPI-0.900-12/blib/lib/Monitor/MetricsAPI.pm line 11.
# BEGIN failed--compilation aborted at /tmpfs/.cpan-build-cpansand/2016120800/Monitor-MetricsAPI-0.900-12/blib/lib/Monitor/MetricsAPI.pm line 11.
# Compilation failed in require at t/500-with-listener.t line 7.
# BEGIN failed--compilation aborted at t/500-with-listener.t line 7.
Can't locate object method "create" via package "Monitor::MetricsAPI" at t/500-with-listener.t line 9.
# Looks like your test exited with 255 just after 1.
t/500-with-listener.t ............ 
Dubious, test returned 255 (wstat 65280, 0xff00)
Failed 3/3 subtests 

#   Failed test 'use Monitor::MetricsAPI;'
#   at t/501-add-listener.t line 7.
#     Tried to use 'Monitor::MetricsAPI'.
#     Error:  Can't modify division (/) in division (/) at /tmpfs/.cpan-build-cpansand/2016120800/Monitor-MetricsAPI-0.900-12/blib/lib/Monitor/MetricsAPI/Server.pm line 38, near "8200;"
#   (Might be a runaway multi-line // string starting on line 37)
# Compilation failed in require at /tmpfs/.cpan-build-cpansand/2016120800/Monitor-MetricsAPI-0.900-12/blib/lib/Monitor/MetricsAPI/Collector.pm line 11.
# BEGIN failed--compilation aborted at /tmpfs/.cpan-build-cpansand/2016120800/Monitor-MetricsAPI-0.900-12/blib/lib/Monitor/MetricsAPI/Collector.pm line 11.
# Compilation failed in require at /tmpfs/.cpan-build-cpansand/2016120800/Monitor-MetricsAPI-0.900-12/blib/lib/Monitor/MetricsAPI.pm line 11.
# BEGIN failed--compilation aborted at /tmpfs/.cpan-build-cpansand/2016120800/Monitor-MetricsAPI-0.900-12/blib/lib/Monitor/MetricsAPI.pm line 11.
# Compilation failed in require at t/501-add-listener.t line 7.
# BEGIN failed--compilation aborted at t/501-add-listener.t line 7.
Can't locate object method "create" via package "Monitor::MetricsAPI" at t/501-add-listener.t line 9.
# Looks like your test exited with 255 just after 1.
t/501-add-listener.t ............. 
Dubious, test returned 255 (wstat 65280, 0xff00)
Failed 5/5 subtests 
Can't modify division (/) in division (/) at /tmpfs/.cpan-build-cpansand/2016120800/Monitor-MetricsAPI-0.900-12/blib/lib/Monitor/MetricsAPI/Server.pm line 38, near "8200;"
  (Might be a runaway multi-line // string starting on line 37)
Compilation failed in require at /tmpfs/.cpan-build-cpansand/2016120800/Monitor-MetricsAPI-0.900-12/blib/lib/Monitor/MetricsAPI/Collector.pm line 11.
BEGIN failed--compilation aborted at /tmpfs/.cpan-build-cpansand/2016120800/Monitor-MetricsAPI-0.900-12/blib/lib/Monitor/MetricsAPI/Collector.pm line 11.
Compilation failed in require at /tmpfs/.cpan-build-cpansand/2016120800/Monitor-MetricsAPI-0.900-12/blib/lib/Monitor/MetricsAPI.pm line 11.
BEGIN failed--compilation aborted at /tmpfs/.cpan-build-cpansand/2016120800/Monitor-MetricsAPI-0.900-12/blib/lib/Monitor/MetricsAPI.pm line 11.
Compilation failed in require.
BEGIN failed--compilation aborted.
cannot open port: 127.0.0.1:8200 at /opt/perl-5.8.9/lib/site_perl/5.8.9/Test/TCP.pm line 53.
# Looks like your test exited with 111 before it could output anything.
t/550-http-api.t ................. 
Dubious, test returned 111 (wstat 28416, 0x6f00)
Failed 23/23 subtests 
t/author-pod-syntax.t ............ skipped: these tests are for testing by the author

#   Failed test 'Pod coverage on Monitor::MetricsAPI'
#   at /opt/perl-5.8.9/lib/site_perl/5.8.9/Test/Pod/Coverage.pm line 133.
# Monitor::MetricsAPI: requiring 'Monitor::MetricsAPI' failed
# Looks like you failed 1 test of 14.
t/pod-coverage.t ................. 
Dubious, test returned 1 (wstat 256, 0x100)
Failed 1/14 subtests 
t/release-changes_has_content.t .. skipped: these tests are for release candidate testing

Test Summary Report
-------------------
t/000-require.t                (Wstat: 256 Tests: 1 Failed: 1)
  Failed test:  1
  Non-zero exit status: 1
t/005-same-collector.t         (Wstat: 65280 Tests: 1 Failed: 1)
  Failed test:  1
  Non-zero exit status: 255
  Parse errors: Bad plan.  You planned 2 tests but ran 1.
t/100-create-metrics.t         (Wstat: 65280 Tests: 1 Failed: 1)
  Failed test:  1
  Non-zero exit status: 255
  Parse errors: Bad plan.  You planned 4 tests but ran 1.
t/101-bulk-add-metrics.t       (Wstat: 65280 Tests: 1 Failed: 1)
  Failed test:  1
  Non-zero exit status: 255
  Parse errors: Bad plan.  You planned 8 tests but ran 1.
t/200-metric-boolean.t         (Wstat: 65280 Tests: 1 Failed: 1)
  Failed test:  1
  Non-zero exit status: 255
  Parse errors: Bad plan.  You planned 11 tests but ran 1.
t/210-metric-callback.t        (Wstat: 65280 Tests: 1 Failed: 1)
  Failed test:  1
  Non-zero exit status: 255
  Parse errors: Bad plan.  You planned 8 tests but ran 1.
t/220-metric-counter.t         (Wstat: 65280 Tests: 1 Failed: 1)
  Failed test:  1
  Non-zero exit status: 255
  Parse errors: Bad plan.  You planned 9 tests but ran 1.
t/230-metric-gauge.t           (Wstat: 65280 Tests: 1 Failed: 1)
  Failed test:  1
  Non-zero exit status: 255
  Parse errors: Bad plan.  You planned 9 tests but ran 1.
t/240-metric-string.t          (Wstat: 65280 Tests: 1 Failed: 1)
  Failed test:  1
  Non-zero exit status: 255
  Parse errors: Bad plan.  You planned 9 tests but ran 1.
t/250-metric-timestamp.t       (Wstat: 65280 Tests: 1 Failed: 1)
  Failed test:  1
  Non-zero exit status: 255
  Parse errors: Bad plan.  You planned 7 tests but ran 1.
t/260-metric-list.t            (Wstat: 65280 Tests: 1 Failed: 1)
  Failed test:  1
  Non-zero exit status: 255
  Parse errors: Bad plan.  You planned 17 tests but ran 1.
t/500-with-listener.t          (Wstat: 65280 Tests: 1 Failed: 1)
  Failed test:  1
  Non-zero exit status: 255
  Parse errors: Bad plan.  You planned 3 tests but ran 1.
t/501-add-listener.t           (Wstat: 65280 Tests: 1 Failed: 1)
  Failed test:  1
  Non-zero exit status: 255
  Parse errors: Bad plan.  You planned 5 tests but ran 1.
t/550-http-api.t               (Wstat: 28416 Tests: 0 Failed: 0)
  Non-zero exit status: 111
  Parse errors: Bad plan.  You planned 23 tests but ran 0.
t/pod-coverage.t               (Wstat: 256 Tests: 14 Failed: 1)
  Failed test:  1
  Non-zero exit status: 1
Files=18, Tests=28, 26 wallclock secs ( 0.04 usr  0.08 sys +  8.72 cusr  1.20 csys = 10.04 CPU)
Result: FAIL
Failed 15/18 test programs. 14/28 subtests failed.
Makefile:934: recipe for target 'test_dynamic' failed
make: *** [test_dynamic] Error 255

------------------------------
PREREQUISITES
------------------------------

Prerequisite modules loaded:

requires:

    Module                 Need Have    
    ---------------------- ---- --------
    Dancer2                0    0.204001
    DateTime               0    1.41    
    Module::Loaded         0    0.08    
    Moose                  0    2.1806  
    MooseX::ClassAttribute 0    0.28    
    namespace::autoclean   0    0.28    
    Plack::Builder         0    0       
    Socket                 0    2.024   
    strict                 0    1.03    
    Try::Tiny              0    0.27    
    Twiggy::Server         0    0       
    warnings               0    1.05_01 

build_requires:

    Module                 Need Have    
    ---------------------- ---- --------
    ExtUtils::MakeMaker    0    7.24    
    File::Spec             0    3.62    
    JSON                   0    2.90    
    LWP::UserAgent         0    6.15    
    Scalar::Util           0    1.45    
    Test::More             0    1.302067
    Test::TCP              0    2.17    

configure_requires:

    Module                 Need Have    
    ---------------------- ---- --------
    ExtUtils::MakeMaker    0    7.24    


------------------------------
ENVIRONMENT AND OTHER CONTEXT
------------------------------

Environment variables:

    LANG = C
    LC_ALL = de_DE.UTF-8
    PATH = /usr/local/bin:/usr/bin:/bin:/usr/local/sbin:/usr/sbin:/sbin:/home/cpansand/bin/linux-gnu:/home/cpansand/bin/sh:/home/cpansand/bin:/usr/games:/home/cpansand/devel:/home/eserte/src/srezic-misc/scripts
    PERL5LIB = 
    PERL5OPT = 
    PERL5_CPANPLUS_IS_RUNNING = 2821
    PERL5_CPAN_IS_RUNNING = 2821
    PERL5_CPAN_IS_RUNNING_IN_RECURSION = 2761,2821
    PERLDOC = -MPod::Perldoc::ToTextOverstrike
    PERL_BATCH = yes
    PERL_CANARY_STABILITY_NOPROMPT = 1
    PERL_CPAN_REPORTER_CONFIG = /var/tmp/cpansmoker-1023/2016120800/cpanreporter_000_config.ini
    PERL_EXTUTILS_AUTOINSTALL = --defaultdeps
    PERL_PARALLEL_SMOKER = yes
    PERL_USE_UNSAFE_INC = 1
    SHELL = /bin/zsh
    TERM = screen
    TMPDIR = /var/tmp/cpansmoker-1023/2016120800

Perl special variables (and OS-specific diagnostics, for MSWin32):

    $^X = /bbbike/perl-5.8.9/bin/perl5.8.9
    $UID/$EUID = 1023 / 1023
    $GID = 1023 1023
    $EGID = 1023 1023

Perl module toolchain versions installed:

    Module              Have    
    ------------------- --------
    CPAN                2.14    
    CPAN::Meta          2.150010
    Cwd                 3.62    
    ExtUtils::CBuilder  0.280224
    ExtUtils::Command   7.24    
    ExtUtils::Install   1.54    
    ExtUtils::MakeMaker 7.24    
    ExtUtils::Manifest  1.70    
    ExtUtils::ParseXS   3.30    
    File::Spec          3.62    
    JSON                2.90    
    JSON::PP            2.27400 
    Module::Build       0.4220  
    Module::Signature   0.80    
    Parse::CPAN::Meta   2.150010
    Test::Harness       3.36    
    Test::More          1.302067
    YAML                1.20    
    YAML::Syck          1.29    
    version             0.9916  


--

Summary of my perl5 (revision 5 version 8 subversion 9) configuration:
  Platform:
    osname=linux, osvers=3.16.0-4-amd64, archname=x86_64-linux
    uname='linux eserte 3.16.0-4-amd64 #1 smp debian 3.16.7-ckt25-2 (2016-04-08) x86_64 gnulinux '
    config_args='-ds -e -Dprefix=/opt/perl-5.8.9 -Dcf_email=srezic@cpan.org'
    hint=recommended, useposix=true, d_sigaction=define
    usethreads=undef use5005threads=undef useithreads=undef usemultiplicity=undef
    useperlio=define d_sfio=undef uselargefiles=define usesocks=undef
    use64bitint=define use64bitall=define uselongdouble=undef
    usemymalloc=n, bincompat5005=undef
  Compiler:
    cc='cc', ccflags ='-fno-strict-aliasing -pipe -I/usr/local/include -D_LARGEFILE_SOURCE -D_FILE_OFFSET_BITS=64',
    optimize='-O2',
    cppflags='-fno-strict-aliasing -pipe -I/usr/local/include'
    ccversion='', gccversion='4.9.2', gccosandvers=''
    intsize=4, longsize=8, ptrsize=8, doublesize=8, byteorder=12345678
    d_longlong=define, longlongsize=8, d_longdbl=define, longdblsize=16
    ivtype='long', ivsize=8, nvtype='double', nvsize=8, Off_t='off_t', lseeksize=8
    alignbytes=8, prototype=define
  Linker and Libraries:
    ld='cc', ldflags =' -L/usr/local/lib'
    libpth=/usr/local/lib /lib/x86_64-linux-gnu /lib/../lib /usr/lib/x86_64-linux-gnu /usr/lib/../lib /lib /usr/lib
    libs=-lnsl -ldl -lm -lcrypt -lutil -lc
    perllibs=-lnsl -ldl -lm -lcrypt -lutil -lc
    libc=libc-2.19.so, so=so, useshrplib=false, libperl=libperl.a
    gnulibc_version='2.19'
  Dynamic Linking:
    dlsrc=dl_dlopen.xs, dlext=so, d_dlsymun=undef, ccdlflags='-Wl,-E'
    cccdlflags='-fPIC', lddlflags='-shared -O2 -L/usr/local/lib'


Characteristics of this binary (from libperl): 
  Compile-time options: PERL_MALLOC_WRAP USE_64_BIT_ALL USE_64_BIT_INT
                        USE_FAST_STDIO USE_LARGE_FILES USE_PERLIO
  Locally applied patches:
	Devel::PatchPerl 1.42
  Built under linux
  Compiled at May  7 2016 09:05:30
  %ENV:
    PERL5LIB=""
    PERL5OPT=""
    PERL5_CPANPLUS_IS_RUNNING="2821"
    PERL5_CPAN_IS_RUNNING="2821"
    PERL5_CPAN_IS_RUNNING_IN_RECURSION="2761,2821"
    PERLDOC="-MPod::Perldoc::ToTextOverstrike"
    PERL_BATCH="yes"
    PERL_CANARY_STABILITY_NOPROMPT="1"
    PERL_CPAN_REPORTER_CONFIG="/var/tmp/cpansmoker-1023/2016120800/cpanreporter_000_config.ini"
    PERL_EXTUTILS_AUTOINSTALL="--defaultdeps"
    PERL_PARALLEL_SMOKER="yes"
    PERL_USE_UNSAFE_INC="1"
  @INC:
    /opt/perl-5.8.9/lib/5.8.9/x86_64-linux
    /opt/perl-5.8.9/lib/5.8.9
    /opt/perl-5.8.9/lib/site_perl/5.8.9/x86_64-linux
    /opt/perl-5.8.9/lib/site_perl/5.8.9
    .