Module-Setup v0.09 Perl 5 v5.24.4 x86_64-linux-thread-multi

Status
Fail
From
Slaven Rezić (SREZIC)
Dist
Module-Setup v0.09
Platform
Perl 5 v5.24.4 x86_64-linux-thread-multi
Date
2019-04-17 16:01:48
ID
1b0abf04-612a-11e9-9acf-3d2d1f24ea8f
This distribution has been tested as part of the CPAN Testers
project, supporting the Perl programming language.  See
http://wiki.cpantesters.org/ for more information or email
questions to cpan-testers-discuss@perl.org


--
Dear Kazuhiro Osawa,

This is a computer-generated report for Module-Setup-0.09
on perl 5.24.4, created by CPAN-Reporter-1.2018.

Thank you for uploading your work to CPAN.  However, there was a problem
testing your distribution.

If you think this report is invalid, please consult the CPAN Testers Wiki
for suggestions on how to avoid getting FAIL reports for missing library
or binary dependencies, unsupported operating systems, and so on:

http://wiki.cpantesters.org/wiki/CPANAuthorNotes

Sections of this report:

    * Tester comments
    * Program output
    * Prerequisites
    * Environment and other context

------------------------------
TESTER COMMENTS
------------------------------

Additional comments from tester:

none provided

------------------------------
PROGRAM OUTPUT
------------------------------

Output from '/usr/bin/make test':

PERL_DL_NONLAZY=1 "/opt/perl-5.24.4t/bin/perl" "-MExtUtils::Command::MM" "-MTest::Harness" "-e" "undef *Test::Harness::Switches; test_harness(0, 'inc', 'blib/lib', 'blib/arch')" t/*.t t/*/*.t
Possible precedence issue with control flow operator at /home/cpansand/.cpan/build/2019041323/Module-Setup-0.09-3/inc/Test/Builder.pm line 858.
t/00_compile.t .................................... ok
Possible precedence issue with control flow operator at /home/cpansand/.cpan/build/2019041323/Module-Setup-0.09-3/inc/Test/Builder.pm line 858.
t/010_core/detect-flavor-tests-error.t ............ ok
Possible precedence issue with control flow operator at /home/cpansand/.cpan/build/2019041323/Module-Setup-0.09-3/inc/Test/Builder.pm line 858.
t/010_core/detect_module_and_flavor_name_error.t .. ok
Possible precedence issue with control flow operator at /home/cpansand/.cpan/build/2019041323/Module-Setup-0.09-3/inc/Test/Builder.pm line 858.
t/010_core/dialog.t ............................... ok
Possible precedence issue with control flow operator at /home/cpansand/.cpan/build/2019041323/Module-Setup-0.09-3/inc/Test/Builder.pm line 858.
t/010_core/distribute.t ........................... ok
Possible precedence issue with control flow operator at /home/cpansand/.cpan/build/2019041323/Module-Setup-0.09-3/inc/Test/Builder.pm line 858.
t/010_core/flavor.t ............................... ok
Possible precedence issue with control flow operator at /home/cpansand/.cpan/build/2019041323/Module-Setup-0.09-3/inc/Test/Builder.pm line 858.
t/010_core/load_argv.t ............................ ok
Possible precedence issue with control flow operator at /home/cpansand/.cpan/build/2019041323/Module-Setup-0.09-3/inc/Test/Builder.pm line 858.
t/010_core/path.t ................................. ok
Possible precedence issue with control flow operator at /home/cpansand/.cpan/build/2019041323/Module-Setup-0.09-3/inc/Test/Builder.pm line 858.
t/010_core/select-flavor.t ........................ ok
Possible precedence issue with control flow operator at /home/cpansand/.cpan/build/2019041323/Module-Setup-0.09-3/inc/Test/Builder.pm line 858.
t/010_core/setup_base_dir.t ....................... ok
Possible precedence issue with control flow operator at /home/cpansand/.cpan/build/2019041323/Module-Setup-0.09-3/inc/Test/Builder.pm line 858.
Redundant argument in sprintf at /home/cpansand/.cpan/build/2019041323/Module-Setup-0.09-3/inc/Spiffy.pm line 225.
Redundant argument in sprintf at /home/cpansand/.cpan/build/2019041323/Module-Setup-0.09-3/inc/Spiffy.pm line 225.
Redundant argument in sprintf at /home/cpansand/.cpan/build/2019041323/Module-Setup-0.09-3/inc/Spiffy.pm line 225.
Redundant argument in sprintf at /home/cpansand/.cpan/build/2019041323/Module-Setup-0.09-3/inc/Spiffy.pm line 225.
t/010_core/setup_options.t ........................ ok
Possible precedence issue with control flow operator at /home/cpansand/.cpan/build/2019041323/Module-Setup-0.09-3/inc/Test/Builder.pm line 858.
t/010_core/setup_options_code.t ................... ok
Possible precedence issue with control flow operator at /home/cpansand/.cpan/build/2019041323/Module-Setup-0.09-3/inc/Test/Builder.pm line 858.
t/010_core/stdout-log.t ........................... ok
Possible precedence issue with control flow operator at /home/cpansand/.cpan/build/2019041323/Module-Setup-0.09-3/inc/Test/Builder.pm line 858.
t/010_core/system.t ............................... ok
Possible precedence issue with control flow operator at /home/cpansand/.cpan/build/2019041323/Module-Setup-0.09-3/inc/Test/Builder.pm line 858.
t/010_core/test_util.t ............................ ok
Possible precedence issue with control flow operator at /home/cpansand/.cpan/build/2019041323/Module-Setup-0.09-3/inc/Test/Builder.pm line 858.
t/020_run/additional.t ............................ ok
Possible precedence issue with control flow operator at /home/cpansand/.cpan/build/2019041323/Module-Setup-0.09-3/inc/Test/Builder.pm line 858.
t/020_run/binary.t ................................ ok
Possible precedence issue with control flow operator at /home/cpansand/.cpan/build/2019041323/Module-Setup-0.09-3/inc/Test/Builder.pm line 858.
t/020_run/direct.t ................................ ok
Possible precedence issue with control flow operator at /home/cpansand/.cpan/build/2019041323/Module-Setup-0.09-3/inc/Test/Builder.pm line 858.
t/020_run/dupe-flavor.t ........................... ok
Possible precedence issue with control flow operator at /home/cpansand/.cpan/build/2019041323/Module-Setup-0.09-3/inc/Test/Builder.pm line 858.
t/020_run/dupe.t .................................. ok
Possible precedence issue with control flow operator at /home/cpansand/.cpan/build/2019041323/Module-Setup-0.09-3/inc/Test/Builder.pm line 858.
t/020_run/empty_dir.t ............................. ok
Possible precedence issue with control flow operator at /home/cpansand/.cpan/build/2019041323/Module-Setup-0.09-3/inc/Test/Builder.pm line 858.
t/020_run/fail_flavor.t ........................... ok
Possible precedence issue with control flow operator at /home/cpansand/.cpan/build/2019041323/Module-Setup-0.09-3/inc/Test/Builder.pm line 858.
t/020_run/hasnt-flavorclass.t ..................... ok
Possible precedence issue with control flow operator at /home/cpansand/.cpan/build/2019041323/Module-Setup-0.09-3/inc/Test/Builder.pm line 858.
Redundant argument in sprintf at /home/cpansand/.cpan/build/2019041323/Module-Setup-0.09-3/inc/Spiffy.pm line 225.
Redundant argument in sprintf at /home/cpansand/.cpan/build/2019041323/Module-Setup-0.09-3/inc/Spiffy.pm line 225.
Redundant argument in sprintf at /home/cpansand/.cpan/build/2019041323/Module-Setup-0.09-3/inc/Spiffy.pm line 225.
Redundant argument in sprintf at /home/cpansand/.cpan/build/2019041323/Module-Setup-0.09-3/inc/Spiffy.pm line 225.
t/020_run/init.t .................................. ok
Possible precedence issue with control flow operator at /home/cpansand/.cpan/build/2019041323/Module-Setup-0.09-3/inc/Test/Builder.pm line 858.
t/020_run/nullflavors.t ........................... ok
Possible precedence issue with control flow operator at /home/cpansand/.cpan/build/2019041323/Module-Setup-0.09-3/inc/Test/Builder.pm line 858.
t/020_run/pack-additional.t ....................... ok
Possible precedence issue with control flow operator at /home/cpansand/.cpan/build/2019041323/Module-Setup-0.09-3/inc/Test/Builder.pm line 858.
Redundant argument in sprintf at /home/cpansand/.cpan/build/2019041323/Module-Setup-0.09-3/inc/Spiffy.pm line 225.
Redundant argument in sprintf at /home/cpansand/.cpan/build/2019041323/Module-Setup-0.09-3/inc/Spiffy.pm line 225.
Redundant argument in sprintf at /home/cpansand/.cpan/build/2019041323/Module-Setup-0.09-3/inc/Spiffy.pm line 225.
Redundant argument in sprintf at /home/cpansand/.cpan/build/2019041323/Module-Setup-0.09-3/inc/Spiffy.pm line 225.
t/020_run/pack.t .................................. ok
Possible precedence issue with control flow operator at /home/cpansand/.cpan/build/2019041323/Module-Setup-0.09-3/inc/Test/Builder.pm line 858.
Redundant argument in sprintf at /home/cpansand/.cpan/build/2019041323/Module-Setup-0.09-3/inc/Spiffy.pm line 225.
Redundant argument in sprintf at /home/cpansand/.cpan/build/2019041323/Module-Setup-0.09-3/inc/Spiffy.pm line 225.
Redundant argument in sprintf at /home/cpansand/.cpan/build/2019041323/Module-Setup-0.09-3/inc/Spiffy.pm line 225.
Redundant argument in sprintf at /home/cpansand/.cpan/build/2019041323/Module-Setup-0.09-3/inc/Spiffy.pm line 225.
t/020_run/simple.t ................................ ok
Possible precedence issue with control flow operator at /home/cpansand/.cpan/build/2019041323/Module-Setup-0.09-3/inc/Test/Builder.pm line 858.
t/030_plugin/append_template_file.t ............... ok
Possible precedence issue with control flow operator at /home/cpansand/.cpan/build/2019041323/Module-Setup-0.09-3/inc/Test/Builder.pm line 858.
t/030_plugin/append_template_file2.t .............. ok
Possible precedence issue with control flow operator at /home/cpansand/.cpan/build/2019041323/Module-Setup-0.09-3/inc/Test/Builder.pm line 858.
t/030_plugin/illegalplugin.t ...................... ok
Possible precedence issue with control flow operator at /home/cpansand/.cpan/build/2019041323/Module-Setup-0.09-3/inc/Test/Builder.pm line 858.
t/030_plugin/illegalpluginconfig.t ................ ok
Possible precedence issue with control flow operator at /home/cpansand/.cpan/build/2019041323/Module-Setup-0.09-3/inc/Test/Builder.pm line 858.
t/030_plugin/localplugin.t ........................ ok
Possible precedence issue with control flow operator at /home/cpansand/.cpan/build/2019041323/Module-Setup-0.09-3/inc/Test/Builder.pm line 858.
t/030_plugin/plain.t .............................. ok
Possible precedence issue with control flow operator at /home/cpansand/.cpan/build/2019041323/Module-Setup-0.09-3/inc/Test/Builder.pm line 858.
t/030_plugin/site_github.t ........................ ok
Possible precedence issue with control flow operator at /home/cpansand/.cpan/build/2019041323/Module-Setup-0.09-3/inc/Test/Builder.pm line 858.
t/030_plugin/template.t ........................... ok
Possible precedence issue with control flow operator at /home/cpansand/.cpan/build/2019041323/Module-Setup-0.09-3/inc/Test/Builder.pm line 858.
cannot remove path when cwd is /var/tmp/cpansmoker-1023/2019041323/KPTFNR6vJL/Test-Makefile3_3 for /var/tmp/cpansmoker-1023/2019041323/KPTFNR6vJL:  at /opt/perl-5.24.4t/lib/site_perl/5.24.4/File/Temp.pm line 2628.
t/030_plugin/test_makefile.t ...................... ok
Possible precedence issue with control flow operator at /home/cpansand/.cpan/build/2019041323/Module-Setup-0.09-3/inc/Test/Builder.pm line 858.
error: pathspec 'commit' did not match any file(s) known to git.
cannot remove path when cwd is /var/tmp/cpansmoker-1023/2019041323/tchLb3dwgT/VC-Git3_2 for /var/tmp/cpansmoker-1023/2019041323/tchLb3dwgT:  at /opt/perl-5.24.4t/lib/site_perl/5.24.4/File/Temp.pm line 2628.
t/030_plugin/vc_git.t ............................. ok
Possible precedence issue with control flow operator at /home/cpansand/.cpan/build/2019041323/Module-Setup-0.09-3/inc/Test/Builder.pm line 858.
Name "Module::Setup::Flavor::Default::setup_config" used only once: possible typo at t/030_plugin/vc_svk.t line 17.
t/030_plugin/vc_svk.t ............................. ok
Possible precedence issue with control flow operator at /home/cpansand/.cpan/build/2019041323/Module-Setup-0.09-3/inc/Test/Builder.pm line 858.
t/030_plugin/vc_svn.t ............................. ok
Possible precedence issue with control flow operator at /home/cpansand/.cpan/build/2019041323/Module-Setup-0.09-3/inc/Test/Builder.pm line 858.
t/040_flavor/coderepos.t .......................... ok
Possible precedence issue with control flow operator at /home/cpansand/.cpan/build/2019041323/Module-Setup-0.09-3/inc/Test/Builder.pm line 858.
t/040_flavor/default-setup_config.t ............... ok
Possible precedence issue with control flow operator at /home/cpansand/.cpan/build/2019041323/Module-Setup-0.09-3/inc/Test/Builder.pm line 858.
t/040_flavor/default.t ............................ ok
Possible precedence issue with control flow operator at /home/cpansand/.cpan/build/2019041323/Module-Setup-0.09-3/inc/Test/Builder.pm line 858.
t/040_flavor/github.t ............................. ok
Possible precedence issue with control flow operator at /home/cpansand/.cpan/build/2019041323/Module-Setup-0.09-3/inc/Test/Builder.pm line 858.
Base class package "t::Helper::Basic" is not empty but "t/Helper/Basic.pm" exists in the current directory.
    To help avoid security issues, base.pm now refuses to load optional modules
    from the current working directory when it is the last entry in @INC.
    If your software worked on previous versions of Perl, the best solution
    is to use FindBin to detect the path properly and to add that path to
    @INC.  As a last resort, you can re-enable looking in the current working
    directory by adding "use lib '.'" to your code.
 at t/Helper/Basic/Callback.pm line 4.
BEGIN failed--compilation aborted at t/Helper/Basic/Callback.pm line 4.
Compilation failed in require at t/050_helper/basic-callback.t line 6.
BEGIN failed--compilation aborted at t/050_helper/basic-callback.t line 6.
# Looks like your test exited with 2 before it could output anything.
t/050_helper/basic-callback.t ..................... 
Dubious, test returned 2 (wstat 512, 0x200)
Failed 3/3 subtests 
Possible precedence issue with control flow operator at /home/cpansand/.cpan/build/2019041323/Module-Setup-0.09-3/inc/Test/Builder.pm line 858.
Base class package "t::Helper::Basic" is not empty but "t/Helper/Basic.pm" exists in the current directory.
    To help avoid security issues, base.pm now refuses to load optional modules
    from the current working directory when it is the last entry in @INC.
    If your software worked on previous versions of Perl, the best solution
    is to use FindBin to detect the path properly and to add that path to
    @INC.  As a last resort, you can re-enable looking in the current working
    directory by adding "use lib '.'" to your code.
 at t/Helper/Basic/Foo.pm line 4.
BEGIN failed--compilation aborted at t/Helper/Basic/Foo.pm line 4.
Compilation failed in require at t/050_helper/basic-foo.t line 6.
BEGIN failed--compilation aborted at t/050_helper/basic-foo.t line 6.
# Looks like your test exited with 2 before it could output anything.
t/050_helper/basic-foo.t .......................... 
Dubious, test returned 2 (wstat 512, 0x200)
Failed 2/2 subtests 
Possible precedence issue with control flow operator at /home/cpansand/.cpan/build/2019041323/Module-Setup-0.09-3/inc/Test/Builder.pm line 858.
t/050_helper/basic.t .............................. ok

Test Summary Report
-------------------
t/050_helper/basic-callback.t                   (Wstat: 512 Tests: 0 Failed: 0)
  Non-zero exit status: 2
  Parse errors: Bad plan.  You planned 3 tests but ran 0.
t/050_helper/basic-foo.t                        (Wstat: 512 Tests: 0 Failed: 0)
  Non-zero exit status: 2
  Parse errors: Bad plan.  You planned 2 tests but ran 0.
Files=47, Tests=462,  8 wallclock secs ( 0.09 usr  0.17 sys +  6.03 cusr  0.96 csys =  7.25 CPU)
Result: FAIL
Failed 2/47 test programs. 0/462 subtests failed.
Makefile:881: recipe for target 'test_dynamic' failed
make: *** [test_dynamic] Error 255

------------------------------
PREREQUISITES
------------------------------

Prerequisite modules loaded:

requires:

    Module                       Need Have    
    ---------------------------- ---- --------
    Class::Trigger               0    0.14    
    Cwd                          0    3.75    
    ExtUtils::MakeMaker          0    7.34    
    File::Basename               0    2.85    
    File::Find::Rule             0    0.34    
    File::HomeDir                0    1.004   
    File::Path                   0    2.15    
    File::Temp                   0.2  0.2308  
    Filter::Util::Call           0    1.59    
    Getopt::Long                 0    2.5     
    IO::Scalar                   0    2.111   
    LWP::UserAgent               0    6.36    
    Module::Collect              0.06 0.06    
    Module::Install::AuthorTests 0    0.002   
    Module::Install::Repository  0    0.06    
    Path::Class                  0    0.37    
    Pod::Usage                   0    1.69    
    Scalar::Util                 0    1.50    
    Storable                     0    3.09    
    Template                     2.2  2.27    
    Test::More                   0    1.302162
    Test::Requires               0    0.10    
    Text::Patch                  0    1.8     
    YAML                         0    1.26    

build_requires:

    Module                       Need Have    
    ---------------------------- ---- --------
    ExtUtils::MakeMaker          0    7.34    

configure_requires:

    Module                       Need Have    
    ---------------------------- ---- --------
    ExtUtils::MakeMaker          6.42 7.34    


------------------------------
ENVIRONMENT AND OTHER CONTEXT
------------------------------

Environment variables:

    LANG = C
    LC_ALL = de_DE.UTF-8
    PATH = /usr/local/bin:/usr/bin:/bin:/usr/local/sbin:/usr/sbin:/sbin:/home/cpansand/bin/linux-gnu:/home/cpansand/bin/sh:/home/cpansand/bin:/usr/games:/home/cpansand/devel:/home/eserte/src/srezic-misc/scripts
    PERL5LIB = /home/cpansand/.cpan/build/2019041323/Module-Install-Repository-0.06-3/blib/arch:/home/cpansand/.cpan/build/2019041323/Module-Install-Repository-0.06-3/blib/lib:/home/cpansand/.cpan/build/2019041323/Module-Collect-0.06-3/blib/arch:/home/cpansand/.cpan/build/2019041323/Module-Collect-0.06-3/blib/lib
    PERL5OPT = 
    PERL5_CPANPLUS_IS_RUNNING = 11781
    PERL5_CPAN_IS_RUNNING = 11781
    PERL5_CPAN_IS_RUNNING_IN_RECURSION = 7568,11781
    PERLDOC = -MPod::Perldoc::ToTextOverstrike
    PERL_BATCH = yes
    PERL_CANARY_STABILITY_NOPROMPT = 1
    PERL_CPAN_REPORTER_CONFIG = /var/tmp/cpansmoker-1023/2019041323/cpanreporter_000_config.ini
    PERL_EXTUTILS_AUTOINSTALL = --defaultdeps
    PERL_USE_UNSAFE_INC = 1
    SHELL = /usr/bin/zsh
    TERM = screen
    TMPDIR = /var/tmp/cpansmoker-1023/2019041323

Perl special variables (and OS-specific diagnostics, for MSWin32):

    $^X = /opt/perl-5.24.4t/bin/perl
    $UID/$EUID = 1023 / 1023
    $GID = 1023 1023
    $EGID = 1023 1023

Perl module toolchain versions installed:

    Module              Have    
    ------------------- --------
    CPAN                2.26    
    CPAN::Meta          2.150010
    Cwd                 3.75    
    ExtUtils::CBuilder  0.280231
    ExtUtils::Command   7.34    
    ExtUtils::Install   2.14    
    ExtUtils::MakeMaker 7.34    
    ExtUtils::Manifest  1.72    
    ExtUtils::ParseXS   3.35    
    File::Spec          3.75    
    JSON                4.02    
    JSON::PP            4.02    
    Module::Build       0.4224  
    Module::Signature   0.83    
    Parse::CPAN::Meta   2.150010
    Test::Harness       3.42    
    Test::More          1.302162
    YAML                1.26    
    YAML::Syck          1.31    
    version             0.9924  


--

Summary of my perl5 (revision 5 version 24 subversion 4) configuration:
   
  Platform:
    osname=linux, osvers=3.16.0-5-amd64, archname=x86_64-linux-thread-multi
    uname='linux debian8 3.16.0-5-amd64 #1 smp debian 3.16.51-3+deb8u1 (2018-01-08) x86_64 gnulinux '
    config_args='-ds -e -Dprefix=/opt/perl-5.24.4t -Dusethreads -Dcf_email=srezic@cpan.org'
    hint=recommended, useposix=true, d_sigaction=define
    useithreads=define, usemultiplicity=define
    use64bitint=define, use64bitall=define, uselongdouble=undef
    usemymalloc=n, bincompat5005=undef
  Compiler:
    cc='cc', ccflags ='-D_REENTRANT -D_GNU_SOURCE -fwrapv -fno-strict-aliasing -pipe -fstack-protector-strong -I/usr/local/include -D_LARGEFILE_SOURCE -D_FILE_OFFSET_BITS=64 -D_FORTIFY_SOURCE=2',
    optimize='-O2',
    cppflags='-D_REENTRANT -D_GNU_SOURCE -fwrapv -fno-strict-aliasing -pipe -fstack-protector-strong -I/usr/local/include'
    ccversion='', gccversion='4.9.2', gccosandvers=''
    intsize=4, longsize=8, ptrsize=8, doublesize=8, byteorder=12345678, doublekind=3
    d_longlong=define, longlongsize=8, d_longdbl=define, longdblsize=16, longdblkind=3
    ivtype='long', ivsize=8, nvtype='double', nvsize=8, Off_t='off_t', lseeksize=8
    alignbytes=8, prototype=define
  Linker and Libraries:
    ld='cc', ldflags =' -fstack-protector-strong -L/usr/local/lib'
    libpth=/usr/local/lib /usr/lib/gcc/x86_64-linux-gnu/4.9/include-fixed /usr/include/x86_64-linux-gnu /usr/lib /lib/x86_64-linux-gnu /lib/../lib /usr/lib/x86_64-linux-gnu /usr/lib/../lib /lib
    libs=-lpthread -lnsl -lgdbm -ldb -ldl -lm -lcrypt -lutil -lc -lgdbm_compat
    perllibs=-lpthread -lnsl -ldl -lm -lcrypt -lutil -lc
    libc=libc-2.19.so, so=so, useshrplib=false, libperl=libperl.a
    gnulibc_version='2.19'
  Dynamic Linking:
    dlsrc=dl_dlopen.xs, dlext=so, d_dlsymun=undef, ccdlflags='-Wl,-E'
    cccdlflags='-fPIC', lddlflags='-shared -O2 -L/usr/local/lib -fstack-protector-strong'


Characteristics of this binary (from libperl): 
  Compile-time options: HAS_TIMES MULTIPLICITY PERLIO_LAYERS
                        PERL_COPY_ON_WRITE PERL_DONT_CREATE_GVSV
                        PERL_HASH_FUNC_ONE_AT_A_TIME_HARD
                        PERL_IMPLICIT_CONTEXT PERL_MALLOC_WRAP
                        PERL_PRESERVE_IVUV USE_64_BIT_ALL USE_64_BIT_INT
                        USE_ITHREADS USE_LARGE_FILES USE_LOCALE
                        USE_LOCALE_COLLATE USE_LOCALE_CTYPE
                        USE_LOCALE_NUMERIC USE_LOCALE_TIME USE_PERLIO
                        USE_PERL_ATOF USE_REENTRANT_API
  Built under linux
  Compiled at Apr 17 2018 04:57:43
  %ENV:
    PERL5LIB="/home/cpansand/.cpan/build/2019041323/Module-Install-Repository-0.06-3/blib/arch:/home/cpansand/.cpan/build/2019041323/Module-Install-Repository-0.06-3/blib/lib:/home/cpansand/.cpan/build/2019041323/Module-Collect-0.06-3/blib/arch:/home/cpansand/.cpan/build/2019041323/Module-Collect-0.06-3/blib/lib"
    PERL5OPT=""
    PERL5_CPANPLUS_IS_RUNNING="11781"
    PERL5_CPAN_IS_RUNNING="11781"
    PERL5_CPAN_IS_RUNNING_IN_RECURSION="7568,11781"
    PERLDOC="-MPod::Perldoc::ToTextOverstrike"
    PERL_BATCH="yes"
    PERL_CANARY_STABILITY_NOPROMPT="1"
    PERL_CPAN_REPORTER_CONFIG="/var/tmp/cpansmoker-1023/2019041323/cpanreporter_000_config.ini"
    PERL_EXTUTILS_AUTOINSTALL="--defaultdeps"
    PERL_USE_UNSAFE_INC="1"
  @INC:
    /home/cpansand/.cpan/build/2019041323/Module-Install-Repository-0.06-3/blib/arch
    /home/cpansand/.cpan/build/2019041323/Module-Install-Repository-0.06-3/blib/lib
    /home/cpansand/.cpan/build/2019041323/Module-Collect-0.06-3/blib/arch
    /home/cpansand/.cpan/build/2019041323/Module-Collect-0.06-3/blib/lib
    /opt/perl-5.24.4t/lib/site_perl/5.24.4/x86_64-linux-thread-multi
    /opt/perl-5.24.4t/lib/site_perl/5.24.4
    /opt/perl-5.24.4t/lib/5.24.4/x86_64-linux-thread-multi
    /opt/perl-5.24.4t/lib/5.24.4
    .