Art-World v0.19_03 Perl 5 v5.28.3 x86_64-linux-ld

Status
Fail
From
Andreas J. K├Ânig (ANDK)
Dist
Art-World v0.19_03
Platform
Perl 5 v5.28.3 x86_64-linux-ld
Date
2023-02-07T12:36:55
ID
1ad34548-a6e4-11ed-a322-8f45ec881259
This distribution has been tested as part of the CPAN Testers
project, supporting the Perl programming language.  See
http://wiki.cpantesters.org/ for more information or email
questions to cpan-testers-discuss@perl.org


--
Dear Sebastien Feugere,

This is a computer-generated report for Art-World-0.19_03
on perl 5.28.3, created by CPAN-Reporter-1.2018.

Thank you for uploading your work to CPAN.  However, there was a problem
testing your distribution.

If you think this report is invalid, please consult the CPAN Testers Wiki
for suggestions on how to avoid getting FAIL reports for missing library
or binary dependencies, unsupported operating systems, and so on:

http://wiki.cpantesters.org/wiki/CPANAuthorNotes

Sections of this report:

    * Tester comments
    * Program output
    * Prerequisites
    * Environment and other context

------------------------------
TESTER COMMENTS
------------------------------

Additional comments from tester:

this report is from an automated smoke testing program
and was not reviewed by a human for accuracy

------------------------------
PROGRAM OUTPUT
------------------------------

Output from './Build test':

t/00_pod.t .......... ok
t/01_basic.t ........ ok
t/02_abstraction.t .. ok
Can't locate object method "person_first_name" via package "Faker" in /home/sand/src/perl/repoperls/installed-perls/host/k93msid/v5.28.3/fc43/lib/site_perl/5.28.3/Venus/Core/Class.pm at line 20

Name:

(None)

Type:

Venus::Error

Context:

(None)

Stashed:

{}

Traceback (reverse chronological order):

Venus::Core::Class::BUILD
  in /home/sand/src/perl/repoperls/installed-perls/host/k93msid/v5.28.3/fc43/lib/site_perl/5.28.3/Venus/Core.pm at line 75
Venus::Core::BLESS
  in /home/sand/src/perl/repoperls/installed-perls/host/k93msid/v5.28.3/fc43/lib/site_perl/5.28.3/Venus/Core/Class.pm at line 74
Venus::Core::Class::new
  in /home/sand/src/perl/repoperls/installed-perls/host/k93msid/v5.28.3/fc43/lib/site_perl/5.28.3/Venus/Error.pm at line 225
Venus::Error::throw
  in /home/sand/src/perl/repoperls/installed-perls/host/k93msid/v5.28.3/fc43/lib/site_perl/5.28.3/Venus/Role/Proxyable.pm at line 25
Venus::Role::Proxyable::AUTOLOAD
  in /tmp/loop_over_bdir-2030516-x9Iofe/Art-World-0.19_03-0/blib/lib/Art/World/Util.pm at line 44
Art::World::Util::__ANON__
  in (eval 1212) at line 22
Art::World::Util::Person::firstname
  in /tmp/loop_over_bdir-2030516-x9Iofe/Art-World-0.19_03-0/blib/lib/Art/World/Util.pm at line 47
Art::World::Util::__ANON__
  in (eval 1214) at line 22
Art::World::Util::Person::fake_name
  in t/03_agent.t at line 5
t/03_agent.t ........ 
Dubious, test returned 2 (wstat 512, 0x200)
No subtests run 
Can't locate object method "person_first_name" via package "Faker" in /home/sand/src/perl/repoperls/installed-perls/host/k93msid/v5.28.3/fc43/lib/site_perl/5.28.3/Venus/Core/Class.pm at line 20

Name:

(None)

Type:

Venus::Error

Context:

(None)

Stashed:

{}

Traceback (reverse chronological order):

Venus::Core::Class::BUILD
  in /home/sand/src/perl/repoperls/installed-perls/host/k93msid/v5.28.3/fc43/lib/site_perl/5.28.3/Venus/Core.pm at line 75
Venus::Core::BLESS
  in /home/sand/src/perl/repoperls/installed-perls/host/k93msid/v5.28.3/fc43/lib/site_perl/5.28.3/Venus/Core/Class.pm at line 74
Venus::Core::Class::new
  in /home/sand/src/perl/repoperls/installed-perls/host/k93msid/v5.28.3/fc43/lib/site_perl/5.28.3/Venus/Error.pm at line 225
Venus::Error::throw
  in /home/sand/src/perl/repoperls/installed-perls/host/k93msid/v5.28.3/fc43/lib/site_perl/5.28.3/Venus/Role/Proxyable.pm at line 25
Venus::Role::Proxyable::AUTOLOAD
  in /tmp/loop_over_bdir-2030516-x9Iofe/Art-World-0.19_03-0/blib/lib/Art/World/Util.pm at line 44
Art::World::Util::__ANON__
  in (eval 1213) at line 22
Art::World::Util::Person::firstname
  in /tmp/loop_over_bdir-2030516-x9Iofe/Art-World-0.19_03-0/blib/lib/Art/World/Util.pm at line 47
Art::World::Util::__ANON__
  in (eval 1212) at line 22
Art::World::Util::Person::fake_name
  in t/04_artist.t at line 5
t/04_artist.t ....... 
Dubious, test returned 2 (wstat 512, 0x200)
No subtests run 
Can't locate object method "person_first_name" via package "Faker" in /home/sand/src/perl/repoperls/installed-perls/host/k93msid/v5.28.3/fc43/lib/site_perl/5.28.3/Venus/Core/Class.pm at line 20

Name:

(None)

Type:

Venus::Error

Context:

(None)

Stashed:

{}

Traceback (reverse chronological order):

Venus::Core::Class::BUILD
  in /home/sand/src/perl/repoperls/installed-perls/host/k93msid/v5.28.3/fc43/lib/site_perl/5.28.3/Venus/Core.pm at line 75
Venus::Core::BLESS
  in /home/sand/src/perl/repoperls/installed-perls/host/k93msid/v5.28.3/fc43/lib/site_perl/5.28.3/Venus/Core/Class.pm at line 74
Venus::Core::Class::new
  in /home/sand/src/perl/repoperls/installed-perls/host/k93msid/v5.28.3/fc43/lib/site_perl/5.28.3/Venus/Error.pm at line 225
Venus::Error::throw
  in /home/sand/src/perl/repoperls/installed-perls/host/k93msid/v5.28.3/fc43/lib/site_perl/5.28.3/Venus/Role/Proxyable.pm at line 25
Venus::Role::Proxyable::AUTOLOAD
  in /tmp/loop_over_bdir-2030516-x9Iofe/Art-World-0.19_03-0/blib/lib/Art/World/Util.pm at line 44
Art::World::Util::__ANON__
  in (eval 1213) at line 22
Art::World::Util::Person::firstname
  in /tmp/loop_over_bdir-2030516-x9Iofe/Art-World-0.19_03-0/blib/lib/Art/World/Util.pm at line 47
Art::World::Util::__ANON__
  in (eval 1214) at line 22
Art::World::Util::Person::fake_name
  in t/05_collector.t at line 11
t/05_collector.t .... 
Dubious, test returned 2 (wstat 512, 0x200)
No subtests run 
Can't locate object method "person_first_name" via package "Faker" in /home/sand/src/perl/repoperls/installed-perls/host/k93msid/v5.28.3/fc43/lib/site_perl/5.28.3/Venus/Core/Class.pm at line 20

Name:

(None)

Type:

Venus::Error

Context:

(None)

Stashed:

{}

Traceback (reverse chronological order):

Venus::Core::Class::BUILD
  in /home/sand/src/perl/repoperls/installed-perls/host/k93msid/v5.28.3/fc43/lib/site_perl/5.28.3/Venus/Core.pm at line 75
Venus::Core::BLESS
  in /home/sand/src/perl/repoperls/installed-perls/host/k93msid/v5.28.3/fc43/lib/site_perl/5.28.3/Venus/Core/Class.pm at line 74
Venus::Core::Class::new
  in /home/sand/src/perl/repoperls/installed-perls/host/k93msid/v5.28.3/fc43/lib/site_perl/5.28.3/Venus/Error.pm at line 225
Venus::Error::throw
  in /home/sand/src/perl/repoperls/installed-perls/host/k93msid/v5.28.3/fc43/lib/site_perl/5.28.3/Venus/Role/Proxyable.pm at line 25
Venus::Role::Proxyable::AUTOLOAD
  in /tmp/loop_over_bdir-2030516-x9Iofe/Art-World-0.19_03-0/blib/lib/Art/World/Util.pm at line 44
Art::World::Util::__ANON__
  in (eval 1214) at line 22
Art::World::Util::Person::firstname
  in /tmp/loop_over_bdir-2030516-x9Iofe/Art-World-0.19_03-0/blib/lib/Art/World/Util.pm at line 47
Art::World::Util::__ANON__
  in (eval 1212) at line 22
Art::World::Util::Person::fake_name
  in t/06_public.t at line 7
t/06_public.t ....... 
Dubious, test returned 2 (wstat 512, 0x200)
No subtests run 
Can't locate object method "person_first_name" via package "Faker" in /home/sand/src/perl/repoperls/installed-perls/host/k93msid/v5.28.3/fc43/lib/site_perl/5.28.3/Venus/Core/Class.pm at line 20

Name:

(None)

Type:

Venus::Error

Context:

(None)

Stashed:

{}

Traceback (reverse chronological order):

Venus::Core::Class::BUILD
  in /home/sand/src/perl/repoperls/installed-perls/host/k93msid/v5.28.3/fc43/lib/site_perl/5.28.3/Venus/Core.pm at line 75
Venus::Core::BLESS
  in /home/sand/src/perl/repoperls/installed-perls/host/k93msid/v5.28.3/fc43/lib/site_perl/5.28.3/Venus/Core/Class.pm at line 74
Venus::Core::Class::new
  in /home/sand/src/perl/repoperls/installed-perls/host/k93msid/v5.28.3/fc43/lib/site_perl/5.28.3/Venus/Error.pm at line 225
Venus::Error::throw
  in /home/sand/src/perl/repoperls/installed-perls/host/k93msid/v5.28.3/fc43/lib/site_perl/5.28.3/Venus/Role/Proxyable.pm at line 25
Venus::Role::Proxyable::AUTOLOAD
  in /tmp/loop_over_bdir-2030516-x9Iofe/Art-World-0.19_03-0/blib/lib/Art/World/Util.pm at line 44
Art::World::Util::__ANON__
  in (eval 1214) at line 22
Art::World::Util::Person::firstname
  in /tmp/loop_over_bdir-2030516-x9Iofe/Art-World-0.19_03-0/blib/lib/Art/World/Util.pm at line 47
Art::World::Util::__ANON__
  in (eval 1213) at line 22
Art::World::Util::Person::fake_name
  in t/07_manager.t at line 11
t/07_manager.t ...... 
Dubious, test returned 2 (wstat 512, 0x200)
No subtests run 
Can't locate object method "person_first_name" via package "Faker" in /home/sand/src/perl/repoperls/installed-perls/host/k93msid/v5.28.3/fc43/lib/site_perl/5.28.3/Venus/Core/Class.pm at line 20

Name:

(None)

Type:

Venus::Error

Context:

(None)

Stashed:

{}

Traceback (reverse chronological order):

Venus::Core::Class::BUILD
  in /home/sand/src/perl/repoperls/installed-perls/host/k93msid/v5.28.3/fc43/lib/site_perl/5.28.3/Venus/Core.pm at line 75
Venus::Core::BLESS
  in /home/sand/src/perl/repoperls/installed-perls/host/k93msid/v5.28.3/fc43/lib/site_perl/5.28.3/Venus/Core/Class.pm at line 74
Venus::Core::Class::new
  in /home/sand/src/perl/repoperls/installed-perls/host/k93msid/v5.28.3/fc43/lib/site_perl/5.28.3/Venus/Error.pm at line 225
Venus::Error::throw
  in /home/sand/src/perl/repoperls/installed-perls/host/k93msid/v5.28.3/fc43/lib/site_perl/5.28.3/Venus/Role/Proxyable.pm at line 25
Venus::Role::Proxyable::AUTOLOAD
  in /tmp/loop_over_bdir-2030516-x9Iofe/Art-World-0.19_03-0/blib/lib/Art/World/Util.pm at line 44
Art::World::Util::__ANON__
  in (eval 1213) at line 22
Art::World::Util::Person::firstname
  in /tmp/loop_over_bdir-2030516-x9Iofe/Art-World-0.19_03-0/blib/lib/Art/World/Util.pm at line 47
Art::World::Util::__ANON__
  in (eval 1212) at line 22
Art::World::Util::Person::fake_name
  in t/11_artwork.t at line 7
t/11_artwork.t ...... 
Dubious, test returned 2 (wstat 512, 0x200)
No subtests run 
t/12_place.t ........ ok
Can't locate object method "person_first_name" via package "Faker" in /home/sand/src/perl/repoperls/installed-perls/host/k93msid/v5.28.3/fc43/lib/site_perl/5.28.3/Venus/Core/Class.pm at line 20

Name:

(None)

Type:

Venus::Error

Context:

(None)

Stashed:

{}

Traceback (reverse chronological order):

Venus::Core::Class::BUILD
  in /home/sand/src/perl/repoperls/installed-perls/host/k93msid/v5.28.3/fc43/lib/site_perl/5.28.3/Venus/Core.pm at line 75
Venus::Core::BLESS
  in /home/sand/src/perl/repoperls/installed-perls/host/k93msid/v5.28.3/fc43/lib/site_perl/5.28.3/Venus/Core/Class.pm at line 74
Venus::Core::Class::new
  in /home/sand/src/perl/repoperls/installed-perls/host/k93msid/v5.28.3/fc43/lib/site_perl/5.28.3/Venus/Error.pm at line 225
Venus::Error::throw
  in /home/sand/src/perl/repoperls/installed-perls/host/k93msid/v5.28.3/fc43/lib/site_perl/5.28.3/Venus/Role/Proxyable.pm at line 25
Venus::Role::Proxyable::AUTOLOAD
  in /tmp/loop_over_bdir-2030516-x9Iofe/Art-World-0.19_03-0/blib/lib/Art/World/Util.pm at line 44
Art::World::Util::__ANON__
  in (eval 1212) at line 22
Art::World::Util::Person::firstname
  in /tmp/loop_over_bdir-2030516-x9Iofe/Art-World-0.19_03-0/blib/lib/Art/World/Util.pm at line 47
Art::World::Util::__ANON__
  in (eval 1213) at line 22
Art::World::Util::Person::fake_name
  in t/14_exhibition.t at line 7
t/14_exhibition.t ... 
Dubious, test returned 2 (wstat 512, 0x200)
No subtests run 
Can't locate object method "person_first_name" via package "Faker" in /home/sand/src/perl/repoperls/installed-perls/host/k93msid/v5.28.3/fc43/lib/site_perl/5.28.3/Venus/Core/Class.pm at line 20

Name:

(None)

Type:

Venus::Error

Context:

(None)

Stashed:

{}

Traceback (reverse chronological order):

Venus::Core::Class::BUILD
  in /home/sand/src/perl/repoperls/installed-perls/host/k93msid/v5.28.3/fc43/lib/site_perl/5.28.3/Venus/Core.pm at line 75
Venus::Core::BLESS
  in /home/sand/src/perl/repoperls/installed-perls/host/k93msid/v5.28.3/fc43/lib/site_perl/5.28.3/Venus/Core/Class.pm at line 74
Venus::Core::Class::new
  in /home/sand/src/perl/repoperls/installed-perls/host/k93msid/v5.28.3/fc43/lib/site_perl/5.28.3/Venus/Error.pm at line 225
Venus::Error::throw
  in /home/sand/src/perl/repoperls/installed-perls/host/k93msid/v5.28.3/fc43/lib/site_perl/5.28.3/Venus/Role/Proxyable.pm at line 25
Venus::Role::Proxyable::AUTOLOAD
  in /tmp/loop_over_bdir-2030516-x9Iofe/Art-World-0.19_03-0/blib/lib/Art/World/Util.pm at line 44
Art::World::Util::__ANON__
  in (eval 1213) at line 22
Art::World::Util::Person::firstname
  in /tmp/loop_over_bdir-2030516-x9Iofe/Art-World-0.19_03-0/blib/lib/Art/World/Util.pm at line 47
Art::World::Util::__ANON__
  in (eval 1212) at line 22
Art::World::Util::Person::fake_name
  in t/15_gallery.t at line 7
t/15_gallery.t ...... 
Dubious, test returned 2 (wstat 512, 0x200)
No subtests run 
Can't locate object method "address_city_name" via package "Faker" in /home/sand/src/perl/repoperls/installed-perls/host/k93msid/v5.28.3/fc43/lib/site_perl/5.28.3/Venus/Core/Class.pm at line 20

Name:

(None)

Type:

Venus::Error

Context:

(None)

Stashed:

{}

Traceback (reverse chronological order):

Venus::Core::Class::BUILD
  in /home/sand/src/perl/repoperls/installed-perls/host/k93msid/v5.28.3/fc43/lib/site_perl/5.28.3/Venus/Core.pm at line 75
Venus::Core::BLESS
  in /home/sand/src/perl/repoperls/installed-perls/host/k93msid/v5.28.3/fc43/lib/site_perl/5.28.3/Venus/Core/Class.pm at line 74
Venus::Core::Class::new
  in /home/sand/src/perl/repoperls/installed-perls/host/k93msid/v5.28.3/fc43/lib/site_perl/5.28.3/Venus/Error.pm at line 225
Venus::Error::throw
  in /home/sand/src/perl/repoperls/installed-perls/host/k93msid/v5.28.3/fc43/lib/site_perl/5.28.3/Venus/Role/Proxyable.pm at line 25
Venus::Role::Proxyable::AUTOLOAD
  in t/16_opening.t at line 9
t/16_opening.t ...... 
Dubious, test returned 2 (wstat 512, 0x200)
No subtests run 
t/40_concept.t ...... ok
Can't locate object method "person_first_name" via package "Faker" in /home/sand/src/perl/repoperls/installed-perls/host/k93msid/v5.28.3/fc43/lib/site_perl/5.28.3/Venus/Core/Class.pm at line 20

Name:

(None)

Type:

Venus::Error

Context:

(None)

Stashed:

{}

Traceback (reverse chronological order):

Venus::Core::Class::BUILD
  in /home/sand/src/perl/repoperls/installed-perls/host/k93msid/v5.28.3/fc43/lib/site_perl/5.28.3/Venus/Core.pm at line 75
Venus::Core::BLESS
  in /home/sand/src/perl/repoperls/installed-perls/host/k93msid/v5.28.3/fc43/lib/site_perl/5.28.3/Venus/Core/Class.pm at line 74
Venus::Core::Class::new
  in /home/sand/src/perl/repoperls/installed-perls/host/k93msid/v5.28.3/fc43/lib/site_perl/5.28.3/Venus/Error.pm at line 225
Venus::Error::throw
  in /home/sand/src/perl/repoperls/installed-perls/host/k93msid/v5.28.3/fc43/lib/site_perl/5.28.3/Venus/Role/Proxyable.pm at line 25
Venus::Role::Proxyable::AUTOLOAD
  in /tmp/loop_over_bdir-2030516-x9Iofe/Art-World-0.19_03-0/blib/lib/Art/World/Util.pm at line 44
Art::World::Util::__ANON__
  in (eval 1214) at line 22
Art::World::Util::Person::firstname
  in /tmp/loop_over_bdir-2030516-x9Iofe/Art-World-0.19_03-0/blib/lib/Art/World/Util.pm at line 47
Art::World::Util::__ANON__
  in (eval 1213) at line 22
Art::World::Util::Person::fake_name
  in t/50_fame.t at line 7
t/50_fame.t ......... 
Dubious, test returned 2 (wstat 512, 0x200)
No subtests run 

Test Summary Report
-------------------
t/03_agent.t      (Wstat: 512 (exited 2) Tests: 0 Failed: 0)
  Non-zero exit status: 2
  Parse errors: No plan found in TAP output
t/04_artist.t     (Wstat: 512 (exited 2) Tests: 0 Failed: 0)
  Non-zero exit status: 2
  Parse errors: No plan found in TAP output
t/05_collector.t  (Wstat: 512 (exited 2) Tests: 0 Failed: 0)
  Non-zero exit status: 2
  Parse errors: No plan found in TAP output
t/06_public.t     (Wstat: 512 (exited 2) Tests: 0 Failed: 0)
  Non-zero exit status: 2
  Parse errors: No plan found in TAP output
t/07_manager.t    (Wstat: 512 (exited 2) Tests: 0 Failed: 0)
  Non-zero exit status: 2
  Parse errors: No plan found in TAP output
t/11_artwork.t    (Wstat: 512 (exited 2) Tests: 0 Failed: 0)
  Non-zero exit status: 2
  Parse errors: No plan found in TAP output
t/14_exhibition.t (Wstat: 512 (exited 2) Tests: 0 Failed: 0)
  Non-zero exit status: 2
  Parse errors: No plan found in TAP output
t/15_gallery.t    (Wstat: 512 (exited 2) Tests: 0 Failed: 0)
  Non-zero exit status: 2
  Parse errors: No plan found in TAP output
t/16_opening.t    (Wstat: 512 (exited 2) Tests: 0 Failed: 0)
  Non-zero exit status: 2
  Parse errors: No plan found in TAP output
t/50_fame.t       (Wstat: 512 (exited 2) Tests: 0 Failed: 0)
  Non-zero exit status: 2
  Parse errors: No plan found in TAP output
Files=15, Tests=14, 88 wallclock secs ( 0.07 usr  0.11 sys + 78.01 cusr  5.52 csys = 83.71 CPU)
Result: FAIL

------------------------------
PREREQUISITES
------------------------------

Prerequisite modules loaded:

requires:

    Module              Need        Have    
    ------------------- ----------- --------
    Config::Tiny        == 2.26     2.28    
    Faker               == 1.04     1.17    
    Math::Round         == 0.07     0.07    
    Moo                 == 2.005004 2.005004
    perl                v5.20.0     5.028003
    Time::Moment        == 0.44     0.44    
    Try::Tiny           == 0.30     0.31    
    Type::Tiny          == 2.002001 2.002001
    Type::Tiny::XS      == 0.025    0.025   
    Zydeco              == 0.617    0.617   

build_requires:

    Module              Need        Have    
    ------------------- ----------- --------
    Path::Tiny          == 0.118    0.144   
    Test2::Harness      0           1.000141
    Test::Pod           == 1.52     1.52    

configure_requires:

    Module              Need        Have    
    ------------------- ----------- --------
    Module::Build::Tiny 0.039       0.039   


------------------------------
ENVIRONMENT AND OTHER CONTEXT
------------------------------

Environment variables:

    AUTOMATED_TESTING = 1
    LANG = en_US.UTF-8
    LANGUAGE = en_US:en
    PATH = /home/sand/bin:/usr/local/bin:/usr/bin:/bin:/usr/games:/usr/local/perl/bin:/usr/X11/bin:/sbin:/usr/sbin
    PERL5LIB = 
    PERL5OPT = 
    PERL5_CPANPLUS_IS_RUNNING = 2434391
    PERL5_CPAN_IS_RUNNING = 2434391
    PERL_CANARY_STABILITY_NOPROMPT = 1
    PERL_MM_USE_DEFAULT = 1
    PERL_USE_UNSAFE_INC = 1
    SHELL = /usr/bin/zsh
    TERM = screen

Perl special variables (and OS-specific diagnostics, for MSWin32):

    $^X = /home/sand/src/perl/repoperls/installed-perls/host/k93msid/v5.28.3/fc43/bin/perl
    $UID/$EUID = 1005 / 1005
    $GID = 1005 1005
    $EGID = 1005 1005

Perl module toolchain versions installed:

    Module              Have    
    ------------------- --------
    CPAN                2.34    
    CPAN::Meta          2.150010
    Cwd                 3.75    
    ExtUtils::CBuilder  0.280236
    ExtUtils::Command   7.64    
    ExtUtils::Install   2.14    
    ExtUtils::MakeMaker 7.64    
    ExtUtils::Manifest  1.70    
    ExtUtils::ParseXS   3.39    
    File::Spec          3.75    
    JSON                4.10    
    JSON::PP            4.12    
    Module::Build       0.4231  
    Module::Signature   0.88    
    Parse::CPAN::Meta   2.150010
    Test::Harness       3.44    
    Test::More          1.302192
    YAML                1.30    
    YAML::Syck          1.34    
    version             0.9929  


--

Summary of my perl5 (revision 5 version 28 subversion 3) configuration:
  Derived from: ae49126f3ca2352fb49d7121a769189bf31e6f72
  Platform:
    osname=linux
    osvers=5.19.0-2-amd64
    archname=x86_64-linux-ld
    uname='linux k93msid 5.19.0-2-amd64 #1 smp preempt_dynamic debian 5.19.11-1 (2022-09-24) x86_64 gnulinux '
    config_args='-Dprefix=/home/sand/src/perl/repoperls/installed-perls/host/k93msid/v5.28.3/fc43 -Dmyhostname=k93msid -Dinstallusrbinperl=n -Uversiononly -Dusedevel -des -Ui_db -Dlibswanted=cl pthread socket inet nsl gdbm dbm malloc dl ld sun m crypt sec util c cposix posix ucb BSD gdbm_compat -Uuseithreads -Duselongdouble -DEBUGGING=both'
    hint=recommended
    useposix=true
    d_sigaction=define
    useithreads=undef
    usemultiplicity=undef
    use64bitint=define
    use64bitall=define
    uselongdouble=define
    usemymalloc=n
    default_inc_excludes_dot=define
    bincompat5005=undef
  Compiler:
    cc='cc'
    ccflags ='-fwrapv -DDEBUGGING -fno-strict-aliasing -pipe -fstack-protector-strong -I/usr/local/include -D_LARGEFILE_SOURCE -D_FILE_OFFSET_BITS=64 -D_FORTIFY_SOURCE=2'
    optimize='-O2 -g'
    cppflags='-fwrapv -DDEBUGGING -fno-strict-aliasing -pipe -fstack-protector-strong -I/usr/local/include'
    ccversion=''
    gccversion='12.2.0'
    gccosandvers=''
    intsize=4
    longsize=8
    ptrsize=8
    doublesize=8
    byteorder=12345678
    doublekind=3
    d_longlong=define
    longlongsize=8
    d_longdbl=define
    longdblsize=16
    longdblkind=3
    ivtype='long'
    ivsize=8
    nvtype='long double'
    nvsize=16
    Off_t='off_t'
    lseeksize=8
    alignbytes=16
    prototype=define
  Linker and Libraries:
    ld='cc'
    ldflags =' -fstack-protector-strong -L/usr/local/lib'
    libpth=/usr/local/lib /usr/include/x86_64-linux-gnu /usr/lib /lib/x86_64-linux-gnu /lib/../lib /usr/lib/x86_64-linux-gnu /usr/lib/../lib /lib /lib64 /usr/lib64
    libs=-lpthread -lnsl -ldl -lm -lcrypt -lutil -lc
    perllibs=-lpthread -lnsl -ldl -lm -lcrypt -lutil -lc
    libc=/lib/x86_64-linux-gnu/libc.so.6
    so=so
    useshrplib=false
    libperl=libperl.a
    gnulibc_version='2.35'
  Dynamic Linking:
    dlsrc=dl_dlopen.xs
    dlext=so
    d_dlsymun=undef
    ccdlflags='-Wl,-E'
    cccdlflags='-fPIC'
    lddlflags='-shared -O2 -g -L/usr/local/lib -fstack-protector-strong'


Characteristics of this binary (from libperl): 
  Compile-time options:
    DEBUGGING
    HAS_TIMES
    PERLIO_LAYERS
    PERL_COPY_ON_WRITE
    PERL_DONT_CREATE_GVSV
    PERL_MALLOC_WRAP
    PERL_OP_PARENT
    PERL_PRESERVE_IVUV
    PERL_USE_DEVEL
    USE_64_BIT_ALL
    USE_64_BIT_INT
    USE_LARGE_FILES
    USE_LOCALE
    USE_LOCALE_COLLATE
    USE_LOCALE_CTYPE
    USE_LOCALE_NUMERIC
    USE_LOCALE_TIME
    USE_LONG_DOUBLE
    USE_PERLIO
    USE_PERL_ATOF
  Locally applied patches:
    uncommitted-changes
  Built under linux
  Compiled at Dec  1 2022 14:29:54
  %ENV:
    PERL5LIB=""
    PERL5OPT=""
    PERL5_CPANPLUS_IS_RUNNING="2434391"
    PERL5_CPAN_IS_RUNNING="2434391"
    PERL_CANARY_STABILITY_NOPROMPT="1"
    PERL_MM_USE_DEFAULT="1"
    PERL_USE_UNSAFE_INC="1"
  @INC:
    /home/sand/src/perl/repoperls/installed-perls/host/k93msid/v5.28.3/fc43/lib/site_perl/5.28.3/x86_64-linux-ld
    /home/sand/src/perl/repoperls/installed-perls/host/k93msid/v5.28.3/fc43/lib/site_perl/5.28.3
    /home/sand/src/perl/repoperls/installed-perls/host/k93msid/v5.28.3/fc43/lib/5.28.3/x86_64-linux-ld
    /home/sand/src/perl/repoperls/installed-perls/host/k93msid/v5.28.3/fc43/lib/5.28.3
    .