SMS-API-QuickTelecom v0.04 Perl 5 v5.24.0 amd64-freebsd
- Status
- Fail
- From
- Slaven Rezić (SREZIC)
- Dist
-
SMS-API-QuickTelecom v0.04
- Platform
- Perl 5 v5.24.0 amd64-freebsd
- Date
- 2019-03-31 20:03:51
- ID
- 1a9f68b8-53f0-11e9-b13f-4a3d1f24ea8f
This distribution has been tested as part of the CPAN Testers
project, supporting the Perl programming language. See
http://wiki.cpantesters.org/ for more information or email
questions to cpan-testers-discuss@perl.org
--
Dear Pasichnichenko K.,
This is a computer-generated report for SMS-API-QuickTelecom-0.04
on perl 5.24.0, created by CPAN-Reporter-1.2018.
Thank you for uploading your work to CPAN. However, there was a problem
testing your distribution.
If you think this report is invalid, please consult the CPAN Testers Wiki
for suggestions on how to avoid getting FAIL reports for missing library
or binary dependencies, unsupported operating systems, and so on:
http://wiki.cpantesters.org/wiki/CPANAuthorNotes
Sections of this report:
* Tester comments
* Program output
* Prerequisites
* Environment and other context
------------------------------
TESTER COMMENTS
------------------------------
Additional comments from tester:
none provided
------------------------------
PROGRAM OUTPUT
------------------------------
Output from '/usr/bin/make test':
PERL_DL_NONLAZY=1 "/usr/perl5.24.0p/bin/perl5.24.0" "-MExtUtils::Command::MM" "-MTest::Harness" "-e" "undef *Test::Harness::Switches; test_harness(0, 'blib/lib', 'blib/arch')" t/*.t
t/00-load.t ....... ok
t/01-new.t ........ ok
# Failed test 'got balance'
# at t/02-balance.t line 15.
# '<?xml version='1.0' encoding='UTF-8'?><output><RECEIVER AGT_ID="" DATE_REPORT="31.03.2019 22:55:10"/><errors><error code="-20107">ÃÂÃÂøñúð ðòÃÂþÃÂø÷ðÃÂøø</error></errors></output>'
# doesn't match '/ÃÂÃÂøñúð ðòÃÂþÃÂø÷ðÃÂøø usertest/'
# Looks like you failed 1 test of 2.
t/02-balance.t ....
Dubious, test returned 1 (wstat 256, 0x100)
Failed 1/2 subtests
# Failed test 'sms_id passed'
# at t/03-status.t line 23.
# '<?xml version='1.0' encoding='UTF-8'?><output><RECEIVER AGT_ID="" DATE_REPORT="31.03.2019 22:55:10"/><errors><error code="-20107">ÃÂÃÂøñúð ðòÃÂþÃÂø÷ðÃÂøø</error></errors></output>'
# doesn't match '/xml version="1.0" encoding="UTF-8".+><output>/'
# Failed test 'sms_group_id passed'
# at t/03-status.t line 26.
# '<?xml version='1.0' encoding='UTF-8'?><output><RECEIVER AGT_ID="" DATE_REPORT="31.03.2019 22:55:11"/><errors><error code="-20107">ÃÂÃÂøñúð ðòÃÂþÃÂø÷ðÃÂøø</error></errors></output>'
# doesn't match '/xml version="1.0" encoding="UTF-8".+><output>/'
# Failed test 'date_from and date_to passed'
# at t/03-status.t line 35.
# '<?xml version='1.0' encoding='UTF-8'?><output><RECEIVER AGT_ID="" DATE_REPORT="31.03.2019 22:55:11"/><errors><error code="-20107">ÃÂÃÂøñúð ðòÃÂþÃÂø÷ðÃÂøø</error></errors></output>'
# doesn't match '/xml version="1.0" encoding="UTF-8".+><output>/'
# Looks like you failed 3 tests of 8.
t/03-status.t .....
Dubious, test returned 3 (wstat 768, 0x300)
Failed 3/8 subtests
t/manifest.t ...... skipped: Author tests not required for installation
t/pod-coverage.t .. skipped: Author tests not required for installation
t/pod.t ........... skipped: Author tests not required for installation
Test Summary Report
-------------------
t/02-balance.t (Wstat: 256 Tests: 2 Failed: 1)
Failed test: 2
Non-zero exit status: 1
t/03-status.t (Wstat: 768 Tests: 8 Failed: 3)
Failed tests: 3-4, 6
Non-zero exit status: 3
Files=7, Tests=16, 3 wallclock secs ( 0.00 usr 0.04 sys + 0.12 cusr 0.77 csys = 0.93 CPU)
Result: FAIL
Failed 2/7 test programs. 4/16 subtests failed.
*** Error code 255
Stop.
make: stopped in /home/cpansand/.cpan/build/2019033121/SMS-API-QuickTelecom-0.04-8
------------------------------
PREREQUISITES
------------------------------
Prerequisite modules loaded:
requires:
Module Need Have
-------------------- ----- --------
Carp 0 1.50
LWP::Protocol::https 0 6.07
LWP::UserAgent 0 6.37
perl 5.006 5.024000
POSIX 0 1.65
build_requires:
Module Need Have
-------------------- ----- --------
Test::CheckManifest 0 1.41
Test::More 0 1.302162
Test::Pod 0 1.52
configure_requires:
Module Need Have
-------------------- ----- --------
ExtUtils::MakeMaker 0 7.34
------------------------------
ENVIRONMENT AND OTHER CONTEXT
------------------------------
Environment variables:
LC_ALL = de_DE.ISO8859-1
PATH = /usr/local/bin:/usr/bin:/bin:/usr/local/sbin:/usr/sbin:/sbin:/home/cpansand/bin/freebsd10.3:/home/cpansand/bin/sh:/home/cpansand/bin:/usr/games:/home/cpansand/devel:/home/eserte/src/srezic-misc/scripts
PERL5LIB =
PERL5OPT =
PERL5_CPANPLUS_IS_RUNNING = 31154
PERL5_CPAN_IS_RUNNING = 31154
PERL5_CPAN_IS_RUNNING_IN_RECURSION = 27409,31154
PERLDOC = -MPod::Perldoc::ToTextOverstrike
PERL_BATCH = yes
PERL_CANARY_STABILITY_NOPROMPT = 1
PERL_CPAN_REPORTER_CONFIG = /var/tmp/cpansmoker-1023/2019033121/cpanreporter_001_config.ini
PERL_EXTUTILS_AUTOINSTALL = --defaultdeps
SHELL = /usr/local/bin/zsh
TERM = screen
TMPDIR = /var/tmp/cpansmoker-1023/2019033121
Perl special variables (and OS-specific diagnostics, for MSWin32):
$^X = /usr/perl5.24.0p/bin/perl5.24.0
$UID/$EUID = 1023 / 1023
$GID = 1023 1023
$EGID = 1023 1023
Perl module toolchain versions installed:
Module Have
------------------- --------
CPAN 2.16
CPAN::Meta 2.150010
Cwd 3.75
ExtUtils::CBuilder 0.280230
ExtUtils::Command 7.34
ExtUtils::Install 2.14
ExtUtils::MakeMaker 7.34
ExtUtils::Manifest 1.70
ExtUtils::ParseXS 3.31
File::Spec 3.75
JSON 2.97001
JSON::PP 2.97001
Module::Build 0.4224
Module::Signature 0.83
Parse::CPAN::Meta 2.150010
Test::Harness 3.42
Test::More 1.302162
YAML 1.27
YAML::Syck 1.30
version 0.9924
--
Summary of my perl5 (revision 5 version 24 subversion 0) configuration:
Platform:
osname=freebsd, osvers=10.1-release, archname=amd64-freebsd
uname='freebsd cvrsnica-freebsd-101.herceg.de 10.1-release freebsd 10.1-release #0 r274401: tue nov 11 21:02:49 utc 2014 root@releng1.nyi.freebsd.org:usrobjusrsrcsysgeneric amd64 '
config_args='-ds -e -Dprefix=/usr/perl5.24.0p -Dcf_email=srezic@cpan.org -Doptimize=-O2 -pipe'
hint=recommended, useposix=true, d_sigaction=define
useithreads=undef, usemultiplicity=undef
use64bitint=define, use64bitall=define, uselongdouble=undef
usemymalloc=n, bincompat5005=undef
Compiler:
cc='cc', ccflags ='-DHAS_FPSETMASK -DHAS_FLOATINGPOINT_H -fno-strict-aliasing -pipe -fstack-protector -I/usr/local/include -D_FORTIFY_SOURCE=2',
optimize='-O2 -pipe',
cppflags='-DHAS_FPSETMASK -DHAS_FLOATINGPOINT_H -fno-strict-aliasing -pipe -fstack-protector -I/usr/local/include'
ccversion='', gccversion='4.2.1 Compatible FreeBSD Clang 3.4.1 (tags/RELEASE_34/dot1-final 208032)', gccosandvers=''
intsize=4, longsize=8, ptrsize=8, doublesize=8, byteorder=12345678, doublekind=3
d_longlong=define, longlongsize=8, d_longdbl=define, longdblsize=16, longdblkind=3
ivtype='long', ivsize=8, nvtype='double', nvsize=8, Off_t='off_t', lseeksize=8
alignbytes=8, prototype=define
Linker and Libraries:
ld='cc', ldflags ='-pthread -Wl,-E -fstack-protector -L/usr/local/lib'
libpth=/usr/lib /usr/local/lib /usr/include/clang/3.4.1 /usr/lib
libs=-lpthread -lgdbm -lm -lcrypt -lutil -lc
perllibs=-lpthread -lm -lcrypt -lutil -lc
libc=, so=so, useshrplib=false, libperl=libperl.a
gnulibc_version=''
Dynamic Linking:
dlsrc=dl_dlopen.xs, dlext=so, d_dlsymun=undef, ccdlflags=' '
cccdlflags='-DPIC -fPIC', lddlflags='-shared -L/usr/local/lib -fstack-protector'
Characteristics of this binary (from libperl):
Compile-time options: HAS_TIMES PERLIO_LAYERS PERL_COPY_ON_WRITE
PERL_DONT_CREATE_GVSV
PERL_HASH_FUNC_ONE_AT_A_TIME_HARD PERL_MALLOC_WRAP
PERL_PRESERVE_IVUV USE_64_BIT_ALL USE_64_BIT_INT
USE_LARGE_FILES USE_LOCALE USE_LOCALE_COLLATE
USE_LOCALE_CTYPE USE_LOCALE_NUMERIC USE_LOCALE_TIME
USE_PERLIO USE_PERL_ATOF
Built under freebsd
Compiled at May 10 2016 08:49:38
%ENV:
PERL5LIB=""
PERL5OPT=""
PERL5_CPANPLUS_IS_RUNNING="31154"
PERL5_CPAN_IS_RUNNING="31154"
PERL5_CPAN_IS_RUNNING_IN_RECURSION="27409,31154"
PERLDOC="-MPod::Perldoc::ToTextOverstrike"
PERL_BATCH="yes"
PERL_CANARY_STABILITY_NOPROMPT="1"
PERL_CPAN_REPORTER_CONFIG="/var/tmp/cpansmoker-1023/2019033121/cpanreporter_001_config.ini"
PERL_EXTUTILS_AUTOINSTALL="--defaultdeps"
@INC:
/usr/perl5.24.0p/lib/site_perl/5.24.0/amd64-freebsd
/usr/perl5.24.0p/lib/site_perl/5.24.0
/usr/perl5.24.0p/lib/5.24.0/amd64-freebsd
/usr/perl5.24.0p/lib/5.24.0
.