TaskForest v1.37 Perl 5 v5.27.5 x86_64-linux-thread-multi

Status
Fail
From
Andreas J. König (ANDK)
Dist
TaskForest v1.37
Platform
Perl 5 v5.27.5 x86_64-linux-thread-multi
Date
2017-11-13 10:04:57
ID
1a8d6f46-c85a-11e7-97c1-7fe6e2a4d81f
This distribution has been tested as part of the CPAN Testers
project, supporting the Perl programming language.  See
http://wiki.cpantesters.org/ for more information or email
questions to cpan-testers-discuss@perl.org


--
Dear Aijaz Ansari,

This is a computer-generated report for TaskForest-1.37
on perl 5.27.5, created by CPAN-Reporter-1.2018.

Thank you for uploading your work to CPAN.  However, there was a problem
testing your distribution.

If you think this report is invalid, please consult the CPAN Testers Wiki
for suggestions on how to avoid getting FAIL reports for missing library
or binary dependencies, unsupported operating systems, and so on:

http://wiki.cpantesters.org/wiki/CPANAuthorNotes

Sections of this report:

    * Tester comments
    * Program output
    * Prerequisites
    * Environment and other context

------------------------------
TESTER COMMENTS
------------------------------

Additional comments from tester:

this report is from an automated smoke testing program
and was not reviewed by a human for accuracy

------------------------------
PROGRAM OUTPUT
------------------------------

Output from '/usr/bin/make test':

PERL_DL_NONLAZY=1 "/home/sand/src/perl/repoperls/installed-perls/host/k93msid/v5.27.5/276a/bin/perl" "-MExtUtils::Command::MM" "-MTest::Harness" "-e" "undef *Test::Harness::Switches; test_harness(0, 'blib/lib', 'blib/arch')" t/*.t
t/000_Bailout.t ........................ ok
t/001_DateTime.t ....................... ok
t/002_TimeDependency.t ................. ok
t/003_Options.t ........................ ok
t/004_LogDir.t ......................... ok
t/005_Job.t ............................ ok

Ignore this line: Hello, world!
Can't locate object method "TIESCALAR" via package "TaskForest::StringHandleTier" at /tmp/loop_over_bdir-30572-SXQs9i/TaskForest-1.37-0/blib/lib/TaskForest/StringHandle.pm line 50.
# Looks like your test exited with 255 just after 8.
t/0065_StringHandle.t .................. 
Dubious, test returned 255 (wstat 65280, 0xff00)
Failed 8/16 subtests 
"my" variable $year masks earlier declaration in same statement at t/006_Family.t line 54.
"my" variable $mon masks earlier declaration in same scope at t/006_Family.t line 54.
"my" variable $sf masks earlier declaration in same scope at t/006_Family.t line 55.
"my" variable $wday masks earlier declaration in same scope at t/006_Family.t line 55.
syntax error at t/006_Family.t line 51, near "$day qw (Mon Tue Wed Thu Fri Sat Sun)"
Global symbol "$day" requires explicit package name (did you forget to declare "my $day"?) at t/006_Family.t line 52.
Can't redeclare "my" in "my" at t/006_Family.t line 61, near "my"
Execution of t/006_Family.t aborted due to compilation errors.
# Looks like your test exited with 255 just after 2.
t/006_Family.t ......................... 
Dubious, test returned 255 (wstat 65280, 0xff00)
Failed 72/74 subtests 
t/007_TaskForest.t ..................... ok
"my" variable $year masks earlier declaration in same statement at t/008_Repeat.t line 43.
"my" variable $mon masks earlier declaration in same scope at t/008_Repeat.t line 43.
"my" variable $sf masks earlier declaration in same scope at t/008_Repeat.t line 44.
"my" variable $wday masks earlier declaration in same scope at t/008_Repeat.t line 44.
syntax error at t/008_Repeat.t line 40, near "$day qw (Mon Tue Wed Thu Fri Sat Sun)"
Global symbol "$day" requires explicit package name (did you forget to declare "my $day"?) at t/008_Repeat.t line 41.
Can't redeclare "my" in "my" at t/008_Repeat.t line 50, near "my"
Execution of t/008_Repeat.t aborted due to compilation errors.
# Looks like your test exited with 255 just after 2.
t/008_Repeat.t ......................... 
Dubious, test returned 255 (wstat 65280, 0xff00)
Failed 48/50 subtests 
Can't locate object method "TIESCALAR" via package "TaskForest::StringHandleTier" at /tmp/loop_over_bdir-30572-SXQs9i/TaskForest-1.37-0/blib/lib/TaskForest/StringHandle.pm line 50.
# Looks like your test exited with 255 just after 8.
t/009_Display.t ........................ 
Dubious, test returned 255 (wstat 65280, 0xff00)
Failed 17/25 subtests 
Can't locate object method "TIESCALAR" via package "TaskForest::StringHandleTier" at /tmp/loop_over_bdir-30572-SXQs9i/TaskForest-1.37-0/blib/lib/TaskForest/StringHandle.pm line 50.
# Looks like your test exited with 255 just after 4.
t/010_LongRunningJobs.t ................ 
Dubious, test returned 255 (wstat 65280, 0xff00)
Failed 2/6 subtests 
"my" variable $year masks earlier declaration in same statement at t/011_NotEnoughTime.t line 43.
"my" variable $mon masks earlier declaration in same scope at t/011_NotEnoughTime.t line 43.
"my" variable $sf masks earlier declaration in same scope at t/011_NotEnoughTime.t line 44.
"my" variable $wday masks earlier declaration in same scope at t/011_NotEnoughTime.t line 44.
syntax error at t/011_NotEnoughTime.t line 40, near "$day qw (Mon Tue Wed Thu Fri Sat Sun)"
Global symbol "$day" requires explicit package name (did you forget to declare "my $day"?) at t/011_NotEnoughTime.t line 41.
Can't redeclare "my" in "my" at t/011_NotEnoughTime.t line 50, near "my"
Execution of t/011_NotEnoughTime.t aborted due to compilation errors.
# Looks like your test exited with 255 just after 2.
t/011_NotEnoughTime.t .................. 
Dubious, test returned 255 (wstat 65280, 0xff00)
Failed 48/50 subtests 
Can't locate object method "TIESCALAR" via package "TaskForest::StringHandleTier" at /tmp/loop_over_bdir-30572-SXQs9i/TaskForest-1.37-0/blib/lib/TaskForest/StringHandle.pm line 50.
# Looks like your test exited with 255 just after 8.
t/012_Collapse.t ....................... 
Dubious, test returned 255 (wstat 65280, 0xff00)
Failed 2/10 subtests 
Can't locate object method "TIESCALAR" via package "TaskForest::StringHandleTier" at /tmp/loop_over_bdir-30572-SXQs9i/TaskForest-1.37-0/blib/lib/TaskForest/StringHandle.pm line 50.
# Looks like your test exited with 255 just after 9.
t/013_Rerun.t .......................... 
Dubious, test returned 255 (wstat 65280, 0xff00)
Failed 8/17 subtests 
Can't locate object method "TIESCALAR" via package "TaskForest::StringHandleTier" at /tmp/loop_over_bdir-30572-SXQs9i/TaskForest-1.37-0/blib/lib/TaskForest/StringHandle.pm line 50.
# Looks like your test exited with 255 just after 9.
t/014_Mark.t ........................... 
Dubious, test returned 255 (wstat 65280, 0xff00)
Failed 12/21 subtests 
t/015_Syntax.t ......................... ok
t/016_Cascade.t ........................ ok

#   Failed test 'J2 was not in contention'
#   at t/017_IgnoreRegex.t line 121.
#                   '., .., IGNORE01.J1.0, IGNORE02.J2.0, IGNORE01.J1.pid, IGNORE02.J2.pid, IGNORE02.J2.started, IGNORE01.J1.started, tokens.txt, tokens.lock'
#           matches '(?^:J2)'
# Looks like you failed 1 test of 12.
t/017_IgnoreRegex.t .................... 
Dubious, test returned 1 (wstat 256, 0x100)
Failed 1/12 subtests 
# 
# **********************************************************************
# 
# No web server was found at port 1111.  Skipping the rest of
# these tests.  If you want, you can start the web server and
# rerun 'make test'.
# 
# To start the web server enter:
# 
# perl -T -I lib ./blib/script/taskforestd --config_file=./taskforestd.test.cfg
# 
# For more help, see http://www.taskforest.com
# 
# **********************************************************************
# 
t/018TaskForestDaemon.t ................ ok
Can't locate object method "TIESCALAR" via package "TaskForest::StringHandleTier" at /tmp/loop_over_bdir-30572-SXQs9i/TaskForest-1.37-0/blib/lib/TaskForest/StringHandle.pm line 50.
# Looks like your test exited with 255 just after 8.
t/019_FamilyRemoval.t .................. 
Dubious, test returned 255 (wstat 65280, 0xff00)
Failed 9/17 subtests 
t/020_Run_With_Log.t ................... ok
Can't locate object method "TIESCALAR" via package "TaskForest::StringHandleTier" at /tmp/loop_over_bdir-30572-SXQs9i/TaskForest-1.37-0/blib/lib/TaskForest/StringHandle.pm line 50.
# Looks like your test exited with 255 just after 9.
t/021_Release.t ........................ 
Dubious, test returned 255 (wstat 65280, 0xff00)
Failed 42/51 subtests 
t/022_Debug.t .......................... ok
t/023_Tokens.t ......................... ok
Can't locate object method "TIESCALAR" via package "TaskForest::StringHandleTier" at /tmp/loop_over_bdir-30572-SXQs9i/TaskForest-1.37-0/blib/lib/TaskForest/StringHandle.pm line 50.
# Looks like your test exited with 255 just after 9.
t/024_Midnight.t ....................... 
Dubious, test returned 255 (wstat 65280, 0xff00)
Failed 8/17 subtests 
Can't locate object method "TIESCALAR" via package "TaskForest::StringHandleTier" at /tmp/loop_over_bdir-30572-SXQs9i/TaskForest-1.37-0/blib/lib/TaskForest/StringHandle.pm line 50.
# Looks like your test exited with 255 just after 9.
t/025_Midnight_Ready.t ................. 
Dubious, test returned 255 (wstat 65280, 0xff00)
Failed 10/19 subtests 
Can't locate object method "TIESCALAR" via package "TaskForest::StringHandleTier" at /tmp/loop_over_bdir-30572-SXQs9i/TaskForest-1.37-0/blib/lib/TaskForest/StringHandle.pm line 50.
# Looks like your test exited with 255 just after 9.
t/026_Tomorrows_Logs.t ................. 
Dubious, test returned 255 (wstat 65280, 0xff00)
Failed 7/16 subtests 
t/027_MultiTokens.t .................... ok
t/028_TokenDemo.t ...................... ok
t/029_FindDaysOfWeek.t ................. ok
t/030_Calendar.t ....................... ok
t/031_Calendar_Simple.t ................ ok
t/032_Calendar_Weekdays.t .............. ok
t/033_DST.t ............................ ok
t/034_External.t ....................... ok
t/035_ExternalSameName.t ............... ok
Can't locate object method "TIESCALAR" via package "TaskForest::StringHandleTier" at /tmp/loop_over_bdir-30572-SXQs9i/TaskForest-1.37-0/blib/lib/TaskForest/StringHandle.pm line 50.
# Looks like your test exited with 255 just after 5.
t/036_ExternalMultiple.t ............... 
Dubious, test returned 255 (wstat 65280, 0xff00)
Failed 5/10 subtests 
Can't locate object method "TIESCALAR" via package "TaskForest::StringHandleTier" at /tmp/loop_over_bdir-30572-SXQs9i/TaskForest-1.37-0/blib/lib/TaskForest/StringHandle.pm line 50.
# Looks like your test exited with 255 just after 5.
t/037_ExternalDeep.t ................... 
Dubious, test returned 255 (wstat 65280, 0xff00)
Failed 53/58 subtests 
Can't locate object method "TIESCALAR" via package "TaskForest::StringHandleTier" at /tmp/loop_over_bdir-30572-SXQs9i/TaskForest-1.37-0/blib/lib/TaskForest/StringHandle.pm line 50.
# Looks like your test exited with 255 just after 5.
t/038_ExternalTokens.t ................. 
Dubious, test returned 255 (wstat 65280, 0xff00)
Failed 8/13 subtests 
t/039_ExternalFirstLineOnly.t .......... ok
t/040_ExternalFirstLineOnly2.t ......... ok
t/041_ExternalSecondSection.t .......... ok
Can't locate object method "TIESCALAR" via package "TaskForest::StringHandleTier" at /tmp/loop_over_bdir-30572-SXQs9i/TaskForest-1.37-0/blib/lib/TaskForest/StringHandle.pm line 50.
# Looks like your test exited with 255 just after 5.
t/042_ExternalMultipleSections.t ....... 
Dubious, test returned 255 (wstat 65280, 0xff00)
Failed 8/13 subtests 
Can't locate object method "TIESCALAR" via package "TaskForest::StringHandleTier" at /tmp/loop_over_bdir-30572-SXQs9i/TaskForest-1.37-0/blib/lib/TaskForest/StringHandle.pm line 50.
# Looks like your test exited with 255 just after 6.
t/043_ExternalSecondSectionParallel.t .. 
Dubious, test returned 255 (wstat 65280, 0xff00)
Failed 11/17 subtests 
Can't locate object method "TIESCALAR" via package "TaskForest::StringHandleTier" at /tmp/loop_over_bdir-30572-SXQs9i/TaskForest-1.37-0/blib/lib/TaskForest/StringHandle.pm line 50.
# Looks like your test exited with 255 just after 10.
t/044_Hold.t ........................... 
Dubious, test returned 255 (wstat 65280, 0xff00)
Failed 25/35 subtests 
Can't locate object method "TIESCALAR" via package "TaskForest::StringHandleTier" at /tmp/loop_over_bdir-30572-SXQs9i/TaskForest-1.37-0/blib/lib/TaskForest/StringHandle.pm line 50.
# Looks like your test exited with 255 just after 10.
t/045_ReleaseHold.t .................... 
Dubious, test returned 255 (wstat 65280, 0xff00)
Failed 30/40 subtests 
Can't locate object method "TIESCALAR" via package "TaskForest::StringHandleTier" at /tmp/loop_over_bdir-30572-SXQs9i/TaskForest-1.37-0/blib/lib/TaskForest/StringHandle.pm line 50.
# Looks like your test exited with 255 just after 10.
t/046_Retry.t .......................... 
Dubious, test returned 255 (wstat 65280, 0xff00)
Failed 42/52 subtests 
Can't locate object method "TIESCALAR" via package "TaskForest::StringHandleTier" at /tmp/loop_over_bdir-30572-SXQs9i/TaskForest-1.37-0/blib/lib/TaskForest/StringHandle.pm line 50.
# Looks like your test exited with 255 just after 10.
t/047_Fail.t ........................... 
Dubious, test returned 255 (wstat 65280, 0xff00)
Failed 20/30 subtests 
Can't locate object method "TIESCALAR" via package "TaskForest::StringHandleTier" at /tmp/loop_over_bdir-30572-SXQs9i/TaskForest-1.37-0/blib/lib/TaskForest/StringHandle.pm line 50.
# Looks like your test exited with 255 just after 10.
t/048_FailRetry.t ...................... 
Dubious, test returned 255 (wstat 65280, 0xff00)
Failed 67/77 subtests 

Test Summary Report
-------------------
t/0065_StringHandle.t                (Wstat: 65280 Tests: 8 Failed: 0)
  Non-zero exit status: 255
  Parse errors: Bad plan.  You planned 16 tests but ran 8.
t/006_Family.t                       (Wstat: 65280 Tests: 2 Failed: 0)
  Non-zero exit status: 255
  Parse errors: Bad plan.  You planned 74 tests but ran 2.
t/008_Repeat.t                       (Wstat: 65280 Tests: 2 Failed: 0)
  Non-zero exit status: 255
  Parse errors: Bad plan.  You planned 50 tests but ran 2.
t/009_Display.t                      (Wstat: 65280 Tests: 8 Failed: 0)
  Non-zero exit status: 255
  Parse errors: Bad plan.  You planned 25 tests but ran 8.
t/010_LongRunningJobs.t              (Wstat: 65280 Tests: 4 Failed: 0)
  Non-zero exit status: 255
  Parse errors: Bad plan.  You planned 6 tests but ran 4.
t/011_NotEnoughTime.t                (Wstat: 65280 Tests: 2 Failed: 0)
  Non-zero exit status: 255
  Parse errors: Bad plan.  You planned 50 tests but ran 2.
t/012_Collapse.t                     (Wstat: 65280 Tests: 8 Failed: 0)
  Non-zero exit status: 255
  Parse errors: Bad plan.  You planned 10 tests but ran 8.
t/013_Rerun.t                        (Wstat: 65280 Tests: 9 Failed: 0)
  Non-zero exit status: 255
  Parse errors: Bad plan.  You planned 17 tests but ran 9.
t/014_Mark.t                         (Wstat: 65280 Tests: 9 Failed: 0)
  Non-zero exit status: 255
  Parse errors: Bad plan.  You planned 21 tests but ran 9.
t/017_IgnoreRegex.t                  (Wstat: 256 Tests: 12 Failed: 1)
  Failed test:  9
  Non-zero exit status: 1
t/019_FamilyRemoval.t                (Wstat: 65280 Tests: 8 Failed: 0)
  Non-zero exit status: 255
  Parse errors: Bad plan.  You planned 17 tests but ran 8.
t/021_Release.t                      (Wstat: 65280 Tests: 9 Failed: 0)
  Non-zero exit status: 255
  Parse errors: Bad plan.  You planned 51 tests but ran 9.
t/024_Midnight.t                     (Wstat: 65280 Tests: 9 Failed: 0)
  Non-zero exit status: 255
  Parse errors: Bad plan.  You planned 17 tests but ran 9.
t/025_Midnight_Ready.t               (Wstat: 65280 Tests: 9 Failed: 0)
  Non-zero exit status: 255
  Parse errors: Bad plan.  You planned 19 tests but ran 9.
t/026_Tomorrows_Logs.t               (Wstat: 65280 Tests: 9 Failed: 0)
  Non-zero exit status: 255
  Parse errors: Bad plan.  You planned 16 tests but ran 9.
t/036_ExternalMultiple.t             (Wstat: 65280 Tests: 5 Failed: 0)
  Non-zero exit status: 255
  Parse errors: Bad plan.  You planned 10 tests but ran 5.
t/037_ExternalDeep.t                 (Wstat: 65280 Tests: 5 Failed: 0)
  Non-zero exit status: 255
  Parse errors: Bad plan.  You planned 58 tests but ran 5.
t/038_ExternalTokens.t               (Wstat: 65280 Tests: 5 Failed: 0)
  Non-zero exit status: 255
  Parse errors: Bad plan.  You planned 13 tests but ran 5.
t/042_ExternalMultipleSections.t     (Wstat: 65280 Tests: 5 Failed: 0)
  Non-zero exit status: 255
  Parse errors: Bad plan.  You planned 13 tests but ran 5.
t/043_ExternalSecondSectionParallel.t (Wstat: 65280 Tests: 6 Failed: 0)
  Non-zero exit status: 255
  Parse errors: Bad plan.  You planned 17 tests but ran 6.
t/044_Hold.t                         (Wstat: 65280 Tests: 10 Failed: 0)
  Non-zero exit status: 255
  Parse errors: Bad plan.  You planned 35 tests but ran 10.
t/045_ReleaseHold.t                  (Wstat: 65280 Tests: 10 Failed: 0)
  Non-zero exit status: 255
  Parse errors: Bad plan.  You planned 40 tests but ran 10.
t/046_Retry.t                        (Wstat: 65280 Tests: 10 Failed: 0)
  Non-zero exit status: 255
  Parse errors: Bad plan.  You planned 52 tests but ran 10.
t/047_Fail.t                         (Wstat: 65280 Tests: 10 Failed: 0)
  Non-zero exit status: 255
  Parse errors: Bad plan.  You planned 30 tests but ran 10.
t/048_FailRetry.t                    (Wstat: 65280 Tests: 10 Failed: 0)
  Non-zero exit status: 255
  Parse errors: Bad plan.  You planned 77 tests but ran 10.
Files=50, Tests=10518, 159 wallclock secs ( 0.99 usr  0.51 sys + 30.18 cusr  4.35 csys = 36.03 CPU)
Result: FAIL
Failed 25/50 test programs. 1/10518 subtests failed.
Makefile:1024: recipe for target 'test_dynamic' failed
make: *** [test_dynamic] Error 255

------------------------------
PREREQUISITES
------------------------------

Prerequisite modules loaded:

requires:

    Module              Need  Have    
    ------------------- ----- --------
    Config::General     2.38  2.63    
    DateTime            0     1.44    
    HTTP::Daemon        5.818 6.01    
    HTTP::Request       5.818 6.13    
    HTTP::Response      5.82  6.13    
    HTTP::Status        5.817 6.13    
    Log::Log4perl       1.16  1.49    
    Net::SMTP           2.31  3.10    
    Test::Simple        0.44  1.302106

build_requires:

    Module              Need  Have    
    ------------------- ----- --------
    ExtUtils::MakeMaker 0     7.30    


------------------------------
ENVIRONMENT AND OTHER CONTEXT
------------------------------

Environment variables:

    AUTOMATED_TESTING = 1
    LANG = en_US.UTF-8
    PATH = /home/sand/bin:/usr/local/bin:/usr/bin:/bin:/usr/games:/usr/local/perl/bin:/usr/X11/bin:/sbin:/usr/sbin
    PERL5LIB = /tmp/loop_over_bdir-30572-SXQs9i/Config-General-2.63-0/blib/arch:/tmp/loop_over_bdir-30572-SXQs9i/Config-General-2.63-0/blib/lib
    PERL5OPT = 
    PERL5_CPANPLUS_IS_RUNNING = 30574
    PERL5_CPAN_IS_RUNNING = 30574
    PERL5_CPAN_IS_RUNNING_IN_RECURSION = 10675,30574
    PERL_CANARY_STABILITY_NOPROMPT = 1
    PERL_MM_USE_DEFAULT = 1
    PERL_USE_UNSAFE_INC = 1
    SHELL = /usr/bin/zsh
    TERM = screen

Perl special variables (and OS-specific diagnostics, for MSWin32):

    $^X = /home/sand/src/perl/repoperls/installed-perls/host/k93msid/v5.27.5/276a/bin/perl
    $UID/$EUID = 1005 / 1005
    $GID = 1005 1005
    $EGID = 1005 1005

Perl module toolchain versions installed:

    Module              Have    
    ------------------- --------
    CPAN                2.19    
    CPAN::Meta          2.150010
    Cwd                 3.68    
    ExtUtils::CBuilder  0.280228
    ExtUtils::Command   7.30    
    ExtUtils::Install   2.14    
    ExtUtils::MakeMaker 7.30    
    ExtUtils::Manifest  1.70    
    ExtUtils::ParseXS   3.35    
    File::Spec          3.68    
    JSON                2.94    
    JSON::PP            2.94    
    Module::Build       0.4224  
    Module::Signature   0.81    
    Parse::CPAN::Meta   2.150010
    Test::Harness       3.39    
    Test::More          1.302106
    YAML                1.23_003
    YAML::Syck          1.30    
    version             0.9918  


--

Summary of my perl5 (revision 5 version 27 subversion 5) configuration:
  Commit id: 3c675937046386c0f536bcf1409bcbb3af65588c
  Platform:
    osname=linux
    osvers=4.12.0-2-amd64
    archname=x86_64-linux-thread-multi
    uname='linux k93msid 4.12.0-2-amd64 #1 smp debian 4.12.13-1 (2017-09-19) x86_64 gnulinux '
    config_args='-Dprefix=/home/sand/src/perl/repoperls/installed-perls/host/k93msid/v5.27.5/276a -Dmyhostname=k93msid -Dinstallusrbinperl=n -Uversiononly -Dusedevel -des -Ui_db -Dlibswanted=cl pthread socket inet nsl gdbm dbm malloc dl ld sun m crypt sec util c cposix posix ucb BSD gdbm_compat -Duseithreads -Uuselongdouble -DDEBUGGING=both'
    hint=recommended
    useposix=true
    d_sigaction=define
    useithreads=define
    usemultiplicity=define
    use64bitint=define
    use64bitall=define
    uselongdouble=undef
    usemymalloc=n
    default_inc_excludes_dot=define
    bincompat5005=undef
  Compiler:
    cc='cc'
    ccflags ='-D_REENTRANT -D_GNU_SOURCE -fwrapv -DDEBUGGING -fno-strict-aliasing -pipe -fstack-protector-strong -I/usr/local/include -D_LARGEFILE_SOURCE -D_FILE_OFFSET_BITS=64 -D_FORTIFY_SOURCE=2'
    optimize='-O2 -g'
    cppflags='-D_REENTRANT -D_GNU_SOURCE -fwrapv -DDEBUGGING -fno-strict-aliasing -pipe -fstack-protector-strong -I/usr/local/include'
    ccversion=''
    gccversion='7.2.0'
    gccosandvers=''
    intsize=4
    longsize=8
    ptrsize=8
    doublesize=8
    byteorder=12345678
    doublekind=3
    d_longlong=define
    longlongsize=8
    d_longdbl=define
    longdblsize=16
    longdblkind=3
    ivtype='long'
    ivsize=8
    nvtype='double'
    nvsize=8
    Off_t='off_t'
    lseeksize=8
    alignbytes=8
    prototype=define
  Linker and Libraries:
    ld='cc'
    ldflags =' -fstack-protector-strong -L/usr/local/lib'
    libpth=/usr/local/lib /usr/lib/gcc/x86_64-linux-gnu/7/include-fixed /usr/include/x86_64-linux-gnu /usr/lib /lib/x86_64-linux-gnu /lib/../lib /usr/lib/x86_64-linux-gnu /usr/lib/../lib /lib
    libs=-lpthread -lnsl -ldl -lm -lcrypt -lutil -lc
    perllibs=-lpthread -lnsl -ldl -lm -lcrypt -lutil -lc
    libc=libc-2.24.so
    so=so
    useshrplib=false
    libperl=libperl.a
    gnulibc_version='2.24'
  Dynamic Linking:
    dlsrc=dl_dlopen.xs
    dlext=so
    d_dlsymun=undef
    ccdlflags='-Wl,-E'
    cccdlflags='-fPIC'
    lddlflags='-shared -O2 -g -L/usr/local/lib -fstack-protector-strong'


Characteristics of this binary (from libperl): 
  Compile-time options:
    DEBUGGING
    HAS_TIMES
    MULTIPLICITY
    PERLIO_LAYERS
    PERL_COPY_ON_WRITE
    PERL_DONT_CREATE_GVSV
    PERL_IMPLICIT_CONTEXT
    PERL_MALLOC_WRAP
    PERL_OP_PARENT
    PERL_PRESERVE_IVUV
    PERL_TRACK_MEMPOOL
    PERL_USE_DEVEL
    USE_64_BIT_ALL
    USE_64_BIT_INT
    USE_ITHREADS
    USE_LARGE_FILES
    USE_LOCALE
    USE_LOCALE_COLLATE
    USE_LOCALE_CTYPE
    USE_LOCALE_NUMERIC
    USE_LOCALE_TIME
    USE_PERLIO
    USE_PERL_ATOF
    USE_REENTRANT_API
  Built under linux
  Compiled at Oct 21 2017 05:28:03
  %ENV:
    PERL5LIB="/tmp/loop_over_bdir-30572-SXQs9i/Config-General-2.63-0/blib/arch:/tmp/loop_over_bdir-30572-SXQs9i/Config-General-2.63-0/blib/lib"
    PERL5OPT=""
    PERL5_CPANPLUS_IS_RUNNING="30574"
    PERL5_CPAN_IS_RUNNING="30574"
    PERL5_CPAN_IS_RUNNING_IN_RECURSION="10675,30574"
    PERL_CANARY_STABILITY_NOPROMPT="1"
    PERL_MM_USE_DEFAULT="1"
    PERL_USE_UNSAFE_INC="1"
  @INC:
    /tmp/loop_over_bdir-30572-SXQs9i/Config-General-2.63-0/blib/arch
    /tmp/loop_over_bdir-30572-SXQs9i/Config-General-2.63-0/blib/lib
    /home/sand/src/perl/repoperls/installed-perls/host/k93msid/v5.27.5/276a/lib/site_perl/5.27.5/x86_64-linux-thread-multi
    /home/sand/src/perl/repoperls/installed-perls/host/k93msid/v5.27.5/276a/lib/site_perl/5.27.5
    /home/sand/src/perl/repoperls/installed-perls/host/k93msid/v5.27.5/276a/lib/5.27.5/x86_64-linux-thread-multi
    /home/sand/src/perl/repoperls/installed-perls/host/k93msid/v5.27.5/276a/lib/5.27.5
    .