Back
From: metabase:user:320bfe00-2aae-11df-837a-5e0a49663a4f
Subject: FAIL AnyEvent-JSONRPC-0.15 v5.15.0 GNU/Linux
Date: 2011-06-12T23:31:31Z
This distribution has been tested as part of the CPAN Testers
project, supporting the Perl programming language. See
http://wiki.cpantesters.org/ for more information or email
questions to cpan-testers-discuss@perl.org
--
Dear Peter Makholm,
This is a computer-generated report for AnyEvent-JSONRPC-0.15
on perl 5.15.0, created by CPAN-Reporter-1.1902.
Thank you for uploading your work to CPAN. However, there was a problem
testing your distribution.
If you think this report is invalid, please consult the CPAN Testers Wiki
for suggestions on how to avoid getting FAIL reports for missing library
or binary dependencies, unsupported operating systems, and so on:
http://wiki.cpantesters.org/wiki/CPANAuthorNotes
Sections of this report:
* Tester comments
* Program output
* Prerequisites
* Environment and other context
------------------------------
TESTER COMMENTS
------------------------------
Additional comments from tester:
none provided
------------------------------
PROGRAM OUTPUT
------------------------------
Output from '/usr/bin/make test':
make[1]: Entering directory `/home/sand/.cpan/build/AnyEvent-JSONRPC-0.15-HiyRYf'
PERL_DL_NONLAZY=1 /home/sand/src/perl/repoperls/installed-perls/perl/v5.14.0-549-g464a08e/2a56/bin/perl "-MExtUtils::Command::MM" "-e" "test_harness(0, 'inc', 'blib/lib', 'blib/arch')" t/*.t
# Failed test 'use AnyEvent::JSONRPC::HTTP::Server;'
# at t/00_compile.t line 9.
# Tried to use 'AnyEvent::JSONRPC::HTTP::Server'.
# Error: Can't locate AnyEvent/HTTPD.pm in @INC (@INC contains: /home/sand/.cpan/build/AnyEvent-JSONRPC-0.15-HiyRYf/inc /home/sand/.cpan/build/AnyEvent-JSONRPC-0.15-HiyRYf/blib/lib /home/sand/.cpan/build/AnyEvent-JSONRPC-0.15-HiyRYf/blib/arch /home/sand/.cpan/build/ProjectBuilder-0.11.3-aBxeP9/blib/arch /home/sand/.cpan/build/ProjectBuilder-0.11.3-aBxeP9/blib/lib /home/sand/.cpan/build/Mail-SpamAssassin-2.43-DlTWrL/blib/arch /home/sand/.cpan/build/Mail-SpamAssassin-2.43-DlTWrL/blib/lib /home/sand/.cpan/build/ProjectBuilder-0.11.3-aBxeP9/blib/arch /home/sand/.cpan/build/ProjectBuilder-0.11.3-aBxeP9/blib/lib /home/sand/.cpan/build/Mail-SpamAssassin-2.43-DlTWrL/blib/arch /home/sand/.cpan/build/Mail-SpamAssassin-2.43-DlTWrL/blib/lib /home/src/perl/repoperls/installed-perls/perl/v5.14.0-549-g464a08e/2a56/lib/site_perl/5.15.0/x86_64-linux-thread-multi-ld /home/src/perl/repoperls/installed-perls/perl/v5.14.0-549-g464a08e/2a56/lib/site_perl/5.15.0 /home/src/perl/repoperls/installed-perls/perl/v5.14.0-549-g464a08e/2a56/lib/5.15.0/x86_64-linux-thread-multi-ld /home/src/perl/repoperls/installed-perls/perl/v5.14.0-549-g464a08e/2a56/lib/5.15.0 .) at /home/sand/.cpan/build/AnyEvent-JSONRPC-0.15-HiyRYf/blib/lib/AnyEvent/JSONRPC/HTTP/Server.pm line 11.
# BEGIN failed--compilation aborted at /home/sand/.cpan/build/AnyEvent-JSONRPC-0.15-HiyRYf/blib/lib/AnyEvent/JSONRPC/HTTP/Server.pm line 11.
# Compilation failed in require at (eval 212) line 2.
# BEGIN failed--compilation aborted at (eval 212) line 2.
# Looks like you failed 1 test of 6.
t/00_compile.t .........
Dubious, test returned 1 (wstat 256, 0x100)
Failed 1/6 subtests
t/client_error.t ....... ok
t/disconnect.t ......... ok
t/disconnect_server.t .. ok
# Failed test 'Num 1 will wait for 0.00743142882277680884 seconds ok'
# at /home/sand/.cpan/build/AnyEvent-JSONRPC-0.15-HiyRYf/inc/Test/More.pm line 371.
# got: '0.00743142882277680883'
# expected: '0.00743142882277680884'
# Failed test 'cv1 waited 0.00743142882277680883 seconds ok'
# at /home/sand/.cpan/build/AnyEvent-JSONRPC-0.15-HiyRYf/inc/Test/More.pm line 371.
# got: '0.00743142882277680884'
# expected: '0.00743142882277680883'
# Looks like you failed 2 tests of 8.
t/mix_request.t ........
Dubious, test returned 2 (wstat 512, 0x200)
Failed 2/8 subtests
t/multi_connection.t ... ok
t/simple_echo.t ........ ok
t/simple_echo_dsl.t .... ok
Test Summary Report
-------------------
t/00_compile.t (Wstat: 256 Tests: 6 Failed: 1)
Failed test: 5
Non-zero exit status: 1
t/mix_request.t (Wstat: 512 Tests: 8 Failed: 2)
Failed tests: 1, 5
Non-zero exit status: 2
Files=8, Tests=31, 9 wallclock secs ( 0.05 usr 0.02 sys + 3.85 cusr 0.36 csys = 4.28 CPU)
Result: FAIL
Failed 2/8 test programs. 3/31 subtests failed.
make[1]: *** [test_dynamic] Error 255
make[1]: Leaving directory `/home/sand/.cpan/build/AnyEvent-JSONRPC-0.15-HiyRYf'
------------------------------
PREREQUISITES
------------------------------
Prerequisite modules loaded:
requires:
Module Need Have
------------------- ---- -------
Any::Moose 0 0.15
AnyEvent 5.12 5.34
Filter::Util::Call 0 1.39
JSON::RPC::Common 0 0.10
JSON::XS 2.22 2.3
Moose 0 2.0007
build_requires:
Module Need Have
------------------- ---- -------
ExtUtils::MakeMaker 6.42 6.57_05
Test::More 0 0.98
Test::TCP 0 1.13
configure_requires:
Module Need Have
------------------- ---- -------
ExtUtils::MakeMaker 6.42 6.57_05
------------------------------
ENVIRONMENT AND OTHER CONTEXT
------------------------------
Environment variables:
LANG = en_US.UTF-8
LANGUAGE = en_US:en
PATH = /usr/lib/ccache:/home/sand/bin:/usr/local/bin:/usr/bin:/bin:/usr/bin/X11:/usr/games:/usr/local/perl/bin:/usr/X11/bin:/sbin:/usr/sbin
PERL5LIB = /home/sand/.cpan/build/ProjectBuilder-0.11.3-aBxeP9/blib/arch:/home/sand/.cpan/build/ProjectBuilder-0.11.3-aBxeP9/blib/lib:/home/sand/.cpan/build/Mail-SpamAssassin-2.43-DlTWrL/blib/arch:/home/sand/.cpan/build/Mail-SpamAssassin-2.43-DlTWrL/blib/lib
PERL5OPT =
PERL5_CPANPLUS_IS_RUNNING = 30398
PERL5_CPAN_IS_RUNNING = 30398
SHELL = /usr/bin/zsh
TERM = screen
Perl special variables (and OS-specific diagnostics, for MSWin32):
$^X = /home/sand/src/perl/repoperls/installed-perls/perl/v5.14.0-549-g464a08e/2a56/bin/perl
$UID/$EUID = 1001 / 1001
$GID = 1001 1001
$EGID = 1001 1001
Perl module toolchain versions installed:
Module Have
------------------- --------
CPAN 1.9600
Cwd 3.36
ExtUtils::CBuilder 0.280204
ExtUtils::Command 1.17
ExtUtils::Install 1.56
ExtUtils::MakeMaker 6.57_05
ExtUtils::Manifest 1.58
ExtUtils::ParseXS 2.2210
File::Spec 3.33
Module::Build 0.3800
Module::Signature 0.68
Test::Harness 3.23
Test::More 0.98
YAML 0.73
YAML::Syck 1.17
version 0.91
--
Summary of my perl5 (revision 5 version 15 subversion 0) configuration:
Commit id: 464a08e7ffded0873dfb1539fceae173c22a1090
Platform:
osname=linux, osvers=2.6.38-2-amd64, archname=x86_64-linux-thread-multi-ld
uname='linux k81 2.6.38-2-amd64 #1 smp sun may 8 13:51:57 utc 2011 x86_64 gnulinux '
config_args='-Dprefix=/home/src/perl/repoperls/installed-perls/perl/v5.14.0-549-g464a08e/2a56 -Dinstallusrbinperl=n -Uversiononly -Dusedevel -des -Ui_db -Duseithreads -Duselongdouble -DDEBUGGING=-g'
hint=recommended, useposix=true, d_sigaction=define
useithreads=define, usemultiplicity=define
useperlio=define, d_sfio=undef, uselargefiles=define, usesocks=undef
use64bitint=define, use64bitall=define, uselongdouble=define
usemymalloc=n, bincompat5005=undef
Compiler:
cc='cc', ccflags ='-D_REENTRANT -D_GNU_SOURCE -fno-strict-aliasing -pipe -fstack-protector -I/usr/local/include -D_LARGEFILE_SOURCE -D_FILE_OFFSET_BITS=64',
optimize='-O2 -g',
cppflags='-D_REENTRANT -D_GNU_SOURCE -fno-strict-aliasing -pipe -fstack-protector -I/usr/local/include'
ccversion='', gccversion='4.6.1 20110526 (prerelease)', gccosandvers=''
intsize=4, longsize=8, ptrsize=8, doublesize=8, byteorder=12345678
d_longlong=define, longlongsize=8, d_longdbl=define, longdblsize=16
ivtype='long', ivsize=8, nvtype='long double', nvsize=16, Off_t='off_t', lseeksize=8
alignbytes=16, prototype=define
Linker and Libraries:
ld='cc', ldflags =' -fstack-protector -L/usr/local/lib'
libpth=/usr/local/lib /lib/../lib /usr/lib/../lib /lib /usr/lib /usr/lib/x86_64-linux-gnu /lib64 /usr/lib64
libs=-lnsl -ldb -ldl -lm -lcrypt -lutil -lpthread -lc
perllibs=-lnsl -ldl -lm -lcrypt -lutil -lpthread -lc
libc=/lib/libc-2.13.so, so=so, useshrplib=false, libperl=libperl.a
gnulibc_version='2.13'
Dynamic Linking:
dlsrc=dl_dlopen.xs, dlext=so, d_dlsymun=undef, ccdlflags='-Wl,-E'
cccdlflags='-fPIC', lddlflags='-shared -O2 -g -L/usr/local/lib -fstack-protector'
Characteristics of this binary (from libperl):
Compile-time options: MULTIPLICITY PERL_DONT_CREATE_GVSV
PERL_IMPLICIT_CONTEXT PERL_MALLOC_WRAP
PERL_PRESERVE_IVUV PERL_USE_DEVEL USE_64_BIT_ALL
USE_64_BIT_INT USE_ITHREADS USE_LARGE_FILES
USE_LOCALE USE_LOCALE_COLLATE USE_LOCALE_CTYPE
USE_LOCALE_NUMERIC USE_LONG_DOUBLE USE_PERLIO
USE_PERL_ATOF USE_REENTRANT_API
Built under linux
Compiled at Jun 12 2011 10:01:33
%ENV:
PERL5LIB="/home/sand/.cpan/build/ProjectBuilder-0.11.3-aBxeP9/blib/arch:/home/sand/.cpan/build/ProjectBuilder-0.11.3-aBxeP9/blib/lib:/home/sand/.cpan/build/Mail-SpamAssassin-2.43-DlTWrL/blib/arch:/home/sand/.cpan/build/Mail-SpamAssassin-2.43-DlTWrL/blib/lib"
PERL5OPT=""
PERL5_CPANPLUS_IS_RUNNING="30398"
PERL5_CPAN_IS_RUNNING="30398"
@INC:
/home/sand/.cpan/build/ProjectBuilder-0.11.3-aBxeP9/blib/arch
/home/sand/.cpan/build/ProjectBuilder-0.11.3-aBxeP9/blib/lib
/home/sand/.cpan/build/Mail-SpamAssassin-2.43-DlTWrL/blib/arch
/home/sand/.cpan/build/Mail-SpamAssassin-2.43-DlTWrL/blib/lib
/home/src/perl/repoperls/installed-perls/perl/v5.14.0-549-g464a08e/2a56/lib/site_perl/5.15.0/x86_64-linux-thread-multi-ld
/home/src/perl/repoperls/installed-perls/perl/v5.14.0-549-g464a08e/2a56/lib/site_perl/5.15.0
/home/src/perl/repoperls/installed-perls/perl/v5.14.0-549-g464a08e/2a56/lib/5.15.0/x86_64-linux-thread-multi-ld
/home/src/perl/repoperls/installed-perls/perl/v5.14.0-549-g464a08e/2a56/lib/5.15.0
.