Report for Dist-Zilla-Plugin-Pinto-Add-0.046

Back
From: metabase:user:3215efbe-2aae-11df-837a-5e0a49663a4f
Subject: FAIL Dist-Zilla-Plugin-Pinto-Add-0.046 v5.16.3 GNU/Linux
Date: 2013-04-12T13:51:40Z

This distribution has been tested as part of the CPAN Testers
project, supporting the Perl programming language.  See
http://wiki.cpantesters.org/ for more information or email
questions to cpan-testers-discuss@perl.org


--
Dear Jeffrey Ryan Thalhammer,

This is a computer-generated report for Dist-Zilla-Plugin-Pinto-Add-0.046
on perl 5.16.3, created by CPAN-Reporter-1.2009.

Thank you for uploading your work to CPAN.  However, there was a problem
testing your distribution.

If you think this report is invalid, please consult the CPAN Testers Wiki
for suggestions on how to avoid getting FAIL reports for missing library
or binary dependencies, unsupported operating systems, and so on:

http://wiki.cpantesters.org/wiki/CPANAuthorNotes

Sections of this report:

    * Tester comments
    * Program output
    * Prerequisites
    * Environment and other context

------------------------------
TESTER COMMENTS
------------------------------

Additional comments from tester:

this report is from an automated smoke testing program
and was not reviewed by a human for accuracy

------------------------------
PROGRAM OUTPUT
------------------------------

Output from './Build test':

"Author" is not exported by the Pinto::Types module at /opt/perl/threads/5.16.3/lib/site_perl/5.16.3/MooseX/Types/Base.pm line 97.
BEGIN failed--compilation aborted at lib/Dist/Zilla/Plugin/Pinto/Add.pm line 9.
Compilation failed in require at -e line 1.

#   Failed test 'Dist::Zilla::Plugin::Pinto::Add loaded ok'
#   at t/00-compile.t line 62.
#                   ''
#     doesn't match '(?^s:^\s*Dist::Zilla::Plugin::Pinto::Add ok)'
# Looks like you failed 1 test of 1.
t/00-compile.t .. 
Dubious, test returned 1 (wstat 256, 0x100)
Failed 1/1 subtests 
"Author" is not exported by the Pinto::Types module at /opt/perl/threads/5.16.3/lib/site_perl/5.16.3/MooseX/Types/Base.pm line 97.
BEGIN failed--compilation aborted at /home/tf/.cpan/build/Dist-Zilla-Plugin-Pinto-Add-0.046-oeBUvy/blib/lib/Dist/Zilla/Plugin/Pinto/Add.pm line 9.
Compilation failed in require at t/01-local.t line 14.
BEGIN failed--compilation aborted at t/01-local.t line 14.
t/01-local.t .... 
Dubious, test returned 255 (wstat 65280, 0xff00)
No subtests run 
"Author" is not exported by the Pinto::Types module at /opt/perl/threads/5.16.3/lib/site_perl/5.16.3/MooseX/Types/Base.pm line 97.
BEGIN failed--compilation aborted at /home/tf/.cpan/build/Dist-Zilla-Plugin-Pinto-Add-0.046-oeBUvy/blib/lib/Dist/Zilla/Plugin/Pinto/Add.pm line 9.
Compilation failed in require at t/02-remote.t line 15.
BEGIN failed--compilation aborted at t/02-remote.t line 15.
t/02-remote.t ... 
Dubious, test returned 255 (wstat 65280, 0xff00)
No subtests run 

Test Summary Report
-------------------
t/00-compile.t (Wstat: 256 Tests: 1 Failed: 1)
  Failed test:  1
  Non-zero exit status: 1
t/01-local.t  (Wstat: 65280 Tests: 0 Failed: 0)
  Non-zero exit status: 255
  Parse errors: No plan found in TAP output
t/02-remote.t (Wstat: 65280 Tests: 0 Failed: 0)
  Non-zero exit status: 255
  Parse errors: No plan found in TAP output
Files=3, Tests=1,  1 wallclock secs ( 0.02 usr  0.00 sys +  1.86 cusr  0.04 csys =  1.92 CPU)
Result: FAIL
Failed 3/3 test programs. 1/1 subtests failed.

------------------------------
PREREQUISITES
------------------------------

Prerequisite modules loaded:

requires:

    Module                           Need   Have    
    -------------------------------- ------ --------
    Carp                             0      1.26    
    Class::Load                      0      0.20    
    Dist::Zilla::Role::BeforeRelease 0      4.300033
    Dist::Zilla::Role::Releaser      0      4.300033
    English                          0      1.05    
    File::HomeDir                    0      1.00    
    Moose                            0      2.0801  
    Moose::Util::TypeConstraints     0      2.0801  
    MooseX::Types::Moose             0      0.35    
    Path::Class                      0      0.32    
    perl                             5.006  5.016003
    Pinto::Role::PauseConfig         0      0.070   
    Pinto::Types                     0      0.070   
    Try::Tiny                        0      0.12    

build_requires:

    Module                           Need   Have    
    -------------------------------- ------ --------
    Dist::Zilla::Tester              0      4.300033
    File::Find                       0      1.20    
    File::Path                       0      2.09    
    File::Temp                       0      0.23    
    File::Which                      0      1.09    
    Module::Build                    0.3601 0.4004  
    strict                           0      1.07    
    Test::DZil                       0      4.300033
    Test::Exception                  0      0.31    
    Test::More                       0      0.98    
    warnings                         0      1.13    

configure_requires:

    Module                           Need   Have    
    -------------------------------- ------ --------
    Module::Build                    0.3601 0.4004  


------------------------------
ENVIRONMENT AND OTHER CONTEXT
------------------------------

Environment variables:

    AUTOMATED_TESTING = 1
    LANG = C
    PATH = /opt/perl/threads/5.16.3/bin:/usr/local/sbin:/usr/local/bin:/usr/sbin:/usr/bin:/sbin:/bin:/usr/games
    PERL5LIB = 
    PERL5OPT = 
    PERL5_CPANPLUS_IS_RUNNING = 1215
    PERL5_CPAN_IS_RUNNING = 1215
    PERL5_CPAN_IS_RUNNING_IN_RECURSION = 2408,1215
    PERL_CR_SMOKER_CURRENT = Task-BeLike-AMD-4.1.0
    PERL_EXTUTILS_AUTOINSTALL = --defaultdeps
    PERL_MM_USE_DEFAULT = 1
    SHELL = /bin/bash
    TERM = screen

Perl special variables (and OS-specific diagnostics, for MSWin32):

    $^X = /opt/perl/threads/5.16.3/bin/perl
    $UID/$EUID = 1000 / 1000
    $GID = 1000 4 24 27 30 46 112 113 1000
    $EGID = 1000 4 24 27 30 46 112 113 1000

Perl module toolchain versions installed:

    Module              Have    
    ------------------- --------
    CPAN                2.00    
    CPAN::Meta          2.130880
    Cwd                 3.40    
    ExtUtils::CBuilder  0.280206
    ExtUtils::Command   1.17    
    ExtUtils::Install   1.58    
    ExtUtils::MakeMaker 6.64    
    ExtUtils::Manifest  1.61    
    ExtUtils::ParseXS   3.18    
    File::Spec          3.40    
    JSON                2.57    
    JSON::PP            2.27200 
    Module::Build       0.4004  
    Module::Signature   0.70    
    Parse::CPAN::Meta   1.4404  
    Test::Harness       3.26    
    Test::More          0.98    
    YAML                0.84    
    YAML::Syck          1.25    
    version             0.9902  


--

Summary of my perl5 (revision 5 version 16 subversion 3) configuration:
   
  Platform:
    osname=linux, osvers=3.2.0-38-virtual, archname=x86_64-linux-thread-multi
    uname='linux cpansmoker 3.2.0-38-virtual #61-ubuntu smp tue feb 19 12:37:47 utc 2013 x86_64 x86_64 x86_64 gnulinux '
    config_args='-des -Dprefix=/opt/perl/threads/5.16.3 -Dusethreads'
    hint=recommended, useposix=true, d_sigaction=define
    useithreads=define, usemultiplicity=define
    useperlio=define, d_sfio=undef, uselargefiles=define, usesocks=undef
    use64bitint=define, use64bitall=define, uselongdouble=undef
    usemymalloc=n, bincompat5005=undef
  Compiler:
    cc='cc', ccflags ='-D_REENTRANT -D_GNU_SOURCE -fno-strict-aliasing -pipe -fstack-protector -I/usr/local/include -D_LARGEFILE_SOURCE -D_FILE_OFFSET_BITS=64',
    optimize='-O2',
    cppflags='-D_REENTRANT -D_GNU_SOURCE -fno-strict-aliasing -pipe -fstack-protector -I/usr/local/include'
    ccversion='', gccversion='4.6.3', gccosandvers=''
    intsize=4, longsize=8, ptrsize=8, doublesize=8, byteorder=12345678
    d_longlong=define, longlongsize=8, d_longdbl=define, longdblsize=16
    ivtype='long', ivsize=8, nvtype='double', nvsize=8, Off_t='off_t', lseeksize=8
    alignbytes=8, prototype=define
  Linker and Libraries:
    ld='cc', ldflags =' -fstack-protector -L/usr/local/lib'
    libpth=/usr/local/lib /lib/x86_64-linux-gnu /lib/../lib /usr/lib/x86_64-linux-gnu /usr/lib/../lib /lib /usr/lib
    libs=-lnsl -lgdbm -ldb -ldl -lm -lcrypt -lutil -lpthread -lc -lgdbm_compat
    perllibs=-lnsl -ldl -lm -lcrypt -lutil -lpthread -lc
    libc=, so=so, useshrplib=false, libperl=libperl.a
    gnulibc_version='2.15'
  Dynamic Linking:
    dlsrc=dl_dlopen.xs, dlext=so, d_dlsymun=undef, ccdlflags='-Wl,-E'
    cccdlflags='-fPIC', lddlflags='-shared -O2 -L/usr/local/lib -fstack-protector'


Characteristics of this binary (from libperl): 
  Compile-time options: HAS_TIMES MULTIPLICITY PERLIO_LAYERS
                        PERL_DONT_CREATE_GVSV PERL_IMPLICIT_CONTEXT
                        PERL_MALLOC_WRAP PERL_PRESERVE_IVUV USE_64_BIT_ALL
                        USE_64_BIT_INT USE_ITHREADS USE_LARGE_FILES
                        USE_LOCALE USE_LOCALE_COLLATE USE_LOCALE_CTYPE
                        USE_LOCALE_NUMERIC USE_PERLIO USE_PERL_ATOF
                        USE_REENTRANT_API
  Built under linux
  Compiled at Mar 18 2013 17:07:24
  %ENV:
    PERL5LIB=""
    PERL5OPT=""
    PERL5_CPANPLUS_IS_RUNNING="1215"
    PERL5_CPAN_IS_RUNNING="1215"
    PERL5_CPAN_IS_RUNNING_IN_RECURSION="2408,1215"
    PERL_CR_SMOKER_CURRENT="Task-BeLike-AMD-4.1.0"
    PERL_EXTUTILS_AUTOINSTALL="--defaultdeps"
    PERL_MM_USE_DEFAULT="1"
  @INC:
    /opt/perl/threads/5.16.3/lib/site_perl/5.16.3/x86_64-linux-thread-multi
    /opt/perl/threads/5.16.3/lib/site_perl/5.16.3
    /opt/perl/threads/5.16.3/lib/5.16.3/x86_64-linux-thread-multi
    /opt/perl/threads/5.16.3/lib/5.16.3
    .