Back
From: metabase:user:30ae4450-2aae-11df-837a-5e0a49663a4f
Subject: FAIL Catalyst-ActionRole-BuildDBICResult-0.04 v5.14.3
Date: 2013-01-14T08:10:26Z
This distribution has been tested as part of the CPAN Testers
project, supporting the Perl programming language. See
http://wiki.cpantesters.org/ for more information or email
questions to cpan-testers-discuss@perl.org
--
Dear John Napiorkowski,
This is a computer-generated report for Catalyst-ActionRole-BuildDBICResult-0.04
on perl 5.14.3, created by CPAN-Reporter-1.2009.
Thank you for uploading your work to CPAN. However, there was a problem
testing your distribution.
If you think this report is invalid, please consult the CPAN Testers Wiki
for suggestions on how to avoid getting FAIL reports for missing library
or binary dependencies, unsupported operating systems, and so on:
http://wiki.cpantesters.org/wiki/CPANAuthorNotes
Sections of this report:
* Tester comments
* Program output
* Prerequisites
* Environment and other context
------------------------------
TESTER COMMENTS
------------------------------
Additional comments from tester:
this report is from an automated smoke testing program
and was not reviewed by a human for accuracy
------------------------------
PROGRAM OUTPUT
------------------------------
Output from 'C:\strawberry5143\c\bin\dmake.exe test':
C:\strawberry5143\perl\bin\perl.exe "-MExtUtils::Command::MM" "-e" "test_harness(0, 'inc', 'blib\lib', 'blib\arch')" t/app.t t/app_attrs.t t/attributes.t t/basic.t t/dbic.t
DBIx::Class::ResultSet::find(): Non-numeric value supplied for column 'me.user_id' despite the numeric datatype at C:/strawberry5143/cpan/build/Catalyst-ActionRole-BuildDBICResult-0.04-eq75JT/t/lib/TestApp/DBIC/ResultSet/User.pm line 11
datatype mismatch: bind param (0) john@shutterstock.com as integer at C:/strawberry5143/perl/site/lib/DBIx/Class/Storage/DBI.pm line 1756.
# Failed test 'got expected values for user email (john@shutterstock.com)'
# at t/app.t line 62.
# got: 'user_default,john@shutterstock.com'
# expected: 'user_default,error,john@shutterstock.com'
datatype mismatch: bind param (0) 99999.com as integer at C:/strawberry5143/perl/site/lib/DBIx/Class/Storage/DBI.pm line 1756.
# Failed test 'got expected values for user not found'
# at t/app.t line 69.
# got: 'user_default,notfound'
# expected: 'user_default,error,notfound'
datatype mismatch: bind param (0) error@error.com as integer at C:/strawberry5143/perl/site/lib/DBIx/Class/Storage/DBI.pm line 1756.
# Failed test 'got expected values for user not found'
# at t/app.t line 75.
# got: 'user_default,error,BOO,notfound'
# expected: 'user_default,error,error,BOO,notfound'
datatype mismatch: bind param (0) john@shutterstock.com as integer at C:/strawberry5143/perl/site/lib/DBIx/Class/Storage/DBI.pm line 1756.
# Failed test 'got expected values for user email (john@shutterstock.com)'
# at t/app.t line 139.
# got: 'user_default,john@shutterstock.com'
# expected: 'user_default,error,john@shutterstock.com'
datatype mismatch: bind param (0) 99999.com as integer at C:/strawberry5143/perl/site/lib/DBIx/Class/Storage/DBI.pm line 1756.
# Failed test 'got expected values for user not found'
# at t/app.t line 145.
# got: 'user_default,notfound'
# expected: 'user_default,error,notfound'
datatype mismatch: bind param (0) error@error.com as integer at C:/strawberry5143/perl/site/lib/DBIx/Class/Storage/DBI.pm line 1756.
# Failed test 'got expected values for user not found'
# at t/app.t line 151.
# got: 'user_default,error,BOO,notfound'
# expected: 'user_default,error,error,BOO,notfound'
[error] the number of args ($#args) does not equal the constraint fields ($#columns)
# Looks like you failed 6 tests of 65.
t/app.t .........
Dubious, test returned 6 (wstat 1536, 0x600)
Failed 6/65 subtests
(less 2 skipped subtests: 57 okay)
Useless use of a constant (model) in void context at (eval 750) line 1.
t/app_attrs.t ... ok
t/attributes.t .. ok
t/basic.t ....... ok
t/dbic.t ........ ok
Test Summary Report
-------------------
t/app.t (Wstat: 1536 Tests: 65 Failed: 6)
Failed tests: 19, 21, 23, 42, 44, 46
Non-zero exit status: 6
Files=5, Tests=119, 11 wallclock secs ( 0.05 usr + 0.06 sys = 0.11 CPU)
Result: FAIL
Failed 1/5 test programs. 6/119 subtests failed.
dmake.exe: Error code 255, while making 'test_dynamic'
------------------------------
PREREQUISITES
------------------------------
Prerequisite modules loaded:
requires:
Module Need Have
-------------------------------- ------- -------
Catalyst::Controller::ActionRole 0.15 0.15
Catalyst::Model::DBIC::Schema 0.43 0.60
Catalyst::Runtime 5.80025 5.90019
DBD::SQLite 1.35 1.37
DBIx::Class 0.08123 0.08204
Moose 1.10 2.0604
MooseX::Types 0.23 0.35
Perl6::Junction 1.40000 1.50000
Test::More 0.94 0.98
Try::Tiny 0.06 0.11
build_requires:
Module Need Have
-------------------------------- ------- -------
Catalyst::Model::DBIC::Schema 0.43 0.60
Catalyst::Runtime 5.80025 5.90019
DBD::SQLite 1.35 1.37
DBIx::Class 0.08123 0.08204
ExtUtils::MakeMaker 6.36 6.62
Test::More 0.94 0.98
configure_requires:
Module Need Have
-------------------------------- ------- -------
ExtUtils::MakeMaker 6.36 6.62
------------------------------
ENVIRONMENT AND OTHER CONTEXT
------------------------------
Environment variables:
AUTOMATED_TESTING = 1
COMSPEC = C:\WINDOWS\system32\cmd.exe
NUMBER_OF_PROCESSORS = 1
PATH = C:\Program Files\Far Manager\;C:\WINDOWS\system32;C:\WINDOWS;C:\WINDOWS\System32\Wbem;C:\strawberry5143\c\bin;C:\strawberry5143\perl\site\bin;C:\strawberry5143\perl\bin
PERL5LIB =
PERL5OPT =
PERL5_CPANPLUS_IS_RUNNING = 3800
PERL5_CPAN_IS_RUNNING = 3800
PERL5_CPAN_IS_RUNNING_IN_RECURSION = 312,3800
PERL_CR_SMOKER_CURRENT = Catalyst-ActionRole-BuildDBICResult-0.04
PERL_EXTUTILS_AUTOINSTALL = --defaultdeps
PERL_MM_USE_DEFAULT = 1
PROCESSOR_IDENTIFIER = x86 Family 16 Model 5 Stepping 3, AuthenticAMD
TEMP = C:\DOCUME~1\c\LOCALS~1\Temp
TERM = dumb
Perl special variables (and OS-specific diagnostics, for MSWin32):
$^X = C:\strawberry5143\perl\bin\perl.exe
$UID/$EUID = 0 / 0
$GID = 0
$EGID = 0
Win32::GetOSName = WinXP/.Net
Win32::GetOSVersion = Service Pack 3, 5, 1, 2600, 2, 3, 0, 256, 1
Win32::FsType = NTFS
Win32::IsAdminUser = 1
Perl module toolchain versions installed:
Module Have
------------------- --------
CPAN 1.9800
CPAN::Meta 2.120921
Cwd 3.36
ExtUtils::CBuilder 0.280205
ExtUtils::Command 1.17
ExtUtils::Install 1.56
ExtUtils::MakeMaker 6.62
ExtUtils::Manifest 1.61
ExtUtils::ParseXS 3.15
File::Spec 3.33
JSON 2.53
JSON::PP 2.27200
Module::Build 0.4003
Module::Signature 0.68
Parse::CPAN::Meta 1.4404
Test::Harness 3.25
Test::More 0.98
YAML 0.84
YAML::Syck 1.22
version 0.9901
--
Summary of my perl5 (revision 5 version 14 subversion 3) configuration:
Platform:
osname=MSWin32, osvers=4.0, archname=MSWin32-x86-multi-thread
uname='Win32 strawberry-perl 5.14.3.1 #1 Wed Oct 17 22:51:55 2012 i386'
config_args='undef'
hint=recommended, useposix=true, d_sigaction=undef
useithreads=define, usemultiplicity=define
useperlio=define, d_sfio=undef, uselargefiles=define, usesocks=undef
use64bitint=undef, use64bitall=undef, uselongdouble=undef
usemymalloc=n, bincompat5005=undef
Compiler:
cc='gcc', ccflags =' -s -O2 -DWIN32 -DPERL_TEXTMODE_SCRIPTS -DPERL_IMPLICIT_CONTEXT -DPERL_IMPLICIT_SYS -fno-strict-aliasing -mms-bitfields',
optimize='-s -O2',
cppflags='-DWIN32'
ccversion='', gccversion='4.6.3', gccosandvers=''
intsize=4, longsize=4, ptrsize=4, doublesize=8, byteorder=1234
d_longlong=undef, longlongsize=8, d_longdbl=define, longdblsize=12
ivtype='long', ivsize=4, nvtype='double', nvsize=8, Off_t='long long', lseeksize=8
alignbytes=8, prototype=define
Linker and Libraries:
ld='g++', ldflags ='-s -L"C:\strawberry5143\perl\lib\CORE" -L"C:\strawberry5143\c\lib"'
libpth=C:\strawberry5143\c\lib C:\strawberry5143\c\i686-w64-mingw32\lib
libs=-lmoldname -lkernel32 -luser32 -lgdi32 -lwinspool -lcomdlg32 -ladvapi32 -lshell32 -lole32 -loleaut32 -lnetapi32 -luuid -lws2_32 -lmpr -lwinmm -lversion -lodbc32 -lodbccp32 -lcomctl32
perllibs=-lmoldname -lkernel32 -luser32 -lgdi32 -lwinspool -lcomdlg32 -ladvapi32 -lshell32 -lole32 -loleaut32 -lnetapi32 -luuid -lws2_32 -lmpr -lwinmm -lversion -lodbc32 -lodbccp32 -lcomctl32
libc=, so=dll, useshrplib=true, libperl=libperl514.a
gnulibc_version=''
Dynamic Linking:
dlsrc=dl_win32.xs, dlext=dll, d_dlsymun=undef, ccdlflags=' '
cccdlflags=' ', lddlflags='-mdll -s -L"C:\strawberry5143\perl\lib\CORE" -L"C:\strawberry5143\c\lib"'
Characteristics of this binary (from libperl):
Compile-time options: MULTIPLICITY PERL_DONT_CREATE_GVSV
PERL_IMPLICIT_CONTEXT PERL_IMPLICIT_SYS
PERL_MALLOC_WRAP PERL_PRESERVE_IVUV PL_OP_SLAB_ALLOC
USE_ITHREADS USE_LARGE_FILES USE_PERLIO
USE_PERL_ATOF
Built under MSWin32
Compiled at Oct 17 2012 23:05:06
%ENV:
PERL5_CPANPLUS_IS_RUNNING="3800"
PERL5_CPAN_IS_RUNNING="3800"
PERL5_CPAN_IS_RUNNING_IN_RECURSION="312,3800"
PERL_CR_SMOKER_CURRENT="Catalyst-ActionRole-BuildDBICResult-0.04"
PERL_EXTUTILS_AUTOINSTALL="--defaultdeps"
PERL_MM_USE_DEFAULT="1"
@INC:
C:/strawberry5143/perl/site/lib
C:/strawberry5143/perl/vendor/lib
C:/strawberry5143/perl/lib
.