Back
From: metabase:user:314402c4-2aae-11df-837a-5e0a49663a4f
Subject: FAIL XHTML-Util-0.04 v5.14.2 FreeBSD
Date: 2012-04-08T20:19:10Z
This distribution has been tested as part of the CPAN Testers
project, supporting the Perl programming language. See
http://wiki.cpantesters.org/ for more information or email
questions to cpan-testers-discuss@perl.org
--
Dear Ashley Pond V,
This is a computer-generated report for XHTML-Util-0.04
on perl 5.14.2, created by CPAN-Reporter-1.2005.
Thank you for uploading your work to CPAN. However, there was a problem
testing your distribution.
If you think this report is invalid, please consult the CPAN Testers Wiki
for suggestions on how to avoid getting FAIL reports for missing library
or binary dependencies, unsupported operating systems, and so on:
http://wiki.cpantesters.org/wiki/CPANAuthorNotes
Sections of this report:
* Tester comments
* Program output
* Prerequisites
* Environment and other context
------------------------------
TESTER COMMENTS
------------------------------
Additional comments from tester:
none provided
------------------------------
PROGRAM OUTPUT
------------------------------
Output from '/usr/bin/make test':
PERL_DL_NONLAZY=1 /usr/home/cpansand/var/ctps/5159/install/perl-v5.14.2/bin/perl "-MExtUtils::Command::MM" "-e" "test_harness(0, 'inc', 'blib/lib', 'blib/arch')" t/00-load.t t/01-basics.t t/enpara.t t/html_to_xhtml.t t/inline_stylesheets.t t/named-enpara.t t/remove.t t/remove_markup.t t/remove_style.t t/sanitize-fragment.t t/strip_tags_simplistic.t t/synopsis.t t/translate_tags.t t/traverse.t t/validate.t
# Testing XHTML::Util 0.04, Perl 5.014002, /usr/home/cpansand/var/ctps/5159/install/perl-v5.14.2/bin/perl
t/00-load.t ................ ok
t/01-basics.t .............. ok
t/enpara.t ................. ok
t/html_to_xhtml.t .......... ok
t/inline_stylesheets.t ..... ok
It makes no sense to enpara within a <pre/>; skipping at t/named-enpara.t line 17.
t/named-enpara.t ........... ok
t/remove.t ................. ok
t/remove_markup.t .......... ok
t/remove_style.t ........... ok
t/sanitize-fragment.t ...... ok
No selector was given to strip_tags at t/strip_tags_simplistic.t line 16.
# Failed test 'strip_tags() dies with incorrect strip list'
# at t/strip_tags_simplistic.t line 24.
# Looks like you failed 1 test of 8.
t/strip_tags_simplistic.t ..
Dubious, test returned 1 (wstat 256, 0x100)
Failed 1/8 subtests
t/synopsis.t ............... ok
t/translate_tags.t ......... ok
t/traverse.t ............... ok
t/validate.t ............... ok
Test Summary Report
-------------------
t/strip_tags_simplistic.t (Wstat: 256 Tests: 8 Failed: 1)
Failed test: 4
Non-zero exit status: 1
Files=15, Tests=40, 2 wallclock secs ( 0.06 usr 0.03 sys + 1.70 cusr 0.37 csys = 2.16 CPU)
Result: FAIL
Failed 1/15 test programs. 1/40 subtests failed.
*** Error code 255
Stop in /var/tmp/CPAN-build/XHTML-Util-0.04-NZmMW9.
------------------------------
PREREQUISITES
------------------------------
Prerequisite modules loaded:
requires:
Module Need Have
------------------------ ---- ----
CSS::Tiny 0 1.19
Encode 2 2.44
ExtUtils::MakeMaker 6.42 6.62
File::Spec 3 3.33
HTML::Entities 0 3.69
HTML::Selector::XPath 0 0.14
HTML::Tagset 3.02 3.20
HTML::TokeParser::Simple 0 3.15
Scalar::Util 0 1.23
Test::More 0.5 0.98
XML::LibXML 1.6 1.96
build_requires:
Module Need Have
------------------------ ---- ----
ExtUtils::MakeMaker 0 6.62
configure_requires:
Module Need Have
------------------------ ---- ----
ExtUtils::MakeMaker 6.42 6.62
------------------------------
ENVIRONMENT AND OTHER CONTEXT
------------------------------
Environment variables:
DBIC_NO_WARN_BAD_PERL = 1
PATH = /usr/local/bin:/usr/X11R6/bin:/usr/X11/bin:/usr/perl5.8.0/bin:/usr/bin:/bin:/usr/local/sbin:/usr/sbin:/sbin:/usr/local/pilot/bin:/home/cpansand/bin/freebsd8.0:/home/cpansand/bin/sh:/home/cpansand/bin:/usr/X386/bin:/usr/games:/home/cpansand/devel:/usr/home/e/eserte/src/perl/CPAN-Testers-ParallelSmoker/utils
PERL5LIB =
PERL5OPT =
PERL5_CPANPLUS_IS_RUNNING = 79557
PERL5_CPAN_IS_RUNNING = 79557
PERL5_CPAN_IS_RUNNING_IN_RECURSION = 46363,79557
PERL_BATCH = yes
PERL_CPAN_REPORTER_DIR = /home/cpansand/var/ctps/5159/config/perl-v5.14.2/cpanreporter
PERL_EXTUTILS_AUTOINSTALL = --defaultdeps
PERL_HTML_DISPLAY_CLASS = HTML::Display::Mozilla
PERL_PARALLEL_SMOKER = yes
SHELL = /usr/local/bin/zsh
TERM = xterm
TMPDIR = /var/tmp/cpansmoker-1023
Perl special variables (and OS-specific diagnostics, for MSWin32):
$^X = /usr/home/cpansand/var/ctps/5159/install/perl-v5.14.2/bin/perl
$UID/$EUID = 1023 / 1023
$GID = 1023 1023
$EGID = 1023 1023
Perl module toolchain versions installed:
Module Have
------------------- ---------
CPAN 1.9600_01
CPAN::Meta 2.120921
Cwd 3.36
ExtUtils::CBuilder 0.280203
ExtUtils::Command 1.17
ExtUtils::Install 1.56
ExtUtils::MakeMaker 6.62
ExtUtils::Manifest 1.60
ExtUtils::ParseXS 3.15
File::Spec 3.33
JSON 2.53
JSON::PP 2.27200
Module::Build 0.3800
Module::Signature 0.68
Parse::CPAN::Meta 1.4404
Test::Harness 3.23
Test::More 0.98
YAML 0.80
YAML::Syck 1.20
version 0.97
--
Summary of my perl5 (revision 5 version 14 subversion 2) configuration:
Commit id: dc281e6088d189558b79a5121119b7196c8b3db0
Platform:
osname=freebsd, osvers=8.0-release-p4, archname=i386-freebsd
uname='freebsd biokovo.herceg.de 8.0-release-p4 freebsd 8.0-release-p4 #0: mon jul 12 20:22:27 utc 2010 root@i386-builder.daemonology.net:usrobjusrsrcsysgeneric i386 '
config_args='-ds -e -Uversiononly -Dinstallusrbinperl=n -Dusedevel -Dprefix=/home/e/eserte/var/ctps/5159/install/perl-v5.14.2'
hint=recommended, useposix=true, d_sigaction=define
useithreads=undef, usemultiplicity=undef
useperlio=define, d_sfio=undef, uselargefiles=define, usesocks=undef
use64bitint=undef, use64bitall=undef, uselongdouble=undef
usemymalloc=n, bincompat5005=undef
Compiler:
cc='cc', ccflags ='-DHAS_FPSETMASK -DHAS_FLOATINGPOINT_H -fno-strict-aliasing -pipe -fstack-protector -I/usr/local/include',
optimize='-O',
cppflags='-DHAS_FPSETMASK -DHAS_FLOATINGPOINT_H -fno-strict-aliasing -pipe -fstack-protector -I/usr/local/include'
ccversion='', gccversion='4.2.1 20070719 [FreeBSD]', gccosandvers=''
intsize=4, longsize=4, ptrsize=4, doublesize=8, byteorder=1234
d_longlong=define, longlongsize=8, d_longdbl=define, longdblsize=12
ivtype='long', ivsize=4, nvtype='double', nvsize=8, Off_t='off_t', lseeksize=8
alignbytes=4, prototype=define
Linker and Libraries:
ld='cc', ldflags ='-Wl,-E -fstack-protector -L/usr/local/lib'
libpth=/usr/lib /usr/local/lib
libs=-lgdbm -lm -lcrypt -lutil -lc
perllibs=-lm -lcrypt -lutil -lc
libc=, so=so, useshrplib=false, libperl=libperl.a
gnulibc_version=''
Dynamic Linking:
dlsrc=dl_dlopen.xs, dlext=so, d_dlsymun=undef, ccdlflags=' '
cccdlflags='-DPIC -fPIC', lddlflags='-shared -L/usr/local/lib -fstack-protector'
Characteristics of this binary (from libperl):
Compile-time options: PERL_DONT_CREATE_GVSV PERL_MALLOC_WRAP
PERL_PRESERVE_IVUV PERL_USE_DEVEL USE_LARGE_FILES
USE_PERLIO USE_PERL_ATOF
Built under freebsd
Compiled at Apr 6 2012 12:45:40
%ENV:
PERL5LIB=""
PERL5OPT=""
PERL5_CPANPLUS_IS_RUNNING="79557"
PERL5_CPAN_IS_RUNNING="79557"
PERL5_CPAN_IS_RUNNING_IN_RECURSION="46363,79557"
PERL_BATCH="yes"
PERL_CPAN_REPORTER_DIR="/home/cpansand/var/ctps/5159/config/perl-v5.14.2/cpanreporter"
PERL_EXTUTILS_AUTOINSTALL="--defaultdeps"
PERL_HTML_DISPLAY_CLASS="HTML::Display::Mozilla"
PERL_PARALLEL_SMOKER="yes"
@INC:
/home/e/eserte/var/ctps/5159/install/perl-v5.14.2/lib/site_perl/5.14.2/i386-freebsd
/home/e/eserte/var/ctps/5159/install/perl-v5.14.2/lib/site_perl/5.14.2
/home/e/eserte/var/ctps/5159/install/perl-v5.14.2/lib/5.14.2/i386-freebsd
/home/e/eserte/var/ctps/5159/install/perl-v5.14.2/lib/5.14.2
.