POE v1.367 Perl 5 v5.28.1 x86_64-linux-gnu
- Status
- Fail
- From
- Dist
-
POE v1.367
- Platform
- Perl 5 v5.28.1 x86_64-linux-gnu
- Date
- 2019-04-19 00:57:27
- ID
- 19ecf32a-623e-11e9-b9cd-fe90d9e06457
This distribution has been tested as part of the CPAN Testers
project, supporting the Perl programming language. See
http://wiki.cpantesters.org/ for more information or email
questions to cpan-testers-discuss@perl.org
--
Dear RCAPUTO,
This is a computer-generated report for POE-1.367
on perl 5.28.1, created by App::cpanminus::reporter 0.17 (1.7044).
Thank you for uploading your work to CPAN. However, there was a problem
testing your distribution.
If you think this report is invalid, please consult the CPAN Testers Wiki
for suggestions on how to avoid getting FAIL reports for missing library
or binary dependencies, unsupported operating systems, and so on:
http://wiki.cpantesters.org/wiki/CPANAuthorNotes
Sections of this report:
* Tester comments
* Program output
* Prerequisites
* Environment and other context
------------------------------
TESTER COMMENTS
------------------------------
Additional comments from tester:
none provided
------------------------------
PROGRAM OUTPUT
------------------------------
Output from '':
Building and testing POE-1.367
"/usr/local/bin/perl" mylib/gen-tests.perl lib/POE.pm
cp lib/POE/Resource/Sessions.pm blib/lib/POE/Resource/Sessions.pm
cp lib/POE/Resource/Aliases.pm blib/lib/POE/Resource/Aliases.pm
cp lib/POE/Filter/RecordBlock.pm blib/lib/POE/Filter/RecordBlock.pm
cp lib/POE/Wheel/ReadLine.pm blib/lib/POE/Wheel/ReadLine.pm
cp lib/POE/Filter/Stackable.pm blib/lib/POE/Filter/Stackable.pm
cp lib/POE/Resource/Signals.pm blib/lib/POE/Resource/Signals.pm
cp lib/POE/Pipe/OneWay.pm blib/lib/POE/Pipe/OneWay.pm
cp lib/POE/Resource/SIDs.pm blib/lib/POE/Resource/SIDs.pm
cp lib/POE/Session.pm blib/lib/POE/Session.pm
cp lib/POE/Resource/Extrefs.pm blib/lib/POE/Resource/Extrefs.pm
cp lib/POE/Loop.pm blib/lib/POE/Loop.pm
cp lib/POE/Loop/Select.pm blib/lib/POE/Loop/Select.pm
cp lib/POE/Loop/IO_Poll.pm blib/lib/POE/Loop/IO_Poll.pm
cp lib/POE/Resource/Events.pm blib/lib/POE/Resource/Events.pm
cp lib/POE/Resource/Clock.pm blib/lib/POE/Resource/Clock.pm
cp lib/POE/Filter/HTTPD.pm blib/lib/POE/Filter/HTTPD.pm
cp lib/POE/Component/Client/TCP.pm blib/lib/POE/Component/Client/TCP.pm
cp lib/POE/Loop/PerlSignals.pm blib/lib/POE/Loop/PerlSignals.pm
cp lib/POE/Pipe/TwoWay.pm blib/lib/POE/Pipe/TwoWay.pm
cp lib/POE/Filter/Reference.pm blib/lib/POE/Filter/Reference.pm
cp lib/POE/Filter/Stream.pm blib/lib/POE/Filter/Stream.pm
cp lib/POE/Driver.pm blib/lib/POE/Driver.pm
cp lib/POE/Wheel/Curses.pm blib/lib/POE/Wheel/Curses.pm
cp lib/POE/Test/Sequence.pm blib/lib/POE/Test/Sequence.pm
cp lib/POE/Wheel/ListenAccept.pm blib/lib/POE/Wheel/ListenAccept.pm
cp lib/POE/Wheel.pm blib/lib/POE/Wheel.pm
cp lib/POE/NFA.pm blib/lib/POE/NFA.pm
cp lib/POE/Kernel.pm blib/lib/POE/Kernel.pm
cp lib/POE/Filter/Block.pm blib/lib/POE/Filter/Block.pm
cp lib/POE/Component.pm blib/lib/POE/Component.pm
cp lib/POE/Wheel/ReadWrite.pm blib/lib/POE/Wheel/ReadWrite.pm
cp lib/POE/Pipe.pm blib/lib/POE/Pipe.pm
cp lib/POE/Resource.pm blib/lib/POE/Resource.pm
cp lib/POE/Queue.pm blib/lib/POE/Queue.pm
cp lib/POE/Filter/Line.pm blib/lib/POE/Filter/Line.pm
cp lib/POE/Resources.pm blib/lib/POE/Resources.pm
cp lib/POE/Component/Server/TCP.pm blib/lib/POE/Component/Server/TCP.pm
cp lib/POE/Filter.pm blib/lib/POE/Filter.pm
cp lib/POE/Filter/Grep.pm blib/lib/POE/Filter/Grep.pm
cp lib/POE/Wheel/FollowTail.pm blib/lib/POE/Wheel/FollowTail.pm
cp lib/POE/Driver/SysRW.pm blib/lib/POE/Driver/SysRW.pm
cp lib/POE.pm blib/lib/POE.pm
cp lib/POE/Filter/Map.pm blib/lib/POE/Filter/Map.pm
cp lib/POE/Queue/Array.pm blib/lib/POE/Queue/Array.pm
cp lib/POE/Resource/FileHandles.pm blib/lib/POE/Resource/FileHandles.pm
cp lib/POE/Wheel/SocketFactory.pm blib/lib/POE/Wheel/SocketFactory.pm
cp lib/POE/Wheel/Run.pm blib/lib/POE/Wheel/Run.pm
"/usr/local/bin/perl" mylib/gen-tests.perl lib/POE.pm
PERL_DL_NONLAZY=1 "/usr/local/bin/perl" "-MExtUtils::Command::MM" "-MTest::Harness" "-e" "undef *Test::Harness::Switches; test_harness(0, 'blib/lib', 'blib/arch')" t/*.t t/*/*.t t/*/*/*.t
# Testing POE 1.367, POE::Test::Loops 1.360, Perl 5.028001, /usr/local/bin/perl on linux
# pogomips: 16679068
t/00_info.t ........................................ ok
t/10_units/01_pod/01_pod.t ......................... skipped: enable by setting RELEASE_TESTING
t/10_units/01_pod/02_pod_coverage.t ................ skipped: enable by setting RELEASE_TESTING
t/10_units/01_pod/03_pod_no404s.t .................. skipped: enable by setting RELEASE_TESTING
t/10_units/01_pod/04_pod_linkcheck.t ............... skipped: enable by setting RELEASE_TESTING
t/10_units/02_pipes/01_base.t ...................... skipped: not implemented yet
t/10_units/02_pipes/02_oneway.t .................... ok
t/10_units/02_pipes/03_twoway.t .................... ok
t/10_units/03_base/01_poe.t ........................ ok
t/10_units/03_base/03_component.t .................. ok
t/10_units/03_base/04_driver.t ..................... ok
t/10_units/03_base/05_filter.t ..................... ok
t/10_units/03_base/06_loop.t ....................... ok
t/10_units/03_base/07_queue.t ...................... ok
t/10_units/03_base/08_resource.t ................... ok
t/10_units/03_base/09_resources.t .................. ok
t/10_units/03_base/10_wheel.t ...................... ok
t/10_units/03_base/11_assert_usage.t ............... ok
t/10_units/03_base/12_assert_retval.t .............. ok
t/10_units/03_base/13_assert_data.t ................ ok
t/10_units/03_base/14_kernel.t ..................... ok
t/10_units/03_base/15_kernel_internal.t ............ ok
t/10_units/03_base/16_nfa_usage.t .................. ok
t/10_units/03_base/17_detach_start.t ............... ok
t/10_units/04_drivers/01_sysrw.t ................... ok
t/10_units/05_filters/01_block.t ................... ok
t/10_units/05_filters/02_grep.t .................... ok
Downgrading wide characters in HTTP header. Consider installing Email::MIME::RFC2047::Encoder at /root/.cpanm/work/1555625233.7/POE-1.367/blib/lib/POE/Filter/HTTPD.pm line 73.
POE::Filter::HTTPD::__ANON__("En \x{e9}t\x{e9}") called at /root/.cpanm/work/1555625233.7/POE-1.367/blib/lib/POE/Filter/HTTPD.pm line 449
POE::Filter::HTTPD::headers_as_strings(POE::Filter::HTTPD=ARRAY(0x55dd59392078), HTTP::Headers=HASH(0x55dd59380dd0), "\x{d}\x{a}") called at /root/.cpanm/work/1555625233.7/POE-1.367/blib/lib/POE/Filter/HTTPD.pm line 411
POE::Filter::HTTPD::put(POE::Filter::HTTPD=ARRAY(0x55dd59392078), ARRAY(0x55dd593921c8)) called at t/10_units/05_filters/03_http.t line 426
t/10_units/05_filters/03_http.t .................... ok
t/10_units/05_filters/04_line.t .................... ok
t/10_units/05_filters/05_map.t ..................... ok
t/10_units/05_filters/06_recordblock.t ............. ok
t/10_units/05_filters/07_reference.t ............... ok
t/10_units/05_filters/08_stream.t .................. ok
t/10_units/05_filters/50_stackable.t ............... ok
t/10_units/05_filters/51_reference_die.t ........... ok
t/10_units/05_filters/99_filterchange.t ............ ok
t/10_units/06_queues/01_array.t .................... ok
t/10_units/07_exceptions/01_normal.t ............... ok
t/10_units/07_exceptions/02_turn_off.t ............. ok
t/10_units/07_exceptions/03_not_handled.t .......... ok
t/10_units/08_loops/01_explicit_loop.t ............. ok
t/10_units/08_loops/02_explicit_loop_fail.t ........ ok
t/10_units/08_loops/03_explicit_loop_poll.t ........ ok
t/10_units/08_loops/04_explicit_loop_envvar.t ...... ok
t/10_units/08_loops/05_kernel_loop.t ............... ok
t/10_units/08_loops/06_kernel_loop_poll.t .......... ok
t/10_units/08_loops/07_kernel_loop_fail.t .......... ok
t/10_units/08_loops/08_kernel_loop_search_poll.t ... ok
t/10_units/08_loops/09_naive_loop_load.t ........... ok
t/10_units/08_loops/10_naive_loop_load_poll.t ...... ok
t/10_units/08_loops/11_double_loop.t ............... ok
t/20_resources/10_perl/aliases.t ................... ok
t/20_resources/10_perl/caller_state.t .............. ok
t/20_resources/10_perl/events.t .................... ok
t/20_resources/10_perl/extrefs.t ................... ok
t/20_resources/10_perl/extrefs_gc.t ................ ok
t/20_resources/10_perl/filehandles.t ............... ok
t/20_resources/10_perl/sessions.t .................. ok
t/20_resources/10_perl/sids.t ...................... ok
t/20_resources/10_perl/signals.t ................... ok
# Testing POE 1.367, POE::Test::Loops 1.360, Using Loop(POE::Loop::IO_Poll), Perl 5.028001, /usr/local/bin/perl on linux
t/30_loops/io_poll/00_info.t ....................... ok
t/30_loops/io_poll/all_errors.t .................... skipped: most of these should move into other test files
t/30_loops/io_poll/comp_tcp.t ...................... ok
# You might see a 'disconnect' error during this test.
# It may be ignored.
t/30_loops/io_poll/comp_tcp_concurrent.t ........... ok
t/30_loops/io_poll/connect_errors.t ................ ok
t/30_loops/io_poll/k_alarms.t ...................... ok
t/30_loops/io_poll/k_aliases.t ..................... ok
t/30_loops/io_poll/k_detach.t ...................... ok
t/30_loops/io_poll/k_run_returns.t ................. ok
t/30_loops/io_poll/k_selects.t ..................... ok
t/30_loops/io_poll/k_sig_child.t ................... ok
t/30_loops/io_poll/k_signals.t ..................... ok
t/30_loops/io_poll/k_signals_rerun.t ............... ok
t/30_loops/io_poll/sbk_signal_init.t ............... ok
t/30_loops/io_poll/ses_nfa.t ....................... ok
# This test generates some STDERR during trace testing.
=== 18496 === 23 -> _start (from /root/.cpanm/work/1555625233.7/POE-1.367/blib/lib/POE/Kernel.pm at 1497)
=== 18496 === 23 -> woot (from /usr/local/lib/perl5/site_perl/5.28.1/POE/Test/Loops/ses_session.pm at 691)
=== 18496 === 23 -> narf (from /usr/local/lib/perl5/site_perl/5.28.1/POE/Test/Loops/ses_session.pm at 692)
=== 18496 === 23 -> _stop (from /root/.cpanm/work/1555625233.7/POE-1.367/blib/lib/POE/Resource/Sessions.pm at 571)
t/30_loops/io_poll/ses_session.t ................... ok
t/30_loops/io_poll/wheel_accept.t .................. ok
t/30_loops/io_poll/wheel_curses.t .................. skipped: Curses not available
t/30_loops/io_poll/wheel_readline.t ................ skipped: This test requires Term::ReadKey
t/30_loops/io_poll/wheel_readwrite.t ............... ok
Fri Apr 19 00:06:09 2019 - inactivity timeout reached! at /usr/local/lib/perl5/site_perl/5.28.1/POE/Test/Loops/wheel_run.pm line 149.
# Looks like your test exited with 1 just after 99.
t/30_loops/io_poll/wheel_run.t .....................
Dubious, test returned 1 (wstat 256, 0x100)
Failed 4/103 subtests
t/30_loops/io_poll/wheel_run_size.t ................ skipped: This test requires Term::Size
t/30_loops/io_poll/wheel_sf_ipv6.t ................. skipped: Socket::GetAddrInfo is needed for IPv6 tests
t/30_loops/io_poll/wheel_sf_tcp.t .................. ok
t/30_loops/io_poll/wheel_sf_udp.t .................. ok
t/30_loops/io_poll/wheel_sf_unix.t ................. ok
t/30_loops/io_poll/wheel_tail.t .................... ok
t/30_loops/io_poll/z_kogman_sig_order.t ............ ok
t/30_loops/io_poll/z_leolo_wheel_run.t ............. ok
# Using '/bin/true' as our thing to run under system()
t/30_loops/io_poll/z_merijn_sigchld_system.t ....... ok
t/30_loops/io_poll/z_rt39872_sigchld.t ............. ok
# Parent 18535 waiting 3sec for slow systems to settle.
# sending sigusr1
# sent sigusr1
t/30_loops/io_poll/z_rt39872_sigchld_stop.t ........ ok
t/30_loops/io_poll/z_rt53302_fh_watchers.t ......... ok
t/30_loops/io_poll/z_rt54319_bazerka_followtail.t .. ok
t/30_loops/io_poll/z_steinert_signal_integrity.t ... ok
# Testing POE 1.367, POE::Test::Loops 1.360, Using Loop(POE::Loop::Select), Perl 5.028001, /usr/local/bin/perl on linux
t/30_loops/select/00_info.t ........................ ok
t/30_loops/select/all_errors.t ..................... skipped: most of these should move into other test files
t/30_loops/select/comp_tcp.t ....................... ok
# You might see a 'disconnect' error during this test.
# It may be ignored.
t/30_loops/select/comp_tcp_concurrent.t ............ ok
t/30_loops/select/connect_errors.t ................. ok
t/30_loops/select/k_alarms.t ....................... ok
t/30_loops/select/k_aliases.t ...................... ok
t/30_loops/select/k_detach.t ....................... ok
t/30_loops/select/k_run_returns.t .................. ok
t/30_loops/select/k_selects.t ...................... ok
t/30_loops/select/k_sig_child.t .................... ok
t/30_loops/select/k_signals.t ...................... ok
t/30_loops/select/k_signals_rerun.t ................ ok
t/30_loops/select/sbk_signal_init.t ................ ok
t/30_loops/select/ses_nfa.t ........................ ok
# This test generates some STDERR during trace testing.
=== 18580 === 23 -> _start (from /root/.cpanm/work/1555625233.7/POE-1.367/blib/lib/POE/Kernel.pm at 1497)
=== 18580 === 23 -> woot (from /usr/local/lib/perl5/site_perl/5.28.1/POE/Test/Loops/ses_session.pm at 691)
=== 18580 === 23 -> narf (from /usr/local/lib/perl5/site_perl/5.28.1/POE/Test/Loops/ses_session.pm at 692)
=== 18580 === 23 -> _stop (from /root/.cpanm/work/1555625233.7/POE-1.367/blib/lib/POE/Resource/Sessions.pm at 571)
t/30_loops/select/ses_session.t .................... ok
t/30_loops/select/wheel_accept.t ................... ok
t/30_loops/select/wheel_curses.t ................... skipped: Curses not available
t/30_loops/select/wheel_readline.t ................. skipped: This test requires Term::ReadKey
t/30_loops/select/wheel_readwrite.t ................ ok
t/30_loops/select/wheel_run.t ...................... ok
t/30_loops/select/wheel_run_size.t ................. skipped: This test requires Term::Size
t/30_loops/select/wheel_sf_ipv6.t .................. skipped: Socket::GetAddrInfo is needed for IPv6 tests
t/30_loops/select/wheel_sf_tcp.t ................... ok
t/30_loops/select/wheel_sf_udp.t ................... ok
t/30_loops/select/wheel_sf_unix.t .................. ok
t/30_loops/select/wheel_tail.t ..................... ok
t/30_loops/select/z_kogman_sig_order.t ............. ok
t/30_loops/select/z_leolo_wheel_run.t .............. ok
# Using '/bin/true' as our thing to run under system()
t/30_loops/select/z_merijn_sigchld_system.t ........ ok
t/30_loops/select/z_rt39872_sigchld.t .............. ok
# Parent 18619 waiting 3sec for slow systems to settle.
# sending sigusr1
# sent sigusr1
t/30_loops/select/z_rt39872_sigchld_stop.t ......... ok
t/30_loops/select/z_rt53302_fh_watchers.t .......... ok
t/30_loops/select/z_rt54319_bazerka_followtail.t ... ok
t/30_loops/select/z_steinert_signal_integrity.t .... ok
t/90_regression/agaran-filter-httpd.t .............. ok
t/90_regression/averell-callback-ret.t ............. ok
t/90_regression/bingos-followtail.t ................ ok
t/90_regression/broeren-win32-nbio.t ............... skipped: This test examines ActiveState Perl behavior.
t/90_regression/cfedde-filter-httpd.t .............. ok
t/90_regression/ferrari-server-unix.t .............. ok
t/90_regression/grinnz-die-in-die.t ................ ok
Died at t/90_regression/hinrik-wheel-run-die.t line 21.
t/90_regression/hinrik-wheel-run-die.t ............. ok
# This test can take up to 10 seconds
t/90_regression/kjeldahl-stop-start-polling.t ...... ok
# This test can take up to 10 seconds
t/90_regression/kjeldahl-stop-start-sig-nopipe.t ... ok
# This test can take up to 10 seconds
t/90_regression/kjeldahl-stop-start-sig-pipe.t ..... ok
t/90_regression/leolo-sig-die.t .................... ok
t/90_regression/meh-startstop-return.t ............. ok
t/90_regression/neyuki_detach.t .................... ok
t/90_regression/pipe-followtail.t .................. ok
t/90_regression/prumike-win32-stat.t ............... skipped: This test examines Strawberry/ActiveState Perl behavior.
t/90_regression/rt14444-arg1.t ..................... ok
t/90_regression/rt1648-tied-stderr.t ............... ok
t/90_regression/rt19908-merlyn-stop.t .............. ok
t/90_regression/rt23181-sigchld-rc.t ............... ok
t/90_regression/rt47966-sigchld.t .................. skipped: enable by setting RELEASE_TESTING
t/90_regression/rt56417-wheel-run.t ................ ok
t/90_regression/rt65460-forking.t .................. skipped: enable by setting (AUTOMATED|RELEASE)_TESTING
t/90_regression/socketfactory-timeout.t ............ ok
t/90_regression/somni-poco-server-tcp.t ............ ok
t/90_regression/steinert-passed-wheel.t ............ ok
t/90_regression/suzman_windows.t ................... ok
t/90_regression/ton-stop-corruption.t .............. ok
t/90_regression/tracing-sane-exit.t ................ ok
t/90_regression/whelan-dieprop.t ................... ok
t/90_regression/whjackson-followtail.t ............. ok
Test Summary Report
-------------------
t/10_units/05_filters/03_http.t (Wstat: 0 Tests: 137 Failed: 0)
TODO passed: 85
t/30_loops/io_poll/wheel_run.t (Wstat: 256 Tests: 99 Failed: 0)
Non-zero exit status: 1
Parse errors: Bad plan. You planned 103 tests but ran 99.
Files=161, Tests=4205, 117 wallclock secs ( 0.94 usr 0.25 sys + 26.59 cusr 3.20 csys = 30.98 CPU)
Result: FAIL
------------------------------
PREREQUISITES
------------------------------
Prerequisite modules loaded:
No requirements found
------------------------------
ENVIRONMENT AND OTHER CONTEXT
------------------------------
Environment variables:
PATH = /usr/local/sbin:/usr/local/bin:/usr/sbin:/usr/bin:/sbin:/bin
PERL_CPAN_REPORTER_DIR = /etc/cpanm-reporter
TERM = xterm
Perl special variables (and OS-specific diagnostics, for MSWin32):
EGID = 0
EUID = 0
EXECUTABLE_NAME = /usr/local/bin/perl
GID = 0
UID = 0
Perl module toolchain versions installed:
Module Have
------------------- --------
CPAN 2.20
CPAN::Meta 2.150010
Cwd 3.74
ExtUtils::CBuilder 0.280230
ExtUtils::Command 7.34
ExtUtils::Install 2.14
ExtUtils::MakeMaker 7.34
ExtUtils::Manifest 1.70
ExtUtils::ParseXS 3.39
File::Spec 3.74
JSON 4.02
JSON::PP 2.97001
Module::Build 0.4229
Module::Signature n/a
Parse::CPAN::Meta 2.150010
Test::Harness 3.42
Test::More 1.302162
YAML 1.27
YAML::Syck 1.31
version 0.9923
--
Summary of my perl5 (revision 5 version 28 subversion 1) configuration:
Platform:
osname=linux
osvers=4.9.0-8-amd64
archname=x86_64-linux-gnu
uname='linux 05427942e553 4.9.0-8-amd64 #1 smp debian 4.9.110-3+deb9u4 (2018-08-21) x86_64 gnulinux '
config_args='-Darchname=x86_64-linux-gnu -Duse64bitall -Duseshrplib -Dvendorprefix=/usr/local -des'
hint=recommended
useposix=true
d_sigaction=define
useithreads=undef
usemultiplicity=undef
use64bitint=define
use64bitall=define
uselongdouble=undef
usemymalloc=n
default_inc_excludes_dot=define
bincompat5005=undef
Compiler:
cc='cc'
ccflags ='-fwrapv -fno-strict-aliasing -pipe -fstack-protector-strong -I/usr/local/include -D_LARGEFILE_SOURCE -D_FILE_OFFSET_BITS=64 -D_FORTIFY_SOURCE=2'
optimize='-O2'
cppflags='-fwrapv -fno-strict-aliasing -pipe -fstack-protector-strong -I/usr/local/include'
ccversion=''
gccversion='6.3.0 20170516'
gccosandvers=''
intsize=4
longsize=8
ptrsize=8
doublesize=8
byteorder=12345678
doublekind=3
d_longlong=define
longlongsize=8
d_longdbl=define
longdblsize=16
longdblkind=3
ivtype='long'
ivsize=8
nvtype='double'
nvsize=8
Off_t='off_t'
lseeksize=8
alignbytes=8
prototype=define
Linker and Libraries:
ld='cc'
ldflags =' -fstack-protector-strong -L/usr/local/lib'
libpth=/usr/local/lib /usr/lib/gcc/x86_64-linux-gnu/6/include-fixed /usr/include/x86_64-linux-gnu /usr/lib /lib/x86_64-linux-gnu /lib/../lib /usr/lib/x86_64-linux-gnu /usr/lib/../lib /lib
libs=-lpthread -lnsl -lgdbm -ldb -ldl -lm -lcrypt -lutil -lc -lgdbm_compat
perllibs=-lpthread -lnsl -ldl -lm -lcrypt -lutil -lc
libc=libc-2.24.so
so=so
useshrplib=true
libperl=libperl.so
gnulibc_version='2.24'
Dynamic Linking:
dlsrc=dl_dlopen.xs
dlext=so
d_dlsymun=undef
ccdlflags='-Wl,-E -Wl,-rpath,/usr/local/lib/perl5/5.28.1/x86_64-linux-gnu/CORE'
cccdlflags='-fPIC'
lddlflags='-shared -O2 -L/usr/local/lib -fstack-protector-strong'
Characteristics of this binary (from libperl):
Compile-time options:
HAS_TIMES
PERLIO_LAYERS
PERL_COPY_ON_WRITE
PERL_DONT_CREATE_GVSV
PERL_MALLOC_WRAP
PERL_OP_PARENT
PERL_PRESERVE_IVUV
USE_64_BIT_ALL
USE_64_BIT_INT
USE_LARGE_FILES
USE_LOCALE
USE_LOCALE_COLLATE
USE_LOCALE_CTYPE
USE_LOCALE_NUMERIC
USE_LOCALE_TIME
USE_PERLIO
USE_PERL_ATOF
Built under linux
Compiled at Mar 27 2019 01:13:26
%ENV:
PERL_CPAN_REPORTER_DIR="/etc/cpanm-reporter"
@INC:
/usr/local/lib/perl5/site_perl/5.28.1/x86_64-linux-gnu
/usr/local/lib/perl5/site_perl/5.28.1
/usr/local/lib/perl5/vendor_perl/5.28.1/x86_64-linux-gnu
/usr/local/lib/perl5/vendor_perl/5.28.1
/usr/local/lib/perl5/5.28.1/x86_64-linux-gnu
/usr/local/lib/perl5/5.28.1