Lyrics-Fetcher-AZLyrics v0.06 Perl 5 v5.12.1 i86pc-solaris-thread-multi-64

Status
Fail
From
Chris Williams (BINGOS)
Dist
Lyrics-Fetcher-AZLyrics v0.06
Platform
Perl 5 v5.12.1 i86pc-solaris-thread-multi-64
Date
2020-10-24 03:00:40
ID
199dc27a-15a5-11eb-a9f9-f9eb91108de4
This distribution has been tested as part of the CPAN Testers
project, supporting the Perl programming language.  See
http://wiki.cpantesters.org/ for more information or email
questions to cpan-testers-discuss@perl.org


--

Dear BIGPRESH,

This is a computer-generated error report created automatically by
CPANPLUS, version 0.9908. Testers personal comments may appear
at the end of this report.


Thank you for uploading your work to CPAN.  However, it appears that
there were some problems testing your distribution.

TEST RESULTS:

Below is the error stack from stage 'make test':

PERL_DL_NONLAZY=1 "/home/cpan/pit/thr/perl-5.12.1/bin/perl" "-MExtUtils::Command::MM" "-MTest::Harness" "-e" "undef *Test::Harness::Switches; test_harness(0, 'blib/lib', 'blib/arch')" t/*.t
Failed to retrieve https://www.azlyrics.com/lyrics/direstraits/heavyfuel.html (501 Protocol scheme 'https' is not supported (LWP::Protocol::https not installed)) at t/1-basic.t line 55

#   Failed test 'Lyrics look acceptable for Heavy Fuel by Dire Straits'
#   at t/1-basic.t line 72.
#                   ''
#     doesn't match '(?i-xsm:Last time I was sober, man I felt bad)'

#   Failed test '$Lyrics::Fetcher::Error is 'OK''
#   at t/1-basic.t line 74.
#          got: 'Failed to retrieve https://www.azlyrics.com/lyrics/direstraits/heavyfuel.html (501 Protocol scheme 'https' is not supported (LWP::Protocol::https not installed))'
#     expected: 'OK'
Failed to retrieve https://www.azlyrics.com/lyrics/oasis/turnupthesun.html (501 Protocol scheme 'https' is not supported (LWP::Protocol::https not installed)) at t/1-basic.t line 55

#   Failed test 'Lyrics look acceptable for Turn Up The Sun by Oasis'
#   at t/1-basic.t line 72.
#                   ''
#     doesn't match '(?i-xsm:Come on, Turn up the sun)'

#   Failed test '$Lyrics::Fetcher::Error is 'OK''
#   at t/1-basic.t line 74.
#          got: 'Failed to retrieve https://www.azlyrics.com/lyrics/oasis/turnupthesun.html (501 Protocol scheme 'https' is not supported (LWP::Protocol::https not installed))'
#     expected: 'OK'
Failed to retrieve https://www.azlyrics.com/lyrics/nobodyinparticular/thissongdoesnotexist.html (501 Protocol scheme 'https' is not supported (LWP::Protocol::https not installed)) at t/1-basic.t line 55

#   Failed test 'Got expected error message'
#   at t/1-basic.t line 64.
#          got: 'Failed to retrieve https://www.azlyrics.com/lyrics/nobodyinparticular/thissongdoesnotexist.html (501 Protocol scheme 'https' is not supported (LWP::Protocol::https not installed))'
#     expected: 'Lyrics not found'
# Looks like you failed 5 tests of 12.
t/1-basic.t ......... 
Dubious, test returned 5 (wstat 1280, 0x500)
Failed 5/12 subtests 
	(less 6 skipped subtests: 1 okay)
t/2-pod.t ........... skipped: Test::Pod 1.00 required for testing POD
t/3-pod-coverage.t .. skipped: Test::Pod::Coverage 1.00 required for testing POD coverage

Test Summary Report
-------------------
t/1-basic.t       (Wstat: 1280 Tests: 12 Failed: 5)
  Failed tests:  3-4, 7-8, 10
  Non-zero exit status: 5
Files=3, Tests=12,  1 wallclock secs ( 0.04 usr  0.02 sys +  0.41 cusr  0.12 csys =  0.59 CPU)
Result: FAIL
Failed 1/3 test programs. 5/12 subtests failed.
*** Error code 255
make: Fatal error: Command failed for target `test_dynamic'


PREREQUISITES:

Here is a list of prerequisites you specified and versions we
managed to load:

	  Module Name                        Have     Want
	  ExtUtils::MakeMaker                7.48        0
	  HTML::Strip                        2.10        0
	  LWP::UserAgent                     6.49        0

Perl module toolchain versions installed:
	Module Name                        Have
	CPANPLUS                         0.9908
	CPANPLUS::Dist::Build              0.90
	Cwd                                3.75
	ExtUtils::CBuilder             0.280234
	ExtUtils::Command                  7.48
	ExtUtils::Install                  2.18
	ExtUtils::MakeMaker                7.48
	ExtUtils::Manifest                 1.72
	ExtUtils::ParseXS                  3.35
	File::Spec                         3.75
	Module::Build                    0.4231
	Pod::Parser                        1.37
	Pod::Simple                        3.14
	Test2                          1.302181
	Test::Harness                      3.42
	Test::More                     1.302181
	version                          0.9928

******************************** NOTE ********************************
The comments above are created mechanically, possibly without manual
checking by the sender.  As there are many people performing automatic
tests on each upload to CPAN, it is likely that you will receive
identical messages about the same problem.

If you believe that the message is mistaken, please reply to the first
one with correction and/or additional informations, and do not take
it personally.  We appreciate your patience. :)
**********************************************************************

Additional comments:


This report was machine-generated by CPANPLUS::Dist::YACSmoke 1.08.
Powered by minismokebox version 0.68

CPANPLUS is prefering Build.PL

------------------------------
ENVIRONMENT AND OTHER CONTEXT
------------------------------

Environment variables:

    AUTOMATED_TESTING = 1
    LANG = en_GB.UTF-8
    NONINTERACTIVE_TESTING = 1
    PATH = /usr/bin:/usr/sbin:/sbin:/opt/ooce/bin:/usr/gnu/bin
    PERL5LIB = /home/cpan/pit/jail/J43w8wtiLc/lib/perl5:/home/cpan/pit/thr/conf/perl-5.12.1/.cpanplus/5.12.1/build/tF_c1fcRvS/Lyrics-Fetcher-AZLyrics-0.06/blib/lib:/home/cpan/pit/thr/conf/perl-5.12.1/.cpanplus/5.12.1/build/tF_c1fcRvS/Lyrics-Fetcher-AZLyrics-0.06/blib/arch
    PERL5_CPANPLUS_IS_RUNNING = 20625
    PERL5_CPANPLUS_IS_VERSION = 0.9908
    PERL5_MINISMOKEBOX = 0.68
    PERL5_YACSMOKE_BASE = /home/cpan/pit/thr/conf/perl-5.12.1
    PERL_EXTUTILS_AUTOINSTALL = --defaultdeps
    PERL_LOCAL_LIB_ROOT = /home/cpan/pit/jail/J43w8wtiLc
    PERL_MB_OPT = --install_base "/home/cpan/pit/jail/J43w8wtiLc"
    PERL_MM_OPT = INSTALL_BASE=/home/cpan/pit/jail/J43w8wtiLc
    PERL_MM_USE_DEFAULT = 1
    SHELL = /bin/bash
    TERM = screen

Perl special variables (and OS-specific diagnostics, for MSWin32):

    Perl: $^X = /home/cpan/pit/thr/perl-5.12.1/bin/perl
    UID:  $<  = 101
    EUID: $>  = 101
    GID:  $(  = 101 101
    EGID: $)  = 101 101


-------------------------------


--

Summary of my perl5 (revision 5 version 12 subversion 1) configuration:
   
  Platform:
    osname=solaris, osvers=2.11, archname=i86pc-solaris-thread-multi-64
    uname='sunos ouzel 5.11 omnios-r151034-0d278a0cc5 i86pc i386 i86pc '
    config_args='-des -Dprefix=/home/cpan/pit/thr/perl-5.12.1 -Dusethreads -Duse64bitall -Dcc=gcc'
    hint=recommended, useposix=true, d_sigaction=define
    useithreads=define, usemultiplicity=define
    useperlio=define, d_sfio=undef, uselargefiles=define, usesocks=undef
    use64bitint=define, use64bitall=define, uselongdouble=undef
    usemymalloc=n, bincompat5005=undef
  Compiler:
    cc='gcc', ccflags ='-D_REENTRANT -m64 -fwrapv -fno-strict-aliasing -pipe -fstack-protector -D_LARGEFILE_SOURCE -D_FILE_OFFSET_BITS=64 -DPERL_USE_SAFE_PUTENV',
    optimize='-O',
    cppflags='-D_REENTRANT -m64 -fwrapv -fno-strict-aliasing -pipe -fstack-protector'
    ccversion='', gccversion='9.3.0', gccosandvers=''
    intsize=4, longsize=8, ptrsize=8, doublesize=8, byteorder=12345678
    d_longlong=define, longlongsize=8, d_longdbl=define, longdblsize=16
    ivtype='long', ivsize=8, nvtype='double', nvsize=8, Off_t='off_t', lseeksize=8
    alignbytes=8, prototype=define
  Linker and Libraries:
    ld='gcc', ldflags =' -m64 -fstack-protector -L/usr/gnu/lib '
    libpth=/usr/gnu/lib /usr/lib /usr/ccs/lib
    libs=-lsocket -lnsl -ldl -lm -lpthread -lc
    perllibs=-lsocket -lnsl -ldl -lm -lpthread -lc
    libc=/lib/libc.so, so=so, useshrplib=true, libperl=libperl.so
    gnulibc_version=''
  Dynamic Linking:
    dlsrc=dl_dlopen.xs, dlext=so, d_dlsymun=undef, ccdlflags='  -R /home/cpan/pit/thr/perl-5.12.1/lib/5.12.1/i86pc-solaris-thread-multi-64/CORE'
    cccdlflags='-fPIC', lddlflags=' -shared -m64 -L/usr/gnu/lib -fstack-protector'


Characteristics of this binary (from libperl): 
  Compile-time options: MULTIPLICITY PERL_DONT_CREATE_GVSV
                        PERL_IMPLICIT_CONTEXT PERL_MALLOC_WRAP
                        PERL_USE_SAFE_PUTENV USE_64_BIT_ALL USE_64_BIT_INT
                        USE_ITHREADS USE_LARGE_FILES USE_PERLIO USE_PERL_ATOF
                        USE_REENTRANT_API
  Locally applied patches:
	Devel::PatchPerl 2.00
  Built under solaris
  Compiled at Aug 19 2020 21:25:57
  %ENV:
    PERL5LIB="/home/cpan/pit/jail/J43w8wtiLc/lib/perl5:/home/cpan/pit/thr/conf/perl-5.12.1/.cpanplus/5.12.1/build/tF_c1fcRvS/Lyrics-Fetcher-AZLyrics-0.06/blib/lib:/home/cpan/pit/thr/conf/perl-5.12.1/.cpanplus/5.12.1/build/tF_c1fcRvS/Lyrics-Fetcher-AZLyrics-0.06/blib/arch"
    PERL5_CPANPLUS_IS_RUNNING="20625"
    PERL5_CPANPLUS_IS_VERSION="0.9908"
    PERL5_MINISMOKEBOX="0.68"
    PERL5_YACSMOKE_BASE="/home/cpan/pit/thr/conf/perl-5.12.1"
    PERL_EXTUTILS_AUTOINSTALL="--defaultdeps"
    PERL_LOCAL_LIB_ROOT="/home/cpan/pit/jail/J43w8wtiLc"
    PERL_MB_OPT="--install_base "/home/cpan/pit/jail/J43w8wtiLc""
    PERL_MM_OPT="INSTALL_BASE=/home/cpan/pit/jail/J43w8wtiLc"
    PERL_MM_USE_DEFAULT="1"
  @INC:
    /home/cpan/pit/jail/J43w8wtiLc/lib/perl5/5.12.1/i86pc-solaris-thread-multi-64
    /home/cpan/pit/jail/J43w8wtiLc/lib/perl5/5.12.1
    /home/cpan/pit/jail/J43w8wtiLc/lib/perl5/i86pc-solaris-thread-multi-64
    /home/cpan/pit/jail/J43w8wtiLc/lib/perl5
    /home/cpan/pit/thr/conf/perl-5.12.1/.cpanplus/5.12.1/build/tF_c1fcRvS/Lyrics-Fetcher-AZLyrics-0.06/blib/lib
    /home/cpan/pit/thr/conf/perl-5.12.1/.cpanplus/5.12.1/build/tF_c1fcRvS/Lyrics-Fetcher-AZLyrics-0.06/blib/arch
    /home/cpan/pit/thr/perl-5.12.1/lib/site_perl/5.12.1/i86pc-solaris-thread-multi-64
    /home/cpan/pit/thr/perl-5.12.1/lib/site_perl/5.12.1
    /home/cpan/pit/thr/perl-5.12.1/lib/5.12.1/i86pc-solaris-thread-multi-64
    /home/cpan/pit/thr/perl-5.12.1/lib/5.12.1
    .