Report for String-Gsub-0.04

Back
From: metabase:user:9820532a-708b-1014-9a05-b18a96298da1
Subject: FAIL String-Gsub-0.04 v5.15.3 GNU/Linux
Date: 2011-09-26T02:49:05Z

This distribution has been tested as part of the CPAN Testers
project, supporting the Perl programming language.  See
http://wiki.cpantesters.org/ for more information or email
questions to cpan-testers-discuss@perl.org


--
Dear YAMASHINA Hio,

This is a computer-generated report for String-Gsub-0.04
on perl 5.15.3, created by CPAN-Reporter-1.2002.

Thank you for uploading your work to CPAN.  However, there was a problem
testing your distribution.

If you think this report is invalid, please consult the CPAN Testers Wiki
for suggestions on how to avoid getting FAIL reports for missing library
or binary dependencies, unsupported operating systems, and so on:

http://wiki.cpantesters.org/wiki/CPANAuthorNotes

Sections of this report:

    * Tester comments
    * Program output
    * Prerequisites
    * Environment and other context

------------------------------
TESTER COMMENTS
------------------------------

Additional comments from tester:

this report is from an automated smoke testing program
and was not reviewed by a human for accuracy

------------------------------
PROGRAM OUTPUT
------------------------------

Output from '/usr/bin/make test':

PERL_DL_NONLAZY=1 /home/test/perl5/perlbrew/perls/perl-5.15.3/bin/perl5.15.3 "-MExtUtils::Command::MM" "-e" "test_harness(0, 'blib/lib', 'blib/arch')" t/*.t
# Testing String::Gsub 0.04, Perl 5.015003, /home/test/perl5/perlbrew/perls/perl-5.15.3/bin/perl5.15.3
t/00-load.t ......... ok
t/boilerplate.t ..... ok
t/gsub-functions.t .. ok

#   Failed test 'gsub result'
#   at t/gsub.t line 17.
# An error occurred while using eq:
# ------------------------------------
# Operation "eq": no method found,
# 	left argument in overloaded package String::Gsub,
# 	right argument has no overloaded magic at (eval in cmp_ok) t/gsub.t line 17.
# 
# ------------------------------------
#          got: 'aBcaBc'
#     expected: 'aBcaBc'

#   Failed test 'gsub returns new object'
#   at t/gsub.t line 18.
# An error occurred while using ne:
# ------------------------------------
# Operation "ne": no method found,
# 	left argument in overloaded package String::Gsub,
# 	right argument in overloaded package String::Gsub at (eval in cmp_ok) t/gsub.t line 18.
# 
# ------------------------------------
#          got: 'aBcaBc'
#     expected: anything else

#   Failed test 'gsub twice'
#   at t/gsub.t line 20.
# An error occurred while using eq:
# ------------------------------------
# Operation "eq": no method found,
# 	left argument in overloaded package String::Gsub,
# 	right argument has no overloaded magic at (eval in cmp_ok) t/gsub.t line 20.
# 
# ------------------------------------
#          got: 'AbCAbC'
#     expected: 'AbCAbC'

#   Failed test 'gsub doesnt change original'
#   at t/gsub.t line 21.
# An error occurred while using eq:
# ------------------------------------
# Operation "eq": no method found,
# 	left argument in overloaded package String::Gsub,
# 	right argument has no overloaded magic at (eval in cmp_ok) t/gsub.t line 21.
# 
# ------------------------------------
#          got: 'abcabc'
#     expected: 'abcabc'

#   Failed test 'gsubx result'
#   at t/gsub.t line 28.
# An error occurred while using eq:
# ------------------------------------
# Operation "eq": no method found,
# 	left argument in overloaded package String::Gsub,
# 	right argument has no overloaded magic at (eval in cmp_ok) t/gsub.t line 28.
# 
# ------------------------------------
#          got: 'aBcaBc'
#     expected: 'aBcaBc'

#   Failed test 'gsubx returns itself'
#   at t/gsub.t line 29.
# An error occurred while using eq:
# ------------------------------------
# Operation "eq": no method found,
# 	left argument in overloaded package String::Gsub,
# 	right argument in overloaded package String::Gsub at (eval in cmp_ok) t/gsub.t line 29.
# 
# ------------------------------------
#          got: 'aBcaBc'
#     expected: 'aBcaBc'

#   Failed test 'gsubx changes original'
#   at t/gsub.t line 30.
# An error occurred while using eq:
# ------------------------------------
# Operation "eq": no method found,
# 	left argument in overloaded package String::Gsub,
# 	right argument has no overloaded magic at (eval in cmp_ok) t/gsub.t line 30.
# 
# ------------------------------------
#          got: 'aBcaBc'
#     expected: 'aBcaBc'

#   Failed test 'sub result'
#   at t/gsub.t line 37.
# An error occurred while using eq:
# ------------------------------------
# Operation "eq": no method found,
# 	left argument in overloaded package String::Gsub,
# 	right argument has no overloaded magic at (eval in cmp_ok) t/gsub.t line 37.
# 
# ------------------------------------
#          got: 'aBcabc'
#     expected: 'aBcabc'

#   Failed test 'sub returns new object'
#   at t/gsub.t line 38.
# An error occurred while using ne:
# ------------------------------------
# Operation "ne": no method found,
# 	left argument in overloaded package String::Gsub,
# 	right argument in overloaded package String::Gsub at (eval in cmp_ok) t/gsub.t line 38.
# 
# ------------------------------------
#          got: 'aBcabc'
#     expected: anything else

#   Failed test 'sub twice'
#   at t/gsub.t line 40.
# An error occurred while using eq:
# ------------------------------------
# Operation "eq": no method found,
# 	left argument in overloaded package String::Gsub,
# 	right argument has no overloaded magic at (eval in cmp_ok) t/gsub.t line 40.
# 
# ------------------------------------
#          got: 'AbCabc'
#     expected: 'AbCabc'

#   Failed test 'sub doesnt change original'
#   at t/gsub.t line 41.
# An error occurred while using eq:
# ------------------------------------
# Operation "eq": no method found,
# 	left argument in overloaded package String::Gsub,
# 	right argument has no overloaded magic at (eval in cmp_ok) t/gsub.t line 41.
# 
# ------------------------------------
#          got: 'abcabc'
#     expected: 'abcabc'

#   Failed test 'subx result'
#   at t/gsub.t line 48.
# An error occurred while using eq:
# ------------------------------------
# Operation "eq": no method found,
# 	left argument in overloaded package String::Gsub,
# 	right argument has no overloaded magic at (eval in cmp_ok) t/gsub.t line 48.
# 
# ------------------------------------
#          got: 'aBcabc'
#     expected: 'aBcabc'

#   Failed test 'subx returns itself'
#   at t/gsub.t line 49.
# An error occurred while using eq:
# ------------------------------------
# Operation "eq": no method found,
# 	left argument in overloaded package String::Gsub,
# 	right argument in overloaded package String::Gsub at (eval in cmp_ok) t/gsub.t line 49.
# 
# ------------------------------------
#          got: 'aBcabc'
#     expected: 'aBcabc'

#   Failed test 'subx changes original'
#   at t/gsub.t line 50.
# An error occurred while using eq:
# ------------------------------------
# Operation "eq": no method found,
# 	left argument in overloaded package String::Gsub,
# 	right argument has no overloaded magic at (eval in cmp_ok) t/gsub.t line 50.
# 
# ------------------------------------
#          got: 'aBcabc'
#     expected: 'aBcabc'
# Looks like you failed 14 tests of 16.
t/gsub.t ............ 
Dubious, test returned 14 (wstat 3584, 0xe00)
Failed 14/16 subtests 
t/pod-coverage.t .... ok
t/pod.t ............. ok

#   Failed test 'gsub result'
#   at t/string-pattern.t line 21.
# An error occurred while using eq:
# ------------------------------------
# Operation "eq": no method found,
# 	left argument in overloaded package String::Gsub,
# 	right argument has no overloaded magic at (eval in cmp_ok) t/string-pattern.t line 21.
# 
# ------------------------------------
#          got: 'a(b)ca(b)c'
#     expected: 'a(b)ca(b)c'

#   Failed test 'gsub returns new object'
#   at t/string-pattern.t line 22.
# An error occurred while using ne:
# ------------------------------------
# Operation "ne": no method found,
# 	left argument in overloaded package String::Gsub,
# 	right argument in overloaded package String::Gsub at (eval in cmp_ok) t/string-pattern.t line 22.
# 
# ------------------------------------
#          got: 'a(b)ca(b)c'
#     expected: anything else

#   Failed test 'gsub doesnt change original'
#   at t/string-pattern.t line 23.
# An error occurred while using eq:
# ------------------------------------
# Operation "eq": no method found,
# 	left argument in overloaded package String::Gsub,
# 	right argument has no overloaded magic at (eval in cmp_ok) t/string-pattern.t line 23.
# 
# ------------------------------------
#          got: 'abcabc'
#     expected: 'abcabc'

#   Failed test 'gsubx result'
#   at t/string-pattern.t line 30.
# An error occurred while using eq:
# ------------------------------------
# Operation "eq": no method found,
# 	left argument in overloaded package String::Gsub,
# 	right argument has no overloaded magic at (eval in cmp_ok) t/string-pattern.t line 30.
# 
# ------------------------------------
#          got: 'a(b)ca(b)c'
#     expected: 'a(b)ca(b)c'

#   Failed test 'gsubx returns itself'
#   at t/string-pattern.t line 31.
# An error occurred while using eq:
# ------------------------------------
# Operation "eq": no method found,
# 	left argument in overloaded package String::Gsub,
# 	right argument in overloaded package String::Gsub at (eval in cmp_ok) t/string-pattern.t line 31.
# 
# ------------------------------------
#          got: 'a(b)ca(b)c'
#     expected: 'a(b)ca(b)c'

#   Failed test 'gsubx changes original'
#   at t/string-pattern.t line 32.
# An error occurred while using eq:
# ------------------------------------
# Operation "eq": no method found,
# 	left argument in overloaded package String::Gsub,
# 	right argument has no overloaded magic at (eval in cmp_ok) t/string-pattern.t line 32.
# 
# ------------------------------------
#          got: 'a(b)ca(b)c'
#     expected: 'a(b)ca(b)c'

#   Failed test 'sub result'
#   at t/string-pattern.t line 39.
# An error occurred while using eq:
# ------------------------------------
# Operation "eq": no method found,
# 	left argument in overloaded package String::Gsub,
# 	right argument has no overloaded magic at (eval in cmp_ok) t/string-pattern.t line 39.
# 
# ------------------------------------
#          got: 'a(b)cabc'
#     expected: 'a(b)cabc'

#   Failed test 'sub returns new object'
#   at t/string-pattern.t line 40.
# An error occurred while using ne:
# ------------------------------------
# Operation "ne": no method found,
# 	left argument in overloaded package String::Gsub,
# 	right argument in overloaded package String::Gsub at (eval in cmp_ok) t/string-pattern.t line 40.
# 
# ------------------------------------
#          got: 'a(b)cabc'
#     expected: anything else

#   Failed test 'sub doesnt change original'
#   at t/string-pattern.t line 41.
# An error occurred while using eq:
# ------------------------------------
# Operation "eq": no method found,
# 	left argument in overloaded package String::Gsub,
# 	right argument has no overloaded magic at (eval in cmp_ok) t/string-pattern.t line 41.
# 
# ------------------------------------
#          got: 'abcabc'
#     expected: 'abcabc'

#   Failed test 'subx result'
#   at t/string-pattern.t line 48.
# An error occurred while using eq:
# ------------------------------------
# Operation "eq": no method found,
# 	left argument in overloaded package String::Gsub,
# 	right argument has no overloaded magic at (eval in cmp_ok) t/string-pattern.t line 48.
# 
# ------------------------------------
#          got: 'a(b)cabc'
#     expected: 'a(b)cabc'

#   Failed test 'subx returns itself'
#   at t/string-pattern.t line 49.
# An error occurred while using eq:
# ------------------------------------
# Operation "eq": no method found,
# 	left argument in overloaded package String::Gsub,
# 	right argument in overloaded package String::Gsub at (eval in cmp_ok) t/string-pattern.t line 49.
# 
# ------------------------------------
#          got: 'a(b)cabc'
#     expected: 'a(b)cabc'

#   Failed test 'subx changes original'
#   at t/string-pattern.t line 50.
# An error occurred while using eq:
# ------------------------------------
# Operation "eq": no method found,
# 	left argument in overloaded package String::Gsub,
# 	right argument has no overloaded magic at (eval in cmp_ok) t/string-pattern.t line 50.
# 
# ------------------------------------
#          got: 'a(b)cabc'
#     expected: 'a(b)cabc'

#   Failed test 'argument of match callback'
#   at t/string-pattern.t line 57.
# An error occurred while using eq:
# ------------------------------------
# Operation "eq": no method found,
# 	left argument in overloaded package String::Gsub,
# 	right argument has no overloaded magic at (eval in cmp_ok) t/string-pattern.t line 57.
# 
# ------------------------------------
#          got: 'aBcaBc'
#     expected: 'aBcaBc'

#   Failed test 'gsub match value'
#   at t/string-pattern.t line 64.
# An error occurred while using eq:
# ------------------------------------
# Operation "eq": no method found,
# 	left argument in overloaded package String::Gsub,
# 	right argument has no overloaded magic at (eval in cmp_ok) t/string-pattern.t line 64.
# 
# ------------------------------------
#          got: 'a(b)ca(b)c'
#     expected: 'a(b)ca(b)c'

#   Failed test 'gsub prematch value'
#   at t/string-pattern.t line 68.
# An error occurred while using eq:
# ------------------------------------
# Operation "eq": no method found,
# 	left argument in overloaded package String::Gsub,
# 	right argument has no overloaded magic at (eval in cmp_ok) t/string-pattern.t line 68.
# 
# ------------------------------------
#          got: 'a(a)ca(abca)c'
#     expected: 'a(a)ca(abca)c'

#   Failed test 'gsub postmatch value'
#   at t/string-pattern.t line 72.
# An error occurred while using eq:
# ------------------------------------
# Operation "eq": no method found,
# 	left argument in overloaded package String::Gsub,
# 	right argument has no overloaded magic at (eval in cmp_ok) t/string-pattern.t line 72.
# 
# ------------------------------------
#          got: 'a(cabc)ca(c)c'
#     expected: 'a(cabc)ca(c)c'

#   Failed test '. matches just `.''
#   at t/string-pattern.t line 79.
# An error occurred while using eq:
# ------------------------------------
# Operation "eq": no method found,
# 	left argument in overloaded package String::Gsub,
# 	right argument has no overloaded magic at (eval in cmp_ok) t/string-pattern.t line 79.
# 
# ------------------------------------
#          got: 'abc(.)abc(.)'
#     expected: 'abc(.)abc(.)'
# Looks like you failed 17 tests of 17.
t/string-pattern.t .. 
Dubious, test returned 17 (wstat 4352, 0x1100)
Failed 17/17 subtests 

Test Summary Report
-------------------
t/gsub.t          (Wstat: 3584 Tests: 16 Failed: 14)
  Failed tests:  1-2, 4-10, 12-16
  Non-zero exit status: 14
t/string-pattern.t (Wstat: 4352 Tests: 17 Failed: 17)
  Failed tests:  1-17
  Non-zero exit status: 17
Files=7, Tests=58,  0 wallclock secs ( 0.05 usr  0.02 sys +  0.36 cusr  0.05 csys =  0.48 CPU)
Result: FAIL
Failed 2/7 test programs. 31/58 subtests failed.
make: *** [test_dynamic] Error 17

------------------------------
PREREQUISITES
------------------------------

Prerequisite modules loaded:

requires:

    Module              Need Have   
    ------------------- ---- -------
    Exporter            0    5.65   
    Test::More          0    0.98   

build_requires:

    Module              Need Have   
    ------------------- ---- -------
    ExtUtils::MakeMaker 0    6.61_01


------------------------------
ENVIRONMENT AND OTHER CONTEXT
------------------------------

Environment variables:

    AUTOMATED_TESTING = 1
    LANG = C
    LC_ALL = C
    PATH = /home/test/bin:/home/test/perl5/perlbrew/bin:/home/test/perl5/perlbrew/perls/perl-5.15.3/bin:~/bin:/usr/bin:/bin
    PATH_WITHOUT_PERLBREW = ~/bin:/usr/bin:/bin
    PERL5LIB = 
    PERL5OPT = 
    PERL5_CPANPLUS_IS_RUNNING = 22513
    PERL5_CPAN_IS_RUNNING = 22513
    PERL5_CPAN_IS_RUNNING_IN_RECURSION = 28684,22513
    PERLBREW_HOME = /home/test/.perlbrew
    PERLBREW_PATH = /home/test/perl5/perlbrew/bin:/home/test/perl5/perlbrew/perls/perl-5.15.3/bin
    PERLBREW_PERL = perl-5.15.3
    PERLBREW_ROOT = /home/test/perl5/perlbrew
    PERLBREW_VERSION = 0.29
    PERL_CPANM_OPT = --prompt --mirror file:///mirrors/cpan/
    PERL_CR_SMOKER_CURRENT = String-Gsub-0.04
    PERL_EXTUTILS_AUTOINSTALL = --defaultdeps
    PERL_MM_USE_DEFAULT = 1
    SHELL = /bin/bash
    TERM = linux

Perl special variables (and OS-specific diagnostics, for MSWin32):

    $^X = /home/test/perl5/perlbrew/perls/perl-5.15.3/bin/perl5.15.3
    $UID/$EUID = 1001 / 1001
    $GID = 1001 1001
    $EGID = 1001 1001

Perl module toolchain versions installed:

    Module              Have    
    ------------------- --------
    CPAN                1.9800  
    CPAN::Meta          2.112621
    Cwd                 3.33    
    ExtUtils::CBuilder  0.280202
    ExtUtils::Command   1.17    
    ExtUtils::Install   1.52    
    ExtUtils::MakeMaker 6.61_01 
    ExtUtils::Manifest  1.60    
    ExtUtils::ParseXS   3.04    
    File::Spec          3.33    
    JSON                2.27    
    JSON::PP            2.27008 
    Module::Build       0.3800  
    Module::Signature   n/a     
    Parse::CPAN::Meta   1.4401  
    Test::Harness       3.23    
    Test::More          0.98    
    YAML                0.73    
    YAML::Syck          n/a     
    version             0.94    


--

Summary of my perl5 (revision 5 version 15 subversion 3) configuration:
   
  Platform:
    osname=linux, osvers=2.6.35-28-generic, archname=x86_64-linux
    uname='linux zippy 2.6.35-28-generic #50-ubuntu smp fri mar 18 18:42:20 utc 2011 x86_64 gnulinux '
    config_args='-de -Dprefix=/home/test/perl5/perlbrew/perls/perl-5.15.3 -Dusedevel'
    hint=recommended, useposix=true, d_sigaction=define
    useithreads=undef, usemultiplicity=undef
    useperlio=define, d_sfio=undef, uselargefiles=define, usesocks=undef
    use64bitint=define, use64bitall=define, uselongdouble=undef
    usemymalloc=n, bincompat5005=undef
  Compiler:
    cc='cc', ccflags ='-fno-strict-aliasing -pipe -fstack-protector -I/usr/local/include -D_LARGEFILE_SOURCE -D_FILE_OFFSET_BITS=64',
    optimize='-O2',
    cppflags='-fno-strict-aliasing -pipe -fstack-protector -I/usr/local/include'
    ccversion='', gccversion='4.4.5', gccosandvers=''
    intsize=4, longsize=8, ptrsize=8, doublesize=8, byteorder=12345678
    d_longlong=define, longlongsize=8, d_longdbl=define, longdblsize=16
    ivtype='long', ivsize=8, nvtype='double', nvsize=8, Off_t='off_t', lseeksize=8
    alignbytes=8, prototype=define
  Linker and Libraries:
    ld='cc', ldflags =' -fstack-protector -L/usr/local/lib'
    libpth=/usr/local/lib /lib/../lib /usr/lib/../lib /lib /usr/lib /usr/lib/x86_64-linux-gnu /lib64 /usr/lib64
    libs=-lnsl -ldl -lm -lcrypt -lutil -lc
    perllibs=-lnsl -ldl -lm -lcrypt -lutil -lc
    libc=/lib/libc-2.12.1.so, so=so, useshrplib=false, libperl=libperl.a
    gnulibc_version='2.12.1'
  Dynamic Linking:
    dlsrc=dl_dlopen.xs, dlext=so, d_dlsymun=undef, ccdlflags='-Wl,-E'
    cccdlflags='-fPIC', lddlflags='-shared -O2 -L/usr/local/lib -fstack-protector'


Characteristics of this binary (from libperl): 
  Compile-time options: HAS_TIMES PERLIO_LAYERS PERL_DONT_CREATE_GVSV
                        PERL_MALLOC_WRAP PERL_PRESERVE_IVUV PERL_USE_DEVEL
                        USE_64_BIT_ALL USE_64_BIT_INT USE_LARGE_FILES
                        USE_LOCALE USE_LOCALE_COLLATE USE_LOCALE_CTYPE
                        USE_LOCALE_NUMERIC USE_PERLIO USE_PERL_ATOF
  Built under linux
  Compiled at Sep 22 2011 10:55:20
  %ENV:
    PERL5LIB=""
    PERL5OPT=""
    PERL5_CPANPLUS_IS_RUNNING="22513"
    PERL5_CPAN_IS_RUNNING="22513"
    PERL5_CPAN_IS_RUNNING_IN_RECURSION="28684,22513"
    PERLBREW_HOME="/home/test/.perlbrew"
    PERLBREW_PATH="/home/test/perl5/perlbrew/bin:/home/test/perl5/perlbrew/perls/perl-5.15.3/bin"
    PERLBREW_PERL="perl-5.15.3"
    PERLBREW_ROOT="/home/test/perl5/perlbrew"
    PERLBREW_VERSION="0.29"
    PERL_CPANM_OPT="--prompt --mirror file:///mirrors/cpan/"
    PERL_CR_SMOKER_CURRENT="String-Gsub-0.04"
    PERL_EXTUTILS_AUTOINSTALL="--defaultdeps"
    PERL_MM_USE_DEFAULT="1"
  @INC:
    /home/test/perl5/perlbrew/perls/perl-5.15.3/lib/site_perl/5.15.3/x86_64-linux
    /home/test/perl5/perlbrew/perls/perl-5.15.3/lib/site_perl/5.15.3
    /home/test/perl5/perlbrew/perls/perl-5.15.3/lib/5.15.3/x86_64-linux
    /home/test/perl5/perlbrew/perls/perl-5.15.3/lib/5.15.3
    .