Perlbal v1.80 Perl 5 v5.27.4 x86_64-linux-ld

Status
Fail
From
Andreas J. König (ANDK)
Dist
Perlbal v1.80
Platform
Perl 5 v5.27.4 x86_64-linux-ld
Date
2017-09-29 06:54:54
ID
18fa03e6-a4e3-11e7-a81f-14805c51535f
This distribution has been tested as part of the CPAN Testers
project, supporting the Perl programming language.  See
http://wiki.cpantesters.org/ for more information or email
questions to cpan-testers-discuss@perl.org


--
Dear Alan Kasindorf,

This is a computer-generated report for Perlbal-1.80
on perl 5.27.4, created by CPAN-Reporter-1.2018.

Thank you for uploading your work to CPAN.  However, there was a problem
testing your distribution.

If you think this report is invalid, please consult the CPAN Testers Wiki
for suggestions on how to avoid getting FAIL reports for missing library
or binary dependencies, unsupported operating systems, and so on:

http://wiki.cpantesters.org/wiki/CPANAuthorNotes

Sections of this report:

    * Tester comments
    * Program output
    * Prerequisites
    * Environment and other context

------------------------------
TESTER COMMENTS
------------------------------

Additional comments from tester:

this report is from an automated smoke testing program
and was not reviewed by a human for accuracy

------------------------------
PROGRAM OUTPUT
------------------------------

Output from '/usr/bin/make test':

PERL_DL_NONLAZY=1 "/home/sand/src/perl/repoperls/installed-perls/host/k93msid/v5.27.4/0a29/bin/perl" "-MExtUtils::Command::MM" "-MTest::Harness" "-e" "undef *Test::Harness::Switches; test_harness(0, 'blib/lib', 'blib/arch')" t/*.t
t/00-use.t ............... ok
t/10-testharness.t ....... ok
t/12-headers.t ........... ok
Configuration error at /tmp/loop_over_bdir-1261-hg8bAJ/Perlbal-1.80-0/blib/lib/Perlbal/Test.pm line 290, <GEN36> line 6.
Child process (webserver) died.
# Looks like your test exited with 111 just after 7.
Can't use an undefined value as a symbol reference at /tmp/loop_over_bdir-1261-hg8bAJ/Perlbal-1.80-0/blib/lib/Perlbal/Test.pm line 173.
END failed--call queue aborted.
t/13-server-tokens.t ..... 
Dubious, test returned 255 (wstat 65280, 0xff00)
Failed 6/13 subtests 
Configuration error at /tmp/loop_over_bdir-1261-hg8bAJ/Perlbal-1.80-0/blib/lib/Perlbal/Test.pm line 290.
Child process (webserver) died.
# Looks like your test exited with 111 before it could output anything.
Can't use an undefined value as a symbol reference at /tmp/loop_over_bdir-1261-hg8bAJ/Perlbal-1.80-0/blib/lib/Perlbal/Test.pm line 173.
END failed--call queue aborted.
t/15-webserver.t ......... 
Dubious, test returned 255 (wstat 65280, 0xff00)
Failed 17/17 subtests 
t/17-webserver-concat.t .. ok
Configuration error at /tmp/loop_over_bdir-1261-hg8bAJ/Perlbal-1.80-0/blib/lib/Perlbal/Test.pm line 290.
Child process (webserver) died.
Can't use an undefined value as a symbol reference at /tmp/loop_over_bdir-1261-hg8bAJ/Perlbal-1.80-0/blib/lib/Perlbal/Test.pm line 173.
END failed--call queue aborted.
t/20-put.t ............... skipped: (no reason given)
# Writing: 500
# Writing: 5
# Writing: 5
# Writing: 5
# Writing: 100000
# Writing: 60000
# Writing: 1000
# Writing: 338485
t/22-chunked-put.t ....... ok
t/30-reverseproxy.t ...... ok
Configuration error at /tmp/loop_over_bdir-1261-hg8bAJ/Perlbal-1.80-0/blib/lib/Perlbal/Test.pm line 290, <GEN69> line 1.
Child process (webserver) died.
# Looks like your test exited with 29 just after 1.
Can't use an undefined value as a symbol reference at /tmp/loop_over_bdir-1261-hg8bAJ/Perlbal-1.80-0/blib/lib/Perlbal/Test.pm line 173.
END failed--call queue aborted.
t/31-realworld.t ......... 
Dubious, test returned 255 (wstat 65280, 0xff00)
Failed 156/157 subtests 
# separator length 2
# separator length 0
500 response!
t/32-pipelining.t ........ ok
t/32-selector.t .......... ok
t/35-reproxy.t ........... ok
t/40-ranges.t ............ ok
t/45-buffereduploads.t ... ok
t/50-plugins.t ........... ok
t/52-chunked-upload.t .... ok
t/60-child-httpd.t ....... skipped: Alpha feature; test skipped without $ENV{PERLBAL_TEST_ALPHA}
t/75-plugin-include.t .... ok
t/76-plugin-redirect.t ... ok
t/77-plugin-throttle.t ... ok
t/78-plugin-xffextras.t .. ok
t/90-accesscontrol.t ..... skipped: Net::Netmask not installed
t/91-fields.t ............ ok
t/99-benchmark-bool.t .... ok

Test Summary Report
-------------------
t/13-server-tokens.t   (Wstat: 65280 Tests: 7 Failed: 0)
  Non-zero exit status: 255
  Parse errors: Bad plan.  You planned 13 tests but ran 7.
t/15-webserver.t       (Wstat: 65280 Tests: 0 Failed: 0)
  Non-zero exit status: 255
  Parse errors: Bad plan.  You planned 17 tests but ran 0.
t/20-put.t             (Wstat: 65280 Tests: 0 Failed: 0)
  Non-zero exit status: 255
t/31-realworld.t       (Wstat: 65280 Tests: 1 Failed: 0)
  Non-zero exit status: 255
  Parse errors: Bad plan.  You planned 157 tests but ran 1.
Files=25, Tests=333, 37 wallclock secs ( 0.11 usr  0.15 sys +  5.06 cusr  1.15 csys =  6.47 CPU)
Result: FAIL
Failed 4/25 test programs. 0/333 subtests failed.
Makefile:1067: recipe for target 'test_dynamic' failed
make: *** [test_dynamic] Error 255

------------------------------
PREREQUISITES
------------------------------

Prerequisite modules loaded:

requires:

    Module              Need Have    
    ------------------- ---- --------
    base                0    2.26    
    BSD::Resource       0    1.2911  
    Carp                0    1.43    
    constant            0    1.33    
    Danga::Socket       1.44 1.61    
    Errno               0    1.28    
    Exporter            0    5.72    
    Fcntl               0    1.13    
    fields              0    2.23    
    File::Path          0    2.14    
    File::Temp          0    0.2304  
    FindBin             0    1.51    
    Getopt::Long        0    2.5     
    Hash::Util          0    0.22    
    HTTP::Date          0    6.02    
    HTTP::Request       0    6.13    
    HTTP::Response      0    6.13    
    IO::File            0    1.16    
    IO::Handle          0    1.36    
    IO::Select          0    1.22    
    IO::Socket::INET    0    1.35    
    lib                 0    0.64    
    LWP::UserAgent      0    6.27    
    Scalar::Util        0    1.48    
    Socket              0    2.020_03
    strict              0    1.11    
    Sys::Syscall        0    0.25    
    Test::More          0.94 1.302096
    Time::HiRes         0    1.9743  
    vars                0    1.03    
    warnings            0    1.37    

build_requires:

    Module              Need Have    
    ------------------- ---- --------
    ExtUtils::MakeMaker 0    7.30    

configure_requires:

    Module              Need Have    
    ------------------- ---- --------
    ExtUtils::MakeMaker 0    7.30    


------------------------------
ENVIRONMENT AND OTHER CONTEXT
------------------------------

Environment variables:

    AUTOMATED_TESTING = 1
    LANG = en_US.UTF-8
    PATH = /home/sand/bin:/usr/local/bin:/usr/bin:/bin:/usr/games:/usr/local/perl/bin:/usr/X11/bin:/sbin:/usr/sbin
    PERL5LIB = /tmp/loop_over_bdir-1261-hg8bAJ/BSD-Resource-1.2911-0/blib/arch:/tmp/loop_over_bdir-1261-hg8bAJ/BSD-Resource-1.2911-0/blib/lib:/tmp/loop_over_bdir-1261-hg8bAJ/Log-Syslog-Fast-0.65-0/blib/arch:/tmp/loop_over_bdir-1261-hg8bAJ/Log-Syslog-Fast-0.65-0/blib/lib:/tmp/loop_over_bdir-1261-hg8bAJ/Log-Syslog-Constants-1.02-0/blib/arch:/tmp/loop_over_bdir-1261-hg8bAJ/Log-Syslog-Constants-1.02-0/blib/lib:/tmp/loop_over_bdir-1261-hg8bAJ/Danga-Socket-1.61-0/blib/arch:/tmp/loop_over_bdir-1261-hg8bAJ/Danga-Socket-1.61-0/blib/lib:/tmp/loop_over_bdir-1261-hg8bAJ/Sys-Syscall-0.25-0/blib/arch:/tmp/loop_over_bdir-1261-hg8bAJ/Sys-Syscall-0.25-0/blib/lib
    PERL5OPT = 
    PERL5_CPANPLUS_IS_RUNNING = 1262
    PERL5_CPAN_IS_RUNNING = 1262
    PERL5_CPAN_IS_RUNNING_IN_RECURSION = 5668,1262
    PERLBAL_DEBUG = 1
    PERLBAL_DEBUG_OBJ = 1
    PERLBAL_TRACK_STATES = 1
    PERL_CANARY_STABILITY_NOPROMPT = 1
    PERL_MM_USE_DEFAULT = 1
    PERL_USE_UNSAFE_INC = 1
    SHELL = /usr/bin/zsh
    TERM = screen

Perl special variables (and OS-specific diagnostics, for MSWin32):

    $^X = /home/sand/src/perl/repoperls/installed-perls/host/k93msid/v5.27.4/0a29/bin/perl
    $UID/$EUID = 1005 / 1005
    $GID = 1005 1005
    $EGID = 1005 1005

Perl module toolchain versions installed:

    Module              Have    
    ------------------- --------
    CPAN                2.18    
    CPAN::Meta          2.150010
    Cwd                 3.68    
    ExtUtils::CBuilder  0.280228
    ExtUtils::Command   7.30    
    ExtUtils::Install   2.14    
    ExtUtils::MakeMaker 7.30    
    ExtUtils::Manifest  1.70    
    ExtUtils::ParseXS   3.35    
    File::Spec          3.68    
    JSON                2.94    
    JSON::PP            2.94    
    Module::Build       0.4224  
    Module::Signature   0.81    
    Parse::CPAN::Meta   2.150010
    Test::Harness       3.39    
    Test::More          1.302096
    YAML                1.23    
    YAML::Syck          1.30    
    version             0.9918  


--

Summary of my perl5 (revision 5 version 27 subversion 4) configuration:
  Commit id: a8b7548118623521a01940403176f14c40bf1320
  Platform:
    osname=linux
    osvers=4.9.0-2-amd64
    archname=x86_64-linux-ld
    uname='linux k93msid 4.9.0-2-amd64 #1 smp debian 4.9.18-1 (2017-03-30) x86_64 gnulinux '
    config_args='-Dprefix=/home/sand/src/perl/repoperls/installed-perls/host/k93msid/v5.27.4/0a29 -Dmyhostname=k93msid -Dinstallusrbinperl=n -Uversiononly -Dusedevel -des -Ui_db -Dlibswanted=cl pthread socket inet nsl gdbm dbm malloc dl ld sun m crypt sec util c cposix posix ucb BSD gdbm_compat -Uuseithreads -Duselongdouble -DDEBUGGING=both'
    hint=recommended
    useposix=true
    d_sigaction=define
    useithreads=undef
    usemultiplicity=undef
    use64bitint=define
    use64bitall=define
    uselongdouble=define
    usemymalloc=n
    default_inc_excludes_dot=define
    bincompat5005=undef
  Compiler:
    cc='cc'
    ccflags ='-fwrapv -DDEBUGGING -fno-strict-aliasing -pipe -fstack-protector-strong -I/usr/local/include -D_LARGEFILE_SOURCE -D_FILE_OFFSET_BITS=64 -D_FORTIFY_SOURCE=2'
    optimize='-O2 -g'
    cppflags='-fwrapv -DDEBUGGING -fno-strict-aliasing -pipe -fstack-protector-strong -I/usr/local/include'
    ccversion=''
    gccversion='6.3.0 20170406'
    gccosandvers=''
    intsize=4
    longsize=8
    ptrsize=8
    doublesize=8
    byteorder=12345678
    doublekind=3
    d_longlong=define
    longlongsize=8
    d_longdbl=define
    longdblsize=16
    longdblkind=3
    ivtype='long'
    ivsize=8
    nvtype='long double'
    nvsize=16
    Off_t='off_t'
    lseeksize=8
    alignbytes=16
    prototype=define
  Linker and Libraries:
    ld='cc'
    ldflags =' -fstack-protector-strong -L/usr/local/lib'
    libpth=/usr/local/lib /usr/lib/gcc/x86_64-linux-gnu/6/include-fixed /usr/include/x86_64-linux-gnu /usr/lib /lib/x86_64-linux-gnu /lib/../lib /usr/lib/x86_64-linux-gnu /usr/lib/../lib /lib
    libs=-lpthread -lnsl -ldl -lm -lcrypt -lutil -lc
    perllibs=-lpthread -lnsl -ldl -lm -lcrypt -lutil -lc
    libc=libc-2.24.so
    so=so
    useshrplib=false
    libperl=libperl.a
    gnulibc_version='2.24'
  Dynamic Linking:
    dlsrc=dl_dlopen.xs
    dlext=so
    d_dlsymun=undef
    ccdlflags='-Wl,-E'
    cccdlflags='-fPIC'
    lddlflags='-shared -O2 -g -L/usr/local/lib -fstack-protector-strong'


Characteristics of this binary (from libperl): 
  Compile-time options:
    DEBUGGING
    HAS_TIMES
    PERLIO_LAYERS
    PERL_COPY_ON_WRITE
    PERL_DONT_CREATE_GVSV
    PERL_MALLOC_WRAP
    PERL_OP_PARENT
    PERL_PRESERVE_IVUV
    PERL_USE_DEVEL
    USE_64_BIT_ALL
    USE_64_BIT_INT
    USE_LARGE_FILES
    USE_LOCALE
    USE_LOCALE_COLLATE
    USE_LOCALE_CTYPE
    USE_LOCALE_NUMERIC
    USE_LOCALE_TIME
    USE_LONG_DOUBLE
    USE_PERLIO
    USE_PERL_ATOF
  Built under linux
  Compiled at Sep 21 2017 03:54:20
  %ENV:
    PERL5LIB="/tmp/loop_over_bdir-1261-hg8bAJ/BSD-Resource-1.2911-0/blib/arch:/tmp/loop_over_bdir-1261-hg8bAJ/BSD-Resource-1.2911-0/blib/lib:/tmp/loop_over_bdir-1261-hg8bAJ/Log-Syslog-Fast-0.65-0/blib/arch:/tmp/loop_over_bdir-1261-hg8bAJ/Log-Syslog-Fast-0.65-0/blib/lib:/tmp/loop_over_bdir-1261-hg8bAJ/Log-Syslog-Constants-1.02-0/blib/arch:/tmp/loop_over_bdir-1261-hg8bAJ/Log-Syslog-Constants-1.02-0/blib/lib:/tmp/loop_over_bdir-1261-hg8bAJ/Danga-Socket-1.61-0/blib/arch:/tmp/loop_over_bdir-1261-hg8bAJ/Danga-Socket-1.61-0/blib/lib:/tmp/loop_over_bdir-1261-hg8bAJ/Sys-Syscall-0.25-0/blib/arch:/tmp/loop_over_bdir-1261-hg8bAJ/Sys-Syscall-0.25-0/blib/lib"
    PERL5OPT=""
    PERL5_CPANPLUS_IS_RUNNING="1262"
    PERL5_CPAN_IS_RUNNING="1262"
    PERL5_CPAN_IS_RUNNING_IN_RECURSION="5668,1262"
    PERLBAL_DEBUG="1"
    PERLBAL_DEBUG_OBJ="1"
    PERLBAL_TRACK_STATES="1"
    PERL_CANARY_STABILITY_NOPROMPT="1"
    PERL_MM_USE_DEFAULT="1"
    PERL_USE_UNSAFE_INC="1"
  @INC:
    /tmp/loop_over_bdir-1261-hg8bAJ/BSD-Resource-1.2911-0/blib/arch
    /tmp/loop_over_bdir-1261-hg8bAJ/BSD-Resource-1.2911-0/blib/lib
    /tmp/loop_over_bdir-1261-hg8bAJ/Log-Syslog-Fast-0.65-0/blib/arch
    /tmp/loop_over_bdir-1261-hg8bAJ/Log-Syslog-Fast-0.65-0/blib/lib
    /tmp/loop_over_bdir-1261-hg8bAJ/Log-Syslog-Constants-1.02-0/blib/arch
    /tmp/loop_over_bdir-1261-hg8bAJ/Log-Syslog-Constants-1.02-0/blib/lib
    /tmp/loop_over_bdir-1261-hg8bAJ/Danga-Socket-1.61-0/blib/arch
    /tmp/loop_over_bdir-1261-hg8bAJ/Danga-Socket-1.61-0/blib/lib
    /tmp/loop_over_bdir-1261-hg8bAJ/Sys-Syscall-0.25-0/blib/arch
    /tmp/loop_over_bdir-1261-hg8bAJ/Sys-Syscall-0.25-0/blib/lib
    /home/sand/src/perl/repoperls/installed-perls/host/k93msid/v5.27.4/0a29/lib/site_perl/5.27.4/x86_64-linux-ld
    /home/sand/src/perl/repoperls/installed-perls/host/k93msid/v5.27.4/0a29/lib/site_perl/5.27.4
    /home/sand/src/perl/repoperls/installed-perls/host/k93msid/v5.27.4/0a29/lib/5.27.4/x86_64-linux-ld
    /home/sand/src/perl/repoperls/installed-perls/host/k93msid/v5.27.4/0a29/lib/5.27.4
    .