Report for Crypt-SSLeay-0.72

Back
From: metabase:user:a0e144f2-373b-11e6-8edd-c6848980b093
Subject: FAIL Crypt-SSLeay-0.72 v5.25.1 GNU/Linux
Date: 2016-07-02T22:12:42Z

This distribution has been tested as part of the CPAN Testers
project, supporting the Perl programming language.  See
http://wiki.cpantesters.org/ for more information or email
questions to cpan-testers-discuss@perl.org


--
Dear A. Sinan Unur,

This is a computer-generated report for Crypt-SSLeay-0.72
on perl 5.25.1, created by CPAN-Reporter-1.2018.

Thank you for uploading your work to CPAN.  However, there was a problem
testing your distribution.

If you think this report is invalid, please consult the CPAN Testers Wiki
for suggestions on how to avoid getting FAIL reports for missing library
or binary dependencies, unsupported operating systems, and so on:

http://wiki.cpantesters.org/wiki/CPANAuthorNotes

Sections of this report:

    * Tester comments
    * Program output
    * Prerequisites
    * Environment and other context

------------------------------
TESTER COMMENTS
------------------------------

Additional comments from tester:

none provided

------------------------------
PROGRAM OUTPUT
------------------------------

Output from '/usr/bin/make test':

Running Mkbootstrap for Crypt::SSLeay ()
chmod 644 "SSLeay.bs"
PERL_DL_NONLAZY=1 "/usr/bin/perl5.25.1" "-MExtUtils::Command::MM" "-MTest::Harness" "-e" "undef *Test::Harness::Switches; test_harness(0, 'blib/lib', 'blib/arch')" t/*.t

#   Failed test 'use Crypt::SSLeay;'
#   at t/00-basic.t line 6.
#     Tried to use 'Crypt::SSLeay'.
#     Error:  Can't load '/home/dcollins/toolchain/.afl2/.cpan/build/Crypt-SSLeay-0.72-2xRU8o/blib/arch/auto/Crypt/SSLeay/SSLeay.so' for module Crypt::SSLeay: /home/dcollins/toolchain/.afl2/.cpan/build/Crypt-SSLeay-0.72-2xRU8o/blib/arch/auto/Crypt/SSLeay/SSLeay.so: undefined symbol: SSLv3_client_method at /usr/lib/perl5/5.25.1/x86_64-linux-thread-multi-quadmath/DynaLoader.pm line 193.
#  at t/00-basic.t line 6.
# Compilation failed in require at t/00-basic.t line 6.
# BEGIN failed--compilation aborted at t/00-basic.t line 6.

#   Failed test 'use Crypt::SSLeay::CTX;'
#   at t/00-basic.t line 7.
#     Tried to use 'Crypt::SSLeay::CTX'.
#     Error:  Attempt to reload Crypt/SSLeay.pm aborted.
# Compilation failed in require at /home/dcollins/toolchain/.afl2/.cpan/build/Crypt-SSLeay-0.72-2xRU8o/blib/lib/Crypt/SSLeay/CTX.pm line 2.
# Compilation failed in require at t/00-basic.t line 7.
# BEGIN failed--compilation aborted at t/00-basic.t line 7.

#   Failed test 'use Crypt::SSLeay::Conn;'
#   at t/00-basic.t line 8.
#     Tried to use 'Crypt::SSLeay::Conn'.
#     Error:  Attempt to reload Crypt/SSLeay.pm aborted.
# Compilation failed in require at /home/dcollins/toolchain/.afl2/.cpan/build/Crypt-SSLeay-0.72-2xRU8o/blib/lib/Crypt/SSLeay/Conn.pm line 2.
# Compilation failed in require at t/00-basic.t line 8.
# BEGIN failed--compilation aborted at t/00-basic.t line 8.

#   Failed test 'use Crypt::SSLeay::Err;'
#   at t/00-basic.t line 9.
#     Tried to use 'Crypt::SSLeay::Err'.
#     Error:  Attempt to reload Crypt/SSLeay.pm aborted.
# Compilation failed in require at /home/dcollins/toolchain/.afl2/.cpan/build/Crypt-SSLeay-0.72-2xRU8o/blib/lib/Crypt/SSLeay/Err.pm line 2.
# Compilation failed in require at t/00-basic.t line 9.
# BEGIN failed--compilation aborted at t/00-basic.t line 9.

#   Failed test 'use Crypt::SSLeay::MainContext;'
#   at t/00-basic.t line 10.
#     Tried to use 'Crypt::SSLeay::MainContext'.
#     Error:  Attempt to reload Crypt/SSLeay/CTX.pm aborted.
# Compilation failed in require at /home/dcollins/toolchain/.afl2/.cpan/build/Crypt-SSLeay-0.72-2xRU8o/blib/lib/Crypt/SSLeay/MainContext.pm line 8.
# Compilation failed in require at t/00-basic.t line 10.
# BEGIN failed--compilation aborted at t/00-basic.t line 10.

#   Failed test 'use Crypt::SSLeay::Version;'
#   at t/00-basic.t line 12.
#     Tried to use 'Crypt::SSLeay::Version'.
#     Error:  Attempt to reload Crypt/SSLeay.pm aborted.
# Compilation failed in require at /home/dcollins/toolchain/.afl2/.cpan/build/Crypt-SSLeay-0.72-2xRU8o/blib/lib/Crypt/SSLeay/Version.pm line 2.
# Compilation failed in require at t/00-basic.t line 12.
# BEGIN failed--compilation aborted at t/00-basic.t line 12.

#   Failed test 'use Net::SSL;'
#   at t/00-basic.t line 23.
#     Tried to use 'Net::SSL'.
#     Error:  Attempt to reload Crypt/SSLeay.pm aborted.
# Compilation failed in require at /home/dcollins/toolchain/.afl2/.cpan/build/Crypt-SSLeay-0.72-2xRU8o/blib/lib/Net/SSL.pm line 20.
# Compilation failed in require at t/00-basic.t line 23.
# BEGIN failed--compilation aborted at t/00-basic.t line 23.
Undefined subroutine &main::main_ctx called at t/00-basic.t line 49.
# Tests were run but no plan was declared and done_testing() was not seen.
# Looks like your test exited with 2 just after 13.
t/00-basic.t ..... 
Dubious, test returned 2 (wstat 512, 0x200)
Failed 7/13 subtests 
	(less 3 skipped subtests: 3 okay)
Can't load '/home/dcollins/toolchain/.afl2/.cpan/build/Crypt-SSLeay-0.72-2xRU8o/blib/arch/auto/Crypt/SSLeay/SSLeay.so' for module Crypt::SSLeay: /home/dcollins/toolchain/.afl2/.cpan/build/Crypt-SSLeay-0.72-2xRU8o/blib/arch/auto/Crypt/SSLeay/SSLeay.so: undefined symbol: SSLv3_client_method at /usr/lib/perl5/5.25.1/x86_64-linux-thread-multi-quadmath/DynaLoader.pm line 193.
 at /home/dcollins/toolchain/.afl2/.cpan/build/Crypt-SSLeay-0.72-2xRU8o/blib/lib/Net/SSL.pm line 20.
Compilation failed in require at /home/dcollins/toolchain/.afl2/.cpan/build/Crypt-SSLeay-0.72-2xRU8o/blib/lib/Net/SSL.pm line 20.
Compilation failed in require at t/01-connect.t line 6.
BEGIN failed--compilation aborted at t/01-connect.t line 6.
# Looks like your test exited with 2 before it could output anything.
t/01-connect.t ... 
Dubious, test returned 2 (wstat 512, 0x200)
Failed 8/8 subtests 
# Reading configuration from 'test.config' on linux
# network_tests : 0
t/02-live.t ...... skipped: Network tests disabled
Can't load '/home/dcollins/toolchain/.afl2/.cpan/build/Crypt-SSLeay-0.72-2xRU8o/blib/arch/auto/Crypt/SSLeay/SSLeay.so' for module Crypt::SSLeay: /home/dcollins/toolchain/.afl2/.cpan/build/Crypt-SSLeay-0.72-2xRU8o/blib/arch/auto/Crypt/SSLeay/SSLeay.so: undefined symbol: SSLv3_client_method at /usr/lib/perl5/5.25.1/x86_64-linux-thread-multi-quadmath/DynaLoader.pm line 193.
 at /home/dcollins/toolchain/.afl2/.cpan/build/Crypt-SSLeay-0.72-2xRU8o/blib/lib/Crypt/SSLeay/Version.pm line 2.
Compilation failed in require at /home/dcollins/toolchain/.afl2/.cpan/build/Crypt-SSLeay-0.72-2xRU8o/blib/lib/Crypt/SSLeay/Version.pm line 2.
Compilation failed in require at t/03-version.t line 14.
BEGIN failed--compilation aborted at t/03-version.t line 14.
t/03-version.t ... 
Dubious, test returned 2 (wstat 512, 0x200)
No subtests run 
t/boilerplate.t .. ok
t/manifest.t ..... skipped: Author tests not required for installation

Test Summary Report
-------------------
t/00-basic.t   (Wstat: 512 Tests: 13 Failed: 7)
  Failed tests:  1-5, 7-8
  Non-zero exit status: 2
  Parse errors: No plan found in TAP output
t/01-connect.t (Wstat: 512 Tests: 0 Failed: 0)
  Non-zero exit status: 2
  Parse errors: Bad plan.  You planned 8 tests but ran 0.
t/03-version.t (Wstat: 512 Tests: 0 Failed: 0)
  Non-zero exit status: 2
  Parse errors: No plan found in TAP output
Files=6, Tests=22,  0 wallclock secs ( 0.02 usr  0.01 sys +  0.37 cusr  0.06 csys =  0.46 CPU)
Result: FAIL
Failed 3/6 test programs. 7/22 subtests failed.
Makefile:1086: recipe for target 'test_dynamic' failed
make: *** [test_dynamic] Error 255

------------------------------
PREREQUISITES
------------------------------

Prerequisite modules loaded:

requires:

    Module               Need     Have    
    -------------------- -------- --------
    LWP::Protocol::https 6.02     6.06    
    MIME::Base64         0        3.15    
    perl                 5.006    5.025001

build_requires:

    Module               Need     Have    
    -------------------- -------- --------
    ExtUtils::MakeMaker  0        7.10_01 
    Test::More           0.19     1.302035
    Try::Tiny            0.19     0.24    

configure_requires:

    Module               Need     Have    
    -------------------- -------- --------
    ExtUtils::CBuilder   0.280205 0.280225
    Getopt::Long         0        2.49    
    Path::Class          0.26     0.36    
    Try::Tiny            0.19     0.24    


------------------------------
ENVIRONMENT AND OTHER CONTEXT
------------------------------

Environment variables:

    LANG = en_US.UTF-8
    PATH = /usr/local/bin:/usr/bin:/bin:/usr/local/games:/usr/games
    PERL5LIB = /home/dcollins/toolchain/.afl2/.cpan/build/libwww-perl-6.15-ymcNLR/blib/arch:/home/dcollins/toolchain/.afl2/.cpan/build/libwww-perl-6.15-ymcNLR/blib/lib:/home/dcollins/toolchain/.afl2/.cpan/build/Archive-Zip-1.57-ppGMQn/blib/arch:/home/dcollins/toolchain/.afl2/.cpan/build/Archive-Zip-1.57-ppGMQn/blib/lib
    PERL5OPT = 
    PERL5_CPANPLUS_IS_RUNNING = 26470
    PERL5_CPAN_IS_RUNNING = 26470
    SHELL = /bin/bash
    TERM = screen

Perl special variables (and OS-specific diagnostics, for MSWin32):

    $^X = /usr/bin/perl5.25.1
    $UID/$EUID = 1002 / 1002
    $GID = 1005 1005
    $EGID = 1005 1005

Perl module toolchain versions installed:

    Module              Have    
    ------------------- --------
    CPAN                2.11    
    CPAN::Meta          2.150005
    Cwd                 3.63    
    ExtUtils::CBuilder  0.280225
    ExtUtils::Command   7.10    
    ExtUtils::Install   2.04    
    ExtUtils::MakeMaker 7.10_01 
    ExtUtils::Manifest  1.70    
    ExtUtils::ParseXS   3.31    
    File::Spec          3.63    
    JSON                2.90    
    JSON::PP            2.27300 
    Module::Build       0.4218  
    Module::Signature   n/a     
    Parse::CPAN::Meta   1.4417  
    Test::Harness       3.36    
    Test::More          1.302035
    YAML                1.15    
    YAML::Syck          1.29    
    version             0.9916  


--

Summary of my perl5 (revision 5 version 25 subversion 1) configuration:
  Commit id: 5b145eb412326b9b57276229cfde0ef09e7ca2bc
  Platform:
    osname=linux, osvers=4.6.0-1-amd64, archname=x86_64-linux-thread-multi-quadmath
    uname='linux nightshade64 4.6.0-1-amd64 #1 smp debian 4.6.1-1 (2016-06-06) x86_64 gnulinux '
    config_args='-Dusedevel -Dprefix=/usr -Dcc=ccache gcc-6 -Duse64bitall -Doptimize=-O3 -Dversiononly -Uman1dir -Uman3dir -Dsiteprefix=/home/dcollins/toolchain/local -DDEBUGGING -Uuselongdouble -Dusequadmath -Dusethreads -Dusemultiplicity -des'
    hint=recommended, useposix=true, d_sigaction=define
    useithreads=define, usemultiplicity=define
    use64bitint=define, use64bitall=define, uselongdouble=undef
    usemymalloc=n, bincompat5005=undef
  Compiler:
    cc='ccache gcc-6', ccflags ='-D_REENTRANT -D_GNU_SOURCE -fwrapv -DDEBUGGING -fno-strict-aliasing -pipe -fstack-protector-strong -I/usr/local/include -D_LARGEFILE_SOURCE -D_FILE_OFFSET_BITS=64',
    optimize='-O3 -g',
    cppflags='-D_REENTRANT -D_GNU_SOURCE -fwrapv -DDEBUGGING -fno-strict-aliasing -pipe -fstack-protector-strong -I/usr/local/include'
    ccversion='', gccversion='6.1.1 20160519', gccosandvers=''
    intsize=4, longsize=8, ptrsize=8, doublesize=8, byteorder=12345678, doublekind=3
    d_longlong=define, longlongsize=8, d_longdbl=define, longdblsize=16, longdblkind=3
    ivtype='long', ivsize=8, nvtype='__float128', nvsize=16, Off_t='off_t', lseeksize=8
    alignbytes=16, prototype=define
  Linker and Libraries:
    ld='ccache gcc-6', ldflags =' -fstack-protector-strong -L/usr/local/lib'
    libpth=/usr/local/lib /usr/lib/gcc/x86_64-linux-gnu/6/include-fixed /usr/include/x86_64-linux-gnu /usr/lib /lib/x86_64-linux-gnu /lib/../lib /usr/lib/x86_64-linux-gnu /usr/lib/../lib /lib
    libs=-lpthread -lnsl -ldl -lm -lcrypt -lutil -lc -lquadmath
    perllibs=-lpthread -lnsl -ldl -lm -lcrypt -lutil -lc -lquadmath
    libc=libc-2.22.so, so=so, useshrplib=false, libperl=libperl.a
    gnulibc_version='2.22'
  Dynamic Linking:
    dlsrc=dl_dlopen.xs, dlext=so, d_dlsymun=undef, ccdlflags='-Wl,-E'
    cccdlflags='-fPIC', lddlflags='-shared -O3 -g -L/usr/local/lib -fstack-protector-strong'


Characteristics of this binary (from libperl): 
  Compile-time options: DEBUGGING HAS_TIMES MULTIPLICITY PERLIO_LAYERS
                        PERL_COPY_ON_WRITE PERL_DONT_CREATE_GVSV
                        PERL_HASH_FUNC_ONE_AT_A_TIME_HARD
                        PERL_IMPLICIT_CONTEXT PERL_MALLOC_WRAP PERL_OP_PARENT
                        PERL_PRESERVE_IVUV PERL_TRACK_MEMPOOL PERL_USE_DEVEL
                        USE_64_BIT_ALL USE_64_BIT_INT USE_ITHREADS
                        USE_LARGE_FILES USE_LOCALE USE_LOCALE_COLLATE
                        USE_LOCALE_CTYPE USE_LOCALE_NUMERIC USE_LOCALE_TIME
                        USE_PERLIO USE_PERL_ATOF USE_QUADMATH
                        USE_REENTRANT_API
  Built under linux
  Compiled at Jan  1 1970 00:00:00
  %ENV:
    PERL5LIB="/home/dcollins/toolchain/.afl2/.cpan/build/libwww-perl-6.15-ymcNLR/blib/arch:/home/dcollins/toolchain/.afl2/.cpan/build/libwww-perl-6.15-ymcNLR/blib/lib:/home/dcollins/toolchain/.afl2/.cpan/build/Archive-Zip-1.57-ppGMQn/blib/arch:/home/dcollins/toolchain/.afl2/.cpan/build/Archive-Zip-1.57-ppGMQn/blib/lib"
    PERL5OPT=""
    PERL5_CPANPLUS_IS_RUNNING="26470"
    PERL5_CPAN_IS_RUNNING="26470"
  @INC:
    /home/dcollins/toolchain/.afl2/.cpan/build/libwww-perl-6.15-ymcNLR/blib/arch
    /home/dcollins/toolchain/.afl2/.cpan/build/libwww-perl-6.15-ymcNLR/blib/lib
    /home/dcollins/toolchain/.afl2/.cpan/build/Archive-Zip-1.57-ppGMQn/blib/arch
    /home/dcollins/toolchain/.afl2/.cpan/build/Archive-Zip-1.57-ppGMQn/blib/lib
    /home/dcollins/toolchain/local/lib/perl5/site_perl/5.25.1/x86_64-linux-thread-multi-quadmath
    /home/dcollins/toolchain/local/lib/perl5/site_perl/5.25.1
    /usr/lib/perl5/5.25.1/x86_64-linux-thread-multi-quadmath
    /usr/lib/perl5/5.25.1
    .