Report for Crypt-SSLeay-0.72

Back
From: metabase:user:30f4dfbe-2aae-11df-837a-5e0a49663a4f
Subject: FAIL Crypt-SSLeay-0.72 v5.25.1 GNU/Linux
Date: 2016-07-17T19:10:16Z

This distribution has been tested as part of the CPAN Testers
project, supporting the Perl programming language.  See
http://wiki.cpantesters.org/ for more information or email
questions to cpan-testers-discuss@perl.org


--
Dear A. Sinan Unur,

This is a computer-generated report for Crypt-SSLeay-0.72
on perl 5.25.1, created by CPAN-Reporter-1.2018.

Thank you for uploading your work to CPAN.  However, there was a problem
testing your distribution.

If you think this report is invalid, please consult the CPAN Testers Wiki
for suggestions on how to avoid getting FAIL reports for missing library
or binary dependencies, unsupported operating systems, and so on:

http://wiki.cpantesters.org/wiki/CPANAuthorNotes

Sections of this report:

    * Tester comments
    * Program output
    * Prerequisites
    * Environment and other context

------------------------------
TESTER COMMENTS
------------------------------

Additional comments from tester:

none provided

------------------------------
PROGRAM OUTPUT
------------------------------

Output from '/usr/bin/make test':

"/home/njh/perl5/perlbrew/perls/perl-5.25.1/bin/perl5.25.1" -MExtUtils::Command::MM -e 'cp_nonempty' -- SSLeay.bs blib/arch/auto/Crypt/SSLeay/SSLeay.bs 644
PERL_DL_NONLAZY=1 "/home/njh/perl5/perlbrew/perls/perl-5.25.1/bin/perl5.25.1" "-MExtUtils::Command::MM" "-MTest::Harness" "-e" "undef *Test::Harness::Switches; test_harness(0, 'blib/lib', 'blib/arch')" t/*.t

#   Failed test 'use Crypt::SSLeay;'
#   at t/00-basic.t line 6.
#     Tried to use 'Crypt::SSLeay'.
#     Error:  Can't load '/home/njh/.cpan/build/Crypt-SSLeay-0.72-0/blib/arch/auto/Crypt/SSLeay/SSLeay.so' for module Crypt::SSLeay: /home/njh/.cpan/build/Crypt-SSLeay-0.72-0/blib/arch/auto/Crypt/SSLeay/SSLeay.so: undefined symbol: SSLv3_client_method at /home/njh/perl5/perlbrew/perls/perl-5.25.1/lib/5.25.1/x86_64-linux-thread-multi/DynaLoader.pm line 193.
#  at t/00-basic.t line 6.
# Compilation failed in require at t/00-basic.t line 6.
# BEGIN failed--compilation aborted at t/00-basic.t line 6.

#   Failed test 'use Crypt::SSLeay::CTX;'
#   at t/00-basic.t line 7.
#     Tried to use 'Crypt::SSLeay::CTX'.
#     Error:  Attempt to reload Crypt/SSLeay.pm aborted.
# Compilation failed in require at /home/njh/.cpan/build/Crypt-SSLeay-0.72-0/blib/lib/Crypt/SSLeay/CTX.pm line 2.
# Compilation failed in require at t/00-basic.t line 7.
# BEGIN failed--compilation aborted at t/00-basic.t line 7.

#   Failed test 'use Crypt::SSLeay::Conn;'
#   at t/00-basic.t line 8.
#     Tried to use 'Crypt::SSLeay::Conn'.
#     Error:  Attempt to reload Crypt/SSLeay.pm aborted.
# Compilation failed in require at /home/njh/.cpan/build/Crypt-SSLeay-0.72-0/blib/lib/Crypt/SSLeay/Conn.pm line 2.
# Compilation failed in require at t/00-basic.t line 8.
# BEGIN failed--compilation aborted at t/00-basic.t line 8.

#   Failed test 'use Crypt::SSLeay::Err;'
#   at t/00-basic.t line 9.
#     Tried to use 'Crypt::SSLeay::Err'.
#     Error:  Attempt to reload Crypt/SSLeay.pm aborted.
# Compilation failed in require at /home/njh/.cpan/build/Crypt-SSLeay-0.72-0/blib/lib/Crypt/SSLeay/Err.pm line 2.
# Compilation failed in require at t/00-basic.t line 9.
# BEGIN failed--compilation aborted at t/00-basic.t line 9.
# Reading configuration from 'test.config' on linux
# network_tests : 0
t/02-live.t ...... skipped: Network tests disabled

#   Failed test 'use Crypt::SSLeay::MainContext;'
#   at t/00-basic.t line 10.
#     Tried to use 'Crypt::SSLeay::MainContext'.
#     Error:  Attempt to reload Crypt/SSLeay/CTX.pm aborted.
# Compilation failed in require at /home/njh/.cpan/build/Crypt-SSLeay-0.72-0/blib/lib/Crypt/SSLeay/MainContext.pm line 8.
# Compilation failed in require at t/00-basic.t line 10.
# BEGIN failed--compilation aborted at t/00-basic.t line 10.

#   Failed test 'use Crypt::SSLeay::Version;'
#   at t/00-basic.t line 12.
#     Tried to use 'Crypt::SSLeay::Version'.
#     Error:  Attempt to reload Crypt/SSLeay.pm aborted.
# Compilation failed in require at /home/njh/.cpan/build/Crypt-SSLeay-0.72-0/blib/lib/Crypt/SSLeay/Version.pm line 2.
# Compilation failed in require at t/00-basic.t line 12.
# BEGIN failed--compilation aborted at t/00-basic.t line 12.

#   Failed test 'use Net::SSL;'
#   at t/00-basic.t line 23.
#     Tried to use 'Net::SSL'.
#     Error:  Attempt to reload Crypt/SSLeay.pm aborted.
# Compilation failed in require at /home/njh/.cpan/build/Crypt-SSLeay-0.72-0/blib/lib/Net/SSL.pm line 20.
# Compilation failed in require at t/00-basic.t line 23.
# BEGIN failed--compilation aborted at t/00-basic.t line 23.
Can't load '/home/njh/.cpan/build/Crypt-SSLeay-0.72-0/blib/arch/auto/Crypt/SSLeay/SSLeay.so' for module Crypt::SSLeay: /home/njh/.cpan/build/Crypt-SSLeay-0.72-0/blib/arch/auto/Crypt/SSLeay/SSLeay.so: undefined symbol: SSLv3_client_method at /home/njh/perl5/perlbrew/perls/perl-5.25.1/lib/5.25.1/x86_64-linux-thread-multi/DynaLoader.pm line 193.
 at /home/njh/.cpan/build/Crypt-SSLeay-0.72-0/blib/lib/Crypt/SSLeay/Version.pm line 2.
Compilation failed in require at /home/njh/.cpan/build/Crypt-SSLeay-0.72-0/blib/lib/Crypt/SSLeay/Version.pm line 2.
Compilation failed in require at t/03-version.t line 14.
BEGIN failed--compilation aborted at t/03-version.t line 14.
t/03-version.t ... 
Dubious, test returned 2 (wstat 512, 0x200)
No subtests run 
Can't load '/home/njh/.cpan/build/Crypt-SSLeay-0.72-0/blib/arch/auto/Crypt/SSLeay/SSLeay.so' for module Crypt::SSLeay: /home/njh/.cpan/build/Crypt-SSLeay-0.72-0/blib/arch/auto/Crypt/SSLeay/SSLeay.so: undefined symbol: SSLv3_client_method at /home/njh/perl5/perlbrew/perls/perl-5.25.1/lib/5.25.1/x86_64-linux-thread-multi/DynaLoader.pm line 193.
 at /home/njh/.cpan/build/Crypt-SSLeay-0.72-0/blib/lib/Net/SSL.pm line 20.
Compilation failed in require at /home/njh/.cpan/build/Crypt-SSLeay-0.72-0/blib/lib/Net/SSL.pm line 20.
Compilation failed in require at t/01-connect.t line 6.
BEGIN failed--compilation aborted at t/01-connect.t line 6.
# Looks like your test exited with 2 before it could output anything.
t/01-connect.t ... 
Dubious, test returned 2 (wstat 512, 0x200)
Failed 8/8 subtests 
t/boilerplate.t .. ok
t/manifest.t ..... skipped: Author tests not required for installation

#   Failed test 'Crypt::SSLeay POD coverage'
#   at t/00-basic.t line 45.
# Crypt::SSLeay: requiring 'Crypt::SSLeay' failed

#   Failed test 'Crypt::SSLeay::Version POD coverage'
#   at t/00-basic.t line 45.
# Crypt::SSLeay::Version: requiring 'Crypt::SSLeay::Version' failed

#   Failed test 'Net::SSL POD coverage'
#   at t/00-basic.t line 45.
# Net::SSL: requiring 'Net::SSL' failed
Undefined subroutine &main::main_ctx called at t/00-basic.t line 49.
# Tests were run but no plan was declared and done_testing() was not seen.
# Looks like your test exited with 255 just after 13.
t/00-basic.t ..... 
Dubious, test returned 255 (wstat 65280, 0xff00)
Failed 10/13 subtests 

Test Summary Report
-------------------
t/03-version.t (Wstat: 512 Tests: 0 Failed: 0)
  Non-zero exit status: 2
  Parse errors: No plan found in TAP output
t/01-connect.t (Wstat: 512 Tests: 0 Failed: 0)
  Non-zero exit status: 2
  Parse errors: Bad plan.  You planned 8 tests but ran 0.
t/00-basic.t   (Wstat: 65280 Tests: 13 Failed: 10)
  Failed tests:  1-5, 7-8, 11-13
  Non-zero exit status: 255
  Parse errors: No plan found in TAP output
Files=6, Tests=22,  0 wallclock secs ( 0.03 usr  0.00 sys +  0.30 cusr  0.00 csys =  0.33 CPU)
Result: FAIL
Failed 3/6 test programs. 10/22 subtests failed.
Makefile:1092: recipe for target 'test_dynamic' failed
make: *** [test_dynamic] Error 255

------------------------------
PREREQUISITES
------------------------------

Prerequisite modules loaded:

requires:

    Module               Need     Have    
    -------------------- -------- --------
    LWP::Protocol::https 6.02     6.06    
    MIME::Base64         0        3.15    
    perl                 5.006    5.025001

build_requires:

    Module               Need     Have    
    -------------------- -------- --------
    ExtUtils::MakeMaker  0        7.18    
    Test::More           0.19     1.302040
    Try::Tiny            0.19     0.24    

configure_requires:

    Module               Need     Have    
    -------------------- -------- --------
    ExtUtils::CBuilder   0.280205 0.280225
    Getopt::Long         0        2.49    
    Path::Class          0.26     0.36    
    Try::Tiny            0.19     0.24    


------------------------------
ENVIRONMENT AND OTHER CONTEXT
------------------------------

Environment variables:

    HARNESS_OPTIONS = j10:c
    LANG = 
    LD_LIBRARY_PATH = /usr/local/lib::
    NONINTERACTIVE_TESTING = 1
    PATH = /home/njh/perl5/perlbrew/bin:/home/njh/perl5/perlbrew/perls/perl-5.25.1/bin:/usr/local/bin:/usr/bin:/bin:/usr/local/games:/usr/games:/home/njh/bin:/sbin:/usr/perl5/bin
    PERL5LIB = 
    PERL5OPT = 
    PERL5_CPANPLUS_IS_RUNNING = 30391
    PERL5_CPAN_IS_RUNNING = 30391
    PERLBREW_BASHRC_VERSION = 0.76
    PERLBREW_HOME = /home/njh/.perlbrew
    PERLBREW_MANPATH = /home/njh/perl5/perlbrew/perls/perl-5.25.1/man
    PERLBREW_PATH = /home/njh/perl5/perlbrew/bin:/home/njh/perl5/perlbrew/perls/perl-5.25.1/bin
    PERLBREW_PERL = perl-5.25.1
    PERLBREW_ROOT = /home/njh/perl5/perlbrew
    PERLBREW_VERSION = 0.76
    PERL_MM_USE_DEFAULT = 1
    SHELL = /bin/bash
    TERM = xterm
    TMPDIR = /home/njh/tmp

Perl special variables (and OS-specific diagnostics, for MSWin32):

    $^X = /home/njh/perl5/perlbrew/perls/perl-5.25.1/bin/perl5.25.1
    $UID/$EUID = 1000 / 1000
    $GID = 1000 4 24 25 29 30 44 46 107 112 118 1000
    $EGID = 1000 4 24 25 29 30 44 46 107 112 118 1000

Perl module toolchain versions installed:

    Module              Have    
    ------------------- --------
    CPAN                2.14    
    CPAN::Meta          2.150005
    Cwd                 3.63    
    ExtUtils::CBuilder  0.280225
    ExtUtils::Command   7.18    
    ExtUtils::Install   2.04    
    ExtUtils::MakeMaker 7.18    
    ExtUtils::Manifest  1.70    
    ExtUtils::ParseXS   3.31    
    File::Spec          3.63    
    JSON                2.90    
    JSON::PP            2.27400 
    Module::Build       0.4218  
    Module::Signature   n/a     
    Parse::CPAN::Meta   1.4422  
    Test::Harness       3.36    
    Test::More          1.302040
    YAML                1.18    
    YAML::Syck          1.29    
    version             0.9917  


--

Summary of my perl5 (revision 5 version 25 subversion 1) configuration:
   
  Platform:
    osname=linux, osvers=4.6.0-1-amd64, archname=x86_64-linux-thread-multi
    uname='linux cyberpower2 4.6.0-1-amd64 #1 smp debian 4.6.1-1 (2016-06-06) x86_64 gnulinux '
    config_args='-de -Dprefix=/home/njh/perl5/perlbrew/perls/perl-5.25.1 -Duseithreads -Dusemultiplicity -Dusedevel -Dusedevel -Accflags=-O2 -W -Wformat=2 -Wswitch -Wshadow -Wwrite-strings -Wuninitialized -Wall -pipe -mtune=native -march=native -fomit-frame-pointer -msse2 -msse -mmmx -mfpmath=sse -D_FORTIFY_SOURCE=2 -Wpointer-arith -Wstrict-prototypes -fstack-protector -Wstack-protector -Wextra -Wbad-function-cast -Wcast-align -Wcast-qual -Wdisabled-optimization -Wendif-labels -Wfloat-equal -Wformat-nonliteral -Winline -Wmissing-declarations -Wmissing-prototypes -Wnested-externs -Wpointer-arith -Wundef -Wformat-security -ftree-vectorize -fdiagnostics-color=auto -Acc=gcc-6 -Aeval:scriptdir=/home/njh/perl5/perlbrew/perls/perl-5.25.1/bin'
    hint=recommended, useposix=true, d_sigaction=define
    useithreads=define, usemultiplicity=define
    use64bitint=define, use64bitall=define, uselongdouble=undef
    usemymalloc=n, bincompat5005=undef
  Compiler:
    cc=' gcc-6', ccflags ='-D_REENTRANT -D_GNU_SOURCE -O2 -W -Wformat=2 -Wswitch -Wshadow -Wwrite-strings -Wuninitialized -Wall -pipe -mtune=native -march=native -fomit-frame-pointer -msse2 -msse -mmmx -mfpmath=sse -D_FORTIFY_SOURCE=2 -Wpointer-arith -Wstrict-prototypes -fstack-protector -Wstack-protector -Wextra -Wbad-function-cast -Wcast-align -Wcast-qual -Wdisabled-optimization -Wendif-labels -Wfloat-equal -Wformat-nonliteral -Winline -Wmissing-declarations -Wmissing-prototypes -Wnested-externs -Wpointer-arith -Wundef -Wformat-security -ftree-vectorize -fdiagnostics-color=auto -fwrapv -fno-strict-aliasing -fstack-protector-strong -I/usr/local/include -D_LARGEFILE_SOURCE -D_FILE_OFFSET_BITS=64',
    optimize='-O2',
    cppflags='-D_REENTRANT -D_GNU_SOURCE -O2 -W -Wformat=2 -Wswitch -Wshadow -Wwrite-strings -Wuninitialized -Wall -pipe -mtune=native -march=native -fomit-frame-pointer -msse2 -msse -mmmx -mfpmath=sse -D_FORTIFY_SOURCE=2 -Wpointer-arith -Wstrict-prototypes -fstack-protector -Wstack-protector -Wextra -Wbad-function-cast -Wcast-align -Wcast-qual -Wdisabled-optimization -Wendif-labels -Wfloat-equal -Wformat-nonliteral -Winline -Wmissing-declarations -Wmissing-prototypes -Wnested-externs -Wpointer-arith -Wundef -Wformat-security -ftree-vectorize -fdiagnostics-color=auto -fwrapv -fno-strict-aliasing -fstack-protector-strong -I/usr/local/include'
    ccversion='', gccversion='6.1.1 20160519', gccosandvers=''
    intsize=4, longsize=8, ptrsize=8, doublesize=8, byteorder=12345678, doublekind=3
    d_longlong=define, longlongsize=8, d_longdbl=define, longdblsize=16, longdblkind=3
    ivtype='long', ivsize=8, nvtype='double', nvsize=8, Off_t='off_t', lseeksize=8
    alignbytes=8, prototype=define
  Linker and Libraries:
    ld=' gcc-6', ldflags =' -fstack-protector-strong -L/usr/local/lib'
    libpth=/usr/local/lib /usr/lib/gcc/x86_64-linux-gnu/6/include-fixed /usr/include/x86_64-linux-gnu /usr/lib /lib/x86_64-linux-gnu /lib/../lib /usr/lib/x86_64-linux-gnu /usr/lib/../lib /lib
    libs=-lpthread -lnsl -lgdbm -ldb -ldl -lm -lcrypt -lutil -lc -lgdbm_compat
    perllibs=-lpthread -lnsl -ldl -lm -lcrypt -lutil -lc
    libc=libc-2.22.so, so=so, useshrplib=false, libperl=libperl.a
    gnulibc_version='2.22'
  Dynamic Linking:
    dlsrc=dl_dlopen.xs, dlext=so, d_dlsymun=undef, ccdlflags='-Wl,-E'
    cccdlflags='-fPIC', lddlflags='-shared -O2 -L/usr/local/lib -fstack-protector-strong'


Characteristics of this binary (from libperl): 
  Compile-time options: HAS_TIMES MULTIPLICITY PERLIO_LAYERS
                        PERL_COPY_ON_WRITE PERL_DONT_CREATE_GVSV
                        PERL_HASH_FUNC_ONE_AT_A_TIME_HARD
                        PERL_IMPLICIT_CONTEXT PERL_MALLOC_WRAP PERL_OP_PARENT
                        PERL_PRESERVE_IVUV PERL_USE_DEVEL USE_64_BIT_ALL
                        USE_64_BIT_INT USE_ITHREADS USE_LARGE_FILES
                        USE_LOCALE USE_LOCALE_COLLATE USE_LOCALE_CTYPE
                        USE_LOCALE_NUMERIC USE_LOCALE_TIME USE_PERLIO
                        USE_PERL_ATOF USE_REENTRANT_API
  Built under linux
  Compiled at Jun 25 2016 13:09:36
  %ENV:
    PERL5LIB=""
    PERL5OPT=""
    PERL5_CPANPLUS_IS_RUNNING="30391"
    PERL5_CPAN_IS_RUNNING="30391"
    PERLBREW_BASHRC_VERSION="0.76"
    PERLBREW_HOME="/home/njh/.perlbrew"
    PERLBREW_MANPATH="/home/njh/perl5/perlbrew/perls/perl-5.25.1/man"
    PERLBREW_PATH="/home/njh/perl5/perlbrew/bin:/home/njh/perl5/perlbrew/perls/perl-5.25.1/bin"
    PERLBREW_PERL="perl-5.25.1"
    PERLBREW_ROOT="/home/njh/perl5/perlbrew"
    PERLBREW_VERSION="0.76"
    PERL_MM_USE_DEFAULT="1"
  @INC:
    /home/njh/perl5/perlbrew/perls/perl-5.25.1/lib/site_perl/5.25.1/x86_64-linux-thread-multi
    /home/njh/perl5/perlbrew/perls/perl-5.25.1/lib/site_perl/5.25.1
    /home/njh/perl5/perlbrew/perls/perl-5.25.1/lib/5.25.1/x86_64-linux-thread-multi
    /home/njh/perl5/perlbrew/perls/perl-5.25.1/lib/5.25.1
    .