Back
From: metabase:user:320bfe00-2aae-11df-837a-5e0a49663a4f
Subject: FAIL Robotics-IRobot-0.14 v5.18.2 RC2 GNU/Linux
Date: 2013-12-08T19:58:24Z
This distribution has been tested as part of the CPAN Testers
project, supporting the Perl programming language. See
http://wiki.cpantesters.org/ for more information or email
questions to cpan-testers-discuss@perl.org
--
Dear Michael Ratliff,
This is a computer-generated report for Robotics-IRobot-0.14
on perl 5.18.2, created by CPAN-Reporter-1.2010.
Thank you for uploading your work to CPAN. However, there was a problem
testing your distribution.
If you think this report is invalid, please consult the CPAN Testers Wiki
for suggestions on how to avoid getting FAIL reports for missing library
or binary dependencies, unsupported operating systems, and so on:
http://wiki.cpantesters.org/wiki/CPANAuthorNotes
Sections of this report:
* Tester comments
* Program output
* Prerequisites
* Environment and other context
------------------------------
TESTER COMMENTS
------------------------------
Additional comments from tester:
this report is from an automated smoke testing program
and was not reviewed by a human for accuracy
------------------------------
PROGRAM OUTPUT
------------------------------
Output from '/usr/bin/make test':
PERL_DL_NONLAZY=1 /tmp/basesmoker-reloperl-zn1c/bin/perl "-MExtUtils::Command::MM" "-MTest::Harness" "-e" "undef *Test::Harness::Switches; test_harness(0, 'blib/lib', 'blib/arch')" t/*.t
# Testing Robotics::IRobot 0.14, Perl 5.018002, /tmp/basesmoker-reloperl-zn1c/bin/perl
t/00-load.t ....... ok
t/manifest.t ...... skipped: Author tests not required for installation
t/pod-coverage.t .. ok
# Failed test 'POD test for blib/lib/Robotics/IRobot.pm'
# at /home/sand/src/perl/repoperls/installed-perls/perl/v5.18.1-30-g9108791/9980/lib/site_perl/5.18.2/Test/Pod.pm line 186.
# blib/lib/Robotics/IRobot.pm (1191): Expected text after =item, not a bullet
# Looks like you failed 1 test of 1.
t/pod.t ...........
Dubious, test returned 1 (wstat 256, 0x100)
Failed 1/1 subtests
Test Summary Report
-------------------
t/pod.t (Wstat: 256 Tests: 1 Failed: 1)
Failed test: 1
Non-zero exit status: 1
Files=4, Tests=3, 0 wallclock secs ( 0.03 usr 0.00 sys + 0.31 cusr 0.11 csys = 0.45 CPU)
Result: FAIL
Failed 1/4 test programs. 1/3 subtests failed.
make: *** [test_dynamic] Error 1
------------------------------
PREREQUISITES
------------------------------
Prerequisite modules loaded:
requires:
Module Need Have
------------------- ---- --------
Device::SerialPort 0 1.04
Math::Trig 0 1.23
POSIX 0 1.32
Test::More 0 1.001002
Time::HiRes 0 1.9725
YAML::Tiny 0 1.56
build_requires:
Module Need Have
------------------- ---- --------
ExtUtils::MakeMaker 0 6.84
configure_requires:
Module Need Have
------------------- ---- --------
ExtUtils::MakeMaker 0 6.84
------------------------------
ENVIRONMENT AND OTHER CONTEXT
------------------------------
Environment variables:
AUTOMATED_TESTING = 1
LANG = en_US.UTF-8
LANGUAGE = en_US:en
PATH = /usr/lib/ccache:/home/sand/bin:/usr/local/bin:/usr/lib/ccache:/usr/bin:/bin:/usr/bin/X11:/usr/games:/usr/local/perl/bin:/usr/X11/bin:/sbin:/usr/sbin
PERL5LIB = /tmp/loop_over_bdir-16050-MeC8uv/FusionInventory-Agent-2.3.4-mpW90O/blib/arch:/tmp/loop_over_bdir-16050-MeC8uv/FusionInventory-Agent-2.3.4-mpW90O/blib/lib
PERL5OPT =
PERL5_CPANPLUS_IS_RUNNING = 358
PERL5_CPAN_IS_RUNNING = 358
PERL_MM_USE_DEFAULT = 1
SHELL = /usr/bin/zsh
TERM = screen
Perl special variables (and OS-specific diagnostics, for MSWin32):
$^X = /tmp/basesmoker-reloperl-zn1c/bin/perl
$UID/$EUID = 1005 / 1005
$GID = 1005 1005
$EGID = 1005 1005
Perl module toolchain versions installed:
Module Have
------------------- --------
CPAN 2.00
CPAN::Meta 2.133380
Cwd 3.40
ExtUtils::CBuilder 0.280212
ExtUtils::Command 1.18
ExtUtils::Install 1.59
ExtUtils::MakeMaker 6.84
ExtUtils::Manifest 1.63
ExtUtils::ParseXS 3.22
File::Spec 3.40
JSON 2.90
JSON::PP 2.27203
Module::Build 0.4203
Module::Signature 0.73
Parse::CPAN::Meta 1.4409
Test::Harness 3.30
Test::More 1.001002
YAML 0.88
YAML::Syck 1.27
version 0.9904
--
Summary of my perl5 (revision 5 version 18 subversion 2) configuration:
Commit id: 9108791a984e5903c1261aee26cb1f616e61d9aa
Platform:
osname=linux, osvers=3.10-3-amd64, archname=x86_64-linux-thread-multi
uname='linux k83 3.10-3-amd64 #1 smp debian 3.10.11-1 (2013-09-10) x86_64 gnulinux '
config_args='-Dprefix=/home/sand/src/perl/repoperls/installed-perls/perl/v5.18.1-30-g9108791/9980 -Dmyhostname=k83 -Dinstallusrbinperl=n -Uversiononly -Dusedevel -des -Ui_db -Duseithreads -Uuselongdouble -DDEBUGGING=-g'
hint=recommended, useposix=true, d_sigaction=define
useithreads=define, usemultiplicity=define
useperlio=define, d_sfio=undef, uselargefiles=define, usesocks=undef
use64bitint=define, use64bitall=define, uselongdouble=undef
usemymalloc=n, bincompat5005=undef
Compiler:
cc='cc', ccflags ='-D_REENTRANT -D_GNU_SOURCE -fno-strict-aliasing -pipe -fstack-protector -I/usr/local/include -D_LARGEFILE_SOURCE -D_FILE_OFFSET_BITS=64',
optimize='-O2 -g',
cppflags='-D_REENTRANT -D_GNU_SOURCE -fno-strict-aliasing -pipe -fstack-protector -I/usr/local/include'
ccversion='', gccversion='4.8.2', gccosandvers=''
intsize=4, longsize=8, ptrsize=8, doublesize=8, byteorder=12345678
d_longlong=define, longlongsize=8, d_longdbl=define, longdblsize=16
ivtype='long', ivsize=8, nvtype='double', nvsize=8, Off_t='off_t', lseeksize=8
alignbytes=8, prototype=define
Linker and Libraries:
ld='cc', ldflags =' -fstack-protector -L/usr/local/lib'
libpth=/usr/local/lib /lib/x86_64-linux-gnu /lib/../lib /usr/lib/x86_64-linux-gnu /usr/lib/../lib /lib /usr/lib
libs=-lnsl -lgdbm -ldb -ldl -lm -lcrypt -lutil -lpthread -lc -lgdbm_compat
perllibs=-lnsl -ldl -lm -lcrypt -lutil -lpthread -lc
libc=, so=so, useshrplib=false, libperl=libperl.a
gnulibc_version='2.17'
Dynamic Linking:
dlsrc=dl_dlopen.xs, dlext=so, d_dlsymun=undef, ccdlflags='-Wl,-E'
cccdlflags='-fPIC', lddlflags='-shared -O2 -g -L/usr/local/lib -fstack-protector'
Characteristics of this binary (from libperl):
Compile-time options: HAS_TIMES MULTIPLICITY PERLIO_LAYERS
PERL_DONT_CREATE_GVSV
PERL_HASH_FUNC_ONE_AT_A_TIME_HARD
PERL_IMPLICIT_CONTEXT PERL_MALLOC_WRAP
PERL_PRESERVE_IVUV PERL_SAWAMPERSAND PERL_USE_DEVEL
USE_64_BIT_ALL USE_64_BIT_INT USE_ITHREADS
USE_LARGE_FILES USE_LOCALE USE_LOCALE_COLLATE
USE_LOCALE_CTYPE USE_LOCALE_NUMERIC USE_PERLIO
USE_PERL_ATOF USE_REENTRANT_API
Locally applied patches:
RC2
Built under linux
Compiled at Dec 7 2013 19:29:55
%ENV:
PERL5LIB="/tmp/loop_over_bdir-16050-MeC8uv/FusionInventory-Agent-2.3.4-mpW90O/blib/arch:/tmp/loop_over_bdir-16050-MeC8uv/FusionInventory-Agent-2.3.4-mpW90O/blib/lib"
PERL5OPT=""
PERL5_CPANPLUS_IS_RUNNING="358"
PERL5_CPAN_IS_RUNNING="358"
PERL_MM_USE_DEFAULT="1"
@INC:
/tmp/loop_over_bdir-16050-MeC8uv/FusionInventory-Agent-2.3.4-mpW90O/blib/arch
/tmp/loop_over_bdir-16050-MeC8uv/FusionInventory-Agent-2.3.4-mpW90O/blib/lib
/home/sand/src/perl/repoperls/installed-perls/perl/v5.18.1-30-g9108791/9980/lib/site_perl/5.18.2/x86_64-linux-thread-multi
/home/sand/src/perl/repoperls/installed-perls/perl/v5.18.1-30-g9108791/9980/lib/site_perl/5.18.2
/home/sand/src/perl/repoperls/installed-perls/perl/v5.18.1-30-g9108791/9980/lib/5.18.2/x86_64-linux-thread-multi
/home/sand/src/perl/repoperls/installed-perls/perl/v5.18.1-30-g9108791/9980/lib/5.18.2
.