Back
From: metabase:user:322078bc-2aae-11df-837a-5e0a49663a4f
Subject: FAIL Catalyst-Plugin-Geography-0.03 v5.12.2 FreeBSD
Date: 2012-01-31T01:15:42Z
This distribution has been tested as part of the CPAN Testers
project, supporting the Perl programming language. See
http://wiki.cpantesters.org/ for more information or email
questions to cpan-testers-discuss@perl.org
--
Dear MRAMBERG,
This is a computer-generated error report created automatically by
CPANPLUS, version 0.9116. Testers personal comments may appear
at the end of this report.
Thank you for uploading your work to CPAN. However, it appears that
there were some problems testing your distribution.
TEST RESULTS:
Below is the error stack from stage 'make test':
[MSG] [Tue Jan 31 01:15:41 2012] cp lib/IP/Country/Fast.pm blib/lib/IP/Country/Fast.pm
cp lib/IP/Country/Medium.pm blib/lib/IP/Country/Medium.pm
cp lib/IP/Authority.pm blib/lib/IP/Authority.pm
cp lib/IP/Country/Fast/cc.gif blib/lib/IP/Country/Fast/cc.gif
cp lib/IP/Authority/ipauth.gif blib/lib/IP/Authority/ipauth.gif
cp lib/IP/Country/MaxMind.pm blib/lib/IP/Country/MaxMind.pm
cp lib/IP/Country/Slow.pm blib/lib/IP/Country/Slow.pm
cp lib/IP/Authority/auth.gif blib/lib/IP/Authority/auth.gif
cp lib/IP/Country.pm blib/lib/IP/Country.pm
cp lib/IP/Country/Fast/ip.gif blib/lib/IP/Country/Fast/ip.gif
/usr/home/cpan/pit/thr/perl-5.12.2/bin/perl "-Iblib/arch" "-Iblib/lib" bin/ip2cc.PL bin/ip2cc
Extracting ip2cc (with variable substitutions)
cp bin/ip2cc blib/script/ip2cc
/usr/home/cpan/pit/thr/perl-5.12.2/bin/perl -MExtUtils::MY -e 'MY->fixin(shift)' -- blib/script/ip2cc
Manifying blib/man1/ip2cc.1
Manifying blib/man3/IP::Authority.3
Manifying blib/man3/IP::Country::Medium.3
Manifying blib/man3/IP::Country::Fast.3
Manifying blib/man3/IP::Country::MaxMind.3
Manifying blib/man3/IP::Country::Slow.3
Manifying blib/man3/IP::Country.3
[MSG] [Tue Jan 31 01:15:41 2012] Sending test report for 'IP-Country-2.27'
[MSG] [Tue Jan 31 01:15:41 2012] Ok, not sending test report
[MSG] [Tue Jan 31 01:15:41 2012] cp lib/Catalyst/Plugin/Geography.pm blib/lib/Catalyst/Plugin/Geography.pm
cp lib/Catalyst/Plugin/Geography/Implementation.pm blib/lib/Catalyst/Plugin/Geography/Implementation.pm
Manifying blib/man3/Catalyst::Plugin::Geography.3
Manifying blib/man3/Catalyst::Plugin::Geography::Implementation.3
[ERROR] [Tue Jan 31 01:15:42 2012] MAKE TEST failed: PERL_DL_NONLAZY=1 /usr/home/cpan/pit/thr/perl-5.12.2/bin/perl "-MExtUtils::Command::MM" "-e" "test_harness(0, 'inc', 'blib/lib', 'blib/arch')" t/*.t
# Failed test 'use Catalyst::Plugin::Geography;'
# at t/01use.t line 3.
# Tried to use 'Catalyst::Plugin::Geography'.
# Error: Base class package "Class::Data::Inheritable" is empty.
# (Perhaps you need to 'use' the module which defines that package first,
# or make that module available in @INC (@INC contains: /usr/home/cpan/pit/thr/conf/perl-5.12.2/.cpanplus/5.12.2/build/Catalyst-Plugin-Geography-0.03/inc /usr/home/cpan/pit/thr/conf/perl-5.12.2/.cpanplus/5.12.2/build/Catalyst-Plugin-Geography-0.03/blib/lib /usr/home/cpan/pit/thr/conf/perl-5.12.2/.cpanplus/5.12.2/build/Catalyst-Plugin-Geography-0.03/blib/arch /usr/home/cpan/pit/thr/conf/perl-5.12.2/.cpanplus/5.12.2/build/Class-Accessor-0.34/blib/lib /usr/home/cpan/pit/thr/conf/perl-5.12.2/.cpanplus/5.12.2/build/Class-Accessor-0.34/blib/arch /usr/home/cpan/pit/thr/conf/perl-5.12.2/.cpanplus/5.12.2/build/Geography-Countries-2009041301/blib/lib /usr/home/cpan/pit/thr/conf/perl-5.12.2/.cpanplus/5.12.2/build/Geography-Countries-2009041301/blib/arch /usr/home/cpan/pit/thr/conf/perl-5.12.2/.cpanplus/5.12.2/build/IP-Country-2.27/blib/lib /usr/home/cpan/pit/thr/conf/perl-5.12.2/.cpanplus/5.12.2/build/IP-Country-2.27/blib/arch /usr/home/cpan/pit/thr/conf/perl-5.12.2/.cpanplus/5.12.2/build/Class-Accessor-0.34/blib/lib /usr/home/cpan/pit/thr/conf/perl-5.12.2/.cpanplus/5.12.2/build/Class-Accessor-0.34/blib/arch /usr/home/cpan/pit/thr/conf/perl-5.12.2/.cpanplus/5.12.2/build/Geography-Countries-2009041301/blib/lib /usr/home/cpan/pit/thr/conf/perl-5.12.2/.cpanplus/5.12.2/build/Geography-Countries-2009041301/blib/arch /usr/home/cpan/pit/thr/conf/perl-5.12.2/.cpanplus/5.12.2/build/IP-Country-2.27/blib/lib /usr/home/cpan/pit/thr/conf/perl-5.12.2/.cpanplus/5.12.2/build/IP-Country-2.27/blib/arch /usr/home/cpan/pit/thr/conf/perl-5.12.2/.cpanplus/5.12.2/build/Catalyst-Plugin-Geography-0.03/blib/lib /usr/home/cpan/pit/thr/conf/perl-5.12.2/.cpanplus/5.12.2/build/Catalyst-Plugin-Geography-0.03/blib/arch /usr/home/cpan/pit/thr/perl-5.12.2/lib/site_perl/5.12.2/amd64-freebsd-thread-multi /usr/home/cpan/pit/thr/perl-5.12.2/lib/site_perl/5.12.2 /usr/home/cpan/pit/thr/perl-5.12.2/lib/5.12.2/amd64-freebsd-thread-multi /usr/home/cpan/pit/thr/perl-5.12.2/lib/5.12.2 .).
# at /usr/home/cpan/pit/thr/conf/perl-5.12.2/.cpanplus/5.12.2/build/Catalyst-Plugin-Geography-0.03/blib/lib/Catalyst/Plugin/Geography/Implementation.pm line 4
# BEGIN failed--compilation aborted at /usr/home/cpan/pit/thr/conf/perl-5.12.2/.cpanplus/5.12.2/build/Catalyst-Plugin-Geography-0.03/blib/lib/Catalyst/Plugin/Geography/Implementation.pm line 4.
# Compilation failed in require at /usr/home/cpan/pit/thr/conf/perl-5.12.2/.cpanplus/5.12.2/build/Catalyst-Plugin-Geography-0.03/blib/lib/Catalyst/Plugin/Geography.pm line 4.
# BEGIN failed--compilation aborted at /usr/home/cpan/pit/thr/conf/perl-5.12.2/.cpanplus/5.12.2/build/Catalyst-Plugin-Geography-0.03/blib/lib/Catalyst/Plugin/Geography.pm line 4.
# Compilation failed in require at (eval 4) line 2.
# BEGIN failed--compilation aborted at (eval 4) line 2.
# Looks like you failed 1 test of 1.
t/01use.t ..........
Dubious, test returned 1 (wstat 256, 0x100)
Failed 1/1 subtests
t/02pod.t .......... skipped: Test::Pod 1.14 required
t/03podcoverage.t .. skipped: Test::Pod::Coverage 1.04 required
Test Summary Report
-------------------
t/01use.t (Wstat: 256 Tests: 1 Failed: 1)
Failed test: 1
Non-zero exit status: 1
Files=3, Tests=1, 1 wallclock secs ( 0.02 usr 0.02 sys + 0.05 cusr 0.02 csys = 0.12 CPU)
Result: FAIL
Failed 1/3 test programs. 1/1 subtests failed.
*** Error code 255
Stop in /usr/home/cpan/pit/thr/conf/perl-5.12.2/.cpanplus/5.12.2/build/Catalyst-Plugin-Geography-0.03.
[MSG] [Tue Jan 31 01:15:42 2012] DEFAULT 'proceed_on_test_failure' HANDLER RETURNING 'sub return value'
PREREQUISITES:
Here is a list of prerequisites you specified and versions we
managed to load:
Module Name Have Want
Class::Accessor::Fast 0.34 0
ExtUtils::MakeMaker 6.62 6.62
Geography::Countries 2009041301 0
IP::Country::Fast 604.001 0
Perl module toolchain versions installed:
Module Name Have
CPANPLUS 0.9116
CPANPLUS::Dist::Build 0.60
Cwd 3.33
ExtUtils::CBuilder 0.280202
ExtUtils::Command 1.16
ExtUtils::Install 1.55
ExtUtils::MakeMaker 6.62
ExtUtils::Manifest 1.60
ExtUtils::ParseXS 3.11
File::Spec 3.33
Module::Build 0.3800
Test::Harness 3.23
Test::More 0.98
version 0.95
******************************** NOTE ********************************
The comments above are created mechanically, possibly without manual
checking by the sender. As there are many people performing automatic
tests on each upload to CPAN, it is likely that you will receive
identical messages about the same problem.
If you believe that the message is mistaken, please reply to the first
one with correction and/or additional informations, and do not take
it personally. We appreciate your patience. :)
**********************************************************************
Additional comments:
This report was machine-generated by CPANPLUS::Dist::YACSmoke 0.66.
Powered by minismokebox version 0.54
------------------------------
ENVIRONMENT AND OTHER CONTEXT
------------------------------
Environment variables:
AUTOMATED_TESTING = 1
PATH = /sbin:/bin:/usr/sbin:/usr/bin:/usr/games:/usr/local/sbin:/usr/local/bin:/home/cpan/bin
PERL5LIB = :/usr/home/cpan/pit/thr/conf/perl-5.12.2/.cpanplus/5.12.2/build/Class-Accessor-0.34/blib/lib:/usr/home/cpan/pit/thr/conf/perl-5.12.2/.cpanplus/5.12.2/build/Class-Accessor-0.34/blib/arch:/usr/home/cpan/pit/thr/conf/perl-5.12.2/.cpanplus/5.12.2/build/Geography-Countries-2009041301/blib/lib:/usr/home/cpan/pit/thr/conf/perl-5.12.2/.cpanplus/5.12.2/build/Geography-Countries-2009041301/blib/arch:/usr/home/cpan/pit/thr/conf/perl-5.12.2/.cpanplus/5.12.2/build/IP-Country-2.27/blib/lib:/usr/home/cpan/pit/thr/conf/perl-5.12.2/.cpanplus/5.12.2/build/IP-Country-2.27/blib/arch:/usr/home/cpan/pit/thr/conf/perl-5.12.2/.cpanplus/5.12.2/build/Catalyst-Plugin-Geography-0.03/blib/lib:/usr/home/cpan/pit/thr/conf/perl-5.12.2/.cpanplus/5.12.2/build/Catalyst-Plugin-Geography-0.03/blib/arch
PERL5_CPANPLUS_IS_RUNNING = 42846
PERL5_CPANPLUS_IS_VERSION = 0.9116
PERL5_MINISMOKEBOX = 0.54
PERL5_YACSMOKE_BASE = /usr/home/cpan/pit/thr/conf/perl-5.12.2
PERL_EXTUTILS_AUTOINSTALL = --defaultdeps
PERL_MM_USE_DEFAULT = 1
SHELL = /usr/local/bin/bash
TERM = screen
Perl special variables (and OS-specific diagnostics, for MSWin32):
Perl: $^X = /usr/home/cpan/pit/thr/perl-5.12.2/bin/perl
UID: $< = 1002
EUID: $> = 1002
GID: $( = 1002 1002
EGID: $) = 1002 1002
-------------------------------
--
Summary of my perl5 (revision 5 version 12 subversion 2) configuration:
Platform:
osname=freebsd, osvers=9.0-release, archname=amd64-freebsd-thread-multi
uname='freebsd fremen 9.0-release freebsd 9.0-release #0: tue jan 3 07:46:30 utc 2012 root@farrell.cse.buffalo.edu:usrobjusrsrcsysgeneric amd64 '
config_args='-des -Dprefix=/usr/home/cpan/pit/thr/perl-5.12.2 -Dusethreads'
hint=recommended, useposix=true, d_sigaction=define
useithreads=define, usemultiplicity=define
useperlio=define, d_sfio=undef, uselargefiles=define, usesocks=undef
use64bitint=define, use64bitall=define, uselongdouble=undef
usemymalloc=n, bincompat5005=undef
Compiler:
cc='cc', ccflags ='-DHAS_FPSETMASK -DHAS_FLOATINGPOINT_H -fno-strict-aliasing -pipe -fstack-protector -I/usr/local/include',
optimize='-O',
cppflags='-DHAS_FPSETMASK -DHAS_FLOATINGPOINT_H -fno-strict-aliasing -pipe -fstack-protector -I/usr/local/include'
ccversion='', gccversion='4.2.1 20070831 patched [FreeBSD]', gccosandvers=''
intsize=4, longsize=8, ptrsize=8, doublesize=8, byteorder=12345678
d_longlong=define, longlongsize=8, d_longdbl=define, longdblsize=16
ivtype='long', ivsize=8, nvtype='double', nvsize=8, Off_t='off_t', lseeksize=8
alignbytes=8, prototype=define
Linker and Libraries:
ld='cc', ldflags ='-pthread -Wl,-E -fstack-protector -L/usr/local/lib'
libpth=/usr/lib /usr/local/lib
libs=-lgdbm -lm -lcrypt
perllibs=-lm -lcrypt
libc=, so=so, useshrplib=false, libperl=libperl.a
gnulibc_version=''
Dynamic Linking:
dlsrc=dl_dlopen.xs, dlext=so, d_dlsymun=undef, ccdlflags=' '
cccdlflags='-DPIC -fPIC', lddlflags='-shared -L/usr/local/lib -fstack-protector'
Characteristics of this binary (from libperl):
Compile-time options: MULTIPLICITY PERL_DONT_CREATE_GVSV
PERL_IMPLICIT_CONTEXT PERL_MALLOC_WRAP USE_64_BIT_ALL
USE_64_BIT_INT USE_ITHREADS USE_LARGE_FILES
USE_PERLIO USE_PERL_ATOF USE_REENTRANT_API
Built under freebsd
Compiled at Jan 12 2012 00:21:24
%ENV:
PERL5LIB=":/usr/home/cpan/pit/thr/conf/perl-5.12.2/.cpanplus/5.12.2/build/Class-Accessor-0.34/blib/lib:/usr/home/cpan/pit/thr/conf/perl-5.12.2/.cpanplus/5.12.2/build/Class-Accessor-0.34/blib/arch:/usr/home/cpan/pit/thr/conf/perl-5.12.2/.cpanplus/5.12.2/build/Geography-Countries-2009041301/blib/lib:/usr/home/cpan/pit/thr/conf/perl-5.12.2/.cpanplus/5.12.2/build/Geography-Countries-2009041301/blib/arch:/usr/home/cpan/pit/thr/conf/perl-5.12.2/.cpanplus/5.12.2/build/IP-Country-2.27/blib/lib:/usr/home/cpan/pit/thr/conf/perl-5.12.2/.cpanplus/5.12.2/build/IP-Country-2.27/blib/arch:/usr/home/cpan/pit/thr/conf/perl-5.12.2/.cpanplus/5.12.2/build/Catalyst-Plugin-Geography-0.03/blib/lib:/usr/home/cpan/pit/thr/conf/perl-5.12.2/.cpanplus/5.12.2/build/Catalyst-Plugin-Geography-0.03/blib/arch"
PERL5_CPANPLUS_IS_RUNNING="42846"
PERL5_CPANPLUS_IS_VERSION="0.9116"
PERL5_MINISMOKEBOX="0.54"
PERL5_YACSMOKE_BASE="/usr/home/cpan/pit/thr/conf/perl-5.12.2"
PERL_EXTUTILS_AUTOINSTALL="--defaultdeps"
PERL_MM_USE_DEFAULT="1"
@INC:
/usr/home/cpan/pit/thr/conf/perl-5.12.2/.cpanplus/5.12.2/build/Class-Accessor-0.34/blib/lib
/usr/home/cpan/pit/thr/conf/perl-5.12.2/.cpanplus/5.12.2/build/Class-Accessor-0.34/blib/arch
/usr/home/cpan/pit/thr/conf/perl-5.12.2/.cpanplus/5.12.2/build/Geography-Countries-2009041301/blib/lib
/usr/home/cpan/pit/thr/conf/perl-5.12.2/.cpanplus/5.12.2/build/Geography-Countries-2009041301/blib/arch
/usr/home/cpan/pit/thr/conf/perl-5.12.2/.cpanplus/5.12.2/build/IP-Country-2.27/blib/lib
/usr/home/cpan/pit/thr/conf/perl-5.12.2/.cpanplus/5.12.2/build/IP-Country-2.27/blib/arch
/usr/home/cpan/pit/thr/conf/perl-5.12.2/.cpanplus/5.12.2/build/Catalyst-Plugin-Geography-0.03/blib/lib
/usr/home/cpan/pit/thr/conf/perl-5.12.2/.cpanplus/5.12.2/build/Catalyst-Plugin-Geography-0.03/blib/arch
/usr/home/cpan/pit/thr/perl-5.12.2/lib/site_perl/5.12.2/amd64-freebsd-thread-multi
/usr/home/cpan/pit/thr/perl-5.12.2/lib/site_perl/5.12.2
/usr/home/cpan/pit/thr/perl-5.12.2/lib/5.12.2/amd64-freebsd-thread-multi
/usr/home/cpan/pit/thr/perl-5.12.2/lib/5.12.2
.