Catmandu-Fix-marc_spec v0.0.1 Perl 5 v5.22.2 x86_64-linux

Status
Fail
From
Slaven Rezić (SREZIC)
Dist
Catmandu-Fix-marc_spec v0.0.1
Platform
Perl 5 v5.22.2 x86_64-linux
Date
2018-12-05 20:05:20
ID
17c13586-f8c9-11e8-9e43-f1c274115b0b
This distribution has been tested as part of the CPAN Testers
project, supporting the Perl programming language.  See
http://wiki.cpantesters.org/ for more information or email
questions to cpan-testers-discuss@perl.org


--
Dear Carsten Klee,

This is a computer-generated report for Catmandu-Fix-marc_spec-0.0.1
on perl 5.22.2, created by CPAN-Reporter-1.2018.

Thank you for uploading your work to CPAN.  However, there was a problem
testing your distribution.

If you think this report is invalid, please consult the CPAN Testers Wiki
for suggestions on how to avoid getting FAIL reports for missing library
or binary dependencies, unsupported operating systems, and so on:

http://wiki.cpantesters.org/wiki/CPANAuthorNotes

Sections of this report:

    * Tester comments
    * Program output
    * Prerequisites
    * Environment and other context

------------------------------
TESTER COMMENTS
------------------------------

Additional comments from tester:

none provided

------------------------------
PROGRAM OUTPUT
------------------------------

Output from './Build test':


#   Failed test 'fix: marc_spec('001', my.id);'
#   at t/18-marc_spec.t line 13.
#          got: undef
#     expected: 'fol05731351 '

#   Failed test 'fix: marc_spec('245', my.title.all);'
#   at t/18-marc_spec.t line 20.
#          got: undef
#     expected: 'Cross-platform Perl /Eric F. Johnson.'

#   Failed test 'fix: marc_spec('245', my.title.default, value:'the title');'
#   at t/18-marc_spec.t line 22.
#          got: undef
#     expected: 'the title'

#   Failed test 'fix: marc_spec('650', my.subjects.all);'
#   at t/18-marc_spec.t line 24.
#          got: undef
#     expected: 'Perl (Computer program language)Web servers.Cross-platform software development.'

#   Failed test 'fix: marc_spec('650', my.subjects.joined, join:'###');'
#   at t/18-marc_spec.t line 26.
#          got: undef
#     expected: 'Perl (Computer program language)###Web servers.###Cross-platform software development.'

#   Failed test 'fix: marc_spec('650', my.append.subjects.$append);'
#   at t/18-marc_spec.t line 30.
#     Structures begin differing at:
#          $got = undef
#     $expected = ARRAY(0x3a52f68)

#   Failed test 'fix: marc_spec('650', my.split.subjects, split:1);'
#   at t/18-marc_spec.t line 35.
#     Structures begin differing at:
#          $got = undef
#     $expected = ARRAY(0x3a65ec0)

#   Failed test 'fix: marc_spec('650', my.append.split.subjects.$append, split:1);'
#   at t/18-marc_spec.t line 42.
#     Structures begin differing at:
#          $got = undef
#     $expected = ARRAY(0x39da4a8)

#   Failed test 'fix: marc_spec('..._10', my.fields.indicators10.$append);'
#   at t/18-marc_spec.t line 51.
#     Structures begin differing at:
#          $got = undef
#     $expected = ARRAY(0x3a65ce0)

#   Failed test 'fix: marc_spec('...__0', my.fields.indicators_0, split:1);'
#   at t/18-marc_spec.t line 54.
#          got: '0'
#     expected: '9'

#   Failed test 'fix: marc_spec('LDR', my.ldr.all);'
#   at t/18-marc_spec.t line 56.
#          got: undef
#     expected: '00696nam  22002538a 4500'

#   Failed test 'fix: marc_spec('LDR', my.firstcharpos.ldr);'
#   at t/18-marc_spec.t line 58.
#          got: undef
#     expected: '0069'

#   Failed test 'fix: marc_spec('LDR/#-3', my.lastcharpos.ldr);'
#   at t/18-marc_spec.t line 60.
#          got: undef
#     expected: '4500'

#   Failed test 'fix: marc_spec('245$a', my.title.proper);'
#   at t/18-marc_spec.t line 62.
#          got: undef
#     expected: 'Cross-platform Perl /'

#   Failed test 'fix: marc_spec('245_10$a', my.title.indicator.proper);'
#   at t/18-marc_spec.t line 64.
#          got: undef
#     expected: 'Cross-platform Perl /'

#   Failed test 'fix: marc_spec('245$a/0-1', my.title.charpos);'
#   at t/18-marc_spec.t line 66.
#          got: undef
#     expected: 'Cr'

#   Failed test 'fix: marc_spec('650[1]', my.second.subjects);'
#   at t/18-marc_spec.t line 68.
#          got: undef
#     expected: 'Web servers.'

#   Failed test 'fix: marc_spec('650[#]', my.last.subjects);'
#   at t/18-marc_spec.t line 69.
#          got: undef
#     expected: 'Cross-platform software development.'

#   Failed test 'fix: marc_spec('650[0-1]', my.two.split.subjects, split:1);'
#   at t/18-marc_spec.t line 73.
#     Structures begin differing at:
#          $got = undef
#     $expected = ARRAY(0x39e0c80)

#   Failed test 'fix: marc_spec('650[#-1]', my.two.join.subjects, join:'###');'
#   at t/18-marc_spec.t line 76.
#          got: undef
#     expected: 'Web servers.###Cross-platform software development.'

#   Failed test 'fix: marc_spec('020$a[0]', my.isbn.number);'
#   at t/18-marc_spec.t line 78.
#          got: undef
#     expected: '0764547291 (alk. paper)0491001304test0491001304'

#   Failed test 'fix: marc_spec('020$a[0]', my.isbn.numbers);'
#   at t/18-marc_spec.t line 79.
#          got: undef
#     expected: '0764547291 (alk. paper)0491001304'

#   Failed test 'fix: marc_spec('020$q[0]', my.isbn.qual.first);'
#   at t/18-marc_spec.t line 81.
#          got: undef
#     expected: 'black leather'

#   Failed test 'fix: marc_spec('020$q[1]', my.isbn.qual.second);'
#   at t/18-marc_spec.t line 82.
#          got: undef
#     expected: 'blue pigskin'

#   Failed test 'fix: marc_spec('020$q[#]', my.isbn.qual.last);'
#   at t/18-marc_spec.t line 83.
#          got: undef
#     expected: 'easel binding'

#   Failed test 'fix: marc_spec('020$q$a', my.isbns.all, split:1);'
#   at t/18-marc_spec.t line 87.
#     Structures begin differing at:
#          $got = undef
#     $expected = ARRAY(0x3a7d818)

#   Failed test 'fix: marc_spec('020$q$a', my.isbns.all, split:1, pluck:1);'
#   at t/18-marc_spec.t line 98.
#     Structures begin differing at:
#          $got = undef
#     $expected = ARRAY(0x39e0e90)

#   Failed test 'fix: marc_spec('020$q[#]$a[1]', my.isbn.qual.other, split:1);'
#   at t/18-marc_spec.t line 109.
#     Structures begin differing at:
#          $got = undef
#     $expected = ARRAY(0x3a384a0)

#   Failed test 'fix: marc_spec('020$q[#-1]$a[0-1]', my.isbn.qual.range, split:1);'
#   at t/18-marc_spec.t line 116.
#     Structures begin differing at:
#          $got = undef
#     $expected = ARRAY(0x386af48)

#   Failed test 'fix: marc_spec('020$q[#]/0-4$a[1]/#-0', my.isbn.qual.substring.other, split:1);'
#   at t/18-marc_spec.t line 126.
#     Structures begin differing at:
#          $got = undef
#     $expected = ARRAY(0x3a384a0)

#   Failed test 'fix: marc_spec('260[#]$b$a', my.level3.inverted, invert:1);'
#   at t/18-marc_spec.t line 131.
#          got: undef
#     expected: '2000.'

#   Failed test 'fix: marc_spec('020$a$q[#]', my.level2.inverted, invert:1);'
#   at t/18-marc_spec.t line 132.
#          got: undef
#     expected: 'black leatherblue pigskin'

#   Failed test 'fix: marc_spec('020[#]$a$q[#]/1-5', my.level1.inverted, invert:1);'
#   at t/18-marc_spec.t line 133.
#          got: undef
#     expected: 'ebinding'

#   Failed test 'fix: marc_spec('020[#]$a$q[0]/1-5$q[1]/1-5$q[2]/1-5', my.multi.level1.inverted, invert:1);'
#   at t/18-marc_spec.t line 134.
#          got: undef
#     expected: 'bleatherbigskinebinding'
# Looks like you failed 34 tests of 37.
t/18-marc_spec.t ........ 
Dubious, test returned 34 (wstat 8704, 0x2200)
Failed 34/37 subtests 
t/basic.t ............... ok
t/release-pod-syntax.t .. skipped: these tests are for release candidate testing

Test Summary Report
-------------------
t/18-marc_spec.t      (Wstat: 8704 Tests: 37 Failed: 34)
  Failed tests:  1, 4-24, 26-37
  Non-zero exit status: 34
Files=3, Tests=38,  1 wallclock secs ( 0.01 usr  0.01 sys +  0.36 cusr  0.06 csys =  0.44 CPU)
Result: FAIL

------------------------------
PREREQUISITES
------------------------------

Prerequisite modules loaded:

requires:

    Module              Need    Have    
    ------------------- ------- --------
    Catmandu            1.0201  1.10    
    Catmandu::MARC      0.218   0.219   
    Const::Fast         0.014   0.014   
    MARC::Spec          0       0.0.3   
    Moo                 1.0     2.002004
    perl                v5.10.1 5.022002

build_requires:

    Module              Need    Have    
    ------------------- ------- --------
    Test::More          0.96    1.302052

configure_requires:

    Module              Need    Have    
    ------------------- ------- --------
    Module::Build::Tiny 0.034   0.039   


------------------------------
ENVIRONMENT AND OTHER CONTEXT
------------------------------

Environment variables:

    LANG = en_US.UTF-8
    LANGUAGE = en_US:en
    PATH = /usr/local/bin:/usr/bin:/bin:/usr/local/sbin:/usr/sbin:/sbin:/home/cpansand/bin/linux-gnu:/home/cpansand/bin/sh:/home/cpansand/bin:/usr/games:/home/cpansand/devel:/home/eserte/src/srezic-misc/scripts
    PERL5LIB = /home/cpansand/.cpan/build/2018120509/Catmandu-1.10-1/blib/arch:/home/cpansand/.cpan/build/2018120509/Catmandu-1.10-1/blib/lib:/home/cpansand/.cpan/build/2018120509/Data-Util-0.66-1/blib/arch:/home/cpansand/.cpan/build/2018120509/Data-Util-0.66-1/blib/lib
    PERL5OPT = 
    PERL5_CPANPLUS_IS_RUNNING = 31722
    PERL5_CPAN_IS_RUNNING = 31722
    PERL5_CPAN_IS_RUNNING_IN_RECURSION = 30839,31722
    PERLDOC = -MPod::Perldoc::ToTextOverstrike
    PERL_BATCH = yes
    PERL_CANARY_STABILITY_NOPROMPT = 1
    PERL_CPAN_REPORTER_CONFIG = /var/tmp/cpansmoker-1023/2018120509/cpanreporter_000_config.ini
    PERL_EXTUTILS_AUTOINSTALL = --defaultdeps
    SHELL = /bin/zsh
    TERM = screen
    TMPDIR = /var/tmp/cpansmoker-1023/2018120509

Perl special variables (and OS-specific diagnostics, for MSWin32):

    $^X = /opt/perl-5.22.2/bin/perl
    $UID/$EUID = 1023 / 1023
    $GID = 1023 1023
    $EGID = 1023 1023

Perl module toolchain versions installed:

    Module              Have    
    ------------------- --------
    CPAN                2.16    
    CPAN::Meta          2.150010
    Cwd                 3.62    
    ExtUtils::CBuilder  0.280221
    ExtUtils::Command   7.24    
    ExtUtils::Install   2.04    
    ExtUtils::MakeMaker 7.24    
    ExtUtils::Manifest  1.70    
    ExtUtils::ParseXS   3.28    
    File::Spec          3.62    
    JSON                2.90    
    JSON::PP            2.27300 
    Module::Build       0.4220  
    Module::Signature   0.81    
    Parse::CPAN::Meta   2.150010
    Test::Harness       3.35    
    Test::More          1.302052
    YAML                1.17    
    YAML::Syck          1.29    
    version             0.9917  


--

Summary of my perl5 (revision 5 version 22 subversion 2) configuration:
   
  Platform:
    osname=linux, osvers=3.2.0-4-amd64, archname=x86_64-linux
    uname='linux cvrsnica-wheezy 3.2.0-4-amd64 #1 smp debian 3.2.54-2 x86_64 gnulinux '
    config_args='-ds -e -Dprefix=/opt/perl-5.22.2 -Dcf_email=srezic@cpan.org'
    hint=recommended, useposix=true, d_sigaction=define
    useithreads=undef, usemultiplicity=undef
    use64bitint=define, use64bitall=define, uselongdouble=undef
    usemymalloc=n, bincompat5005=undef
  Compiler:
    cc='cc', ccflags ='-fwrapv -fno-strict-aliasing -pipe -fstack-protector -I/usr/local/include -D_LARGEFILE_SOURCE -D_FILE_OFFSET_BITS=64 -D_FORTIFY_SOURCE=2',
    optimize='-O2',
    cppflags='-fwrapv -fno-strict-aliasing -pipe -fstack-protector -I/usr/local/include'
    ccversion='', gccversion='4.7.2', gccosandvers=''
    intsize=4, longsize=8, ptrsize=8, doublesize=8, byteorder=12345678, doublekind=3
    d_longlong=define, longlongsize=8, d_longdbl=define, longdblsize=16, longdblkind=3
    ivtype='long', ivsize=8, nvtype='double', nvsize=8, Off_t='off_t', lseeksize=8
    alignbytes=8, prototype=define
  Linker and Libraries:
    ld='cc', ldflags =' -fstack-protector -L/usr/local/lib'
    libpth=/usr/local/lib /usr/lib/gcc/x86_64-linux-gnu/4.7/include-fixed /usr/include/x86_64-linux-gnu /usr/lib /lib/x86_64-linux-gnu /lib/../lib /usr/lib/x86_64-linux-gnu /usr/lib/../lib /lib
    libs=-lpthread -lnsl -ldb -ldl -lm -lcrypt -lutil -lc
    perllibs=-lpthread -lnsl -ldl -lm -lcrypt -lutil -lc
    libc=libc-2.13.so, so=so, useshrplib=false, libperl=libperl.a
    gnulibc_version='2.13'
  Dynamic Linking:
    dlsrc=dl_dlopen.xs, dlext=so, d_dlsymun=undef, ccdlflags='-Wl,-E'
    cccdlflags='-fPIC', lddlflags='-shared -O2 -L/usr/local/lib -fstack-protector'


Characteristics of this binary (from libperl): 
  Compile-time options: HAS_TIMES PERLIO_LAYERS PERL_DONT_CREATE_GVSV
                        PERL_HASH_FUNC_ONE_AT_A_TIME_HARD PERL_MALLOC_WRAP
                        PERL_NEW_COPY_ON_WRITE PERL_PRESERVE_IVUV
                        USE_64_BIT_ALL USE_64_BIT_INT USE_LARGE_FILES
                        USE_LOCALE USE_LOCALE_COLLATE USE_LOCALE_CTYPE
                        USE_LOCALE_NUMERIC USE_LOCALE_TIME USE_PERLIO
                        USE_PERL_ATOF
  Built under linux
  Compiled at May 29 2016 23:41:57
  %ENV:
    PERL5LIB="/home/cpansand/.cpan/build/2018120509/Catmandu-1.10-1/blib/arch:/home/cpansand/.cpan/build/2018120509/Catmandu-1.10-1/blib/lib:/home/cpansand/.cpan/build/2018120509/Data-Util-0.66-1/blib/arch:/home/cpansand/.cpan/build/2018120509/Data-Util-0.66-1/blib/lib"
    PERL5OPT=""
    PERL5_CPANPLUS_IS_RUNNING="31722"
    PERL5_CPAN_IS_RUNNING="31722"
    PERL5_CPAN_IS_RUNNING_IN_RECURSION="30839,31722"
    PERLDOC="-MPod::Perldoc::ToTextOverstrike"
    PERL_BATCH="yes"
    PERL_CANARY_STABILITY_NOPROMPT="1"
    PERL_CPAN_REPORTER_CONFIG="/var/tmp/cpansmoker-1023/2018120509/cpanreporter_000_config.ini"
    PERL_EXTUTILS_AUTOINSTALL="--defaultdeps"
  @INC:
    /home/cpansand/.cpan/build/2018120509/Catmandu-1.10-1/blib/arch
    /home/cpansand/.cpan/build/2018120509/Catmandu-1.10-1/blib/lib
    /home/cpansand/.cpan/build/2018120509/Data-Util-0.66-1/blib/arch
    /home/cpansand/.cpan/build/2018120509/Data-Util-0.66-1/blib/lib
    /opt/perl-5.22.2/lib/site_perl/5.22.2/x86_64-linux
    /opt/perl-5.22.2/lib/site_perl/5.22.2
    /opt/perl-5.22.2/lib/5.22.2/x86_64-linux
    /opt/perl-5.22.2/lib/5.22.2
    .