Report for POE-Session-Cascading-1.04

Back
From: metabase:user:d2c9f356-b46f-11df-9a90-20a83c0b7757
Subject: FAIL POE-Session-Cascading-1.04 v5.15.5 SunOS/Solaris
Date: 2011-12-16T09:19:43Z

This distribution has been tested as part of the CPAN Testers
project, supporting the Perl programming language.  See
http://wiki.cpantesters.org/ for more information or email
questions to cpan-testers-discuss@perl.org


--
Dear sungo,

This is a computer-generated report for POE-Session-Cascading-1.04
on perl 5.15.5, created by CPAN-Reporter-1.2003.

Thank you for uploading your work to CPAN.  However, there was a problem
testing your distribution.

If you think this report is invalid, please consult the CPAN Testers Wiki
for suggestions on how to avoid getting FAIL reports for missing library
or binary dependencies, unsupported operating systems, and so on:

http://wiki.cpantesters.org/wiki/CPANAuthorNotes

Sections of this report:

    * Tester comments
    * Program output
    * Prerequisites
    * Environment and other context

------------------------------
TESTER COMMENTS
------------------------------

Additional comments from tester:

this report is from an automated smoke testing program
and was not reviewed by a human for accuracy

------------------------------
PROGRAM OUTPUT
------------------------------

Output from '/usr/local/bin/make test':

PERL_DL_NONLAZY=1 /export/home/cpant4/perl5/bin/perl5.15.5 "-MExtUtils::Command::MM" "-e" "test_harness(0, 'inc', 'blib/lib', 'blib/arch')" ./t/00-distribution.t ./t/_internals/creation.t ./t/_internals/invoke_state.t ./t/_internals/swap.t ./t/api/basic.t ./t/api/data_propogation.t ./t/multiplicity/dual.t
./t/00-distribution.t .......... skipped: Test::Distribution not found.
./t/_internals/creation.t ...... ok
./t/_internals/invoke_state.t .. ok
./t/_internals/swap.t .......... ok

#   Failed test 'exception check'
#   at ./t/api/basic.t line 21.
#          got: 'Can't locate object method "_set_id" via package "POE::Session::Cascading" at /export/home/cpant4/perl5/lib/site_perl/5.15.5/POE/Kernel.pm line 1407.
# '
#     expected: ''

#   Failed test 'whole tree propogation'
#   at ./t/api/basic.t line 22.
#          got: undef
#     expected: '123456'

#   Failed test 'exception check'
#   at ./t/api/basic.t line 32.
#          got: 'Can't locate object method "_set_id" via package "POE::Session::Cascading" at /export/home/cpant4/perl5/lib/site_perl/5.15.5/POE/Kernel.pm line 1407.
# '
#     expected: ''

#   Failed test 'partial tree propogation (2-6)'
#   at ./t/api/basic.t line 33.
#          got: undef
#     expected: '23456'

#   Failed test 'exception check'
#   at ./t/api/basic.t line 42.
#          got: 'Can't locate object method "_set_id" via package "POE::Session::Cascading" at /export/home/cpant4/perl5/lib/site_perl/5.15.5/POE/Kernel.pm line 1407.
# '
#     expected: ''

#   Failed test 'partial tree propogation (3-6)'
#   at ./t/api/basic.t line 43.
#          got: undef
#     expected: '3456'

#   Failed test 'exception check'
#   at ./t/api/basic.t line 51.
#          got: 'Can't locate object method "_set_id" via package "POE::Session::Cascading" at /export/home/cpant4/perl5/lib/site_perl/5.15.5/POE/Kernel.pm line 1407.
# '
#     expected: ''

#   Failed test 'partial tree propogation (4-6)'
#   at ./t/api/basic.t line 52.
#          got: undef
#     expected: '456'

#   Failed test 'exception check'
#   at ./t/api/basic.t line 61.
#          got: 'Can't locate object method "_set_id" via package "POE::Session::Cascading" at /export/home/cpant4/perl5/lib/site_perl/5.15.5/POE/Kernel.pm line 1407.
# '
#     expected: ''

#   Failed test 'partial tree propogation (5-6)'
#   at ./t/api/basic.t line 62.
#          got: undef
#     expected: '56'

#   Failed test 'exception check'
#   at ./t/api/basic.t line 71.
#          got: 'Can't locate object method "_set_id" via package "POE::Session::Cascading" at /export/home/cpant4/perl5/lib/site_perl/5.15.5/POE/Kernel.pm line 1407.
# '
#     expected: ''

#   Failed test 'partial tree propogation (6-6)'
#   at ./t/api/basic.t line 72.
#          got: undef
#     expected: '6'

#   Failed test 'exception check'
#   at ./t/api/basic.t line 81.
#          got: 'Can't locate object method "_set_id" via package "POE::Session::Cascading" at /export/home/cpant4/perl5/lib/site_perl/5.15.5/POE/Kernel.pm line 1407.
# '
#     expected: ''

#   Failed test 'single state propogation (7)'
#   at ./t/api/basic.t line 82.
#          got: undef
#     expected: 'undef'

#   Failed test 'exception check'
#   at ./t/api/basic.t line 90.
#          got: 'Can't locate object method "_set_id" via package "POE::Session::Cascading" at /export/home/cpant4/perl5/lib/site_perl/5.15.5/POE/Kernel.pm line 1407.
# '
#     expected: ''

#   Failed test 'partial tree propogation (3-6)'
#   at ./t/api/basic.t line 91.
#          got: undef
#     expected: '3456'
# Looks like you failed 16 tests of 17.
=== 8488 === Sessions were started, but POE::Kernel's run() method was never
called to execute them.  This usually happens because an error
occurred before POE::Kernel->run() could be called.  Please fix
any errors above this notice, and be sure that POE::Kernel->run()
is called.  See documentation for POE::Kernel's run() method for
another way to disable this warning.
./t/api/basic.t ................ 
Dubious, test returned 16 (wstat 4096, 0x1000)
Failed 16/17 subtests 
Can't locate object method "_set_id" via package "POE::Session::Cascading" at /export/home/cpant4/perl5/lib/site_perl/5.15.5/POE/Kernel.pm line 1407.
# Looks like your test exited with 255 just after 1.
=== 8489 === Sessions were started, but POE::Kernel's run() method was never
called to execute them.  This usually happens because an error
occurred before POE::Kernel->run() could be called.  Please fix
any errors above this notice, and be sure that POE::Kernel->run()
is called.  See documentation for POE::Kernel's run() method for
another way to disable this warning.
./t/api/data_propogation.t ..... 
Dubious, test returned 255 (wstat 65280, 0xff00)
All 1 subtests passed 
Can't locate object method "_set_id" via package "POE::Session::Cascading" at /export/home/cpant4/perl5/lib/site_perl/5.15.5/POE/Kernel.pm line 1407.
# Looks like you planned 15 tests but ran 1.
# Looks like your test exited with 255 just after 1.
=== 8490 === Sessions were started, but POE::Kernel's run() method was never
called to execute them.  This usually happens because an error
occurred before POE::Kernel->run() could be called.  Please fix
any errors above this notice, and be sure that POE::Kernel->run()
is called.  See documentation for POE::Kernel's run() method for
another way to disable this warning.
./t/multiplicity/dual.t ........ 
Dubious, test returned 255 (wstat 65280, 0xff00)
Failed 14/15 subtests 

Test Summary Report
-------------------
./t/api/basic.t              (Wstat: 4096 Tests: 17 Failed: 16)
  Failed tests:  2-17
  Non-zero exit status: 16
./t/api/data_propogation.t   (Wstat: 65280 Tests: 1 Failed: 0)
  Non-zero exit status: 255
./t/multiplicity/dual.t      (Wstat: 65280 Tests: 1 Failed: 0)
  Non-zero exit status: 255
  Parse errors: Bad plan.  You planned 15 tests but ran 1.
Files=7, Tests=53,  1 wallclock secs ( 0.04 usr  0.02 sys +  0.44 cusr  0.06 csys =  0.56 CPU)
Result: FAIL
Failed 3/7 test programs. 16/53 subtests failed.
make: *** [test_dynamic] Error 255

------------------------------
PREREQUISITES
------------------------------

Prerequisite modules loaded:

requires:

    Module              Need   Have   
    ------------------- ------ -------
    Carp                0      1.23   
    ExtUtils::MakeMaker 6.6302 6.63_02
    POE                 0.19   1.312  
    Test::More          0      0.98   

build_requires:

    Module              Need   Have   
    ------------------- ------ -------
    ExtUtils::MakeMaker 0      6.63_02


------------------------------
ENVIRONMENT AND OTHER CONTEXT
------------------------------

Environment variables:

    AUTOMATED_TESTING = 1
    LANG = C
    LD_LIBRARY_PATH = /usr/local/lib:
    PATH = /export/home/cpant4/perl5/bin:/usr/local/bin:/usr/bin
    PERL5LIB = 
    PERL5OPT = 
    PERL5_CPANPLUS_IS_RUNNING = 8351
    PERL5_CPAN_IS_RUNNING = 8351
    PERL5_CPAN_IS_RUNNING_IN_RECURSION = 2919,8351
    PERL_CR_SMOKER_CURRENT = POE-Session-Cascading-1.04
    PERL_EXTUTILS_AUTOINSTALL = --defaultdeps
    PERL_MM_USE_DEFAULT = 1
    SHELL = /bin/bash
    TERM = xterm

Perl special variables (and OS-specific diagnostics, for MSWin32):

    $^X = /export/home/cpant4/perl5/bin/perl5.15.5
    $UID/$EUID = 104 / 104
    $GID = 1 1
    $EGID = 1 1

Perl module toolchain versions installed:

    Module              Have    
    ------------------- --------
    CPAN                1.9800  
    CPAN::Meta          2.112621
    Cwd                 3.37    
    ExtUtils::CBuilder  0.280204
    ExtUtils::Command   1.17    
    ExtUtils::Install   1.57    
    ExtUtils::MakeMaker 6.63_02 
    ExtUtils::Manifest  1.60    
    ExtUtils::ParseXS   3.07    
    File::Spec          3.34    
    JSON                2.53    
    JSON::PP            2.27200 
    Module::Build       0.39_01 
    Module::Signature   n/a     
    Parse::CPAN::Meta   1.4401  
    Test::Harness       3.23    
    Test::More          0.98    
    YAML                0.77    
    YAML::Syck          1.19    
    version             0.95    


--

Summary of my perl5 (revision 5 version 15 subversion 5) configuration:
   
  Platform:
    osname=solaris, osvers=2.10, archname=i86pc-solaris-64int
    uname='sunos vmrz0046 5.10 generic_141445-09 i86pc i386 i86pc solaris '
    config_args='-Dcc=gcc -Dprefix=~/perl5 -Duse64bitint -Dusedevel -d'
    hint=recommended, useposix=true, d_sigaction=define
    useithreads=undef, usemultiplicity=undef
    useperlio=define, d_sfio=undef, uselargefiles=define, usesocks=undef
    use64bitint=define, use64bitall=undef, uselongdouble=undef
    usemymalloc=n, bincompat5005=undef
  Compiler:
    cc='gcc', ccflags ='-DPTR_IS_LONG -fno-strict-aliasing -pipe -I/usr/local/include -D_LARGEFILE_SOURCE -D_FILE_OFFSET_BITS=64 -DPERL_USE_SAFE_PUTENV',
    optimize='-O',
    cppflags='-DPTR_IS_LONG -fno-strict-aliasing -pipe -I/usr/local/include'
    ccversion='', gccversion='3.4.6', gccosandvers='solaris2.10'
    intsize=4, longsize=4, ptrsize=4, doublesize=8, byteorder=12345678
    d_longlong=define, longlongsize=8, d_longdbl=define, longdblsize=12
    ivtype='long long', ivsize=8, nvtype='double', nvsize=8, Off_t='off_t', lseeksize=8
    alignbytes=4, prototype=define
  Linker and Libraries:
    ld='gcc', ldflags =' -L/usr/local/lib '
    libpth=/usr/local/lib /usr/lib /usr/ccs/lib
    libs=-lsocket -lnsl -lgdbm -ldl -lm -lc
    perllibs=-lsocket -lnsl -ldl -lm -lc
    libc=/lib/libc.so, so=so, useshrplib=false, libperl=libperl.a
    gnulibc_version=''
  Dynamic Linking:
    dlsrc=dl_dlopen.xs, dlext=so, d_dlsymun=undef, ccdlflags=' '
    cccdlflags='-fPIC', lddlflags='-G -L/usr/local/lib'


Characteristics of this binary (from libperl): 
  Compile-time options: HAS_TIMES PERLIO_LAYERS PERL_DONT_CREATE_GVSV
                        PERL_MALLOC_WRAP PERL_PRESERVE_IVUV PERL_USE_DEVEL
                        PERL_USE_SAFE_PUTENV USE_64_BIT_INT USE_LARGE_FILES
                        USE_LOCALE USE_LOCALE_COLLATE USE_LOCALE_CTYPE
                        USE_LOCALE_NUMERIC USE_PERLIO USE_PERL_ATOF
  Built under solaris
  Compiled at Nov 28 2011 11:34:47
  %ENV:
    PERL5LIB=""
    PERL5OPT=""
    PERL5_CPANPLUS_IS_RUNNING="8351"
    PERL5_CPAN_IS_RUNNING="8351"
    PERL5_CPAN_IS_RUNNING_IN_RECURSION="2919,8351"
    PERL_CR_SMOKER_CURRENT="POE-Session-Cascading-1.04"
    PERL_EXTUTILS_AUTOINSTALL="--defaultdeps"
    PERL_MM_USE_DEFAULT="1"
  @INC:
    /export/home/cpant4/perl5/lib/site_perl/5.15.5/i86pc-solaris-64int
    /export/home/cpant4/perl5/lib/site_perl/5.15.5
    /export/home/cpant4/perl5/lib/5.15.5/i86pc-solaris-64int
    /export/home/cpant4/perl5/lib/5.15.5
    /export/home/cpant4/perl5/lib/site_perl
    .