HealthCheck-Diagnostic-DBHCheck vv1.0.1 Perl 5 v5.12.4 OpenBSD.amd64-openbsd-thread-multi
- Status
- Fail
- From
- Chris Williams (BINGOS)
- Dist
-
HealthCheck-Diagnostic-DBHCheck vv1.0.1
- Platform
- Perl 5 v5.12.4 OpenBSD.amd64-openbsd-thread-multi
- Date
- 2023-12-05 02:00:40
- ID
- 1709bc4c-9312-11ee-98b0-b3c3213a625c
This distribution has been tested as part of the CPAN Testers
project, supporting the Perl programming language. See
http://wiki.cpantesters.org/ for more information or email
questions to cpan-testers-discuss@perl.org
--
Dear GSG,
This is a computer-generated error report created automatically by
CPANPLUS, version 0.9914. Testers personal comments may appear
at the end of this report.
Thank you for uploading your work to CPAN. However, it appears that
there were some problems testing your distribution.
TEST RESULTS:
Below is the error stack from stage 'make test':
PERL_DL_NONLAZY=1 "/home/cpan/pit/thr/perl-5.12.4/bin/perl" "-MExtUtils::Command::MM" "-MTest::Harness" "-e" "undef *Test::Harness::Switches; test_harness(0, 'blib/lib', 'blib/arch')" t/*.t
t/00-compile.t ....................... ok
#
# Versions for all modules listed in MYMETA.json (including optional ones):
#
# === Configure Requires ===
#
# Module Want Have
# ------------------- ------ ----
# ExtUtils::MakeMaker 7.1101 7.70
#
# === Build Requires ===
#
# Module Want Have
# ------------------- ---- ----
# ExtUtils::MakeMaker any 7.70
#
# === Test Requires ===
#
# Module Want Have
# ------------------- ---- --------
# DBD::SQLite any 1.74
# DBI any 1.643
# ExtUtils::MakeMaker any 7.70
# File::Spec any 3.75
# IO::Handle any 1.28
# IPC::Open3 any 1.05
# Test::More any 1.302195
#
# === Test Recommends ===
#
# Module Want Have
# ---------- -------- --------
# CPAN::Meta 2.120900 2.150010
#
# === Runtime Requires ===
#
# Module Want Have
# ----------------------- ---- ------
# Carp any 1.17
# HealthCheck::Diagnostic any v1.8.1
# Scalar::Util any 1.63
# parent any 0.223
# strict any 1.04
# warnings any 1.09
#
t/00-report-prereqs.t ................ ok
t/author-has-version.t ............... skipped: these tests are for testing by the author
t/author-pod-coverage.t .............. skipped: these tests are for testing by the author
t/author-pod-syntax.t ................ skipped: these tests are for testing by the author
t/author-strict.t .................... skipped: these tests are for testing by the author
# Failed test 'Expected error with DBH as empty sub'
# at t/HealthCheck-Diagnostic-DBHCheck.t line 68.
# ''
# doesn't match '(?-xism:The 'dbh' coderef should return an object)'
# Failed test 'Expected error with DBH as scalar'
# at t/HealthCheck-Diagnostic-DBHCheck.t line 71.
# ''
# doesn't match '(?-xism:The 'dbh' coderef should return an object)'
# Failed test 'Expected error with DBH as unexpected object class'
# at t/HealthCheck-Diagnostic-DBHCheck.t line 74.
# ''
# doesn't match '(?-xism:The 'dbh' coderef should return a '.*', not a 'Foo::Bar')'
# Failed test 'Expected error when DBH dies with bad params'
# at t/HealthCheck-Diagnostic-DBHCheck.t line 77.
# ''
# doesn't match '(?-xism:params no good)'
# Failed test 'Expected error when DBH dies with exception object'
# at t/HealthCheck-Diagnostic-DBHCheck.t line 80.
# ''
# doesn't match '(?-xism:My::Exception)'
# Looks like you failed 5 tests of 25.
t/HealthCheck-Diagnostic-DBHCheck.t ..
Dubious, test returned 5 (wstat 1280, 0x500)
Failed 5/25 subtests
Test Summary Report
-------------------
t/HealthCheck-Diagnostic-DBHCheck.t (Wstat: 1280 (exited 5) Tests: 25 Failed: 5)
Failed tests: 5-9
Non-zero exit status: 5
Files=7, Tests=27, 4 wallclock secs ( 0.01 usr 0.04 sys + 0.47 cusr 0.12 csys = 0.64 CPU)
Result: FAIL
Failed 1/7 test programs. 5/27 subtests failed.
*** Error 5 in /home/cpan/pit/thr/conf/perl-5.12.4/.cpanplus/5.12.4/build/SfU8cyAP59/HealthCheck-Diagnostic-DBHCheck-v1.0.1 (Makefile:868 'test_dynamic')
PREREQUISITES:
Here is a list of prerequisites you specified and versions we
managed to load:
Module Name Have Want
Carp 1.17 0
DBD::SQLite 1.74 0
DBI 1.643 0
ExtUtils::MakeMaker 7.70 0
File::Spec 3.75 0
HealthCheck::Diagnostic v1.8.1 0
IO::Handle 1.28 0
IPC::Open3 1.05 0
Scalar::Util 1.63 0
Test::More 1.302195 0
parent 0.223 0
strict 1.04 0
warnings 1.09 0
Perl module toolchain versions installed:
Module Name Have
CPANPLUS 0.9914
CPANPLUS::Dist::Build 0.90
Cwd 3.75
ExtUtils::CBuilder 0.280236
ExtUtils::Command 7.70
ExtUtils::Install 2.22
ExtUtils::MakeMaker 7.70
ExtUtils::Manifest 1.75
ExtUtils::ParseXS 3.44
File::Spec 3.75
Module::Build 0.4234
Pod::Parser 1.37
Pod::Simple 3.14
Test2 1.302195
Test::Harness 3.44
Test::More 1.302195
version 0.9929
******************************** NOTE ********************************
The comments above are created mechanically, possibly without manual
checking by the sender. As there are many people performing automatic
tests on each upload to CPAN, it is likely that you will receive
identical messages about the same problem.
If you believe that the message is mistaken, please reply to the first
one with correction and/or additional informations, and do not take
it personally. We appreciate your patience. :)
**********************************************************************
Additional comments:
This report was machine-generated by CPANPLUS::Dist::YACSmoke 1.08.
Powered by minismokebox version 0.68
CPANPLUS is prefering Build.PL
------------------------------
ENVIRONMENT AND OTHER CONTEXT
------------------------------
Environment variables:
AUTOMATED_TESTING = 1
NONINTERACTIVE_TESTING = 1
PATH = /home/cpan/bin:/bin:/sbin:/usr/bin:/usr/sbin:/usr/X11R6/bin:/usr/local/bin:/usr/local/sbin
PERL5LIB = /home/cpan/pit/jail/MXVZNSeGHm/lib/perl5:/home/cpan/pit/thr/conf/perl-5.12.4/.cpanplus/5.12.4/build/SfU8cyAP59/HealthCheck-Diagnostic-DBHCheck-v1.0.1/blib/lib:/home/cpan/pit/thr/conf/perl-5.12.4/.cpanplus/5.12.4/build/SfU8cyAP59/HealthCheck-Diagnostic-DBHCheck-v1.0.1/blib/arch
PERL5_CPANPLUS_IS_RUNNING = 7743
PERL5_CPANPLUS_IS_VERSION = 0.9914
PERL5_MINISMOKEBOX = 0.68
PERL5_YACSMOKE_BASE = /home/cpan/pit/thr/conf/perl-5.12.4
PERL_EXTUTILS_AUTOINSTALL = --defaultdeps
PERL_LOCAL_LIB_ROOT = /home/cpan/pit/jail/MXVZNSeGHm
PERL_MB_OPT = --install_base "/home/cpan/pit/jail/MXVZNSeGHm"
PERL_MM_OPT = INSTALL_BASE=/home/cpan/pit/jail/MXVZNSeGHm
PERL_MM_USE_DEFAULT = 1
SHELL = /usr/local/bin/bash
TERM = screen.xterm-256color
Perl special variables (and OS-specific diagnostics, for MSWin32):
Perl: $^X = /home/cpan/pit/thr/perl-5.12.4/bin/perl
UID: $< = 1001
EUID: $> = 1001
GID: $( = 1001 1001
EGID: $) = 1001 1001
-------------------------------
--
Summary of my perl5 (revision 5 version 12 subversion 4) configuration:
Platform:
osname=openbsd, osvers=7.3, archname=OpenBSD.amd64-openbsd-thread-multi
uname='openbsd overture.bingosnet.co.uk 7.3 generic#1072 amd64 '
config_args='-des -Dprefix=/home/cpan/pit/thr/perl-5.12.4 -Dusethreads'
hint=recommended, useposix=true, d_sigaction=define
useithreads=define, usemultiplicity=define
useperlio=define, d_sfio=undef, uselargefiles=define, usesocks=undef
use64bitint=define, use64bitall=define, uselongdouble=undef
usemymalloc=n, bincompat5005=undef
Compiler:
cc='cc', ccflags ='-pthread -fno-strict-aliasing -pipe -fstack-protector -I/usr/local/include',
optimize='-O2',
cppflags='-pthread -fno-strict-aliasing -pipe -fstack-protector -I/usr/local/include'
ccversion='', gccversion='OpenBSD Clang 13.0.0', gccosandvers=''
intsize=4, longsize=8, ptrsize=8, doublesize=8, byteorder=12345678
d_longlong=define, longlongsize=8, d_longdbl=define, longdblsize=16
ivtype='long', ivsize=8, nvtype='double', nvsize=8, Off_t='off_t', lseeksize=8
alignbytes=8, prototype=define
Linker and Libraries:
ld='cc', ldflags ='-pthread -Wl,-E -fstack-protector -L/usr/local/lib'
libpth=/usr/local/lib /usr/lib
libs=-lgdbm -lm -lutil -lc
perllibs=-lm -lutil -lc
libc=/usr/lib/libc.so.97.0, so=so, useshrplib=false, libperl=libperl.a
gnulibc_version=''
Dynamic Linking:
dlsrc=dl_dlopen.xs, dlext=so, d_dlsymun=undef, ccdlflags=' '
cccdlflags='-DPIC -fPIC ', lddlflags='-shared -fPIC -L/usr/local/lib -fstack-protector'
Characteristics of this binary (from libperl):
Compile-time options: MULTIPLICITY PERL_DONT_CREATE_GVSV
PERL_IMPLICIT_CONTEXT PERL_MALLOC_WRAP USE_64_BIT_ALL
USE_64_BIT_INT USE_ITHREADS USE_LARGE_FILES
USE_PERLIO USE_PERL_ATOF USE_REENTRANT_API
Locally applied patches:
Devel::PatchPerl 2.08
Built under openbsd
Compiled at May 30 2023 03:13:58
%ENV:
PERL5LIB="/home/cpan/pit/jail/MXVZNSeGHm/lib/perl5:/home/cpan/pit/thr/conf/perl-5.12.4/.cpanplus/5.12.4/build/SfU8cyAP59/HealthCheck-Diagnostic-DBHCheck-v1.0.1/blib/lib:/home/cpan/pit/thr/conf/perl-5.12.4/.cpanplus/5.12.4/build/SfU8cyAP59/HealthCheck-Diagnostic-DBHCheck-v1.0.1/blib/arch"
PERL5_CPANPLUS_IS_RUNNING="7743"
PERL5_CPANPLUS_IS_VERSION="0.9914"
PERL5_MINISMOKEBOX="0.68"
PERL5_YACSMOKE_BASE="/home/cpan/pit/thr/conf/perl-5.12.4"
PERL_EXTUTILS_AUTOINSTALL="--defaultdeps"
PERL_LOCAL_LIB_ROOT="/home/cpan/pit/jail/MXVZNSeGHm"
PERL_MB_OPT="--install_base "/home/cpan/pit/jail/MXVZNSeGHm""
PERL_MM_OPT="INSTALL_BASE=/home/cpan/pit/jail/MXVZNSeGHm"
PERL_MM_USE_DEFAULT="1"
@INC:
/home/cpan/pit/jail/MXVZNSeGHm/lib/perl5/5.12.4/OpenBSD.amd64-openbsd-thread-multi
/home/cpan/pit/jail/MXVZNSeGHm/lib/perl5/5.12.4
/home/cpan/pit/jail/MXVZNSeGHm/lib/perl5/OpenBSD.amd64-openbsd-thread-multi
/home/cpan/pit/jail/MXVZNSeGHm/lib/perl5
/home/cpan/pit/thr/conf/perl-5.12.4/.cpanplus/5.12.4/build/SfU8cyAP59/HealthCheck-Diagnostic-DBHCheck-v1.0.1/blib/lib
/home/cpan/pit/thr/conf/perl-5.12.4/.cpanplus/5.12.4/build/SfU8cyAP59/HealthCheck-Diagnostic-DBHCheck-v1.0.1/blib/arch
/home/cpan/pit/thr/perl-5.12.4/lib/site_perl/5.12.4/OpenBSD.amd64-openbsd-thread-multi
/home/cpan/pit/thr/perl-5.12.4/lib/site_perl/5.12.4
/home/cpan/pit/thr/perl-5.12.4/lib/5.12.4/OpenBSD.amd64-openbsd-thread-multi
/home/cpan/pit/thr/perl-5.12.4/lib/5.12.4
.