Report for GOBO-0.03

Back
From: metabase:user:30ae4450-2aae-11df-837a-5e0a49663a4f
Subject: FAIL GOBO-0.03 v5.25.8 
Date: 2017-02-06T14:41:36Z

This distribution has been tested as part of the CPAN Testers
project, supporting the Perl programming language.  See
http://wiki.cpantesters.org/ for more information or email
questions to cpan-testers-discuss@perl.org


--
Dear Chris Mungall,

This is a computer-generated report for GOBO-0.03
on perl 5.25.8, created by CPAN-Reporter-1.2018.

Thank you for uploading your work to CPAN.  However, there was a problem
testing your distribution.

If you think this report is invalid, please consult the CPAN Testers Wiki
for suggestions on how to avoid getting FAIL reports for missing library
or binary dependencies, unsupported operating systems, and so on:

http://wiki.cpantesters.org/wiki/CPANAuthorNotes

Sections of this report:

    * Tester comments
    * Program output
    * Prerequisites
    * Environment and other context

------------------------------
TESTER COMMENTS
------------------------------

Additional comments from tester:

this report is from an automated smoke testing program
and was not reviewed by a human for accuracy

------------------------------
PROGRAM OUTPUT
------------------------------

Output from 'C:\STRAWB~1\c\bin\dmake.exe test':

"C:\Strawberry258\perl\bin\perl.exe" "-MExtUtils::Command::MM" "-MTest::Harness" "-e" "undef *Test::Harness::Switches; test_harness(0, 'blib\lib', 'blib\arch')" t/*.t
You cannot coerce an attribute (source) unless its type (GOBO::Node) has a coercion at C:\Strawberry258\perl\site\lib\Moose\Exporter.pm line 419
	Moose::with('GOBO::Attributed') called at C:\STRAWB~1\cpan\build\GOBO-0.03-0\blib\lib\GOBO\Synonym.pm line 17
	require GOBO/Synonym.pm at C:\STRAWB~1\cpan\build\GOBO-0.03-0\blib\lib\GOBO\Labeled.pm line 23
	GOBO::Labeled::BEGIN at C:\STRAWB~1\cpan\build\GOBO-0.03-0\blib\lib\GOBO\Synonym.pm line 0
	eval {...} at C:\STRAWB~1\cpan\build\GOBO-0.03-0\blib\lib\GOBO\Synonym.pm line 0
	require GOBO/Labeled.pm at C:\Strawberry258\perl\vendor\lib\Module\Runtime.pm line 317
	Module::Runtime::require_module('GOBO::Labeled') called at C:\Strawberry258\perl\vendor\lib\Module\Runtime.pm line 381
	eval {...} at C:\Strawberry258\perl\vendor\lib\Module\Runtime.pm line 381
	Module::Runtime::use_package_optimistically('GOBO::Labeled') called at C:\Strawberry258\perl\site\lib\Moose\Util.pm line 352
	Moose::Util::_load_user_class('GOBO::Labeled', undef) called at C:\Strawberry258\perl\site\lib\Moose\Util.pm line 147
	Moose::Util::_apply_all_roles('Moose::Meta::Class=HASH(0x12fb13c)', undef, 'GOBO::Labeled') called at C:\Strawberry258\perl\site\lib\Moose\Util.pm line 114
	Moose::Util::apply_all_roles('Moose::Meta::Class=HASH(0x12fb13c)', 'GOBO::Labeled') called at C:\Strawberry258\perl\site\lib\Moose.pm line 57
	Moose::with('Moose::Meta::Class=HASH(0x12fb13c)', 'GOBO::Labeled') called at C:\Strawberry258\perl\site\lib\Moose\Exporter.pm line 419
	Moose::with('GOBO::Labeled') called at C:\STRAWB~1\cpan\build\GOBO-0.03-0\blib\lib\GOBO\Node.pm line 6
	require GOBO/Node.pm at C:\Strawberry258\perl\vendor\lib\Module\Runtime.pm line 317
	Module::Runtime::require_module('GOBO::Node') called at C:\Strawberry258\perl\vendor\lib\Module\Runtime.pm line 381
	eval {...} at C:\Strawberry258\perl\vendor\lib\Module\Runtime.pm line 381
	Module::Runtime::use_package_optimistically('GOBO::Node') called at C:\Strawberry258\perl\site\lib\Moose\Util.pm line 352
	Moose::Util::_load_user_class('GOBO::Node', undef) called at C:\Strawberry258\perl\site\lib\Moose\Meta\Class.pm line 561
	Moose::Meta::Class::superclasses(undef, 'GOBO::Node') called at C:\Strawberry258\perl\site\lib\Moose.pm line 53
	Moose::extends('Moose::Meta::Class=HASH(0x11f5274)', 'GOBO::Node') called at C:\Strawberry258\perl\site\lib\Moose\Exporter.pm line 419
	Moose::extends('GOBO::Node') called at C:\STRAWB~1\cpan\build\GOBO-0.03-0\blib\lib\GOBO\Evidence.pm line 4
	require GOBO/Evidence.pm at C:\STRAWB~1\cpan\build\GOBO-0.03-0\blib\lib\GOBO\Annotation.pm line 5
	GOBO::Annotation::BEGIN at C:\STRAWB~1\cpan\build\GOBO-0.03-0\blib\lib\GOBO\Synonym.pm line 0
	eval {...} at C:\STRAWB~1\cpan\build\GOBO-0.03-0\blib\lib\GOBO\Synonym.pm line 0
	require GOBO/Annotation.pm at C:\STRAWB~1\cpan\build\GOBO-0.03-0\blib\lib\GOBO\Graph.pm line 55
	GOBO::Graph::BEGIN at C:\STRAWB~1\cpan\build\GOBO-0.03-0\blib\lib\GOBO\Synonym.pm line 0
	eval {...} at C:\STRAWB~1\cpan\build\GOBO-0.03-0\blib\lib\GOBO\Synonym.pm line 0
	require GOBO/Graph.pm at t\analysis_test.t line 4
	main::BEGIN at C:\STRAWB~1\cpan\build\GOBO-0.03-0\blib\lib\GOBO\Synonym.pm line 0
	eval {...} at C:\STRAWB~1\cpan\build\GOBO-0.03-0\blib\lib\GOBO\Synonym.pm line 0
Compilation failed in require at C:\STRAWB~1\cpan\build\GOBO-0.03-0\blib\lib/GOBO/Labeled.pm line 23, <DATA> line 1.
BEGIN failed--compilation aborted at C:\STRAWB~1\cpan\build\GOBO-0.03-0\blib\lib/GOBO/Labeled.pm line 23, <DATA> line 1.
Compilation failed in require at C:/Strawberry258/perl/vendor/lib/Module/Runtime.pm line 317, <DATA> line 1.
Compilation failed in require at C:/Strawberry258/perl/vendor/lib/Module/Runtime.pm line 317, <DATA> line 1.
Compilation failed in require at C:\STRAWB~1\cpan\build\GOBO-0.03-0\blib\lib/GOBO/Annotation.pm line 5, <DATA> line 1.
BEGIN failed--compilation aborted at C:\STRAWB~1\cpan\build\GOBO-0.03-0\blib\lib/GOBO/Annotation.pm line 5, <DATA> line 1.
Compilation failed in require at C:\STRAWB~1\cpan\build\GOBO-0.03-0\blib\lib/GOBO/Graph.pm line 55, <DATA> line 1.
BEGIN failed--compilation aborted at C:\STRAWB~1\cpan\build\GOBO-0.03-0\blib\lib/GOBO/Graph.pm line 55, <DATA> line 1.
Compilation failed in require at t/analysis_test.t line 4, <DATA> line 1.
BEGIN failed--compilation aborted at t/analysis_test.t line 4, <DATA> line 1.
t/analysis_test.t ............ 
Dubious, test returned 255 (wstat 65280, 0xff00)
No subtests run 
You cannot coerce an attribute (source) unless its type (GOBO::Node) has a coercion at C:\Strawberry258\perl\site\lib\Moose\Exporter.pm line 419
	Moose::with('GOBO::Attributed') called at C:\STRAWB~1\cpan\build\GOBO-0.03-0\blib\lib\GOBO\Synonym.pm line 17
	require GOBO/Synonym.pm at C:\STRAWB~1\cpan\build\GOBO-0.03-0\blib\lib\GOBO\Labeled.pm line 23
	GOBO::Labeled::BEGIN at C:\STRAWB~1\cpan\build\GOBO-0.03-0\blib\lib\GOBO\Synonym.pm line 0
	eval {...} at C:\STRAWB~1\cpan\build\GOBO-0.03-0\blib\lib\GOBO\Synonym.pm line 0
	require GOBO/Labeled.pm at C:\Strawberry258\perl\vendor\lib\Module\Runtime.pm line 317
	Module::Runtime::require_module('GOBO::Labeled') called at C:\Strawberry258\perl\vendor\lib\Module\Runtime.pm line 381
	eval {...} at C:\Strawberry258\perl\vendor\lib\Module\Runtime.pm line 381
	Module::Runtime::use_package_optimistically('GOBO::Labeled') called at C:\Strawberry258\perl\site\lib\Moose\Util.pm line 352
	Moose::Util::_load_user_class('GOBO::Labeled', undef) called at C:\Strawberry258\perl\site\lib\Moose\Util.pm line 147
	Moose::Util::_apply_all_roles('Moose::Meta::Class=HASH(0x12f3754)', undef, 'GOBO::Labeled') called at C:\Strawberry258\perl\site\lib\Moose\Util.pm line 114
	Moose::Util::apply_all_roles('Moose::Meta::Class=HASH(0x12f3754)', 'GOBO::Labeled') called at C:\Strawberry258\perl\site\lib\Moose.pm line 57
	Moose::with('Moose::Meta::Class=HASH(0x12f3754)', 'GOBO::Labeled') called at C:\Strawberry258\perl\site\lib\Moose\Exporter.pm line 419
	Moose::with('GOBO::Labeled') called at C:\STRAWB~1\cpan\build\GOBO-0.03-0\blib\lib\GOBO\Node.pm line 6
	require GOBO/Node.pm at C:\STRAWB~1\cpan\build\GOBO-0.03-0\blib\lib\GOBO\Statement.pm line 7
	GOBO::Statement::BEGIN at C:\STRAWB~1\cpan\build\GOBO-0.03-0\blib\lib\GOBO\Synonym.pm line 0
	eval {...} at C:\STRAWB~1\cpan\build\GOBO-0.03-0\blib\lib\GOBO\Synonym.pm line 0
	require GOBO/Statement.pm at C:\STRAWB~1\cpan\build\GOBO-0.03-0\blib\lib\GOBO\ClassExpression\RelationalExpression.pm line 5
	GOBO::ClassExpression::RelationalExpression::BEGIN at C:\STRAWB~1\cpan\build\GOBO-0.03-0\blib\lib\GOBO\Synonym.pm line 0
	eval {...} at C:\STRAWB~1\cpan\build\GOBO-0.03-0\blib\lib\GOBO\Synonym.pm line 0
	require GOBO/ClassExpression/RelationalExpression.pm at C:\STRAWB~1\cpan\build\GOBO-0.03-0\blib\lib\GOBO\ClassExpression.pm line 80
	GOBO::ClassExpression::BEGIN at C:\STRAWB~1\cpan\build\GOBO-0.03-0\blib\lib\GOBO\Synonym.pm line 0
	eval {...} at C:\STRAWB~1\cpan\build\GOBO-0.03-0\blib\lib\GOBO\Synonym.pm line 0
	require GOBO/ClassExpression.pm at t\classexpr.t line 3
	main::BEGIN at C:\STRAWB~1\cpan\build\GOBO-0.03-0\blib\lib\GOBO\Synonym.pm line 0
	eval {...} at C:\STRAWB~1\cpan\build\GOBO-0.03-0\blib\lib\GOBO\Synonym.pm line 0
Compilation failed in require at C:\STRAWB~1\cpan\build\GOBO-0.03-0\blib\lib/GOBO/Labeled.pm line 23, <DATA> line 1.
BEGIN failed--compilation aborted at C:\STRAWB~1\cpan\build\GOBO-0.03-0\blib\lib/GOBO/Labeled.pm line 23, <DATA> line 1.
Compilation failed in require at C:/Strawberry258/perl/vendor/lib/Module/Runtime.pm line 317, <DATA> line 1.
Compilation failed in require at C:\STRAWB~1\cpan\build\GOBO-0.03-0\blib\lib/GOBO/Statement.pm line 7, <DATA> line 1.
BEGIN failed--compilation aborted at C:\STRAWB~1\cpan\build\GOBO-0.03-0\blib\lib/GOBO/Statement.pm line 7, <DATA> line 1.
Compilation failed in require at C:\STRAWB~1\cpan\build\GOBO-0.03-0\blib\lib/GOBO/ClassExpression/RelationalExpression.pm line 5, <DATA> line 1.
BEGIN failed--compilation aborted at C:\STRAWB~1\cpan\build\GOBO-0.03-0\blib\lib/GOBO/ClassExpression/RelationalExpression.pm line 5, <DATA> line 1.
Compilation failed in require at C:\STRAWB~1\cpan\build\GOBO-0.03-0\blib\lib/GOBO/ClassExpression.pm line 80, <DATA> line 1.
BEGIN failed--compilation aborted at C:\STRAWB~1\cpan\build\GOBO-0.03-0\blib\lib/GOBO/ClassExpression.pm line 80, <DATA> line 1.
Compilation failed in require at t/classexpr.t line 3, <DATA> line 1.
BEGIN failed--compilation aborted at t/classexpr.t line 3, <DATA> line 1.
t/classexpr.t ................ 
Dubious, test returned 255 (wstat 65280, 0xff00)
No subtests run 
You cannot coerce an attribute (source) unless its type (GOBO::Node) has a coercion at C:\Strawberry258\perl\site\lib\Moose\Exporter.pm line 419
	Moose::with('GOBO::Attributed') called at C:\STRAWB~1\cpan\build\GOBO-0.03-0\blib\lib\GOBO\Synonym.pm line 17
	require GOBO/Synonym.pm at C:\STRAWB~1\cpan\build\GOBO-0.03-0\blib\lib\GOBO\Labeled.pm line 23
	GOBO::Labeled::BEGIN at C:\STRAWB~1\cpan\build\GOBO-0.03-0\blib\lib\GOBO\Synonym.pm line 0
	eval {...} at C:\STRAWB~1\cpan\build\GOBO-0.03-0\blib\lib\GOBO\Synonym.pm line 0
	require GOBO/Labeled.pm at C:\Strawberry258\perl\vendor\lib\Module\Runtime.pm line 317
	Module::Runtime::require_module('GOBO::Labeled') called at C:\Strawberry258\perl\vendor\lib\Module\Runtime.pm line 381
	eval {...} at C:\Strawberry258\perl\vendor\lib\Module\Runtime.pm line 381
	Module::Runtime::use_package_optimistically('GOBO::Labeled') called at C:\Strawberry258\perl\site\lib\Moose\Util.pm line 352
	Moose::Util::_load_user_class('GOBO::Labeled', undef) called at C:\Strawberry258\perl\site\lib\Moose\Util.pm line 147
	Moose::Util::_apply_all_roles('Moose::Meta::Class=HASH(0x12fb77c)', undef, 'GOBO::Labeled') called at C:\Strawberry258\perl\site\lib\Moose\Util.pm line 114
	Moose::Util::apply_all_roles('Moose::Meta::Class=HASH(0x12fb77c)', 'GOBO::Labeled') called at C:\Strawberry258\perl\site\lib\Moose.pm line 57
	Moose::with('Moose::Meta::Class=HASH(0x12fb77c)', 'GOBO::Labeled') called at C:\Strawberry258\perl\site\lib\Moose\Exporter.pm line 419
	Moose::with('GOBO::Labeled') called at C:\STRAWB~1\cpan\build\GOBO-0.03-0\blib\lib\GOBO\Node.pm line 6
	require GOBO/Node.pm at C:\Strawberry258\perl\vendor\lib\Module\Runtime.pm line 317
	Module::Runtime::require_module('GOBO::Node') called at C:\Strawberry258\perl\vendor\lib\Module\Runtime.pm line 381
	eval {...} at C:\Strawberry258\perl\vendor\lib\Module\Runtime.pm line 381
	Module::Runtime::use_package_optimistically('GOBO::Node') called at C:\Strawberry258\perl\site\lib\Moose\Util.pm line 352
	Moose::Util::_load_user_class('GOBO::Node', undef) called at C:\Strawberry258\perl\site\lib\Moose\Meta\Class.pm line 561
	Moose::Meta::Class::superclasses(undef, 'GOBO::Node') called at C:\Strawberry258\perl\site\lib\Moose.pm line 53
	Moose::extends('Moose::Meta::Class=HASH(0x11f5824)', 'GOBO::Node') called at C:\Strawberry258\perl\site\lib\Moose\Exporter.pm line 419
	Moose::extends('GOBO::Node') called at C:\STRAWB~1\cpan\build\GOBO-0.03-0\blib\lib\GOBO\Evidence.pm line 4
	require GOBO/Evidence.pm at C:\STRAWB~1\cpan\build\GOBO-0.03-0\blib\lib\GOBO\Annotation.pm line 5
	GOBO::Annotation::BEGIN at C:\STRAWB~1\cpan\build\GOBO-0.03-0\blib\lib\GOBO\Synonym.pm line 0
	eval {...} at C:\STRAWB~1\cpan\build\GOBO-0.03-0\blib\lib\GOBO\Synonym.pm line 0
	require GOBO/Annotation.pm at C:\STRAWB~1\cpan\build\GOBO-0.03-0\blib\lib\GOBO\Graph.pm line 55
	GOBO::Graph::BEGIN at C:\STRAWB~1\cpan\build\GOBO-0.03-0\blib\lib\GOBO\Synonym.pm line 0
	eval {...} at C:\STRAWB~1\cpan\build\GOBO-0.03-0\blib\lib\GOBO\Synonym.pm line 0
	require GOBO/Graph.pm at t\dbconnect.t line 4
	main::BEGIN at C:\STRAWB~1\cpan\build\GOBO-0.03-0\blib\lib\GOBO\Synonym.pm line 0
	eval {...} at C:\STRAWB~1\cpan\build\GOBO-0.03-0\blib\lib\GOBO\Synonym.pm line 0
Compilation failed in require at C:\STRAWB~1\cpan\build\GOBO-0.03-0\blib\lib/GOBO/Labeled.pm line 23, <DATA> line 1.
BEGIN failed--compilation aborted at C:\STRAWB~1\cpan\build\GOBO-0.03-0\blib\lib/GOBO/Labeled.pm line 23, <DATA> line 1.
Compilation failed in require at C:/Strawberry258/perl/vendor/lib/Module/Runtime.pm line 317, <DATA> line 1.
Compilation failed in require at C:/Strawberry258/perl/vendor/lib/Module/Runtime.pm line 317, <DATA> line 1.
Compilation failed in require at C:\STRAWB~1\cpan\build\GOBO-0.03-0\blib\lib/GOBO/Annotation.pm line 5, <DATA> line 1.
BEGIN failed--compilation aborted at C:\STRAWB~1\cpan\build\GOBO-0.03-0\blib\lib/GOBO/Annotation.pm line 5, <DATA> line 1.
Compilation failed in require at C:\STRAWB~1\cpan\build\GOBO-0.03-0\blib\lib/GOBO/Graph.pm line 55, <DATA> line 1.
BEGIN failed--compilation aborted at C:\STRAWB~1\cpan\build\GOBO-0.03-0\blib\lib/GOBO/Graph.pm line 55, <DATA> line 1.
Compilation failed in require at t/dbconnect.t line 4, <DATA> line 1.
BEGIN failed--compilation aborted at t/dbconnect.t line 4, <DATA> line 1.
t/dbconnect.t ................ 
Dubious, test returned 255 (wstat 65280, 0xff00)
No subtests run 
You cannot coerce an attribute (provenance) unless its type (GOBO::Node) has a coercion at C:\Strawberry258\perl\site\lib\Moose\Exporter.pm line 419
	Moose::with('GOBO::Attributed') called at C:\STRAWB~1\cpan\build\GOBO-0.03-0\blib\lib\GOBO\Synonym.pm line 17
	require GOBO/Synonym.pm at C:\STRAWB~1\cpan\build\GOBO-0.03-0\blib\lib\GOBO\Labeled.pm line 23
	GOBO::Labeled::BEGIN at C:\STRAWB~1\cpan\build\GOBO-0.03-0\blib\lib\GOBO\Synonym.pm line 0
	eval {...} at C:\STRAWB~1\cpan\build\GOBO-0.03-0\blib\lib\GOBO\Synonym.pm line 0
	require GOBO/Labeled.pm at C:\Strawberry258\perl\vendor\lib\Module\Runtime.pm line 317
	Module::Runtime::require_module('GOBO::Labeled') called at C:\Strawberry258\perl\vendor\lib\Module\Runtime.pm line 381
	eval {...} at C:\Strawberry258\perl\vendor\lib\Module\Runtime.pm line 381
	Module::Runtime::use_package_optimistically('GOBO::Labeled') called at C:\Strawberry258\perl\site\lib\Moose\Util.pm line 352
	Moose::Util::_load_user_class('GOBO::Labeled', undef) called at C:\Strawberry258\perl\site\lib\Moose\Util.pm line 147
	Moose::Util::_apply_all_roles('Moose::Meta::Class=HASH(0x12fb004)', undef, 'GOBO::Labeled') called at C:\Strawberry258\perl\site\lib\Moose\Util.pm line 114
	Moose::Util::apply_all_roles('Moose::Meta::Class=HASH(0x12fb004)', 'GOBO::Labeled') called at C:\Strawberry258\perl\site\lib\Moose.pm line 57
	Moose::with('Moose::Meta::Class=HASH(0x12fb004)', 'GOBO::Labeled') called at C:\Strawberry258\perl\site\lib\Moose\Exporter.pm line 419
	Moose::with('GOBO::Labeled') called at C:\STRAWB~1\cpan\build\GOBO-0.03-0\blib\lib\GOBO\Node.pm line 6
	require GOBO/Node.pm at C:\Strawberry258\perl\vendor\lib\Module\Runtime.pm line 317
	Module::Runtime::require_module('GOBO::Node') called at C:\Strawberry258\perl\vendor\lib\Module\Runtime.pm line 381
	eval {...} at C:\Strawberry258\perl\vendor\lib\Module\Runtime.pm line 381
	Module::Runtime::use_package_optimistically('GOBO::Node') called at C:\Strawberry258\perl\site\lib\Moose\Util.pm line 352
	Moose::Util::_load_user_class('GOBO::Node', undef) called at C:\Strawberry258\perl\site\lib\Moose\Meta\Class.pm line 561
	Moose::Meta::Class::superclasses(undef, 'GOBO::Node') called at C:\Strawberry258\perl\site\lib\Moose.pm line 53
	Moose::extends('Moose::Meta::Class=HASH(0x11f58dc)', 'GOBO::Node') called at C:\Strawberry258\perl\site\lib\Moose\Exporter.pm line 419
	Moose::extends('GOBO::Node') called at C:\STRAWB~1\cpan\build\GOBO-0.03-0\blib\lib\GOBO\Evidence.pm line 4
	require GOBO/Evidence.pm at C:\STRAWB~1\cpan\build\GOBO-0.03-0\blib\lib\GOBO\Annotation.pm line 5
	GOBO::Annotation::BEGIN at C:\STRAWB~1\cpan\build\GOBO-0.03-0\blib\lib\GOBO\Synonym.pm line 0
	eval {...} at C:\STRAWB~1\cpan\build\GOBO-0.03-0\blib\lib\GOBO\Synonym.pm line 0
	require GOBO/Annotation.pm at C:\STRAWB~1\cpan\build\GOBO-0.03-0\blib\lib\GOBO\Graph.pm line 55
	GOBO::Graph::BEGIN at C:\STRAWB~1\cpan\build\GOBO-0.03-0\blib\lib\GOBO\Synonym.pm line 0
	eval {...} at C:\STRAWB~1\cpan\build\GOBO-0.03-0\blib\lib\GOBO\Synonym.pm line 0
	require GOBO/Graph.pm at t\gaf_inference_test.t line 4
	main::BEGIN at C:\STRAWB~1\cpan\build\GOBO-0.03-0\blib\lib\GOBO\Synonym.pm line 0
	eval {...} at C:\STRAWB~1\cpan\build\GOBO-0.03-0\blib\lib\GOBO\Synonym.pm line 0
Compilation failed in require at C:\STRAWB~1\cpan\build\GOBO-0.03-0\blib\lib/GOBO/Labeled.pm line 23, <DATA> line 1.
BEGIN failed--compilation aborted at C:\STRAWB~1\cpan\build\GOBO-0.03-0\blib\lib/GOBO/Labeled.pm line 23, <DATA> line 1.
Compilation failed in require at C:/Strawberry258/perl/vendor/lib/Module/Runtime.pm line 317, <DATA> line 1.
Compilation failed in require at C:/Strawberry258/perl/vendor/lib/Module/Runtime.pm line 317, <DATA> line 1.
Compilation failed in require at C:\STRAWB~1\cpan\build\GOBO-0.03-0\blib\lib/GOBO/Annotation.pm line 5, <DATA> line 1.
BEGIN failed--compilation aborted at C:\STRAWB~1\cpan\build\GOBO-0.03-0\blib\lib/GOBO/Annotation.pm line 5, <DATA> line 1.
Compilation failed in require at C:\STRAWB~1\cpan\build\GOBO-0.03-0\blib\lib/GOBO/Graph.pm line 55, <DATA> line 1.
BEGIN failed--compilation aborted at C:\STRAWB~1\cpan\build\GOBO-0.03-0\blib\lib/GOBO/Graph.pm line 55, <DATA> line 1.
Compilation failed in require at t/gaf_inference_test.t line 4, <DATA> line 1.
BEGIN failed--compilation aborted at t/gaf_inference_test.t line 4, <DATA> line 1.
t/gaf_inference_test.t ....... 
Dubious, test returned 255 (wstat 65280, 0xff00)
No subtests run 
You cannot coerce an attribute (provenance) unless its type (GOBO::Node) has a coercion at C:\Strawberry258\perl\site\lib\Moose\Exporter.pm line 419
	Moose::with('GOBO::Attributed') called at C:\STRAWB~1\cpan\build\GOBO-0.03-0\blib\lib\GOBO\Synonym.pm line 17
	require GOBO/Synonym.pm at C:\STRAWB~1\cpan\build\GOBO-0.03-0\blib\lib\GOBO\Labeled.pm line 23
	GOBO::Labeled::BEGIN at C:\STRAWB~1\cpan\build\GOBO-0.03-0\blib\lib\GOBO\Synonym.pm line 0
	eval {...} at C:\STRAWB~1\cpan\build\GOBO-0.03-0\blib\lib\GOBO\Synonym.pm line 0
	require GOBO/Labeled.pm at C:\Strawberry258\perl\vendor\lib\Module\Runtime.pm line 317
	Module::Runtime::require_module('GOBO::Labeled') called at C:\Strawberry258\perl\vendor\lib\Module\Runtime.pm line 381
	eval {...} at C:\Strawberry258\perl\vendor\lib\Module\Runtime.pm line 381
	Module::Runtime::use_package_optimistically('GOBO::Labeled') called at C:\Strawberry258\perl\site\lib\Moose\Util.pm line 352
	Moose::Util::_load_user_class('GOBO::Labeled', undef) called at C:\Strawberry258\perl\site\lib\Moose\Util.pm line 147
	Moose::Util::_apply_all_roles('Moose::Meta::Class=HASH(0x12fa17c)', undef, 'GOBO::Labeled') called at C:\Strawberry258\perl\site\lib\Moose\Util.pm line 114
	Moose::Util::apply_all_roles('Moose::Meta::Class=HASH(0x12fa17c)', 'GOBO::Labeled') called at C:\Strawberry258\perl\site\lib\Moose.pm line 57
	Moose::with('Moose::Meta::Class=HASH(0x12fa17c)', 'GOBO::Labeled') called at C:\Strawberry258\perl\site\lib\Moose\Exporter.pm line 419
	Moose::with('GOBO::Labeled') called at C:\STRAWB~1\cpan\build\GOBO-0.03-0\blib\lib\GOBO\Node.pm line 6
	require GOBO/Node.pm at C:\Strawberry258\perl\vendor\lib\Module\Runtime.pm line 317
	Module::Runtime::require_module('GOBO::Node') called at C:\Strawberry258\perl\vendor\lib\Module\Runtime.pm line 381
	eval {...} at C:\Strawberry258\perl\vendor\lib\Module\Runtime.pm line 381
	Module::Runtime::use_package_optimistically('GOBO::Node') called at C:\Strawberry258\perl\site\lib\Moose\Util.pm line 352
	Moose::Util::_load_user_class('GOBO::Node', undef) called at C:\Strawberry258\perl\site\lib\Moose\Meta\Class.pm line 561
	Moose::Meta::Class::superclasses(undef, 'GOBO::Node') called at C:\Strawberry258\perl\site\lib\Moose.pm line 53
	Moose::extends('Moose::Meta::Class=HASH(0x11f50b4)', 'GOBO::Node') called at C:\Strawberry258\perl\site\lib\Moose\Exporter.pm line 419
	Moose::extends('GOBO::Node') called at C:\STRAWB~1\cpan\build\GOBO-0.03-0\blib\lib\GOBO\Evidence.pm line 4
	require GOBO/Evidence.pm at C:\STRAWB~1\cpan\build\GOBO-0.03-0\blib\lib\GOBO\Annotation.pm line 5
	GOBO::Annotation::BEGIN at C:\STRAWB~1\cpan\build\GOBO-0.03-0\blib\lib\GOBO\Synonym.pm line 0
	eval {...} at C:\STRAWB~1\cpan\build\GOBO-0.03-0\blib\lib\GOBO\Synonym.pm line 0
	require GOBO/Annotation.pm at C:\STRAWB~1\cpan\build\GOBO-0.03-0\blib\lib\GOBO\Graph.pm line 55
	GOBO::Graph::BEGIN at C:\STRAWB~1\cpan\build\GOBO-0.03-0\blib\lib\GOBO\Synonym.pm line 0
	eval {...} at C:\STRAWB~1\cpan\build\GOBO-0.03-0\blib\lib\GOBO\Synonym.pm line 0
	require GOBO/Graph.pm at t\gaftest.t line 3
	main::BEGIN at C:\STRAWB~1\cpan\build\GOBO-0.03-0\blib\lib\GOBO\Synonym.pm line 0
	eval {...} at C:\STRAWB~1\cpan\build\GOBO-0.03-0\blib\lib\GOBO\Synonym.pm line 0
Compilation failed in require at C:\STRAWB~1\cpan\build\GOBO-0.03-0\blib\lib/GOBO/Labeled.pm line 23, <DATA> line 1.
BEGIN failed--compilation aborted at C:\STRAWB~1\cpan\build\GOBO-0.03-0\blib\lib/GOBO/Labeled.pm line 23, <DATA> line 1.
Compilation failed in require at C:/Strawberry258/perl/vendor/lib/Module/Runtime.pm line 317, <DATA> line 1.
Compilation failed in require at C:/Strawberry258/perl/vendor/lib/Module/Runtime.pm line 317, <DATA> line 1.
Compilation failed in require at C:\STRAWB~1\cpan\build\GOBO-0.03-0\blib\lib/GOBO/Annotation.pm line 5, <DATA> line 1.
BEGIN failed--compilation aborted at C:\STRAWB~1\cpan\build\GOBO-0.03-0\blib\lib/GOBO/Annotation.pm line 5, <DATA> line 1.
Compilation failed in require at C:\STRAWB~1\cpan\build\GOBO-0.03-0\blib\lib/GOBO/Graph.pm line 55, <DATA> line 1.
BEGIN failed--compilation aborted at C:\STRAWB~1\cpan\build\GOBO-0.03-0\blib\lib/GOBO/Graph.pm line 55, <DATA> line 1.
Compilation failed in require at t/gaftest.t line 3, <DATA> line 1.
BEGIN failed--compilation aborted at t/gaftest.t line 3, <DATA> line 1.
t/gaftest.t .................. 
Dubious, test returned 255 (wstat 65280, 0xff00)
No subtests run 
You cannot coerce an attribute (provenance) unless its type (GOBO::Node) has a coercion at C:\Strawberry258\perl\site\lib\Moose\Exporter.pm line 419
	Moose::with('GOBO::Attributed') called at C:\STRAWB~1\cpan\build\GOBO-0.03-0\blib\lib\GOBO\Synonym.pm line 17
	require GOBO/Synonym.pm at C:\STRAWB~1\cpan\build\GOBO-0.03-0\blib\lib\GOBO\Labeled.pm line 23
	GOBO::Labeled::BEGIN at C:\STRAWB~1\cpan\build\GOBO-0.03-0\blib\lib\GOBO\Synonym.pm line 0
	eval {...} at C:\STRAWB~1\cpan\build\GOBO-0.03-0\blib\lib\GOBO\Synonym.pm line 0
	require GOBO/Labeled.pm at C:\Strawberry258\perl\vendor\lib\Module\Runtime.pm line 317
	Module::Runtime::require_module('GOBO::Labeled') called at C:\Strawberry258\perl\vendor\lib\Module\Runtime.pm line 381
	eval {...} at C:\Strawberry258\perl\vendor\lib\Module\Runtime.pm line 381
	Module::Runtime::use_package_optimistically('GOBO::Labeled') called at C:\Strawberry258\perl\site\lib\Moose\Util.pm line 352
	Moose::Util::_load_user_class('GOBO::Labeled', undef) called at C:\Strawberry258\perl\site\lib\Moose\Util.pm line 147
	Moose::Util::_apply_all_roles('Moose::Meta::Class=HASH(0x12fb054)', undef, 'GOBO::Labeled') called at C:\Strawberry258\perl\site\lib\Moose\Util.pm line 114
	Moose::Util::apply_all_roles('Moose::Meta::Class=HASH(0x12fb054)', 'GOBO::Labeled') called at C:\Strawberry258\perl\site\lib\Moose.pm line 57
	Moose::with('Moose::Meta::Class=HASH(0x12fb054)', 'GOBO::Labeled') called at C:\Strawberry258\perl\site\lib\Moose\Exporter.pm line 419
	Moose::with('GOBO::Labeled') called at C:\STRAWB~1\cpan\build\GOBO-0.03-0\blib\lib\GOBO\Node.pm line 6
	require GOBO/Node.pm at C:\Strawberry258\perl\vendor\lib\Module\Runtime.pm line 317
	Module::Runtime::require_module('GOBO::Node') called at C:\Strawberry258\perl\vendor\lib\Module\Runtime.pm line 381
	eval {...} at C:\Strawberry258\perl\vendor\lib\Module\Runtime.pm line 381
	Module::Runtime::use_package_optimistically('GOBO::Node') called at C:\Strawberry258\perl\site\lib\Moose\Util.pm line 352
	Moose::Util::_load_user_class('GOBO::Node', undef) called at C:\Strawberry258\perl\site\lib\Moose\Meta\Class.pm line 561
	Moose::Meta::Class::superclasses(undef, 'GOBO::Node') called at C:\Strawberry258\perl\site\lib\Moose.pm line 53
	Moose::extends('Moose::Meta::Class=HASH(0x11f563c)', 'GOBO::Node') called at C:\Strawberry258\perl\site\lib\Moose\Exporter.pm line 419
	Moose::extends('GOBO::Node') called at C:\STRAWB~1\cpan\build\GOBO-0.03-0\blib\lib\GOBO\Evidence.pm line 4
	require GOBO/Evidence.pm at C:\STRAWB~1\cpan\build\GOBO-0.03-0\blib\lib\GOBO\Annotation.pm line 5
	GOBO::Annotation::BEGIN at C:\STRAWB~1\cpan\build\GOBO-0.03-0\blib\lib\GOBO\Synonym.pm line 0
	eval {...} at C:\STRAWB~1\cpan\build\GOBO-0.03-0\blib\lib\GOBO\Synonym.pm line 0
	require GOBO/Annotation.pm at C:\STRAWB~1\cpan\build\GOBO-0.03-0\blib\lib\GOBO\Graph.pm line 55
	GOBO::Graph::BEGIN at C:\STRAWB~1\cpan\build\GOBO-0.03-0\blib\lib\GOBO\Synonym.pm line 0
	eval {...} at C:\STRAWB~1\cpan\build\GOBO-0.03-0\blib\lib\GOBO\Synonym.pm line 0
	require GOBO/Graph.pm at t\gaftest_chunked.t line 3
	main::BEGIN at C:\STRAWB~1\cpan\build\GOBO-0.03-0\blib\lib\GOBO\Synonym.pm line 0
	eval {...} at C:\STRAWB~1\cpan\build\GOBO-0.03-0\blib\lib\GOBO\Synonym.pm line 0
Compilation failed in require at C:\STRAWB~1\cpan\build\GOBO-0.03-0\blib\lib/GOBO/Labeled.pm line 23, <DATA> line 1.
BEGIN failed--compilation aborted at C:\STRAWB~1\cpan\build\GOBO-0.03-0\blib\lib/GOBO/Labeled.pm line 23, <DATA> line 1.
Compilation failed in require at C:/Strawberry258/perl/vendor/lib/Module/Runtime.pm line 317, <DATA> line 1.
Compilation failed in require at C:/Strawberry258/perl/vendor/lib/Module/Runtime.pm line 317, <DATA> line 1.
Compilation failed in require at C:\STRAWB~1\cpan\build\GOBO-0.03-0\blib\lib/GOBO/Annotation.pm line 5, <DATA> line 1.
BEGIN failed--compilation aborted at C:\STRAWB~1\cpan\build\GOBO-0.03-0\blib\lib/GOBO/Annotation.pm line 5, <DATA> line 1.
Compilation failed in require at C:\STRAWB~1\cpan\build\GOBO-0.03-0\blib\lib/GOBO/Graph.pm line 55, <DATA> line 1.
BEGIN failed--compilation aborted at C:\STRAWB~1\cpan\build\GOBO-0.03-0\blib\lib/GOBO/Graph.pm line 55, <DATA> line 1.
Compilation failed in require at t/gaftest_chunked.t line 3, <DATA> line 1.
BEGIN failed--compilation aborted at t/gaftest_chunked.t line 3, <DATA> line 1.
t/gaftest_chunked.t .......... 
Dubious, test returned 255 (wstat 65280, 0xff00)
No subtests run 
You cannot coerce an attribute (provenance) unless its type (GOBO::Node) has a coercion at C:\Strawberry258\perl\site\lib\Moose\Exporter.pm line 419
	Moose::with('GOBO::Attributed') called at C:\STRAWB~1\cpan\build\GOBO-0.03-0\blib\lib\GOBO\Synonym.pm line 17
	require GOBO/Synonym.pm at C:\STRAWB~1\cpan\build\GOBO-0.03-0\blib\lib\GOBO\Labeled.pm line 23
	GOBO::Labeled::BEGIN at C:\STRAWB~1\cpan\build\GOBO-0.03-0\blib\lib\GOBO\Synonym.pm line 0
	eval {...} at C:\STRAWB~1\cpan\build\GOBO-0.03-0\blib\lib\GOBO\Synonym.pm line 0
	require GOBO/Labeled.pm at C:\Strawberry258\perl\vendor\lib\Module\Runtime.pm line 317
	Module::Runtime::require_module('GOBO::Labeled') called at C:\Strawberry258\perl\vendor\lib\Module\Runtime.pm line 381
	eval {...} at C:\Strawberry258\perl\vendor\lib\Module\Runtime.pm line 381
	Module::Runtime::use_package_optimistically('GOBO::Labeled') called at C:\Strawberry258\perl\site\lib\Moose\Util.pm line 352
	Moose::Util::_load_user_class('GOBO::Labeled', undef) called at C:\Strawberry258\perl\site\lib\Moose\Util.pm line 147
	Moose::Util::_apply_all_roles('Moose::Meta::Class=HASH(0x12fc704)', undef, 'GOBO::Labeled') called at C:\Strawberry258\perl\site\lib\Moose\Util.pm line 114
	Moose::Util::apply_all_roles('Moose::Meta::Class=HASH(0x12fc704)', 'GOBO::Labeled') called at C:\Strawberry258\perl\site\lib\Moose.pm line 57
	Moose::with('Moose::Meta::Class=HASH(0x12fc704)', 'GOBO::Labeled') called at C:\Strawberry258\perl\site\lib\Moose\Exporter.pm line 419
	Moose::with('GOBO::Labeled') called at C:\STRAWB~1\cpan\build\GOBO-0.03-0\blib\lib\GOBO\Node.pm line 6
	require GOBO/Node.pm at C:\Strawberry258\perl\vendor\lib\Module\Runtime.pm line 317
	Module::Runtime::require_module('GOBO::Node') called at C:\Strawberry258\perl\vendor\lib\Module\Runtime.pm line 381
	eval {...} at C:\Strawberry258\perl\vendor\lib\Module\Runtime.pm line 381
	Module::Runtime::use_package_optimistically('GOBO::Node') called at C:\Strawberry258\perl\site\lib\Moose\Util.pm line 352
	Moose::Util::_load_user_class('GOBO::Node', undef) called at C:\Strawberry258\perl\site\lib\Moose\Meta\Class.pm line 561
	Moose::Meta::Class::superclasses(undef, 'GOBO::Node') called at C:\Strawberry258\perl\site\lib\Moose.pm line 53
	Moose::extends('Moose::Meta::Class=HASH(0x11f4f14)', 'GOBO::Node') called at C:\Strawberry258\perl\site\lib\Moose\Exporter.pm line 419
	Moose::extends('GOBO::Node') called at C:\STRAWB~1\cpan\build\GOBO-0.03-0\blib\lib\GOBO\Evidence.pm line 4
	require GOBO/Evidence.pm at C:\STRAWB~1\cpan\build\GOBO-0.03-0\blib\lib\GOBO\Annotation.pm line 5
	GOBO::Annotation::BEGIN at C:\STRAWB~1\cpan\build\GOBO-0.03-0\blib\lib\GOBO\Synonym.pm line 0
	eval {...} at C:\STRAWB~1\cpan\build\GOBO-0.03-0\blib\lib\GOBO\Synonym.pm line 0
	require GOBO/Annotation.pm at C:\STRAWB~1\cpan\build\GOBO-0.03-0\blib\lib\GOBO\Graph.pm line 55
	GOBO::Graph::BEGIN at C:\STRAWB~1\cpan\build\GOBO-0.03-0\blib\lib\GOBO\Synonym.pm line 0
	eval {...} at C:\STRAWB~1\cpan\build\GOBO-0.03-0\blib\lib\GOBO\Synonym.pm line 0
	require GOBO/Graph.pm at t\gaftest_chunked_gzipped.t line 3
	main::BEGIN at C:\STRAWB~1\cpan\build\GOBO-0.03-0\blib\lib\GOBO\Synonym.pm line 0
	eval {...} at C:\STRAWB~1\cpan\build\GOBO-0.03-0\blib\lib\GOBO\Synonym.pm line 0
Compilation failed in require at C:\STRAWB~1\cpan\build\GOBO-0.03-0\blib\lib/GOBO/Labeled.pm line 23, <DATA> line 1.
BEGIN failed--compilation aborted at C:\STRAWB~1\cpan\build\GOBO-0.03-0\blib\lib/GOBO/Labeled.pm line 23, <DATA> line 1.
Compilation failed in require at C:/Strawberry258/perl/vendor/lib/Module/Runtime.pm line 317, <DATA> line 1.
Compilation failed in require at C:/Strawberry258/perl/vendor/lib/Module/Runtime.pm line 317, <DATA> line 1.
Compilation failed in require at C:\STRAWB~1\cpan\build\GOBO-0.03-0\blib\lib/GOBO/Annotation.pm line 5, <DATA> line 1.
BEGIN failed--compilation aborted at C:\STRAWB~1\cpan\build\GOBO-0.03-0\blib\lib/GOBO/Annotation.pm line 5, <DATA> line 1.
Compilation failed in require at C:\STRAWB~1\cpan\build\GOBO-0.03-0\blib\lib/GOBO/Graph.pm line 55, <DATA> line 1.
BEGIN failed--compilation aborted at C:\STRAWB~1\cpan\build\GOBO-0.03-0\blib\lib/GOBO/Graph.pm line 55, <DATA> line 1.
Compilation failed in require at t/gaftest_chunked_gzipped.t line 3, <DATA> line 1.
BEGIN failed--compilation aborted at t/gaftest_chunked_gzipped.t line 3, <DATA> line 1.
t/gaftest_chunked_gzipped.t .. 
Dubious, test returned 255 (wstat 65280, 0xff00)
No subtests run 
You cannot coerce an attribute (provenance) unless its type (GOBO::Node) has a coercion at C:\Strawberry258\perl\site\lib\Moose\Exporter.pm line 419
	Moose::with('GOBO::Attributed') called at C:\STRAWB~1\cpan\build\GOBO-0.03-0\blib\lib\GOBO\Synonym.pm line 17
	require GOBO/Synonym.pm at C:\STRAWB~1\cpan\build\GOBO-0.03-0\blib\lib\GOBO\Labeled.pm line 23
	GOBO::Labeled::BEGIN at C:\STRAWB~1\cpan\build\GOBO-0.03-0\blib\lib\GOBO\Synonym.pm line 0
	eval {...} at C:\STRAWB~1\cpan\build\GOBO-0.03-0\blib\lib\GOBO\Synonym.pm line 0
	require GOBO/Labeled.pm at C:\Strawberry258\perl\vendor\lib\Module\Runtime.pm line 317
	Module::Runtime::require_module('GOBO::Labeled') called at C:\Strawberry258\perl\vendor\lib\Module\Runtime.pm line 381
	eval {...} at C:\Strawberry258\perl\vendor\lib\Module\Runtime.pm line 381
	Module::Runtime::use_package_optimistically('GOBO::Labeled') called at C:\Strawberry258\perl\site\lib\Moose\Util.pm line 352
	Moose::Util::_load_user_class('GOBO::Labeled', undef) called at C:\Strawberry258\perl\site\lib\Moose\Util.pm line 147
	Moose::Util::_apply_all_roles('Moose::Meta::Class=HASH(0x15b2cd4)', undef, 'GOBO::Labeled') called at C:\Strawberry258\perl\site\lib\Moose\Util.pm line 114
	Moose::Util::apply_all_roles('Moose::Meta::Class=HASH(0x15b2cd4)', 'GOBO::Labeled') called at C:\Strawberry258\perl\site\lib\Moose.pm line 57
	Moose::with('Moose::Meta::Class=HASH(0x15b2cd4)', 'GOBO::Labeled') called at C:\Strawberry258\perl\site\lib\Moose\Exporter.pm line 419
	Moose::with('GOBO::Labeled') called at C:\STRAWB~1\cpan\build\GOBO-0.03-0\blib\lib\GOBO\Node.pm line 6
	require GOBO/Node.pm at C:\Strawberry258\perl\vendor\lib\Module\Runtime.pm line 317
	Module::Runtime::require_module('GOBO::Node') called at C:\Strawberry258\perl\vendor\lib\Module\Runtime.pm line 381
	eval {...} at C:\Strawberry258\perl\vendor\lib\Module\Runtime.pm line 381
	Module::Runtime::use_package_optimistically('GOBO::Node') called at C:\Strawberry258\perl\site\lib\Moose\Util.pm line 352
	Moose::Util::_load_user_class('GOBO::Node', undef) called at C:\Strawberry258\perl\site\lib\Moose\Meta\Class.pm line 561
	Moose::Meta::Class::superclasses(undef, 'GOBO::Node') called at C:\Strawberry258\perl\site\lib\Moose.pm line 53
	Moose::extends('Moose::Meta::Class=HASH(0x14ab7bc)', 'GOBO::Node') called at C:\Strawberry258\perl\site\lib\Moose\Exporter.pm line 419
	Moose::extends('GOBO::Node') called at C:\STRAWB~1\cpan\build\GOBO-0.03-0\blib\lib\GOBO\Evidence.pm line 4
	require GOBO/Evidence.pm at C:\STRAWB~1\cpan\build\GOBO-0.03-0\blib\lib\GOBO\Annotation.pm line 5
	GOBO::Annotation::BEGIN at C:\STRAWB~1\cpan\build\GOBO-0.03-0\blib\lib\GOBO\Synonym.pm line 0
	eval {...} at C:\STRAWB~1\cpan\build\GOBO-0.03-0\blib\lib\GOBO\Synonym.pm line 0
	require GOBO/Annotation.pm at C:\STRAWB~1\cpan\build\GOBO-0.03-0\blib\lib\GOBO\Graph.pm line 55
	GOBO::Graph::BEGIN at C:\STRAWB~1\cpan\build\GOBO-0.03-0\blib\lib\GOBO\Synonym.pm line 0
	eval {...} at C:\STRAWB~1\cpan\build\GOBO-0.03-0\blib\lib\GOBO\Synonym.pm line 0
	require GOBO/Graph.pm at t\graph_creation.t line 11
	main::BEGIN at C:\STRAWB~1\cpan\build\GOBO-0.03-0\blib\lib\GOBO\Synonym.pm line 0
	eval {...} at C:\STRAWB~1\cpan\build\GOBO-0.03-0\blib\lib\GOBO\Synonym.pm line 0
Compilation failed in require at C:\STRAWB~1\cpan\build\GOBO-0.03-0\blib\lib/GOBO/Labeled.pm line 23, <DATA> line 1.
BEGIN failed--compilation aborted at C:\STRAWB~1\cpan\build\GOBO-0.03-0\blib\lib/GOBO/Labeled.pm line 23, <DATA> line 1.
Compilation failed in require at C:/Strawberry258/perl/vendor/lib/Module/Runtime.pm line 317, <DATA> line 1.
Compilation failed in require at C:/Strawberry258/perl/vendor/lib/Module/Runtime.pm line 317, <DATA> line 1.
Compilation failed in require at C:\STRAWB~1\cpan\build\GOBO-0.03-0\blib\lib/GOBO/Annotation.pm line 5, <DATA> line 1.
BEGIN failed--compilation aborted at C:\STRAWB~1\cpan\build\GOBO-0.03-0\blib\lib/GOBO/Annotation.pm line 5, <DATA> line 1.
Compilation failed in require at C:\STRAWB~1\cpan\build\GOBO-0.03-0\blib\lib/GOBO/Graph.pm line 55, <DATA> line 1.
BEGIN failed--compilation aborted at C:\STRAWB~1\cpan\build\GOBO-0.03-0\blib\lib/GOBO/Graph.pm line 55, <DATA> line 1.
Compilation failed in require at t/graph_creation.t line 11, <DATA> line 1.
BEGIN failed--compilation aborted at t/graph_creation.t line 11, <DATA> line 1.
t/graph_creation.t ........... 
Dubious, test returned 255 (wstat 65280, 0xff00)
No subtests run 
You cannot coerce an attribute (source) unless its type (GOBO::Node) has a coercion at C:\Strawberry258\perl\site\lib\Moose\Exporter.pm line 419
	Moose::with('GOBO::Attributed') called at C:\STRAWB~1\cpan\build\GOBO-0.03-0\blib\lib\GOBO\Synonym.pm line 17
	require GOBO/Synonym.pm at C:\STRAWB~1\cpan\build\GOBO-0.03-0\blib\lib\GOBO\Labeled.pm line 23
	GOBO::Labeled::BEGIN at C:\STRAWB~1\cpan\build\GOBO-0.03-0\blib\lib\GOBO\Synonym.pm line 0
	eval {...} at C:\STRAWB~1\cpan\build\GOBO-0.03-0\blib\lib\GOBO\Synonym.pm line 0
	require GOBO/Labeled.pm at C:\Strawberry258\perl\vendor\lib\Module\Runtime.pm line 317
	Module::Runtime::require_module('GOBO::Labeled') called at C:\Strawberry258\perl\vendor\lib\Module\Runtime.pm line 381
	eval {...} at C:\Strawberry258\perl\vendor\lib\Module\Runtime.pm line 381
	Module::Runtime::use_package_optimistically('GOBO::Labeled') called at C:\Strawberry258\perl\site\lib\Moose\Util.pm line 352
	Moose::Util::_load_user_class('GOBO::Labeled', undef) called at C:\Strawberry258\perl\site\lib\Moose\Util.pm line 147
	Moose::Util::_apply_all_roles('Moose::Meta::Class=HASH(0x12fb7c4)', undef, 'GOBO::Labeled') called at C:\Strawberry258\perl\site\lib\Moose\Util.pm line 114
	Moose::Util::apply_all_roles('Moose::Meta::Class=HASH(0x12fb7c4)', 'GOBO::Labeled') called at C:\Strawberry258\perl\site\lib\Moose.pm line 57
	Moose::with('Moose::Meta::Class=HASH(0x12fb7c4)', 'GOBO::Labeled') called at C:\Strawberry258\perl\site\lib\Moose\Exporter.pm line 419
	Moose::with('GOBO::Labeled') called at C:\STRAWB~1\cpan\build\GOBO-0.03-0\blib\lib\GOBO\Node.pm line 6
	require GOBO/Node.pm at C:\Strawberry258\perl\vendor\lib\Module\Runtime.pm line 317
	Module::Runtime::require_module('GOBO::Node') called at C:\Strawberry258\perl\vendor\lib\Module\Runtime.pm line 381
	eval {...} at C:\Strawberry258\perl\vendor\lib\Module\Runtime.pm line 381
	Module::Runtime::use_package_optimistically('GOBO::Node') called at C:\Strawberry258\perl\site\lib\Moose\Util.pm line 352
	Moose::Util::_load_user_class('GOBO::Node', undef) called at C:\Strawberry258\perl\site\lib\Moose\Meta\Class.pm line 561
	Moose::Meta::Class::superclasses(undef, 'GOBO::Node') called at C:\Strawberry258\perl\site\lib\Moose.pm line 53
	Moose::extends('Moose::Meta::Class=HASH(0x11f5054)', 'GOBO::Node') called at C:\Strawberry258\perl\site\lib\Moose\Exporter.pm line 419
	Moose::extends('GOBO::Node') called at C:\STRAWB~1\cpan\build\GOBO-0.03-0\blib\lib\GOBO\Evidence.pm line 4
	require GOBO/Evidence.pm at C:\STRAWB~1\cpan\build\GOBO-0.03-0\blib\lib\GOBO\Annotation.pm line 5
	GOBO::Annotation::BEGIN at C:\STRAWB~1\cpan\build\GOBO-0.03-0\blib\lib\GOBO\Synonym.pm line 0
	eval {...} at C:\STRAWB~1\cpan\build\GOBO-0.03-0\blib\lib\GOBO\Synonym.pm line 0
	require GOBO/Annotation.pm at C:\STRAWB~1\cpan\build\GOBO-0.03-0\blib\lib\GOBO\Graph.pm line 55
	GOBO::Graph::BEGIN at C:\STRAWB~1\cpan\build\GOBO-0.03-0\blib\lib\GOBO\Synonym.pm line 0
	eval {...} at C:\STRAWB~1\cpan\build\GOBO-0.03-0\blib\lib\GOBO\Synonym.pm line 0
	require GOBO/Graph.pm at t\inference_engine_test.t line 4
	main::BEGIN at C:\STRAWB~1\cpan\build\GOBO-0.03-0\blib\lib\GOBO\Synonym.pm line 0
	eval {...} at C:\STRAWB~1\cpan\build\GOBO-0.03-0\blib\lib\GOBO\Synonym.pm line 0
Compilation failed in require at C:\STRAWB~1\cpan\build\GOBO-0.03-0\blib\lib/GOBO/Labeled.pm line 23, <DATA> line 1.
BEGIN failed--compilation aborted at C:\STRAWB~1\cpan\build\GOBO-0.03-0\blib\lib/GOBO/Labeled.pm line 23, <DATA> line 1.
Compilation failed in require at C:/Strawberry258/perl/vendor/lib/Module/Runtime.pm line 317, <DATA> line 1.
Compilation failed in require at C:/Strawberry258/perl/vendor/lib/Module/Runtime.pm line 317, <DATA> line 1.
Compilation failed in require at C:\STRAWB~1\cpan\build\GOBO-0.03-0\blib\lib/GOBO/Annotation.pm line 5, <DATA> line 1.
BEGIN failed--compilation aborted at C:\STRAWB~1\cpan\build\GOBO-0.03-0\blib\lib/GOBO/Annotation.pm line 5, <DATA> line 1.
Compilation failed in require at C:\STRAWB~1\cpan\build\GOBO-0.03-0\blib\lib/GOBO/Graph.pm line 55, <DATA> line 1.
BEGIN failed--compilation aborted at C:\STRAWB~1\cpan\build\GOBO-0.03-0\blib\lib/GOBO/Graph.pm line 55, <DATA> line 1.
Compilation failed in require at t/inference_engine_test.t line 4, <DATA> line 1.
BEGIN failed--compilation aborted at t/inference_engine_test.t line 4, <DATA> line 1.
t/inference_engine_test.t .... 
Dubious, test returned 255 (wstat 65280, 0xff00)
No subtests run 
You cannot coerce an attribute (provenance) unless its type (GOBO::Node) has a coercion at C:\Strawberry258\perl\site\lib\Moose\Exporter.pm line 419
	Moose::with('GOBO::Attributed') called at C:\STRAWB~1\cpan\build\GOBO-0.03-0\blib\lib\GOBO\Synonym.pm line 17
	require GOBO/Synonym.pm at C:\STRAWB~1\cpan\build\GOBO-0.03-0\blib\lib\GOBO\Labeled.pm line 23
	GOBO::Labeled::BEGIN at C:\STRAWB~1\cpan\build\GOBO-0.03-0\blib\lib\GOBO\Synonym.pm line 0
	eval {...} at C:\STRAWB~1\cpan\build\GOBO-0.03-0\blib\lib\GOBO\Synonym.pm line 0
	require GOBO/Labeled.pm at C:\Strawberry258\perl\vendor\lib\Module\Runtime.pm line 317
	Module::Runtime::require_module('GOBO::Labeled') called at C:\Strawberry258\perl\vendor\lib\Module\Runtime.pm line 381
	eval {...} at C:\Strawberry258\perl\vendor\lib\Module\Runtime.pm line 381
	Module::Runtime::use_package_optimistically('GOBO::Labeled') called at C:\Strawberry258\perl\site\lib\Moose\Util.pm line 352
	Moose::Util::_load_user_class('GOBO::Labeled', undef) called at C:\Strawberry258\perl\site\lib\Moose\Util.pm line 147
	Moose::Util::_apply_all_roles('Moose::Meta::Class=HASH(0x12fb744)', undef, 'GOBO::Labeled') called at C:\Strawberry258\perl\site\lib\Moose\Util.pm line 114
	Moose::Util::apply_all_roles('Moose::Meta::Class=HASH(0x12fb744)', 'GOBO::Labeled') called at C:\Strawberry258\perl\site\lib\Moose.pm line 57
	Moose::with('Moose::Meta::Class=HASH(0x12fb744)', 'GOBO::Labeled') called at C:\Strawberry258\perl\site\lib\Moose\Exporter.pm line 419
	Moose::with('GOBO::Labeled') called at C:\STRAWB~1\cpan\build\GOBO-0.03-0\blib\lib\GOBO\Node.pm line 6
	require GOBO/Node.pm at C:\Strawberry258\perl\vendor\lib\Module\Runtime.pm line 317
	Module::Runtime::require_module('GOBO::Node') called at C:\Strawberry258\perl\vendor\lib\Module\Runtime.pm line 381
	eval {...} at C:\Strawberry258\perl\vendor\lib\Module\Runtime.pm line 381
	Module::Runtime::use_package_optimistically('GOBO::Node') called at C:\Strawberry258\perl\site\lib\Moose\Util.pm line 352
	Moose::Util::_load_user_class('GOBO::Node', undef) called at C:\Strawberry258\perl\site\lib\Moose\Meta\Class.pm line 561
	Moose::Meta::Class::superclasses(undef, 'GOBO::Node') called at C:\Strawberry258\perl\site\lib\Moose.pm line 53
	Moose::extends('Moose::Meta::Class=HASH(0x11f40a4)', 'GOBO::Node') called at C:\Strawberry258\perl\site\lib\Moose\Exporter.pm line 419
	Moose::extends('GOBO::Node') called at C:\STRAWB~1\cpan\build\GOBO-0.03-0\blib\lib\GOBO\Evidence.pm line 4
	require GOBO/Evidence.pm at C:\STRAWB~1\cpan\build\GOBO-0.03-0\blib\lib\GOBO\Annotation.pm line 5
	GOBO::Annotation::BEGIN at C:\STRAWB~1\cpan\build\GOBO-0.03-0\blib\lib\GOBO\Synonym.pm line 0
	eval {...} at C:\STRAWB~1\cpan\build\GOBO-0.03-0\blib\lib\GOBO\Synonym.pm line 0
	require GOBO/Annotation.pm at C:\STRAWB~1\cpan\build\GOBO-0.03-0\blib\lib\GOBO\Graph.pm line 55
	GOBO::Graph::BEGIN at C:\STRAWB~1\cpan\build\GOBO-0.03-0\blib\lib\GOBO\Synonym.pm line 0
	eval {...} at C:\STRAWB~1\cpan\build\GOBO-0.03-0\blib\lib\GOBO\Synonym.pm line 0
	require GOBO/Graph.pm at t\logical_definition_test.t line 4
	main::BEGIN at C:\STRAWB~1\cpan\build\GOBO-0.03-0\blib\lib\GOBO\Synonym.pm line 0
	eval {...} at C:\STRAWB~1\cpan\build\GOBO-0.03-0\blib\lib\GOBO\Synonym.pm line 0
Compilation failed in require at C:\STRAWB~1\cpan\build\GOBO-0.03-0\blib\lib/GOBO/Labeled.pm line 23, <DATA> line 1.
BEGIN failed--compilation aborted at C:\STRAWB~1\cpan\build\GOBO-0.03-0\blib\lib/GOBO/Labeled.pm line 23, <DATA> line 1.
Compilation failed in require at C:/Strawberry258/perl/vendor/lib/Module/Runtime.pm line 317, <DATA> line 1.
Compilation failed in require at C:/Strawberry258/perl/vendor/lib/Module/Runtime.pm line 317, <DATA> line 1.
Compilation failed in require at C:\STRAWB~1\cpan\build\GOBO-0.03-0\blib\lib/GOBO/Annotation.pm line 5, <DATA> line 1.
BEGIN failed--compilation aborted at C:\STRAWB~1\cpan\build\GOBO-0.03-0\blib\lib/GOBO/Annotation.pm line 5, <DATA> line 1.
Compilation failed in require at C:\STRAWB~1\cpan\build\GOBO-0.03-0\blib\lib/GOBO/Graph.pm line 55, <DATA> line 1.
BEGIN failed--compilation aborted at C:\STRAWB~1\cpan\build\GOBO-0.03-0\blib\lib/GOBO/Graph.pm line 55, <DATA> line 1.
Compilation failed in require at t/logical_definition_test.t line 4, <DATA> line 1.
BEGIN failed--compilation aborted at t/logical_definition_test.t line 4, <DATA> line 1.
t/logical_definition_test.t .. 
Dubious, test returned 255 (wstat 65280, 0xff00)
No subtests run 
You cannot coerce an attribute (provenance) unless its type (GOBO::Node) has a coercion at C:\Strawberry258\perl\site\lib\Moose\Exporter.pm line 419
	Moose::with('GOBO::Attributed') called at C:\STRAWB~1\cpan\build\GOBO-0.03-0\blib\lib\GOBO\Synonym.pm line 17
	require GOBO/Synonym.pm at C:\STRAWB~1\cpan\build\GOBO-0.03-0\blib\lib\GOBO\Labeled.pm line 23
	GOBO::Labeled::BEGIN at C:\STRAWB~1\cpan\build\GOBO-0.03-0\blib\lib\GOBO\Synonym.pm line 0
	eval {...} at C:\STRAWB~1\cpan\build\GOBO-0.03-0\blib\lib\GOBO\Synonym.pm line 0
	require GOBO/Labeled.pm at C:\Strawberry258\perl\vendor\lib\Module\Runtime.pm line 317
	Module::Runtime::require_module('GOBO::Labeled') called at C:\Strawberry258\perl\vendor\lib\Module\Runtime.pm line 381
	eval {...} at C:\Strawberry258\perl\vendor\lib\Module\Runtime.pm line 381
	Module::Runtime::use_package_optimistically('GOBO::Labeled') called at C:\Strawberry258\perl\site\lib\Moose\Util.pm line 352
	Moose::Util::_load_user_class('GOBO::Labeled', undef) called at C:\Strawberry258\perl\site\lib\Moose\Util.pm line 147
	Moose::Util::_apply_all_roles('Moose::Meta::Class=HASH(0x1348a0c)', undef, 'GOBO::Labeled') called at C:\Strawberry258\perl\site\lib\Moose\Util.pm line 114
	Moose::Util::apply_all_roles('Moose::Meta::Class=HASH(0x1348a0c)', 'GOBO::Labeled') called at C:\Strawberry258\perl\site\lib\Moose.pm line 57
	Moose::with('Moose::Meta::Class=HASH(0x1348a0c)', 'GOBO::Labeled') called at C:\Strawberry258\perl\site\lib\Moose\Exporter.pm line 419
	Moose::with('GOBO::Labeled') called at C:\STRAWB~1\cpan\build\GOBO-0.03-0\blib\lib\GOBO\Node.pm line 6
	require GOBO/Node.pm at C:\Strawberry258\perl\vendor\lib\Module\Runtime.pm line 317
	Module::Runtime::require_module('GOBO::Node') called at C:\Strawberry258\perl\vendor\lib\Module\Runtime.pm line 381
	eval {...} at C:\Strawberry258\perl\vendor\lib\Module\Runtime.pm line 381
	Module::Runtime::use_package_optimistically('GOBO::Node') called at C:\Strawberry258\perl\site\lib\Moose\Util.pm line 352
	Moose::Util::_load_user_class('GOBO::Node', undef) called at C:\Strawberry258\perl\site\lib\Moose\Meta\Class.pm line 561
	Moose::Meta::Class::superclasses(undef, 'GOBO::Node') called at C:\Strawberry258\perl\site\lib\Moose.pm line 53
	Moose::extends('Moose::Meta::Class=HASH(0x12409f4)', 'GOBO::Node') called at C:\Strawberry258\perl\site\lib\Moose\Exporter.pm line 419
	Moose::extends('GOBO::Node') called at C:\STRAWB~1\cpan\build\GOBO-0.03-0\blib\lib\GOBO\Evidence.pm line 4
	require GOBO/Evidence.pm at C:\STRAWB~1\cpan\build\GOBO-0.03-0\blib\lib\GOBO\Annotation.pm line 5
	GOBO::Annotation::BEGIN at C:\STRAWB~1\cpan\build\GOBO-0.03-0\blib\lib\GOBO\Synonym.pm line 0
	eval {...} at C:\STRAWB~1\cpan\build\GOBO-0.03-0\blib\lib\GOBO\Synonym.pm line 0
	require GOBO/Annotation.pm at C:\STRAWB~1\cpan\build\GOBO-0.03-0\blib\lib\GOBO\Graph.pm line 55
	GOBO::Graph::BEGIN at C:\STRAWB~1\cpan\build\GOBO-0.03-0\blib\lib\GOBO\Synonym.pm line 0
	eval {...} at C:\STRAWB~1\cpan\build\GOBO-0.03-0\blib\lib\GOBO\Synonym.pm line 0
	require GOBO/Graph.pm at t\node_removal.t line 8
	main::BEGIN at C:\STRAWB~1\cpan\build\GOBO-0.03-0\blib\lib\GOBO\Synonym.pm line 0
	eval {...} at C:\STRAWB~1\cpan\build\GOBO-0.03-0\blib\lib\GOBO\Synonym.pm line 0
Compilation failed in require at C:\STRAWB~1\cpan\build\GOBO-0.03-0\blib\lib/GOBO/Labeled.pm line 23, <DATA> line 1.
BEGIN failed--compilation aborted at C:\STRAWB~1\cpan\build\GOBO-0.03-0\blib\lib/GOBO/Labeled.pm line 23, <DATA> line 1.
Compilation failed in require at C:/Strawberry258/perl/vendor/lib/Module/Runtime.pm line 317, <DATA> line 1.
Compilation failed in require at C:/Strawberry258/perl/vendor/lib/Module/Runtime.pm line 317, <DATA> line 1.
Compilation failed in require at C:\STRAWB~1\cpan\build\GOBO-0.03-0\blib\lib/GOBO/Annotation.pm line 5, <DATA> line 1.
BEGIN failed--compilation aborted at C:\STRAWB~1\cpan\build\GOBO-0.03-0\blib\lib/GOBO/Annotation.pm line 5, <DATA> line 1.
Compilation failed in require at C:\STRAWB~1\cpan\build\GOBO-0.03-0\blib\lib/GOBO/Graph.pm line 55, <DATA> line 1.
BEGIN failed--compilation aborted at C:\STRAWB~1\cpan\build\GOBO-0.03-0\blib\lib/GOBO/Graph.pm line 55, <DATA> line 1.
Compilation failed in require at t/node_removal.t line 8, <DATA> line 1.
BEGIN failed--compilation aborted at t/node_removal.t line 8, <DATA> line 1.
t/node_removal.t ............. 
Dubious, test returned 255 (wstat 65280, 0xff00)
No subtests run 
You cannot coerce an attribute (provenance) unless its type (GOBO::Node) has a coercion at C:\Strawberry258\perl\site\lib\Moose\Exporter.pm line 419
	Moose::with('GOBO::Attributed') called at C:\STRAWB~1\cpan\build\GOBO-0.03-0\blib\lib\GOBO\Synonym.pm line 17
	require GOBO/Synonym.pm at C:\STRAWB~1\cpan\build\GOBO-0.03-0\blib\lib\GOBO\Labeled.pm line 23
	GOBO::Labeled::BEGIN at C:\STRAWB~1\cpan\build\GOBO-0.03-0\blib\lib\GOBO\Synonym.pm line 0
	eval {...} at C:\STRAWB~1\cpan\build\GOBO-0.03-0\blib\lib\GOBO\Synonym.pm line 0
	require GOBO/Labeled.pm at C:\Strawberry258\perl\vendor\lib\Module\Runtime.pm line 317
	Module::Runtime::require_module('GOBO::Labeled') called at C:\Strawberry258\perl\vendor\lib\Module\Runtime.pm line 381
	eval {...} at C:\Strawberry258\perl\vendor\lib\Module\Runtime.pm line 381
	Module::Runtime::use_package_optimistically('GOBO::Labeled') called at C:\Strawberry258\perl\site\lib\Moose\Util.pm line 352
	Moose::Util::_load_user_class('GOBO::Labeled', undef) called at C:\Strawberry258\perl\site\lib\Moose\Util.pm line 147
	Moose::Util::_apply_all_roles('Moose::Meta::Class=HASH(0x12fafe4)', undef, 'GOBO::Labeled') called at C:\Strawberry258\perl\site\lib\Moose\Util.pm line 114
	Moose::Util::apply_all_roles('Moose::Meta::Class=HASH(0x12fafe4)', 'GOBO::Labeled') called at C:\Strawberry258\perl\site\lib\Moose.pm line 57
	Moose::with('Moose::Meta::Class=HASH(0x12fafe4)', 'GOBO::Labeled') called at C:\Strawberry258\perl\site\lib\Moose\Exporter.pm line 419
	Moose::with('GOBO::Labeled') called at C:\STRAWB~1\cpan\build\GOBO-0.03-0\blib\lib\GOBO\Node.pm line 6
	require GOBO/Node.pm at C:\Strawberry258\perl\vendor\lib\Module\Runtime.pm line 317
	Module::Runtime::require_module('GOBO::Node') called at C:\Strawberry258\perl\vendor\lib\Module\Runtime.pm line 381
	eval {...} at C:\Strawberry258\perl\vendor\lib\Module\Runtime.pm line 381
	Module::Runtime::use_package_optimistically('GOBO::Node') called at C:\Strawberry258\perl\site\lib\Moose\Util.pm line 352
	Moose::Util::_load_user_class('GOBO::Node', undef) called at C:\Strawberry258\perl\site\lib\Moose\Meta\Class.pm line 561
	Moose::Meta::Class::superclasses(undef, 'GOBO::Node') called at C:\Strawberry258\perl\site\lib\Moose.pm line 53
	Moose::extends('Moose::Meta::Class=HASH(0x11f4e9c)', 'GOBO::Node') called at C:\Strawberry258\perl\site\lib\Moose\Exporter.pm line 419
	Moose::extends('GOBO::Node') called at C:\STRAWB~1\cpan\build\GOBO-0.03-0\blib\lib\GOBO\Evidence.pm line 4
	require GOBO/Evidence.pm at C:\STRAWB~1\cpan\build\GOBO-0.03-0\blib\lib\GOBO\Annotation.pm line 5
	GOBO::Annotation::BEGIN at C:\STRAWB~1\cpan\build\GOBO-0.03-0\blib\lib\GOBO\Synonym.pm line 0
	eval {...} at C:\STRAWB~1\cpan\build\GOBO-0.03-0\blib\lib\GOBO\Synonym.pm line 0
	require GOBO/Annotation.pm at C:\STRAWB~1\cpan\build\GOBO-0.03-0\blib\lib\GOBO\Graph.pm line 55
	GOBO::Graph::BEGIN at C:\STRAWB~1\cpan\build\GOBO-0.03-0\blib\lib\GOBO\Synonym.pm line 0
	eval {...} at C:\STRAWB~1\cpan\build\GOBO-0.03-0\blib\lib\GOBO\Synonym.pm line 0
	require GOBO/Graph.pm at t\oboparsertest.t line 6
	main::BEGIN at C:\STRAWB~1\cpan\build\GOBO-0.03-0\blib\lib\GOBO\Synonym.pm line 0
	eval {...} at C:\STRAWB~1\cpan\build\GOBO-0.03-0\blib\lib\GOBO\Synonym.pm line 0
Compilation failed in require at C:\STRAWB~1\cpan\build\GOBO-0.03-0\blib\lib/GOBO/Labeled.pm line 23, <DATA> line 1.
BEGIN failed--compilation aborted at C:\STRAWB~1\cpan\build\GOBO-0.03-0\blib\lib/GOBO/Labeled.pm line 23, <DATA> line 1.
Compilation failed in require at C:/Strawberry258/perl/vendor/lib/Module/Runtime.pm line 317, <DATA> line 1.
Compilation failed in require at C:/Strawberry258/perl/vendor/lib/Module/Runtime.pm line 317, <DATA> line 1.
Compilation failed in require at C:\STRAWB~1\cpan\build\GOBO-0.03-0\blib\lib/GOBO/Annotation.pm line 5, <DATA> line 1.
BEGIN failed--compilation aborted at C:\STRAWB~1\cpan\build\GOBO-0.03-0\blib\lib/GOBO/Annotation.pm line 5, <DATA> line 1.
Compilation failed in require at C:\STRAWB~1\cpan\build\GOBO-0.03-0\blib\lib/GOBO/Graph.pm line 55, <DATA> line 1.
BEGIN failed--compilation aborted at C:\STRAWB~1\cpan\build\GOBO-0.03-0\blib\lib/GOBO/Graph.pm line 55, <DATA> line 1.
Compilation failed in require at t/oboparsertest.t line 6, <DATA> line 1.
BEGIN failed--compilation aborted at t/oboparsertest.t line 6, <DATA> line 1.
t/oboparsertest.t ............ 
Dubious, test returned 255 (wstat 65280, 0xff00)
No subtests run 
Subroutine main::ok redefined at C:/Strawberry258/perl/lib/Exporter.pm line 66.
 at t/parsetest.t line 6.
Prototype mismatch: sub main::ok ($;$$) vs ($;$) at C:/Strawberry258/perl/lib/Exporter.pm line 66.
 at t/parsetest.t line 6.
Subroutine main::skip redefined at C:/Strawberry258/perl/lib/Exporter.pm line 66.
 at t/parsetest.t line 6.
Prototype mismatch: sub main::skip ($;$$$) vs none at C:/Strawberry258/perl/lib/Exporter.pm line 66.
 at t/parsetest.t line 6.
Subroutine main::plan redefined at C:/Strawberry258/perl/lib/Exporter.pm line 66.
 at t/parsetest.t line 6.
You cannot coerce an attribute (source) unless its type (GOBO::Node) has a coercion at C:\Strawberry258\perl\site\lib\Moose\Exporter.pm line 419
	Moose::with('GOBO::Attributed') called at C:\STRAWB~1\cpan\build\GOBO-0.03-0\blib\lib\GOBO\Synonym.pm line 17
	require GOBO/Synonym.pm at C:\STRAWB~1\cpan\build\GOBO-0.03-0\blib\lib\GOBO\Labeled.pm line 23
	GOBO::Labeled::BEGIN at C:\STRAWB~1\cpan\build\GOBO-0.03-0\blib\lib\GOBO\Synonym.pm line 0
	eval {...} at C:\STRAWB~1\cpan\build\GOBO-0.03-0\blib\lib\GOBO\Synonym.pm line 0
	require GOBO/Labeled.pm at C:\Strawberry258\perl\vendor\lib\Module\Runtime.pm line 317
	Module::Runtime::require_module('GOBO::Labeled') called at C:\Strawberry258\perl\vendor\lib\Module\Runtime.pm line 381
	eval {...} at C:\Strawberry258\perl\vendor\lib\Module\Runtime.pm line 381
	Module::Runtime::use_package_optimistically('GOBO::Labeled') called at C:\Strawberry258\perl\site\lib\Moose\Util.pm line 352
	Moose::Util::_load_user_class('GOBO::Labeled', undef) called at C:\Strawberry258\perl\site\lib\Moose\Util.pm line 147
	Moose::Util::_apply_all_roles('Moose::Meta::Class=HASH(0x1580e4c)', undef, 'GOBO::Labeled') called at C:\Strawberry258\perl\site\lib\Moose\Util.pm line 114
	Moose::Util::apply_all_roles('Moose::Meta::Class=HASH(0x1580e4c)', 'GOBO::Labeled') called at C:\Strawberry258\perl\site\lib\Moose.pm line 57
	Moose::with('Moose::Meta::Class=HASH(0x1580e4c)', 'GOBO::Labeled') called at C:\Strawberry258\perl\site\lib\Moose\Exporter.pm line 419
	Moose::with('GOBO::Labeled') called at C:\STRAWB~1\cpan\build\GOBO-0.03-0\blib\lib\GOBO\Node.pm line 6
	require GOBO/Node.pm at C:\STRAWB~1\cpan\build\GOBO-0.03-0\blib\lib\GOBO\Parsers\GAFParser.pm line 7
	GOBO::Parsers::GAFParser::BEGIN at C:\STRAWB~1\cpan\build\GOBO-0.03-0\blib\lib\GOBO\Synonym.pm line 0
	eval {...} at C:\STRAWB~1\cpan\build\GOBO-0.03-0\blib\lib\GOBO\Synonym.pm line 0
	require GOBO/Parsers/GAFParser.pm at t\parsetest.t line 10
	main::BEGIN at C:\STRAWB~1\cpan\build\GOBO-0.03-0\blib\lib\GOBO\Synonym.pm line 0
	eval {...} at C:\STRAWB~1\cpan\build\GOBO-0.03-0\blib\lib\GOBO\Synonym.pm line 0
Compilation failed in require at C:\STRAWB~1\cpan\build\GOBO-0.03-0\blib\lib/GOBO/Labeled.pm line 23, <DATA> line 1.
BEGIN failed--compilation aborted at C:\STRAWB~1\cpan\build\GOBO-0.03-0\blib\lib/GOBO/Labeled.pm line 23, <DATA> line 1.
Compilation failed in require at C:/Strawberry258/perl/vendor/lib/Module/Runtime.pm line 317, <DATA> line 1.
Compilation failed in require at C:\STRAWB~1\cpan\build\GOBO-0.03-0\blib\lib/GOBO/Parsers/GAFParser.pm line 7, <DATA> line 1.
BEGIN failed--compilation aborted at C:\STRAWB~1\cpan\build\GOBO-0.03-0\blib\lib/GOBO/Parsers/GAFParser.pm line 7, <DATA> line 1.
Compilation failed in require at t/parsetest.t line 10, <DATA> line 1.
BEGIN failed--compilation aborted at t/parsetest.t line 10, <DATA> line 1.
t/parsetest.t ................ 
Dubious, test returned 255 (wstat 65280, 0xff00)
No subtests run 
You cannot coerce an attribute (provenance) unless its type (GOBO::Node) has a coercion at C:\Strawberry258\perl\site\lib\Moose\Exporter.pm line 419
	Moose::with('GOBO::Attributed') called at C:\STRAWB~1\cpan\build\GOBO-0.03-0\blib\lib\GOBO\Synonym.pm line 17
	require GOBO/Synonym.pm at C:\STRAWB~1\cpan\build\GOBO-0.03-0\blib\lib\GOBO\Labeled.pm line 23
	GOBO::Labeled::BEGIN at C:\STRAWB~1\cpan\build\GOBO-0.03-0\blib\lib\GOBO\Synonym.pm line 0
	eval {...} at C:\STRAWB~1\cpan\build\GOBO-0.03-0\blib\lib\GOBO\Synonym.pm line 0
	require GOBO/Labeled.pm at C:\Strawberry258\perl\vendor\lib\Module\Runtime.pm line 317
	Module::Runtime::require_module('GOBO::Labeled') called at C:\Strawberry258\perl\vendor\lib\Module\Runtime.pm line 381
	eval {...} at C:\Strawberry258\perl\vendor\lib\Module\Runtime.pm line 381
	Module::Runtime::use_package_optimistically('GOBO::Labeled') called at C:\Strawberry258\perl\site\lib\Moose\Util.pm line 352
	Moose::Util::_load_user_class('GOBO::Labeled', undef) called at C:\Strawberry258\perl\site\lib\Moose\Util.pm line 147
	Moose::Util::_apply_all_roles('Moose::Meta::Class=HASH(0x15023ec)', undef, 'GOBO::Labeled') called at C:\Strawberry258\perl\site\lib\Moose\Util.pm line 114
	Moose::Util::apply_all_roles('Moose::Meta::Class=HASH(0x15023ec)', 'GOBO::Labeled') called at C:\Strawberry258\perl\site\lib\Moose.pm line 57
	Moose::with('Moose::Meta::Class=HASH(0x15023ec)', 'GOBO::Labeled') called at C:\Strawberry258\perl\site\lib\Moose\Exporter.pm line 419
	Moose::with('GOBO::Labeled') called at C:\STRAWB~1\cpan\build\GOBO-0.03-0\blib\lib\GOBO\Node.pm line 6
	require GOBO/Node.pm at C:\Strawberry258\perl\vendor\lib\Module\Runtime.pm line 317
	Module::Runtime::require_module('GOBO::Node') called at C:\Strawberry258\perl\vendor\lib\Module\Runtime.pm line 381
	eval {...} at C:\Strawberry258\perl\vendor\lib\Module\Runtime.pm line 381
	Module::Runtime::use_package_optimistically('GOBO::Node') called at C:\Strawberry258\perl\site\lib\Moose\Util.pm line 352
	Moose::Util::_load_user_class('GOBO::Node', undef) called at C:\Strawberry258\perl\site\lib\Moose\Meta\Class.pm line 561
	Moose::Meta::Class::superclasses(undef, 'GOBO::Node') called at C:\Strawberry258\perl\site\lib\Moose.pm line 53
	Moose::extends('Moose::Meta::Class=HASH(0x14f80d4)', 'GOBO::Node') called at C:\Strawberry258\perl\site\lib\Moose\Exporter.pm line 419
	Moose::extends('GOBO::Node') called at C:\STRAWB~1\cpan\build\GOBO-0.03-0\blib\lib\GOBO\Evidence.pm line 4
	require GOBO/Evidence.pm at C:\STRAWB~1\cpan\build\GOBO-0.03-0\blib\lib\GOBO\Annotation.pm line 5
	GOBO::Annotation::BEGIN at C:\STRAWB~1\cpan\build\GOBO-0.03-0\blib\lib\GOBO\Synonym.pm line 0
	eval {...} at C:\STRAWB~1\cpan\build\GOBO-0.03-0\blib\lib\GOBO\Synonym.pm line 0
	require GOBO/Annotation.pm at C:\STRAWB~1\cpan\build\GOBO-0.03-0\blib\lib\GOBO\Graph.pm line 55
	GOBO::Graph::BEGIN at C:\STRAWB~1\cpan\build\GOBO-0.03-0\blib\lib\GOBO\Synonym.pm line 0
	eval {...} at C:\STRAWB~1\cpan\build\GOBO-0.03-0\blib\lib\GOBO\Synonym.pm line 0
	require GOBO/Graph.pm at t\relation_test.t line 3
	main::BEGIN at C:\STRAWB~1\cpan\build\GOBO-0.03-0\blib\lib\GOBO\Synonym.pm line 0
	eval {...} at C:\STRAWB~1\cpan\build\GOBO-0.03-0\blib\lib\GOBO\Synonym.pm line 0
Compilation failed in require at C:\STRAWB~1\cpan\build\GOBO-0.03-0\blib\lib/GOBO/Labeled.pm line 23, <DATA> line 1.
BEGIN failed--compilation aborted at C:\STRAWB~1\cpan\build\GOBO-0.03-0\blib\lib/GOBO/Labeled.pm line 23, <DATA> line 1.
Compilation failed in require at C:/Strawberry258/perl/vendor/lib/Module/Runtime.pm line 317, <DATA> line 1.
Compilation failed in require at C:/Strawberry258/perl/vendor/lib/Module/Runtime.pm line 317, <DATA> line 1.
Compilation failed in require at C:\STRAWB~1\cpan\build\GOBO-0.03-0\blib\lib/GOBO/Annotation.pm line 5, <DATA> line 1.
BEGIN failed--compilation aborted at C:\STRAWB~1\cpan\build\GOBO-0.03-0\blib\lib/GOBO/Annotation.pm line 5, <DATA> line 1.
Compilation failed in require at C:\STRAWB~1\cpan\build\GOBO-0.03-0\blib\lib/GOBO/Graph.pm line 55, <DATA> line 1.
BEGIN failed--compilation aborted at C:\STRAWB~1\cpan\build\GOBO-0.03-0\blib\lib/GOBO/Graph.pm line 55, <DATA> line 1.
Compilation failed in require at t/relation_test.t line 3, <DATA> line 1.
BEGIN failed--compilation aborted at t/relation_test.t line 3, <DATA> line 1.
t/relation_test.t ............ 
Dubious, test returned 255 (wstat 65280, 0xff00)
Failed 29/29 subtests 
You cannot coerce an attribute (source) unless its type (GOBO::Node) has a coercion at C:\Strawberry258\perl\site\lib\Moose\Exporter.pm line 419
	Moose::with('GOBO::Attributed') called at C:\STRAWB~1\cpan\build\GOBO-0.03-0\blib\lib\GOBO\Synonym.pm line 17
	require GOBO/Synonym.pm at C:\STRAWB~1\cpan\build\GOBO-0.03-0\blib\lib\GOBO\Labeled.pm line 23
	GOBO::Labeled::BEGIN at C:\STRAWB~1\cpan\build\GOBO-0.03-0\blib\lib\GOBO\Synonym.pm line 0
	eval {...} at C:\STRAWB~1\cpan\build\GOBO-0.03-0\blib\lib\GOBO\Synonym.pm line 0
	require GOBO/Labeled.pm at C:\Strawberry258\perl\vendor\lib\Module\Runtime.pm line 317
	Module::Runtime::require_module('GOBO::Labeled') called at C:\Strawberry258\perl\vendor\lib\Module\Runtime.pm line 381
	eval {...} at C:\Strawberry258\perl\vendor\lib\Module\Runtime.pm line 381
	Module::Runtime::use_package_optimistically('GOBO::Labeled') called at C:\Strawberry258\perl\site\lib\Moose\Util.pm line 352
	Moose::Util::_load_user_class('GOBO::Labeled', undef) called at C:\Strawberry258\perl\site\lib\Moose\Util.pm line 147
	Moose::Util::_apply_all_roles('Moose::Meta::Class=HASH(0x12fc19c)', undef, 'GOBO::Labeled') called at C:\Strawberry258\perl\site\lib\Moose\Util.pm line 114
	Moose::Util::apply_all_roles('Moose::Meta::Class=HASH(0x12fc19c)', 'GOBO::Labeled') called at C:\Strawberry258\perl\site\lib\Moose.pm line 57
	Moose::with('Moose::Meta::Class=HASH(0x12fc19c)', 'GOBO::Labeled') called at C:\Strawberry258\perl\site\lib\Moose\Exporter.pm line 419
	Moose::with('GOBO::Labeled') called at C:\STRAWB~1\cpan\build\GOBO-0.03-0\blib\lib\GOBO\Node.pm line 6
	require GOBO/Node.pm at C:\Strawberry258\perl\vendor\lib\Module\Runtime.pm line 317
	Module::Runtime::require_module('GOBO::Node') called at C:\Strawberry258\perl\vendor\lib\Module\Runtime.pm line 381
	eval {...} at C:\Strawberry258\perl\vendor\lib\Module\Runtime.pm line 381
	Module::Runtime::use_package_optimistically('GOBO::Node') called at C:\Strawberry258\perl\site\lib\Moose\Util.pm line 352
	Moose::Util::_load_user_class('GOBO::Node', undef) called at C:\Strawberry258\perl\site\lib\Moose\Meta\Class.pm line 561
	Moose::Meta::Class::superclasses(undef, 'GOBO::Node') called at C:\Strawberry258\perl\site\lib\Moose.pm line 53
	Moose::extends('Moose::Meta::Class=HASH(0x11f44a4)', 'GOBO::Node') called at C:\Strawberry258\perl\site\lib\Moose\Exporter.pm line 419
	Moose::extends('GOBO::Node') called at C:\STRAWB~1\cpan\build\GOBO-0.03-0\blib\lib\GOBO\Evidence.pm line 4
	require GOBO/Evidence.pm at C:\STRAWB~1\cpan\build\GOBO-0.03-0\blib\lib\GOBO\Annotation.pm line 5
	GOBO::Annotation::BEGIN at C:\STRAWB~1\cpan\build\GOBO-0.03-0\blib\lib\GOBO\Synonym.pm line 0
	eval {...} at C:\STRAWB~1\cpan\build\GOBO-0.03-0\blib\lib\GOBO\Synonym.pm line 0
	require GOBO/Annotation.pm at C:\STRAWB~1\cpan\build\GOBO-0.03-0\blib\lib\GOBO\Graph.pm line 55
	GOBO::Graph::BEGIN at C:\STRAWB~1\cpan\build\GOBO-0.03-0\blib\lib\GOBO\Synonym.pm line 0
	eval {...} at C:\STRAWB~1\cpan\build\GOBO-0.03-0\blib\lib\GOBO\Synonym.pm line 0
	require GOBO/Graph.pm at t\roundtrip.t line 6
	main::BEGIN at C:\STRAWB~1\cpan\build\GOBO-0.03-0\blib\lib\GOBO\Synonym.pm line 0
	eval {...} at C:\STRAWB~1\cpan\build\GOBO-0.03-0\blib\lib\GOBO\Synonym.pm line 0
Compilation failed in require at C:\STRAWB~1\cpan\build\GOBO-0.03-0\blib\lib/GOBO/Labeled.pm line 23, <DATA> line 1.
BEGIN failed--compilation aborted at C:\STRAWB~1\cpan\build\GOBO-0.03-0\blib\lib/GOBO/Labeled.pm line 23, <DATA> line 1.
Compilation failed in require at C:/Strawberry258/perl/vendor/lib/Module/Runtime.pm line 317, <DATA> line 1.
Compilation failed in require at C:/Strawberry258/perl/vendor/lib/Module/Runtime.pm line 317, <DATA> line 1.
Compilation failed in require at C:\STRAWB~1\cpan\build\GOBO-0.03-0\blib\lib/GOBO/Annotation.pm line 5, <DATA> line 1.
BEGIN failed--compilation aborted at C:\STRAWB~1\cpan\build\GOBO-0.03-0\blib\lib/GOBO/Annotation.pm line 5, <DATA> line 1.
Compilation failed in require at C:\STRAWB~1\cpan\build\GOBO-0.03-0\blib\lib/GOBO/Graph.pm line 55, <DATA> line 1.
BEGIN failed--compilation aborted at C:\STRAWB~1\cpan\build\GOBO-0.03-0\blib\lib/GOBO/Graph.pm line 55, <DATA> line 1.
Compilation failed in require at t/roundtrip.t line 6, <DATA> line 1.
BEGIN failed--compilation aborted at t/roundtrip.t line 6, <DATA> line 1.
t/roundtrip.t ................ 
Dubious, test returned 255 (wstat 65280, 0xff00)
No subtests run 
You cannot coerce an attribute (provenance) unless its type (GOBO::Node) has a coercion at C:\Strawberry258\perl\site\lib\Moose\Exporter.pm line 419
	Moose::with('GOBO::Attributed') called at C:\STRAWB~1\cpan\build\GOBO-0.03-0\blib\lib\GOBO\Synonym.pm line 17
	require GOBO/Synonym.pm at C:\STRAWB~1\cpan\build\GOBO-0.03-0\blib\lib\GOBO\Labeled.pm line 23
	GOBO::Labeled::BEGIN at C:\STRAWB~1\cpan\build\GOBO-0.03-0\blib\lib\GOBO\Synonym.pm line 0
	eval {...} at C:\STRAWB~1\cpan\build\GOBO-0.03-0\blib\lib\GOBO\Synonym.pm line 0
	require GOBO/Labeled.pm at C:\Strawberry258\perl\vendor\lib\Module\Runtime.pm line 317
	Module::Runtime::require_module('GOBO::Labeled') called at C:\Strawberry258\perl\vendor\lib\Module\Runtime.pm line 381
	eval {...} at C:\Strawberry258\perl\vendor\lib\Module\Runtime.pm line 381
	Module::Runtime::use_package_optimistically('GOBO::Labeled') called at C:\Strawberry258\perl\site\lib\Moose\Util.pm line 352
	Moose::Util::_load_user_class('GOBO::Labeled', undef) called at C:\Strawberry258\perl\site\lib\Moose\Util.pm line 147
	Moose::Util::_apply_all_roles('Moose::Meta::Class=HASH(0x137d08c)', undef, 'GOBO::Labeled') called at C:\Strawberry258\perl\site\lib\Moose\Util.pm line 114
	Moose::Util::apply_all_roles('Moose::Meta::Class=HASH(0x137d08c)', 'GOBO::Labeled') called at C:\Strawberry258\perl\site\lib\Moose.pm line 57
	Moose::with('Moose::Meta::Class=HASH(0x137d08c)', 'GOBO::Labeled') called at C:\Strawberry258\perl\site\lib\Moose\Exporter.pm line 419
	Moose::with('GOBO::Labeled') called at C:\STRAWB~1\cpan\build\GOBO-0.03-0\blib\lib\GOBO\Node.pm line 6
	require GOBO/Node.pm at C:\Strawberry258\perl\vendor\lib\Module\Runtime.pm line 317
	Module::Runtime::require_module('GOBO::Node') called at C:\Strawberry258\perl\vendor\lib\Module\Runtime.pm line 381
	eval {...} at C:\Strawberry258\perl\vendor\lib\Module\Runtime.pm line 381
	Module::Runtime::use_package_optimistically('GOBO::Node') called at C:\Strawberry258\perl\site\lib\Moose\Util.pm line 352
	Moose::Util::_load_user_class('GOBO::Node', undef) called at C:\Strawberry258\perl\site\lib\Moose\Meta\Class.pm line 561
	Moose::Meta::Class::superclasses(undef, 'GOBO::Node') called at C:\Strawberry258\perl\site\lib\Moose.pm line 53
	Moose::extends('Moose::Meta::Class=HASH(0x136e9fc)', 'GOBO::Node') called at C:\Strawberry258\perl\site\lib\Moose\Exporter.pm line 419
	Moose::extends('GOBO::Node') called at C:\STRAWB~1\cpan\build\GOBO-0.03-0\blib\lib\GOBO\Evidence.pm line 4
	require GOBO/Evidence.pm at C:\STRAWB~1\cpan\build\GOBO-0.03-0\blib\lib\GOBO\Annotation.pm line 5
	GOBO::Annotation::BEGIN at C:\STRAWB~1\cpan\build\GOBO-0.03-0\blib\lib\GOBO\Synonym.pm line 0
	eval {...} at C:\STRAWB~1\cpan\build\GOBO-0.03-0\blib\lib\GOBO\Synonym.pm line 0
	require GOBO/Annotation.pm at C:\STRAWB~1\cpan\build\GOBO-0.03-0\blib\lib\GOBO\Graph.pm line 55
	GOBO::Graph::BEGIN at C:\STRAWB~1\cpan\build\GOBO-0.03-0\blib\lib\GOBO\Synonym.pm line 0
	eval {...} at C:\STRAWB~1\cpan\build\GOBO-0.03-0\blib\lib\GOBO\Synonym.pm line 0
	require GOBO/Graph.pm at C:\STRAWB~1\cpan\build\GOBO-0.03-0\blib\lib\GOBO\Parsers\OBOParser.pm line 7
	GOBO::Parsers::OBOParser::BEGIN at C:\STRAWB~1\cpan\build\GOBO-0.03-0\blib\lib\GOBO\Synonym.pm line 0
	eval {...} at C:\STRAWB~1\cpan\build\GOBO-0.03-0\blib\lib\GOBO\Synonym.pm line 0
	require GOBO/Parsers/OBOParser.pm at t\slimmer_test.t line 9
	main::BEGIN at C:\STRAWB~1\cpan\build\GOBO-0.03-0\blib\lib\GOBO\Synonym.pm line 0
	eval {...} at C:\STRAWB~1\cpan\build\GOBO-0.03-0\blib\lib\GOBO\Synonym.pm line 0
Compilation failed in require at C:\STRAWB~1\cpan\build\GOBO-0.03-0\blib\lib/GOBO/Labeled.pm line 23, <DATA> line 1.
BEGIN failed--compilation aborted at C:\STRAWB~1\cpan\build\GOBO-0.03-0\blib\lib/GOBO/Labeled.pm line 23, <DATA> line 1.
Compilation failed in require at C:/Strawberry258/perl/vendor/lib/Module/Runtime.pm line 317, <DATA> line 1.
Compilation failed in require at C:/Strawberry258/perl/vendor/lib/Module/Runtime.pm line 317, <DATA> line 1.
Compilation failed in require at C:\STRAWB~1\cpan\build\GOBO-0.03-0\blib\lib/GOBO/Annotation.pm line 5, <DATA> line 1.
BEGIN failed--compilation aborted at C:\STRAWB~1\cpan\build\GOBO-0.03-0\blib\lib/GOBO/Annotation.pm line 5, <DATA> line 1.
Compilation failed in require at C:\STRAWB~1\cpan\build\GOBO-0.03-0\blib\lib/GOBO/Graph.pm line 55, <DATA> line 1.
BEGIN failed--compilation aborted at C:\STRAWB~1\cpan\build\GOBO-0.03-0\blib\lib/GOBO/Graph.pm line 55, <DATA> line 1.
Compilation failed in require at C:\STRAWB~1\cpan\build\GOBO-0.03-0\blib\lib/GOBO/Parsers/OBOParser.pm line 7, <DATA> line 1.
BEGIN failed--compilation aborted at C:\STRAWB~1\cpan\build\GOBO-0.03-0\blib\lib/GOBO/Parsers/OBOParser.pm line 7, <DATA> line 1.
Compilation failed in require at t/slimmer_test.t line 9, <DATA> line 1.
BEGIN failed--compilation aborted at t/slimmer_test.t line 9, <DATA> line 1.
t/slimmer_test.t ............. 
Dubious, test returned 255 (wstat 65280, 0xff00)
No subtests run 
You cannot coerce an attribute (source) unless its type (GOBO::Node) has a coercion at C:\Strawberry258\perl\site\lib\Moose\Exporter.pm line 419
	Moose::with('GOBO::Attributed') called at C:\STRAWB~1\cpan\build\GOBO-0.03-0\blib\lib\GOBO\Synonym.pm line 17
	require GOBO/Synonym.pm at C:\STRAWB~1\cpan\build\GOBO-0.03-0\blib\lib\GOBO\Labeled.pm line 23
	GOBO::Labeled::BEGIN at C:\STRAWB~1\cpan\build\GOBO-0.03-0\blib\lib\GOBO\Synonym.pm line 0
	eval {...} at C:\STRAWB~1\cpan\build\GOBO-0.03-0\blib\lib\GOBO\Synonym.pm line 0
	require GOBO/Labeled.pm at C:\Strawberry258\perl\vendor\lib\Module\Runtime.pm line 317
	Module::Runtime::require_module('GOBO::Labeled') called at C:\Strawberry258\perl\vendor\lib\Module\Runtime.pm line 381
	eval {...} at C:\Strawberry258\perl\vendor\lib\Module\Runtime.pm line 381
	Module::Runtime::use_package_optimistically('GOBO::Labeled') called at C:\Strawberry258\perl\site\lib\Moose\Util.pm line 352
	Moose::Util::_load_user_class('GOBO::Labeled', undef) called at C:\Strawberry258\perl\site\lib\Moose\Util.pm line 147
	Moose::Util::_apply_all_roles('Moose::Meta::Class=HASH(0x12fb80c)', undef, 'GOBO::Labeled') called at C:\Strawberry258\perl\site\lib\Moose\Util.pm line 114
	Moose::Util::apply_all_roles('Moose::Meta::Class=HASH(0x12fb80c)', 'GOBO::Labeled') called at C:\Strawberry258\perl\site\lib\Moose.pm line 57
	Moose::with('Moose::Meta::Class=HASH(0x12fb80c)', 'GOBO::Labeled') called at C:\Strawberry258\perl\site\lib\Moose\Exporter.pm line 419
	Moose::with('GOBO::Labeled') called at C:\STRAWB~1\cpan\build\GOBO-0.03-0\blib\lib\GOBO\Node.pm line 6
	require GOBO/Node.pm at C:\Strawberry258\perl\vendor\lib\Module\Runtime.pm line 317
	Module::Runtime::require_module('GOBO::Node') called at C:\Strawberry258\perl\vendor\lib\Module\Runtime.pm line 381
	eval {...} at C:\Strawberry258\perl\vendor\lib\Module\Runtime.pm line 381
	Module::Runtime::use_package_optimistically('GOBO::Node') called at C:\Strawberry258\perl\site\lib\Moose\Util.pm line 352
	Moose::Util::_load_user_class('GOBO::Node', undef) called at C:\Strawberry258\perl\site\lib\Moose\Meta\Class.pm line 561
	Moose::Meta::Class::superclasses(undef, 'GOBO::Node') called at C:\Strawberry258\perl\site\lib\Moose.pm line 53
	Moose::extends('Moose::Meta::Class=HASH(0x11f5f0c)', 'GOBO::Node') called at C:\Strawberry258\perl\site\lib\Moose\Exporter.pm line 419
	Moose::extends('GOBO::Node') called at C:\STRAWB~1\cpan\build\GOBO-0.03-0\blib\lib\GOBO\Evidence.pm line 4
	require GOBO/Evidence.pm at C:\STRAWB~1\cpan\build\GOBO-0.03-0\blib\lib\GOBO\Annotation.pm line 5
	GOBO::Annotation::BEGIN at C:\STRAWB~1\cpan\build\GOBO-0.03-0\blib\lib\GOBO\Synonym.pm line 0
	eval {...} at C:\STRAWB~1\cpan\build\GOBO-0.03-0\blib\lib\GOBO\Synonym.pm line 0
	require GOBO/Annotation.pm at C:\STRAWB~1\cpan\build\GOBO-0.03-0\blib\lib\GOBO\Graph.pm line 55
	GOBO::Graph::BEGIN at C:\STRAWB~1\cpan\build\GOBO-0.03-0\blib\lib\GOBO\Synonym.pm line 0
	eval {...} at C:\STRAWB~1\cpan\build\GOBO-0.03-0\blib\lib\GOBO\Synonym.pm line 0
	require GOBO/Graph.pm at t\union_inference_test.t line 4
	main::BEGIN at C:\STRAWB~1\cpan\build\GOBO-0.03-0\blib\lib\GOBO\Synonym.pm line 0
	eval {...} at C:\STRAWB~1\cpan\build\GOBO-0.03-0\blib\lib\GOBO\Synonym.pm line 0
Compilation failed in require at C:\STRAWB~1\cpan\build\GOBO-0.03-0\blib\lib/GOBO/Labeled.pm line 23, <DATA> line 1.
BEGIN failed--compilation aborted at C:\STRAWB~1\cpan\build\GOBO-0.03-0\blib\lib/GOBO/Labeled.pm line 23, <DATA> line 1.
Compilation failed in require at C:/Strawberry258/perl/vendor/lib/Module/Runtime.pm line 317, <DATA> line 1.
Compilation failed in require at C:/Strawberry258/perl/vendor/lib/Module/Runtime.pm line 317, <DATA> line 1.
Compilation failed in require at C:\STRAWB~1\cpan\build\GOBO-0.03-0\blib\lib/GOBO/Annotation.pm line 5, <DATA> line 1.
BEGIN failed--compilation aborted at C:\STRAWB~1\cpan\build\GOBO-0.03-0\blib\lib/GOBO/Annotation.pm line 5, <DATA> line 1.
Compilation failed in require at C:\STRAWB~1\cpan\build\GOBO-0.03-0\blib\lib/GOBO/Graph.pm line 55, <DATA> line 1.
BEGIN failed--compilation aborted at C:\STRAWB~1\cpan\build\GOBO-0.03-0\blib\lib/GOBO/Graph.pm line 55, <DATA> line 1.
Compilation failed in require at t/union_inference_test.t line 4, <DATA> line 1.
BEGIN failed--compilation aborted at t/union_inference_test.t line 4, <DATA> line 1.
t/union_inference_test.t ..... 
Dubious, test returned 255 (wstat 65280, 0xff00)
No subtests run 

Test Summary Report
-------------------
t/analysis_test.t          (Wstat: 65280 Tests: 0 Failed: 0)
  Non-zero exit status: 255
  Parse errors: No plan found in TAP output
t/classexpr.t              (Wstat: 65280 Tests: 0 Failed: 0)
  Non-zero exit status: 255
  Parse errors: No plan found in TAP output
t/dbconnect.t              (Wstat: 65280 Tests: 0 Failed: 0)
  Non-zero exit status: 255
  Parse errors: No plan found in TAP output
t/gaf_inference_test.t     (Wstat: 65280 Tests: 0 Failed: 0)
  Non-zero exit status: 255
  Parse errors: No plan found in TAP output
t/gaftest.t                (Wstat: 65280 Tests: 0 Failed: 0)
  Non-zero exit status: 255
  Parse errors: No plan found in TAP output
t/gaftest_chunked.t        (Wstat: 65280 Tests: 0 Failed: 0)
  Non-zero exit status: 255
  Parse errors: No plan found in TAP output
t/gaftest_chunked_gzipped.t (Wstat: 65280 Tests: 0 Failed: 0)
  Non-zero exit status: 255
  Parse errors: No plan found in TAP output
t/graph_creation.t         (Wstat: 65280 Tests: 0 Failed: 0)
  Non-zero exit status: 255
  Parse errors: No plan found in TAP output
t/inference_engine_test.t  (Wstat: 65280 Tests: 0 Failed: 0)
  Non-zero exit status: 255
  Parse errors: No plan found in TAP output
t/logical_definition_test.t (Wstat: 65280 Tests: 0 Failed: 0)
  Non-zero exit status: 255
  Parse errors: No plan found in TAP output
t/node_removal.t           (Wstat: 65280 Tests: 0 Failed: 0)
  Non-zero exit status: 255
  Parse errors: No plan found in TAP output
t/oboparsertest.t          (Wstat: 65280 Tests: 0 Failed: 0)
  Non-zero exit status: 255
  Parse errors: No plan found in TAP output
t/parsetest.t              (Wstat: 65280 Tests: 0 Failed: 0)
  Non-zero exit status: 255
  Parse errors: No plan found in TAP output
t/relation_test.t          (Wstat: 65280 Tests: 0 Failed: 0)
  Non-zero exit status: 255
  Parse errors: Bad plan.  You planned 29 tests but ran 0.
t/roundtrip.t              (Wstat: 65280 Tests: 0 Failed: 0)
  Non-zero exit status: 255
  Parse errors: No plan found in TAP output
t/slimmer_test.t           (Wstat: 65280 Tests: 0 Failed: 0)
  Non-zero exit status: 255
  Parse errors: No plan found in TAP output
t/union_inference_test.t   (Wstat: 65280 Tests: 0 Failed: 0)
  Non-zero exit status: 255
  Parse errors: No plan found in TAP output
Files=17, Tests=0, 18 wallclock secs ( 0.10 usr +  0.03 sys =  0.13 CPU)
Result: FAIL
Failed 17/17 test programs. 0/0 subtests failed.
dmake.exe:  Error code 255, while making 'test_dynamic'

------------------------------
PREREQUISITES
------------------------------

Prerequisite modules loaded:

requires:

    Module                    Need Have  
    ------------------------- ---- ------
    DateTime::Format::ISO8601 0    0.08  
    List::MoreUtils           0    0.416 
    Moose                     0.81 2.1807
    Test::Deep                0    1.124 

build_requires:

    Module                    Need Have  
    ------------------------- ---- ------
    ExtUtils::MakeMaker       0    7.24  

configure_requires:

    Module                    Need Have  
    ------------------------- ---- ------
    ExtUtils::MakeMaker       0    7.24  


------------------------------
ENVIRONMENT AND OTHER CONTEXT
------------------------------

Environment variables:

    AUTOMATED_TESTING = 1
    COMSPEC = C:\WINDOWS\system32\cmd.exe
    NUMBER_OF_PROCESSORS = 1
    PATH = C:\WINDOWS\system32;C:\WINDOWS;C:\WINDOWS\System32\Wbem;C:\Git\cmd;C:\Strawberry258\c\bin;C:\Strawberry258\perl\site\bin;C:\Strawberry258\perl\bin
    PERL5LIB = 
    PERL5OPT = 
    PERL5_CPANPLUS_IS_RUNNING = 15768
    PERL5_CPAN_IS_RUNNING = 15768
    PERL5_CPAN_IS_RUNNING_IN_RECURSION = 1112,15768
    PERL_CR_SMOKER_CURRENT = GOBO-0.03
    PERL_CR_SMOKER_RUNONCE = 1
    PERL_EXTUTILS_AUTOINSTALL = --defaultdeps
    PERL_HASH_SEED = 0x11111111
    PERL_MM_USE_DEFAULT = 1
    PROCESSOR_IDENTIFIER = x86 Family 18 Model 1 Stepping 0, AuthenticAMD
    TEMP = C:\DOCUME~1\a\LOCALS~1\Temp

Perl special variables (and OS-specific diagnostics, for MSWin32):

    $^X = C:\Strawberry258\perl\bin\perl.exe
    $UID/$EUID = 0 / 0
    $GID = 0
    $EGID = 0
    Win32::GetOSName = WinXP/.Net
    Win32::GetOSVersion = Service Pack 3, 5, 1, 2600, 2, 3, 0, 256, 1
    Win32::FsType = NTFS
    Win32::IsAdminUser = 1

Perl module toolchain versions installed:

    Module              Have      
    ------------------- ----------
    CPAN                2.14_01   
    CPAN::Meta          2.150010  
    Cwd                 3.66      
    ExtUtils::CBuilder  0.280225  
    ExtUtils::Command   7.24      
    ExtUtils::Install   2.04      
    ExtUtils::MakeMaker 7.24      
    ExtUtils::Manifest  1.70      
    ExtUtils::ParseXS   3.33      
    File::Spec          3.66      
    JSON                2.90      
    JSON::PP            2.27400_02
    Module::Build       0.4220    
    Module::Signature   0.81      
    Parse::CPAN::Meta   2.150010  
    Test::Harness       3.36_01   
    Test::More          1.302073  
    YAML                1.21      
    YAML::Syck          1.29      
    version             0.9917    


--

Summary of my perl5 (revision 5 version 25 subversion 8) configuration:
   
  Platform:
    osname=MSWin32
    osvers=4.0
    archname=MSWin32-x86-multi-thread
    uname='Win32 strawberry-perl 5.25.8.1-beta1 #1 Thu Dec 29 20:16:24 2016 i386'
    config_args='undef'
    hint=recommended
    useposix=true
    d_sigaction=undef
    useithreads=define
    usemultiplicity=define
    use64bitint=undef
    use64bitall=undef
    uselongdouble=undef
    usemymalloc=n
    bincompat5005=undef
  Compiler:
    cc='gcc'
    ccflags =' -s -O2 -DWIN32  -DPERL_TEXTMODE_SCRIPTS -DPERL_IMPLICIT_CONTEXT -DPERL_IMPLICIT_SYS -fwrapv -fno-strict-aliasing -mms-bitfields'
    optimize='-s -O2'
    cppflags='-DWIN32'
    ccversion=''
    gccversion='4.9.2'
    gccosandvers=''
    intsize=4
    longsize=4
    ptrsize=4
    doublesize=8
    byteorder=1234
    doublekind=3
    d_longlong=define
    longlongsize=8
    d_longdbl=define
    longdblsize=12
    longdblkind=3
    ivtype='long'
    ivsize=4
    nvtype='double'
    nvsize=8
    Off_t='long long'
    lseeksize=8
    alignbytes=8
    prototype=define
  Linker and Libraries:
    ld='g++'
    ldflags ='-s -L"C:\STRAWB~1\perl\lib\CORE" -L"C:\STRAWB~1\c\lib"'
    libpth=C:\STRAWB~1\c\lib C:\STRAWB~1\c\i686-w64-mingw32\lib C:\STRAWB~1\c\lib\gcc\i686-w64-mingw32\4.9.2
    libs=-lmoldname -lkernel32 -luser32 -lgdi32 -lwinspool -lcomdlg32 -ladvapi32 -lshell32 -lole32 -loleaut32 -lnetapi32 -luuid -lws2_32 -lmpr -lwinmm -lversion -lodbc32 -lodbccp32 -lcomctl32
    perllibs=-lmoldname -lkernel32 -luser32 -lgdi32 -lwinspool -lcomdlg32 -ladvapi32 -lshell32 -lole32 -loleaut32 -lnetapi32 -luuid -lws2_32 -lmpr -lwinmm -lversion -lodbc32 -lodbccp32 -lcomctl32
    libc=
    so=dll
    useshrplib=true
    libperl=libperl525.a
    gnulibc_version=''
  Dynamic Linking:
    dlsrc=dl_win32.xs
    dlext=xs.dll
    d_dlsymun=undef
    ccdlflags=' '
    cccdlflags=' '
    lddlflags='-mdll -s -L"C:\STRAWB~1\perl\lib\CORE" -L"C:\STRAWB~1\c\lib"'


Characteristics of this binary (from libperl): 
  Compile-time options:
    HAS_TIMES
    HAVE_INTERP_INTERN
    MULTIPLICITY
    PERLIO_LAYERS
    PERL_COPY_ON_WRITE
    PERL_DONT_CREATE_GVSV
    PERL_HASH_FUNC_ONE_AT_A_TIME_HARD
    PERL_IMPLICIT_CONTEXT
    PERL_IMPLICIT_SYS
    PERL_MALLOC_WRAP
    PERL_OP_PARENT
    PERL_PRESERVE_IVUV
    USE_ITHREADS
    USE_LARGE_FILES
    USE_LOCALE
    USE_LOCALE_COLLATE
    USE_LOCALE_CTYPE
    USE_LOCALE_NUMERIC
    USE_LOCALE_TIME
    USE_PERLIO
    USE_PERL_ATOF
  Built under MSWin32
  Compiled at Dec 29 2016 20:25:17
  %ENV:
    PERL5_CPANPLUS_IS_RUNNING="15768"
    PERL5_CPAN_IS_RUNNING="15768"
    PERL5_CPAN_IS_RUNNING_IN_RECURSION="1112,15768"
    PERL_CR_SMOKER_CURRENT="GOBO-0.03"
    PERL_CR_SMOKER_RUNONCE="1"
    PERL_EXTUTILS_AUTOINSTALL="--defaultdeps"
    PERL_HASH_SEED="0x11111111"
    PERL_MM_USE_DEFAULT="1"
  @INC:
    C:/Strawberry258/perl/site/lib
    C:/Strawberry258/perl/vendor/lib
    C:/Strawberry258/perl/lib
    .