Report for Log-Syslog-Fast-0.63

Back
From: metabase:user:314402c4-2aae-11df-837a-5e0a49663a4f
Subject: FAIL Log-Syslog-Fast-0.63 v5.21.10 GNU/Linux
Date: 2015-03-22T20:14:48Z

This distribution has been tested as part of the CPAN Testers
project, supporting the Perl programming language.  See
http://wiki.cpantesters.org/ for more information or email
questions to cpan-testers-discuss@perl.org


--
Dear Adam Thomason,

This is a computer-generated report for Log-Syslog-Fast-0.63
on perl 5.21.10, created by CPAN-Reporter-1.2011.

Thank you for uploading your work to CPAN.  However, there was a problem
testing your distribution.

If you think this report is invalid, please consult the CPAN Testers Wiki
for suggestions on how to avoid getting FAIL reports for missing library
or binary dependencies, unsupported operating systems, and so on:

http://wiki.cpantesters.org/wiki/CPANAuthorNotes

Sections of this report:

    * Tester comments
    * Program output
    * Prerequisites
    * Environment and other context

------------------------------
TESTER COMMENTS
------------------------------

Additional comments from tester:

none provided

------------------------------
PROGRAM OUTPUT
------------------------------

Output from '/usr/bin/make test':

Running Mkbootstrap for Log::Syslog::Fast ()
chmod 644 "Fast.bs"
PERL_DL_NONLAZY=1 "/bbbike/perl-5.21.10/bin/perl5.21.10" "-MExtUtils::Command::MM" "-MTest::Harness" "-e" "undef *Test::Harness::Switches; test_harness(0, 'blib/lib', 'blib/arch')" t/*.t
t/00-compile.t ................. ok
t/01-Log-Syslog-Fast-PP.t ...... ok

#   Failed test 'tcp: ->send without time sent whole payload'
#   at t/01-Log-Syslog-Fast.pl line 42.
#          got: '56'
#     expected: '55'

#   Failed test 'tcp: ->send without time has correct payload'
#   at t/01-Log-Syslog-Fast.pl line 52.
#          got: '<38>Mär 22 19:59:12 localhost test[15949]: without time'
#     expected: '<38>Mär 22 19:59:12 localhost test[15949]: without time'

#   Failed test 'tcp: ->send with time sent whole payload'
#   at t/01-Log-Syslog-Fast.pl line 42.
#          got: '53'
#     expected: '52'

#   Failed test 'tcp: ->send with time has correct payload'
#   at t/01-Log-Syslog-Fast.pl line 52.
#          got: '<38>Mär 22 19:59:12 localhost test[15949]: with time'
#     expected: '<38>Mär 22 19:59:12 localhost test[15949]: with time'

#   Failed test 'tcp: ->send sent whole payload'
#   at t/01-Log-Syslog-Fast.pl line 93.
#          got: '54'
#     expected: '53'

#   Failed test 'tcp: ->send testing 3 has correct payload'
#   at t/01-Log-Syslog-Fast.pl line 106.
#          got: '<58>Mär 22 19:59:12 otherhost test2[12345]: testing 3'
#     expected: '<58>Mär 22 19:59:12 otherhost test2[12345]: testing 3'

#   Failed test 'udp: ->send without time sent whole payload'
#   at t/01-Log-Syslog-Fast.pl line 42.
#          got: '56'
#     expected: '55'

#   Failed test 'udp: ->send without time has correct payload'
#   at t/01-Log-Syslog-Fast.pl line 52.
#          got: '<38>Mär 22 19:59:12 localhost test[15949]: without time'
#     expected: '<38>Mär 22 19:59:12 localhost test[15949]: without time'

#   Failed test 'udp: ->send with time sent whole payload'
#   at t/01-Log-Syslog-Fast.pl line 42.
#          got: '53'
#     expected: '52'

#   Failed test 'udp: ->send with time has correct payload'
#   at t/01-Log-Syslog-Fast.pl line 52.
#          got: '<38>Mär 22 19:59:12 localhost test[15949]: with time'
#     expected: '<38>Mär 22 19:59:12 localhost test[15949]: with time'

#   Failed test 'udp: ->send sent whole payload'
#   at t/01-Log-Syslog-Fast.pl line 93.
#          got: '54'
#     expected: '53'

#   Failed test 'udp: ->send testing 3 has correct payload'
#   at t/01-Log-Syslog-Fast.pl line 106.
#          got: '<58>Mär 22 19:59:12 otherhost test2[12345]: testing 3'
#     expected: '<58>Mär 22 19:59:12 otherhost test2[12345]: testing 3'

#   Failed test 'unix_dgram: ->send without time sent whole payload'
#   at t/01-Log-Syslog-Fast.pl line 42.
#          got: '56'
#     expected: '55'

#   Failed test 'unix_dgram: ->send without time has correct payload'
#   at t/01-Log-Syslog-Fast.pl line 52.
#          got: '<38>Mär 22 19:59:12 localhost test[15949]: without time'
#     expected: '<38>Mär 22 19:59:12 localhost test[15949]: without time'

#   Failed test 'unix_dgram: ->send with time sent whole payload'
#   at t/01-Log-Syslog-Fast.pl line 42.
#          got: '53'
#     expected: '52'

#   Failed test 'unix_dgram: ->send with time has correct payload'
#   at t/01-Log-Syslog-Fast.pl line 52.
#          got: '<38>Mär 22 19:59:12 localhost test[15949]: with time'
#     expected: '<38>Mär 22 19:59:12 localhost test[15949]: with time'

#   Failed test 'unix_dgram: ->send sent whole payload'
#   at t/01-Log-Syslog-Fast.pl line 93.
#          got: '54'
#     expected: '53'

#   Failed test 'unix_dgram: ->send testing 3 has correct payload'
#   at t/01-Log-Syslog-Fast.pl line 106.
#          got: '<58>Mär 22 19:59:12 otherhost test2[12345]: testing 3'
#     expected: '<58>Mär 22 19:59:12 otherhost test2[12345]: testing 3'

#   Failed test 'unix_stream: ->send without time sent whole payload'
#   at t/01-Log-Syslog-Fast.pl line 42.
#          got: '56'
#     expected: '55'

#   Failed test 'unix_stream: ->send without time has correct payload'
#   at t/01-Log-Syslog-Fast.pl line 52.
#          got: '<38>Mär 22 19:59:12 localhost test[15949]: without time'
#     expected: '<38>Mär 22 19:59:12 localhost test[15949]: without time'

#   Failed test 'unix_stream: ->send with time sent whole payload'
#   at t/01-Log-Syslog-Fast.pl line 42.
#          got: '53'
#     expected: '52'

#   Failed test 'unix_stream: ->send with time has correct payload'
#   at t/01-Log-Syslog-Fast.pl line 52.
#          got: '<38>Mär 22 19:59:12 localhost test[15949]: with time'
#     expected: '<38>Mär 22 19:59:12 localhost test[15949]: with time'

#   Failed test 'unix_stream: ->send sent whole payload'
#   at t/01-Log-Syslog-Fast.pl line 93.
#          got: '54'
#     expected: '53'

#   Failed test 'unix_stream: ->send testing 3 has correct payload'
#   at t/01-Log-Syslog-Fast.pl line 106.
#          got: '<58>Mär 22 19:59:12 otherhost test2[12345]: testing 3'
#     expected: '<58>Mär 22 19:59:12 otherhost test2[12345]: testing 3'
# Looks like you failed 24 tests of 206.
t/01-Log-Syslog-Fast.t ......... 
Dubious, test returned 24 (wstat 6144, 0x1800)
Failed 24/206 subtests 
t/02-Log-Syslog-Fast-Simple.t .. ok
t/03-corner-cases-pp.t ......... ok
t/03-corner-cases.t ............ ok
t/04-accessors-pp.t ............ ok
t/04-accessors.t ............... ok
# Undefined subroutine &main::payload_ok called at t/05-ipv6.pl line 146.
# Undefined subroutine &main::payload_ok called at t/05-ipv6.pl line 146.
# Looks like you planned 73 tests but ran 71.
t/05-ipv6-pp.t ................. 
Dubious, test returned 255 (wstat 65280, 0xff00)
Failed 2/73 subtests 

#   Failed test 'tcp: ->send without time sent whole payload'
#   at t/05-ipv6.pl line 82.
#          got: '50'
#     expected: '49'

#   Failed test 'tcp: ->send without time has correct payload'
#   at t/05-ipv6.pl line 92.
#          got: '<38>Mär 22 19:59:12 ::1 test[15959]: without time'
#     expected: '<38>Mär 22 19:59:12 ::1 test[15959]: without time'

#   Failed test 'tcp: ->send with time sent whole payload'
#   at t/05-ipv6.pl line 82.
#          got: '47'
#     expected: '46'

#   Failed test 'tcp: ->send with time has correct payload'
#   at t/05-ipv6.pl line 92.
#          got: '<38>Mär 22 19:59:12 ::1 test[15959]: with time'
#     expected: '<38>Mär 22 19:59:12 ::1 test[15959]: with time'

#   Failed test 'tcp: ->send sent whole payload'
#   at t/05-ipv6.pl line 133.
#          got: '54'
#     expected: '53'
# Undefined subroutine &main::payload_ok called at t/05-ipv6.pl line 146.

#   Failed test 'udp: ->send without time sent whole payload'
#   at t/05-ipv6.pl line 82.
#          got: '50'
#     expected: '49'

#   Failed test 'udp: ->send without time has correct payload'
#   at t/05-ipv6.pl line 92.
#          got: '<38>Mär 22 19:59:12 ::1 test[15959]: without time'
#     expected: '<38>Mär 22 19:59:12 ::1 test[15959]: without time'

#   Failed test 'udp: ->send with time sent whole payload'
#   at t/05-ipv6.pl line 82.
#          got: '47'
#     expected: '46'

#   Failed test 'udp: ->send with time has correct payload'
#   at t/05-ipv6.pl line 92.
#          got: '<38>Mär 22 19:59:12 ::1 test[15959]: with time'
#     expected: '<38>Mär 22 19:59:12 ::1 test[15959]: with time'

#   Failed test 'udp: ->send sent whole payload'
#   at t/05-ipv6.pl line 133.
#          got: '54'
#     expected: '53'
# Undefined subroutine &main::payload_ok called at t/05-ipv6.pl line 146.
# Looks like you planned 73 tests but ran 71.
# Looks like you failed 10 tests of 71 run.
t/05-ipv6.t .................... 
Dubious, test returned 10 (wstat 2560, 0xa00)
Failed 12/73 subtests 
t/06-large-strings-pp.t ........ ok

#   Failed test 'udp: ->send sent whole payload'
#   at t/06-large-strings.pl line 36.
#          got: '4544'
#     expected: '4543'

#   Failed test 'udp: ->send has correct payload'
#   at t/06-large-strings.pl line 46.
# Looks like you failed 2 tests of 10.
t/06-large-strings.t ........... 
Dubious, test returned 2 (wstat 512, 0x200)
Failed 2/10 subtests 
t/08-fd-leak-pp.t .............. ok
t/08-fd-leak.t ................. ok

#   Failed test 'no exception thrown in ->new with missing class'
#   at t/09-undef-strings.pl line 13.
# Looks like you failed 1 test of 7.
t/09-undef-strings-pp.t ........ 
Dubious, test returned 1 (wstat 256, 0x100)
Failed 1/7 subtests 
t/09-undef-strings.t ........... ok

Test Summary Report
-------------------
t/01-Log-Syslog-Fast.t       (Wstat: 6144 Tests: 206 Failed: 24)
  Failed tests:  9, 13, 15, 19, 26, 34, 58, 62, 64, 68, 75
                83, 111, 115, 117, 121, 128, 136, 160, 164
                166, 170, 177, 185
  Non-zero exit status: 24
t/05-ipv6-pp.t               (Wstat: 65280 Tests: 71 Failed: 0)
  Non-zero exit status: 255
  Parse errors: Bad plan.  You planned 73 tests but ran 71.
t/05-ipv6.t                  (Wstat: 2560 Tests: 71 Failed: 10)
  Failed tests:  8, 12, 14, 18, 25, 40, 44, 46, 50, 57
  Non-zero exit status: 10
  Parse errors: Bad plan.  You planned 73 tests but ran 71.
t/06-large-strings.t         (Wstat: 512 Tests: 10 Failed: 2)
  Failed tests:  6, 10
  Non-zero exit status: 2
t/09-undef-strings-pp.t      (Wstat: 256 Tests: 7 Failed: 1)
  Failed test:  1
  Non-zero exit status: 1
Files=16, Tests=642,  2 wallclock secs ( 0.07 usr  0.10 sys +  0.81 cusr  0.25 csys =  1.23 CPU)
Result: FAIL
Failed 5/16 test programs. 37/642 subtests failed.
make: *** [test_dynamic] Fehler 255

------------------------------
PREREQUISITES
------------------------------

Prerequisite modules loaded:

requires:

    Module                 Need Have
    ---------------------- ---- ----
    IO::Socket::IP         0.19 0.37
    Log::Syslog::Constants 1.01 1.02

build_requires:

    Module                 Need Have
    ---------------------- ---- ----
    ExtUtils::MakeMaker    0    7.04

configure_requires:

    Module                 Need Have
    ---------------------- ---- ----
    ExtUtils::MakeMaker    0    7.04


------------------------------
ENVIRONMENT AND OTHER CONTEXT
------------------------------

Environment variables:

    DBIC_NO_WARN_BAD_PERL = 1
    LANG = C
    LC_ALL = de_DE.UTF-8
    PATH = /usr/local/bin:/usr/bin:/bin:/usr/local/sbin:/usr/sbin:/sbin:/home/eserte/bin/linux-gnu:/home/eserte/bin/sh:/home/eserte/bin:/usr/games:/home/eserte/devel:/home/eserte/src/srezic-misc/scripts
    PERL5LIB = 
    PERL5OPT = 
    PERL5_CPANPLUS_IS_RUNNING = 3510
    PERL5_CPAN_IS_RUNNING = 3510
    PERL5_CPAN_IS_RUNNING_IN_RECURSION = 2888,3510
    PERLDOC = -MPod::Perldoc::ToTextOverstrike
    PERL_BATCH = yes
    PERL_CPAN_REPORTER_CONFIG = /var/tmp/cpansmoker-1001/11Ua8V8Qhp_config.ini
    PERL_EXTUTILS_AUTOINSTALL = --defaultdeps
    PERL_HTML_DISPLAY_CLASS = HTML::Display::Mozilla
    PERL_PARALLEL_SMOKER = yes
    SHELL = /bin/zsh
    TERM = screen
    TMPDIR = /var/tmp/cpansmoker-1001

Perl special variables (and OS-specific diagnostics, for MSWin32):

    $^X = /bbbike/perl-5.21.10/bin/perl5.21.10
    $UID/$EUID = 1001 / 1001
    $GID = 1001 109 1001
    $EGID = 1001 109 1001

Perl module toolchain versions installed:

    Module              Have    
    ------------------- --------
    CPAN                2.10    
    CPAN::Meta          2.150001
    Cwd                 3.55    
    ExtUtils::CBuilder  0.280220
    ExtUtils::Command   1.20    
    ExtUtils::Install   2.04    
    ExtUtils::MakeMaker 7.04    
    ExtUtils::Manifest  1.70    
    ExtUtils::ParseXS   3.27    
    File::Spec          3.55    
    JSON                2.90    
    JSON::PP            2.27300 
    Module::Build       0.4211  
    Module::Signature   0.73    
    Parse::CPAN::Meta   1.4414  
    Test::Harness       3.35    
    Test::More          1.001014
    YAML                1.14    
    YAML::Syck          1.29    
    version             0.9912  


--

Summary of my perl5 (revision 5 version 21 subversion 10) configuration:
   
  Platform:
    osname=linux, osvers=3.2.0-4-amd64, archname=x86_64-linux
    uname='linux eserte 3.2.0-4-amd64 #1 smp debian 3.2.65-1+deb7u2 x86_64 gnulinux '
    config_args='-ds -e -Dprefix=/opt/perl-5.21.10 -Dusedevel -Dusemallocwrap=no'
    hint=recommended, useposix=true, d_sigaction=define
    useithreads=undef, usemultiplicity=undef
    use64bitint=define, use64bitall=define, uselongdouble=undef
    usemymalloc=n, bincompat5005=undef
  Compiler:
    cc='cc', ccflags ='-fwrapv -fno-strict-aliasing -pipe -fstack-protector -I/usr/local/include -D_LARGEFILE_SOURCE -D_FILE_OFFSET_BITS=64 -D_FORTIFY_SOURCE=2',
    optimize='-O2',
    cppflags='-fwrapv -fno-strict-aliasing -pipe -fstack-protector -I/usr/local/include'
    ccversion='', gccversion='4.7.2', gccosandvers=''
    intsize=4, longsize=8, ptrsize=8, doublesize=8, byteorder=12345678, doublekind=3
    d_longlong=define, longlongsize=8, d_longdbl=define, longdblsize=16, longdblkind=3
    ivtype='long', ivsize=8, nvtype='double', nvsize=8, Off_t='off_t', lseeksize=8
    alignbytes=8, prototype=define
  Linker and Libraries:
    ld='cc', ldflags =' -fstack-protector -L/usr/local/lib'
    libpth=/usr/local/lib /usr/lib/gcc/x86_64-linux-gnu/4.7/include-fixed /usr/include/x86_64-linux-gnu /usr/lib /lib/x86_64-linux-gnu /lib/../lib /usr/lib/x86_64-linux-gnu /usr/lib/../lib /lib
    libs=-lpthread -lnsl -ldb -ldl -lm -lcrypt -lutil -lc
    perllibs=-lpthread -lnsl -ldl -lm -lcrypt -lutil -lc
    libc=libc-2.13.so, so=so, useshrplib=false, libperl=libperl.a
    gnulibc_version='2.13'
  Dynamic Linking:
    dlsrc=dl_dlopen.xs, dlext=so, d_dlsymun=undef, ccdlflags='-Wl,-E'
    cccdlflags='-fPIC', lddlflags='-shared -O2 -L/usr/local/lib -fstack-protector'


Characteristics of this binary (from libperl): 
  Compile-time options: HAS_TIMES PERLIO_LAYERS PERL_DONT_CREATE_GVSV
                        PERL_HASH_FUNC_ONE_AT_A_TIME_HARD
                        PERL_NEW_COPY_ON_WRITE PERL_PRESERVE_IVUV
                        PERL_USE_DEVEL USE_64_BIT_ALL USE_64_BIT_INT
                        USE_LARGE_FILES USE_LOCALE USE_LOCALE_COLLATE
                        USE_LOCALE_CTYPE USE_LOCALE_NUMERIC USE_LOCALE_TIME
                        USE_PERLIO USE_PERL_ATOF
  Built under linux
  Compiled at Mar 20 2015 18:59:18
  %ENV:
    PERL5LIB=""
    PERL5OPT=""
    PERL5_CPANPLUS_IS_RUNNING="3510"
    PERL5_CPAN_IS_RUNNING="3510"
    PERL5_CPAN_IS_RUNNING_IN_RECURSION="2888,3510"
    PERLDOC="-MPod::Perldoc::ToTextOverstrike"
    PERL_BATCH="yes"
    PERL_CPAN_REPORTER_CONFIG="/var/tmp/cpansmoker-1001/11Ua8V8Qhp_config.ini"
    PERL_EXTUTILS_AUTOINSTALL="--defaultdeps"
    PERL_HTML_DISPLAY_CLASS="HTML::Display::Mozilla"
    PERL_PARALLEL_SMOKER="yes"
  @INC:
    /opt/perl-5.21.10/lib/site_perl/5.21.10/x86_64-linux
    /opt/perl-5.21.10/lib/site_perl/5.21.10
    /opt/perl-5.21.10/lib/5.21.10/x86_64-linux
    /opt/perl-5.21.10/lib/5.21.10
    .