Back
From: metabase:user:320bfe00-2aae-11df-837a-5e0a49663a4f
Subject: FAIL Filesys-POSIX-0.9.9 v5.19.3 GNU/Linux
Date: 2013-09-06T17:45:15Z
This distribution has been tested as part of the CPAN Testers
project, supporting the Perl programming language. See
http://wiki.cpantesters.org/ for more information or email
questions to cpan-testers-discuss@perl.org
--
Dear cPanel Inc.,
This is a computer-generated report for Filesys-POSIX-0.9.9
on perl 5.19.3, created by CPAN-Reporter-1.2010.
Thank you for uploading your work to CPAN. However, there was a problem
testing your distribution.
If you think this report is invalid, please consult the CPAN Testers Wiki
for suggestions on how to avoid getting FAIL reports for missing library
or binary dependencies, unsupported operating systems, and so on:
http://wiki.cpantesters.org/wiki/CPANAuthorNotes
Sections of this report:
* Tester comments
* Program output
* Prerequisites
* Environment and other context
------------------------------
TESTER COMMENTS
------------------------------
Additional comments from tester:
this report is from an automated smoke testing program
and was not reviewed by a human for accuracy
------------------------------
PROGRAM OUTPUT
------------------------------
Output from '/usr/bin/make test':
PERL_DL_NONLAZY=1 /home/sand/src/perl/repoperls/installed-perls/perl/v5.19.3/9980/bin/perl "-MExtUtils::Command::MM" "-e" "test_harness(0, 'blib/lib', 'blib/arch')" t/*.t
t/001_load.t ........ ok
t/bucket.t .......... ok
t/directory.t ....... ok
t/extensions.t ...... ok
t/false-filename.t .. ok
t/fd_table.t ........ ok
t/file.t ............ ok
t/find.t ............ ok
t/fs.t .............. ok
t/handle.t .......... ok
t/inode.t ........... ok
t/io.t .............. ok
t/module.t .......... ok
t/mount.t ........... ok
t/mount_flags.t ..... ok
t/path.t ............ ok
t/real.t ............ ok
t/snapshot.t ........ ok
t/stat.t ............ ok
# Failed test 'dies with expected message'
# at t/tar-race.t line 69.
# ' at /tmp/loop_over_bdir-20660-zZda2U/Filesys-POSIX-0.9.9-zYa9NX/blib/lib/Filesys/POSIX/Real/Inode.pm line 125.
# Filesys::POSIX::Real::Inode::open() called at /tmp/loop_over_bdir-20660-zZda2U/Filesys-POSIX-0.9.9-zYa9NX/blib/lib/Filesys/POSIX/Userland/Tar.pm line 103
# eval {...} called at /tmp/loop_over_bdir-20660-zZda2U/Filesys-POSIX-0.9.9-zYa9NX/blib/lib/Filesys/POSIX/Userland/Tar.pm line 100
# Filesys::POSIX::Userland::Tar::_archive() called at /tmp/loop_over_bdir-20660-zZda2U/Filesys-POSIX-0.9.9-zYa9NX/blib/lib/Filesys/POSIX/Userland/Tar.pm line 164
# Filesys::POSIX::Userland::Tar::__ANON__() called at /tmp/loop_over_bdir-20660-zZda2U/Filesys-POSIX-0.9.9-zYa9NX/blib/lib/Filesys/POSIX/Userland/Find.pm line 96
# Filesys::POSIX::Userland::Find::find() called at /tmp/loop_over_bdir-20660-zZda2U/Filesys-POSIX-0.9.9-zYa9NX/blib/lib/Filesys/POSIX.pm line 129
# Filesys::POSIX::AUTOLOAD() called at /tmp/loop_over_bdir-20660-zZda2U/Filesys-POSIX-0.9.9-zYa9NX/blib/lib/Filesys/POSIX/Userland/Tar.pm line 166
# Filesys::POSIX::Userland::Tar::tar() called at /tmp/loop_over_bdir-20660-zZda2U/Filesys-POSIX-0.9.9-zYa9NX/blib/lib/Filesys/POSIX.pm line 129
# Filesys::POSIX::AUTOLOAD() called at t/tar-race.t line 66
# Test::Exception::dies_ok() called at t/tar-race.t line 68
# '
# doesn't match '(?^i:No such file or directory)'
# Failed test 'Filesys::POSIX->tar() doesn't die when file is missing'
# at t/tar-race.t line 62.
# died: at /tmp/loop_over_bdir-20660-zZda2U/Filesys-POSIX-0.9.9-zYa9NX/blib/lib/Filesys/POSIX/Real/Inode.pm line 125.
# Filesys::POSIX::Real::Inode::open() called at /tmp/loop_over_bdir-20660-zZda2U/Filesys-POSIX-0.9.9-zYa9NX/blib/lib/Filesys/POSIX/Userland/Tar.pm line 103
# eval {...} called at /tmp/loop_over_bdir-20660-zZda2U/Filesys-POSIX-0.9.9-zYa9NX/blib/lib/Filesys/POSIX/Userland/Tar.pm line 100
# Filesys::POSIX::Userland::Tar::_archive() called at /tmp/loop_over_bdir-20660-zZda2U/Filesys-POSIX-0.9.9-zYa9NX/blib/lib/Filesys/POSIX/Userland/Tar.pm line 164
# Filesys::POSIX::Userland::Tar::__ANON__() called at /tmp/loop_over_bdir-20660-zZda2U/Filesys-POSIX-0.9.9-zYa9NX/blib/lib/Filesys/POSIX/Userland/Find.pm line 96
# Filesys::POSIX::Userland::Find::find() called at /tmp/loop_over_bdir-20660-zZda2U/Filesys-POSIX-0.9.9-zYa9NX/blib/lib/Filesys/POSIX.pm line 129
# Filesys::POSIX::AUTOLOAD() called at /tmp/loop_over_bdir-20660-zZda2U/Filesys-POSIX-0.9.9-zYa9NX/blib/lib/Filesys/POSIX/Userland/Tar.pm line 166
# Filesys::POSIX::Userland::Tar::tar() called at /tmp/loop_over_bdir-20660-zZda2U/Filesys-POSIX-0.9.9-zYa9NX/blib/lib/Filesys/POSIX.pm line 129
# Filesys::POSIX::AUTOLOAD() called at t/tar-race.t line 60
# Test::Exception::lives_ok() called at t/tar-race.t line 62
# Looks like you planned 5 tests but ran 4.
# Looks like you failed 2 tests of 4 run.
t/tar-race.t ........
Dubious, test returned 2 (wstat 512, 0x200)
Failed 3/5 subtests
t/tar.t ............. ok
t/test.t ............ ok
t/umask.t ........... ok
t/userland.t ........ ok
t/vfs.t ............. ok
Test Summary Report
-------------------
t/tar-race.t (Wstat: 512 Tests: 4 Failed: 2)
Failed tests: 2-3
Non-zero exit status: 2
Parse errors: Bad plan. You planned 5 tests but ran 4.
Files=25, Tests=510, 9 wallclock secs ( 0.11 usr 0.03 sys + 2.72 cusr 0.31 csys = 3.17 CPU)
Result: FAIL
Failed 1/25 test programs. 2/510 subtests failed.
make: *** [test_dynamic] Error 255
------------------------------
PREREQUISITES
------------------------------
Prerequisite modules loaded:
requires:
Module Need Have
------------------- ----- -------
Carp 0 1.32
build_requires:
Module Need Have
------------------- ----- -------
Test::Exception 0.26 0.32
Test::NoWarnings 0.081 1.04
Test::Simple 0.44 0.98
configure_requires:
Module Need Have
------------------- ----- -------
ExtUtils::MakeMaker 0 6.75_04
------------------------------
ENVIRONMENT AND OTHER CONTEXT
------------------------------
Environment variables:
AUTOMATED_TESTING = 1
LANG = en_US.UTF-8
LANGUAGE = en_US:en
PATH = /usr/lib/ccache:/home/sand/bin:/usr/local/bin:/usr/bin:/bin:/usr/bin/X11:/usr/games:/usr/local/perl/bin:/usr/X11/bin:/sbin:/usr/sbin
PERL5LIB =
PERL5OPT =
PERL5_CPANPLUS_IS_RUNNING = 20662
PERL5_CPAN_IS_RUNNING = 20662
PERL_MM_USE_DEFAULT = 1
SHELL = /usr/bin/zsh
TERM = screen
Perl special variables (and OS-specific diagnostics, for MSWin32):
$^X = /home/sand/src/perl/repoperls/installed-perls/perl/v5.19.3/9980/bin/perl
$UID/$EUID = 1005 / 1005
$GID = 1005 1005
$EGID = 1005 1005
Perl module toolchain versions installed:
Module Have
------------------- --------
CPAN 2.00
CPAN::Meta 2.132140
Cwd 3.44
ExtUtils::CBuilder 0.280210
ExtUtils::Command 1.17
ExtUtils::Install 1.60
ExtUtils::MakeMaker 6.75_04
ExtUtils::Manifest 1.63
ExtUtils::ParseXS 3.21
File::Spec 3.44
JSON 2.59
JSON::PP 2.27202
Module::Build 0.4007
Module::Signature 0.73
Parse::CPAN::Meta 1.4405
Test::Harness 3.28
Test::More 0.98
YAML 0.84
YAML::Syck 1.27
version 0.9903
--
Summary of my perl5 (revision 5 version 19 subversion 3) configuration:
Commit id: f865d60069cbf2222595cce29bf98f8f1b6703ec
Platform:
osname=linux, osvers=3.10-2-amd64, archname=x86_64-linux-thread-multi
uname='linux k83 3.10-2-amd64 #1 smp debian 3.10.7-1 (2013-08-17) x86_64 gnulinux '
config_args='-Dprefix=/home/sand/src/perl/repoperls/installed-perls/perl/v5.19.3/9980 -Dmyhostname=k83 -Dinstallusrbinperl=n -Uversiononly -Dusedevel -des -Ui_db -Duseithreads -Uuselongdouble -DDEBUGGING=-g'
hint=recommended, useposix=true, d_sigaction=define
useithreads=define, usemultiplicity=define
useperlio=define, d_sfio=undef, uselargefiles=define, usesocks=undef
use64bitint=define, use64bitall=define, uselongdouble=undef
usemymalloc=n, bincompat5005=undef
Compiler:
cc='cc', ccflags ='-D_REENTRANT -D_GNU_SOURCE -fno-strict-aliasing -pipe -fstack-protector -I/usr/local/include -D_LARGEFILE_SOURCE -D_FILE_OFFSET_BITS=64',
optimize='-O2 -g',
cppflags='-D_REENTRANT -D_GNU_SOURCE -fno-strict-aliasing -pipe -fstack-protector -I/usr/local/include'
ccversion='', gccversion='4.8.1', gccosandvers=''
intsize=4, longsize=8, ptrsize=8, doublesize=8, byteorder=12345678
d_longlong=define, longlongsize=8, d_longdbl=define, longdblsize=16
ivtype='long', ivsize=8, nvtype='double', nvsize=8, Off_t='off_t', lseeksize=8
alignbytes=8, prototype=define
Linker and Libraries:
ld='cc', ldflags =' -fstack-protector -L/usr/local/lib'
libpth=/usr/local/lib /lib/x86_64-linux-gnu /lib/../lib /usr/lib/x86_64-linux-gnu /usr/lib/../lib /lib /usr/lib
libs=-lnsl -lgdbm -ldb -ldl -lm -lcrypt -lutil -lpthread -lc -lgdbm_compat
perllibs=-lnsl -ldl -lm -lcrypt -lutil -lpthread -lc
libc=, so=so, useshrplib=false, libperl=libperl.a
gnulibc_version='2.17'
Dynamic Linking:
dlsrc=dl_dlopen.xs, dlext=so, d_dlsymun=undef, ccdlflags='-Wl,-E'
cccdlflags='-fPIC', lddlflags='-shared -O2 -g -L/usr/local/lib -fstack-protector'
Characteristics of this binary (from libperl):
Compile-time options: HAS_TIMES MULTIPLICITY PERLIO_LAYERS
PERL_DONT_CREATE_GVSV
PERL_HASH_FUNC_ONE_AT_A_TIME_HARD
PERL_IMPLICIT_CONTEXT PERL_MALLOC_WRAP
PERL_NEW_COPY_ON_WRITE PERL_PRESERVE_IVUV
PERL_USE_DEVEL USE_64_BIT_ALL USE_64_BIT_INT
USE_ITHREADS USE_LARGE_FILES USE_LOCALE
USE_LOCALE_COLLATE USE_LOCALE_CTYPE
USE_LOCALE_NUMERIC USE_PERLIO USE_PERL_ATOF
USE_REENTRANT_API
Built under linux
Compiled at Sep 2 2013 17:57:13
%ENV:
PERL5LIB=""
PERL5OPT=""
PERL5_CPANPLUS_IS_RUNNING="20662"
PERL5_CPAN_IS_RUNNING="20662"
PERL_MM_USE_DEFAULT="1"
@INC:
/home/sand/src/perl/repoperls/installed-perls/perl/v5.19.3/9980/lib/site_perl/5.19.3/x86_64-linux-thread-multi
/home/sand/src/perl/repoperls/installed-perls/perl/v5.19.3/9980/lib/site_perl/5.19.3
/home/sand/src/perl/repoperls/installed-perls/perl/v5.19.3/9980/lib/5.19.3/x86_64-linux-thread-multi
/home/sand/src/perl/repoperls/installed-perls/perl/v5.19.3/9980/lib/5.19.3
.