Win32-UTCFileTime v1.60 Perl 5 v5.24.1 MSWin32-x64-multi-thread

Status
Fail
From
Nigel Horne
Dist
Win32-UTCFileTime v1.60
Platform
Perl 5 v5.24.1 MSWin32-x64-multi-thread
Date
2025-06-29 17:23:27
ID
16269d39-6c14-1014-8029-e2a386231dcd
This distribution has been tested as part of the CPAN Testers
project, supporting the Perl programming language.  See
http://wiki.cpantesters.org/ for more information or email
questions to cpan-testers-discuss@perl.org


--
Dear Steve Hay,

This is a computer-generated report for Win32-UTCFileTime-1.60
on perl 5.24.1, created by CPAN-Reporter-1.2020.

Thank you for uploading your work to CPAN.  However, there was a problem
testing your distribution.

If you think this report is invalid, please consult the CPAN Testers Wiki
for suggestions on how to avoid getting FAIL reports for missing library
or binary dependencies, unsupported operating systems, and so on:

http://wiki.cpantesters.org/wiki/CPANAuthorNotes

Sections of this report:

    * Tester comments
    * Program output
    * Prerequisites
    * Environment and other context

------------------------------
TESTER COMMENTS
------------------------------

Additional comments from tester:

none provided

------------------------------
PROGRAM OUTPUT
------------------------------

Output from 'C:\PERL64~1.1\site\bin\dmake.exe test':

"C:\Perl64\bin\perl.exe" -MExtUtils::Command::MM -e cp_nonempty -- UTCFileTime.bs blib\arch\auto\Win32\UTCFileTime\UTCFileTime.bs 644
"C:\Perl64\bin\perl.exe" "-MExtUtils::Command::MM" "-MTest::Harness" "-e" "undef *Test::Harness::Switches; test_harness(0, 'blib\lib', 'blib\arch')" t/*.t
t/01_imports_01.t ..... ok
t/01_imports_02.t ..... ok
t/01_imports_03.t ..... ok
t/01_imports_04.t ..... ok
t/01_imports_05.t ..... ok
t/01_imports_06.t ..... ok
t/01_imports_07.t ..... ok
t/01_imports_08.t ..... ok
t/01_imports_09.t ..... ok
t/01_imports_10.t ..... ok
t/02_file_times.t ..... ok
Can't create directory 'test': File exists
# Looks like your test exited with 17 just after 1.
t/03_dir_times.t ...... ok
t/04_file_mode.t ...... ok
t/05_dir_mode.t ....... 
Dubious, test returned 17 (wstat 4352, 0x1100)
Failed 6/7 subtests 
t/06_file_misc.t ...... ok
t/07_dir_misc.t ....... ok
t/08_dir_name.t ....... ok
t/09_default_arg.t .... ok
t/10_stat_fh_leak.t ... ok
t/11_utime_fh_leak.t .. ok
t/12_errstr.t ......... ok
t/13_changes.t ........ skipped: Author testing only
t/14_critic.t ......... skipped: Author testing only
t/15_pod.t ............ skipped: Author testing only
t/16_pod_coverage.t ... skipped: Author testing only

Test Summary Report
-------------------
t/05_dir_mode.t     (Wstat: 4352 (exited 17) Tests: 1 Failed: 0)
  Non-zero exit status: 17
  Parse errors: Bad plan.  You planned 7 tests but ran 1.
Files=25, Tests=8544,  6 wallclock secs ( 0.66 usr +  0.11 sys =  0.77 CPU)
Result: FAIL
Failed 1/25 test programs. 0/8544 subtests failed.
dmake.exe:  Error code 255, while making 'test_dynamic'

------------------------------
PREREQUISITES
------------------------------

Prerequisite modules loaded:

requires:

    Module                Need     Have    
    --------------------- -------- --------
    Carp                  0        1.50    
    Exporter              0        5.74    
    perl                  5.008001 5.024001
    strict                0        1.11    
    warnings              0        1.36    
    XSLoader              0        0.24    

build_requires:

    Module                Need     Have    
    --------------------- -------- --------
    Config                0        5.024001
    ExtUtils::MakeMaker   0        7.76    
    Test::More            0        1.302214

configure_requires:

    Module                Need     Have    
    --------------------- -------- --------
    ExtUtils::MakeMaker   6.66     7.76    
    File::Copy            0        2.31    
    File::Spec::Functions 0        3.75    
    perl                  5.008001 5.024001
    strict                0        1.11    
    warnings              0        1.36    


------------------------------
ENVIRONMENT AND OTHER CONTEXT
------------------------------

Environment variables:

    COMSPEC = C:\WINDOWS\system32\cmd.exe
    HARNESS_OPTIONS = c:j6
    NUMBER_OF_PROCESSORS = 12
    PATH = C:\ProgramData\Oracle\Java\javapath;C:\Perl64-5.22.1\site\bin;C:\Perl64-5.22.1\bin;C:\Perl64\site\bin;C:\Perl64\bin;C:\Program Files (x86)\Intel\iCLS Client\;C:\Program Files\Intel\iCLS Client\;C:\Windows\system32;C:\Windows;C:\Windows\System32\Wbem;C:\Windows\System32\WindowsPowerShell\v1.0\;C:\Program Files\Intel\Intel(R) Management Engine Components\DAL;C:\Program Files\Intel\Intel(R) Management Engine Components\IPT;C:\Program Files (x86)\Intel\Intel(R) Management Engine Components\DAL;C:\Program Files (x86)\Intel\Intel(R) Management Engine Components\IPT;C:\Program Files (x86)\Windows Kits\8.1\Windows Performance Toolkit\;C:\Program Files (x86)\Windows Live\Shared;C:\Program Files (x86)\Windows Kits\8.0\Windows Performance Toolkit\;C:\Program Files (x86)\NVIDIA Corporation\PhysX\Common;C:\WINDOWS\system32;C:\WINDOWS;C:\WINDOWS\System32\Wbem;C:\WINDOWS\System32\WindowsPowerShell\v1.0\;C:\Users\Nigel\.dnx\bin;C:\Program Files\Microsoft DNX\Dnvm\;C:\Program Files (x86)\Windows Kits\10\Windows Performance Toolkit\;C:\Program Files (x86)\nodejs\;C:\WINDOWS\System32\OpenSSH\;C:\Program Files\NVIDIA Corporation\NVIDIA NvDLISR;C:\WINDOWS\system32;C:\WINDOWS;C:\WINDOWS\System32\Wbem;C:\WINDOWS\System32\WindowsPowerShell\v1.0\;C:\WINDOWS\System32\OpenSSH\;C:\Program Files\Git\cmd;C:\Users\Nigel\AppData\Local\Microsoft\WindowsApps;C:\Users\Nigel\AppData\Roaming\npm;
    PERL5LIB = 
    PERL5OPT = 
    PERL5_CPANPLUS_IS_RUNNING = 12392
    PERL5_CPAN_IS_RUNNING = 12392
    PERL_USE_UNSAFE_INC = 1
    PROCESSOR_IDENTIFIER = Intel64 Family 6 Model 62 Stepping 4, GenuineIntel
    TEMP = J:\TEMP

Perl special variables (and OS-specific diagnostics, for MSWin32):

    $^X = C:\Perl64\bin\perl.exe
    $UID/$EUID = 0 / 0
    $GID = 0
    $EGID = 0
    Win32::GetOSName = Win10
    Win32::GetOSVersion = , 10, 0, 19045, 2, 0, 0, 768, 1
    Win32::FsType = NTFS
    Win32::IsAdminUser = 0

Perl module toolchain versions installed:

    Module              Have    
    ------------------- --------
    CPAN                2.38    
    CPAN::Meta          2.150010
    Cwd                 3.75    
    ExtUtils::CBuilder  0.280236
    ExtUtils::Command   7.76    
    ExtUtils::Install   2.14    
    ExtUtils::MakeMaker 7.76    
    ExtUtils::Manifest  1.72    
    ExtUtils::ParseXS   3.35    
    File::Spec          3.75    
    JSON                4.03    
    JSON::PP            4.04    
    Module::Build       0.4234  
    Module::Signature   n/a     
    Parse::CPAN::Meta   2.150010
    Test2               1.302214
    Test::Harness       3.52    
    Test::More          1.302214
    YAML                1.31    
    YAML::Syck          1.34    
    version             0.9932  


--

Summary of my perl5 (revision 5 version 24 subversion 1) configuration:
   
  Platform:
    osname=MSWin32, osvers=6.1, archname=MSWin32-x64-multi-thread
    uname=''
    config_args='undef'
    hint=recommended, useposix=true, d_sigaction=undef
    useithreads=define, usemultiplicity=define
    use64bitint=define, use64bitall=undef, uselongdouble=undef
    usemymalloc=n, bincompat5005=undef
  Compiler:
    cc='C:\PERL64~1.1\site\bin\gcc.exe', ccflags =' -s -O2 -DWIN32 -DWIN64 -DCONSERVATIVE -DPERL_TEXTMODE_SCRIPTS -DUSE_SITECUSTOMIZE -DPERL_IMPLICIT_CONTEXT -DPERL_IMPLICIT_SYS -fwrapv -fno-strict-aliasing -mms-bitfields',
    optimize='-s -O2',
    cppflags='-DWIN32'
    ccversion='', gccversion='4.6.3', gccosandvers=''
    intsize=4, longsize=4, ptrsize=8, doublesize=8, byteorder=12345678, doublekind=3
    d_longlong=define, longlongsize=8, d_longdbl=define, longdblsize=16, longdblkind=3
    ivtype='long long', ivsize=8, nvtype='double', nvsize=8, Off_t='long long', lseeksize=8
    alignbytes=8, prototype=define
  Linker and Libraries:
    ld='C:\PERL64~1.1\site\bin\g++.exe', ldflags ='-s -static-libgcc -static-libstdc++ -L"C:\Perl64\lib\CORE" -L"C:\MinGW\x86_64-w64-mingw32\lib"'
    libpth=C:\MinGW\x86_64-w64-mingw32\lib
    libs=-lmoldname -lkernel32 -luser32 -lgdi32 -lwinspool -lcomdlg32 -ladvapi32 -lshell32 -lole32 -loleaut32 -lnetapi32 -luuid -lws2_32 -lmpr -lwinmm -lversion -lodbc32 -lodbccp32 -lcomctl32
    perllibs=-lmoldname -lkernel32 -luser32 -lgdi32 -lwinspool -lcomdlg32 -ladvapi32 -lshell32 -lole32 -loleaut32 -lnetapi32 -luuid -lws2_32 -lmpr -lwinmm -lversion -lodbc32 -lodbccp32 -lcomctl32
    libc=, so=dll, useshrplib=true, libperl=libperl524.a
    gnulibc_version=''
  Dynamic Linking:
    dlsrc=dl_win32.xs, dlext=dll, d_dlsymun=undef, ccdlflags=' '
    cccdlflags=' ', lddlflags='-mdll -s -static-libgcc -static-libstdc++ -L"C:\Perl64\lib\CORE" -L"C:\MinGW\x86_64-w64-mingw32\lib"'


Characteristics of this binary (from libperl): 
  Compile-time options: HAS_TIMES HAVE_INTERP_INTERN MULTIPLICITY
                        PERLIO_LAYERS PERL_COPY_ON_WRITE
                        PERL_DONT_CREATE_GVSV
                        PERL_HASH_FUNC_ONE_AT_A_TIME_HARD
                        PERL_IMPLICIT_CONTEXT PERL_IMPLICIT_SYS
                        PERL_MALLOC_WRAP PERL_PRESERVE_IVUV USE_64_BIT_INT
                        USE_ITHREADS USE_LARGE_FILES USE_LOCALE
                        USE_LOCALE_COLLATE USE_LOCALE_CTYPE
                        USE_LOCALE_NUMERIC USE_LOCALE_TIME USE_PERLIO
                        USE_PERL_ATOF USE_SITECUSTOMIZE
  Locally applied patches:
	ActivePerl Build 2402 [401627]
  Built under MSWin32
  Compiled at Jan  5 2017 02:08:02
  %ENV:
    PERL5_CPANPLUS_IS_RUNNING="12392"
    PERL5_CPAN_IS_RUNNING="12392"
    PERL_USE_UNSAFE_INC="1"
  @INC:
    C:/Perl64/site/lib
    C:/Perl64/lib
    .