Report for Dancer2-Plugin-Cache-CHI-1.7.0

Back
From: metabase:user:a0e144f2-373b-11e6-8edd-c6848980b093
Subject: FAIL Dancer2-Plugin-Cache-CHI-1.7.0 v5.25.0 GNU/Linux
Date: 2016-06-26T03:21:32Z

This distribution has been tested as part of the CPAN Testers
project, supporting the Perl programming language.  See
http://wiki.cpantesters.org/ for more information or email
questions to cpan-testers-discuss@perl.org


--
Dear Yanick Champoux,

This is a computer-generated report for Dancer2-Plugin-Cache-CHI-1.7.0
on perl 5.25.0, created by CPAN-Reporter-1.2017.

Thank you for uploading your work to CPAN.  However, there was a problem
testing your distribution.

If you think this report is invalid, please consult the CPAN Testers Wiki
for suggestions on how to avoid getting FAIL reports for missing library
or binary dependencies, unsupported operating systems, and so on:

http://wiki.cpantesters.org/wiki/CPANAuthorNotes

Sections of this report:

    * Tester comments
    * Program output
    * Prerequisites
    * Environment and other context

------------------------------
TESTER COMMENTS
------------------------------

Additional comments from tester:

none provided

------------------------------
PROGRAM OUTPUT
------------------------------

Output from '/usr/bin/make test':

PERL_DL_NONLAZY=1 "/usr/bin/perl5.25.0" "-MExtUtils::Command::MM" "-MTest::Harness" "-e" "undef *Test::Harness::Switches; test_harness(0, 'blib/lib', 'blib/arch')" t/*.t
# 
# Versions for all modules listed in MYMETA.json (including optional ones):
# 
# === Configure Requires ===
# 
#     Module              Want Have
#     ------------------- ---- ----
#     ExtUtils::MakeMaker  any 7.18
# 
# === Build Requires ===
# 
#     Module              Want Have
#     ------------------- ---- ----
#     ExtUtils::MakeMaker  any 7.18
# 
# === Test Requires ===
# 
#     Module                Want     Have
#     --------------------- ---- --------
#     ExtUtils::MakeMaker    any     7.18
#     File::Spec             any     3.59
#     HTTP::Request::Common  any     6.11
#     Plack::Test            any    undef
#     Test::More             any 1.302030
#     lib                    any     0.63
# 
# === Test Recommends ===
# 
#     Module         Want     Have
#     ---------- -------- --------
#     CPAN::Meta 2.120900 2.150005
# 
# === Runtime Requires ===
# 
#     Module              Want      Have
#     --------------- -------- ---------
#     CHI                  any      0.60
#     Carp                 any   1.37_01
#     Dancer2         0.162000  0.200001
#     Dancer2::Plugin      any  0.200001
#     Moo             1.000007 2.002_001
#     strict               any      1.11
#     warnings             any      1.36
# 
t/00-report-prereqs.t ...... ok
Subroutine dancer_app redefined at (eval 317) line 5.
Subroutine request redefined at (eval 317) line 14.
Subroutine var redefined at (eval 317) line 23.
Subroutine hook redefined at (eval 317) line 32.
Bareword found where operator expected at t/TestApp.pm line 14, near "cache_set params"
	(Do you need to predeclare cache_set?)
Bareword found where operator expected at t/TestApp.pm line 18, near "cache_get params"
	(Do you need to predeclare cache_get?)
Scalar found where operator expected at t/TestApp.pm line 23, near "++$counter"
	(Missing operator before $counter?)
String found where operator expected at t/TestApp.pm line 41, near "cache_get 'secret_stash'"
	(Do you need to predeclare cache_get?)
String found where operator expected at t/TestApp.pm line 45, near "cache_remove 'secret_stash'"
	(Do you need to predeclare cache_remove?)
Scalar found where operator expected at t/TestApp.pm line 55, near "++$cached_quick"
	(Missing operator before $cached_quick?)
String found where operator expected at t/TestApp.pm line 66, near "cache_page 'gonzo'"
	(Do you need to predeclare cache_page?)
syntax error at t/TestApp.pm line 14, near "cache_set params"
syntax error at t/TestApp.pm line 15, near "}"
syntax error at t/TestApp.pm line 23, near "++$counter"
syntax error at t/TestApp.pm line 55, near "++$cached_quick"
syntax error at t/TestApp.pm line 66, near "cache_page 'gonzo'"
Compilation failed in require at t/basic.t line 8.
BEGIN failed--compilation aborted at t/basic.t line 8.
# Looks like your test exited with 255 before it could output anything.
t/basic.t .................. 
Dubious, test returned 255 (wstat 65280, 0xff00)
Failed 25/25 subtests 
Subroutine dancer_app redefined at (eval 317) line 5.
Subroutine request redefined at (eval 317) line 14.
Subroutine var redefined at (eval 317) line 23.
Subroutine hook redefined at (eval 317) line 32.
Scalar found where operator expected at t/honor-no-cache.t line 29, near "++$i"
	(Missing operator before $i?)
Can't modify constant item in postincrement (++) at t/honor-no-cache.t line 29, near "cache_page ++"
syntax error at t/honor-no-cache.t line 29, near "++$i"
Bareword "check_page_cache" not allowed while "strict subs" in use at t/honor-no-cache.t line 25.
Execution of t/honor-no-cache.t aborted due to compilation errors.
# Looks like your test exited with 255 before it could output anything.
t/honor-no-cache.t ......... 
Dubious, test returned 255 (wstat 65280, 0xff00)
Failed 5/5 subtests 
Subroutine dancer_app redefined at (eval 317) line 5.
Subroutine request redefined at (eval 317) line 14.
Subroutine var redefined at (eval 317) line 23.
Subroutine hook redefined at (eval 317) line 32.
Invalid hook name `before_create_cache' at /home/dcollins/toolchain/local/lib/perl5/site_perl/5.25.0/Dancer2/Plugin.pm line 534.
# Looks like your test exited with 255 before it could output anything.
t/hooks.t .................. 
Dubious, test returned 255 (wstat 65280, 0xff00)
Failed 2/2 subtests 
Subroutine dancer_app redefined at (eval 317) line 5.
Subroutine request redefined at (eval 317) line 14.
Subroutine var redefined at (eval 317) line 23.
Subroutine hook redefined at (eval 317) line 32.
Bareword "check_page_cache" not allowed while "strict subs" in use at t/init-check-page-cache.t line 19.
Execution of t/init-check-page-cache.t aborted due to compilation errors.
# Looks like your test exited with 255 before it could output anything.
t/init-check-page-cache.t .. 
Dubious, test returned 255 (wstat 65280, 0xff00)
Failed 2/2 subtests 
Subroutine dancer_app redefined at (eval 317) line 5.
Subroutine request redefined at (eval 317) line 14.
Subroutine var redefined at (eval 317) line 23.
Subroutine hook redefined at (eval 317) line 32.
"my" variable $cb masks earlier declaration in same statement at t/key-gen.t line 48.
"my" variable $cb masks earlier declaration in same scope at t/key-gen.t line 49.
"my" variable $cb masks earlier declaration in same scope at t/key-gen.t line 50.
Bareword "check_page_cache" not allowed while "strict subs" in use at t/key-gen.t line 17.
syntax error at t/key-gen.t line 41, near "cache_page_key_generator sub "
syntax error at t/key-gen.t line 44, near "}"
syntax error at t/key-gen.t line 51, near "}"
Execution of t/key-gen.t aborted due to compilation errors.
# Looks like your test exited with 255 before it could output anything.
t/key-gen.t ................ 
Dubious, test returned 255 (wstat 65280, 0xff00)
Failed 7/7 subtests 
Subroutine dancer_app redefined at (eval 317) line 5.
Subroutine request redefined at (eval 317) line 14.
Subroutine var redefined at (eval 317) line 23.
Subroutine hook redefined at (eval 317) line 32.
Can't locate object method "cache" via package "foo" (perhaps you forgot to load "foo"?) at t/namespaces.t line 41.
t/namespaces.t ............. 
Dubious, test returned 2 (wstat 512, 0x200)
No subtests run 

Test Summary Report
-------------------
t/basic.t                (Wstat: 65280 Tests: 0 Failed: 0)
  Non-zero exit status: 255
  Parse errors: Bad plan.  You planned 25 tests but ran 0.
t/honor-no-cache.t       (Wstat: 65280 Tests: 0 Failed: 0)
  Non-zero exit status: 255
  Parse errors: Bad plan.  You planned 5 tests but ran 0.
t/hooks.t                (Wstat: 65280 Tests: 0 Failed: 0)
  Non-zero exit status: 255
  Parse errors: Bad plan.  You planned 2 tests but ran 0.
t/init-check-page-cache.t (Wstat: 65280 Tests: 0 Failed: 0)
  Non-zero exit status: 255
  Parse errors: Bad plan.  You planned 2 tests but ran 0.
t/key-gen.t              (Wstat: 65280 Tests: 0 Failed: 0)
  Non-zero exit status: 255
  Parse errors: Bad plan.  You planned 7 tests but ran 0.
t/namespaces.t           (Wstat: 512 Tests: 0 Failed: 0)
  Non-zero exit status: 2
  Parse errors: No plan found in TAP output
Files=7, Tests=1,  2 wallclock secs ( 0.02 usr  0.01 sys +  1.58 cusr  0.14 csys =  1.75 CPU)
Result: FAIL
Failed 6/7 test programs. 0/1 subtests failed.
Makefile:874: recipe for target 'test_dynamic' failed
make: *** [test_dynamic] Error 2

------------------------------
PREREQUISITES
------------------------------

Prerequisite modules loaded:

requires:

    Module                Need     Have     
    --------------------- -------- ---------
    Carp                  0        1.37_01  
    CHI                   0        0.60     
    Dancer2               0.162000 0.200001 
    Dancer2::Plugin       0        0.200001 
    Moo                   1.000007 2.002_001
    perl                  5.010000 5.025000 
    strict                0        1.11     
    warnings              0        1.36     

build_requires:

    Module                Need     Have     
    --------------------- -------- ---------
    ExtUtils::MakeMaker   0        7.18     
    File::Spec            0        3.59     
    HTTP::Request::Common 0        6.11     
    lib                   0        0.63     
    Plack::Test           0        0        
    Test::More            0        1.302030 

configure_requires:

    Module                Need     Have     
    --------------------- -------- ---------
    ExtUtils::MakeMaker   0        7.18     

opt_build_requires:

    Module                Need     Have     
    --------------------- -------- ---------
    CPAN::Meta            2.120900 2.150005 


------------------------------
ENVIRONMENT AND OTHER CONTEXT
------------------------------

Environment variables:

    LANG = en_US.UTF-8
    PATH = /usr/local/bin:/usr/bin:/bin:/usr/local/games:/usr/games
    PERL5LIB = /home/dcollins/toolchain/.afl1/.cpan/build/if-0.0606-iLLiAD/blib/arch:/home/dcollins/toolchain/.afl1/.cpan/build/if-0.0606-iLLiAD/blib/lib:/home/dcollins/toolchain/.afl1/.cpan/build/if-0.0604-1DW8Jn/blib/arch:/home/dcollins/toolchain/.afl1/.cpan/build/if-0.0604-1DW8Jn/blib/lib:/home/dcollins/toolchain/.afl1/.cpan/build/if-0.0605-J2JUcU/blib/arch:/home/dcollins/toolchain/.afl1/.cpan/build/if-0.0605-J2JUcU/blib/lib:/home/dcollins/toolchain/.afl1/.cpan/build/Lingua-Jspell-1.90-bVno17/blib/arch:/home/dcollins/toolchain/.afl1/.cpan/build/Lingua-Jspell-1.90-bVno17/blib/lib:/home/dcollins/toolchain/.afl1/.cpan/build/MySQL-Admin-0.91-3xhWnK/blib/arch:/home/dcollins/toolchain/.afl1/.cpan/build/MySQL-Admin-0.91-3xhWnK/blib/lib:/home/dcollins/toolchain/.afl1/.cpan/build/MySQL-Admin-0.92-w6_8oH/blib/arch:/home/dcollins/toolchain/.afl1/.cpan/build/MySQL-Admin-0.92-w6_8oH/blib/lib:/home/dcollins/toolchain/.afl1/.cpan/build/LCFG-Build-Tools-0.6.4-Zy4n94/blib/arch:/home/dcollins/toolchain/.afl1/.cpan/build/LCFG-Build-Tools-0.6.4-Zy4n94/blib/lib:/home/dcollins/toolchain/.afl1/.cpan/build/Geo-IP2Location-8.01-E1Xsex/blib/arch:/home/dcollins/toolchain/.afl1/.cpan/build/Geo-IP2Location-8.01-E1Xsex/blib/lib
    PERL5OPT = 
    PERL5_CPANPLUS_IS_RUNNING = 39265
    PERL5_CPAN_IS_RUNNING = 39265
    SHELL = /bin/bash
    TERM = screen

Perl special variables (and OS-specific diagnostics, for MSWin32):

    $^X = /usr/bin/perl5.25.0
    $UID/$EUID = 1001 / 1001
    $GID = 1005 1005
    $EGID = 1005 1005

Perl module toolchain versions installed:

    Module              Have      
    ------------------- ----------
    CPAN                2.11      
    CPAN::Meta          2.150005  
    Cwd                 3.59      
    ExtUtils::CBuilder  0.280224_1
    ExtUtils::Command   7.18      
    ExtUtils::Install   2.04      
    ExtUtils::MakeMaker 7.18      
    ExtUtils::Manifest  1.70      
    ExtUtils::ParseXS   3.31      
    File::Spec          3.59      
    JSON                2.90      
    JSON::PP            2.27400   
    Module::Build       0.4218    
    Module::Signature   0.80      
    Parse::CPAN::Meta   1.4419    
    Test::Harness       3.36      
    Test::More          1.302030  
    YAML                1.15      
    YAML::Syck          1.29      
    version             0.9917    


--

Summary of my perl5 (revision 5 version 25 subversion 0) configuration:
  Commit id: 2c5484a6fb758fd9bd9f56d504186972d12dd338
  Platform:
    osname=linux, osvers=4.6.0-1-amd64, archname=x86_64-linux-ld
    uname='linux nightshade64 4.6.0-1-amd64 #1 smp debian 4.6.1-1 (2016-06-06) x86_64 gnulinux '
    config_args='-Dusedevel -Dprefix=/usr -Dcc=ccache gcc-6 -Duselongdouble -Duse64bitall -Doptimize=-O3 -Dversiononly -Uman1dir -Uman3dir -Dsiteprefix=/home/dcollins/toolchain/local -des'
    hint=recommended, useposix=true, d_sigaction=define
    useithreads=undef, usemultiplicity=undef
    use64bitint=define, use64bitall=define, uselongdouble=define
    usemymalloc=n, bincompat5005=undef
  Compiler:
    cc='ccache gcc-6', ccflags ='-fwrapv -fno-strict-aliasing -pipe -fstack-protector-strong -I/usr/local/include -D_LARGEFILE_SOURCE -D_FILE_OFFSET_BITS=64',
    optimize='-O3',
    cppflags='-fwrapv -fno-strict-aliasing -pipe -fstack-protector-strong -I/usr/local/include'
    ccversion='', gccversion='6.1.1 20160519', gccosandvers=''
    intsize=4, longsize=8, ptrsize=8, doublesize=8, byteorder=12345678, doublekind=3
    d_longlong=define, longlongsize=8, d_longdbl=define, longdblsize=16, longdblkind=3
    ivtype='long', ivsize=8, nvtype='long double', nvsize=16, Off_t='off_t', lseeksize=8
    alignbytes=16, prototype=define
  Linker and Libraries:
    ld='ccache gcc-6', ldflags =' -fstack-protector-strong -L/usr/local/lib'
    libpth=/usr/local/lib /usr/lib/gcc/x86_64-linux-gnu/6/include-fixed /usr/include/x86_64-linux-gnu /usr/lib /lib/x86_64-linux-gnu /lib/../lib /usr/lib/x86_64-linux-gnu /usr/lib/../lib /lib
    libs=-lpthread -lnsl -ldl -lm -lcrypt -lutil -lc
    perllibs=-lpthread -lnsl -ldl -lm -lcrypt -lutil -lc
    libc=libc-2.22.so, so=so, useshrplib=false, libperl=libperl.a
    gnulibc_version='2.22'
  Dynamic Linking:
    dlsrc=dl_dlopen.xs, dlext=so, d_dlsymun=undef, ccdlflags='-Wl,-E'
    cccdlflags='-fPIC', lddlflags='-shared -O3 -L/usr/local/lib -fstack-protector-strong'


Characteristics of this binary (from libperl): 
  Compile-time options: HAS_TIMES PERLIO_LAYERS PERL_COPY_ON_WRITE
                        PERL_DONT_CREATE_GVSV
                        PERL_HASH_FUNC_ONE_AT_A_TIME_HARD PERL_MALLOC_WRAP
                        PERL_PRESERVE_IVUV PERL_USE_DEVEL USE_64_BIT_ALL
                        USE_64_BIT_INT USE_LARGE_FILES USE_LOCALE
                        USE_LOCALE_COLLATE USE_LOCALE_CTYPE
                        USE_LOCALE_NUMERIC USE_LOCALE_TIME USE_LONG_DOUBLE
                        USE_PERLIO USE_PERL_ATOF
  Built under linux
  Compiled at Jan  1 1970 00:00:00
  %ENV:
    PERL5LIB="/home/dcollins/toolchain/.afl1/.cpan/build/if-0.0606-iLLiAD/blib/arch:/home/dcollins/toolchain/.afl1/.cpan/build/if-0.0606-iLLiAD/blib/lib:/home/dcollins/toolchain/.afl1/.cpan/build/if-0.0604-1DW8Jn/blib/arch:/home/dcollins/toolchain/.afl1/.cpan/build/if-0.0604-1DW8Jn/blib/lib:/home/dcollins/toolchain/.afl1/.cpan/build/if-0.0605-J2JUcU/blib/arch:/home/dcollins/toolchain/.afl1/.cpan/build/if-0.0605-J2JUcU/blib/lib:/home/dcollins/toolchain/.afl1/.cpan/build/Lingua-Jspell-1.90-bVno17/blib/arch:/home/dcollins/toolchain/.afl1/.cpan/build/Lingua-Jspell-1.90-bVno17/blib/lib:/home/dcollins/toolchain/.afl1/.cpan/build/MySQL-Admin-0.91-3xhWnK/blib/arch:/home/dcollins/toolchain/.afl1/.cpan/build/MySQL-Admin-0.91-3xhWnK/blib/lib:/home/dcollins/toolchain/.afl1/.cpan/build/MySQL-Admin-0.92-w6_8oH/blib/arch:/home/dcollins/toolchain/.afl1/.cpan/build/MySQL-Admin-0.92-w6_8oH/blib/lib:/home/dcollins/toolchain/.afl1/.cpan/build/LCFG-Build-Tools-0.6.4-Zy4n94/blib/arch:/home/dcollins/toolchain/.afl1/.cpan/build/LCFG-Build-Tools-0.6.4-Zy4n94/blib/lib:/home/dcollins/toolchain/.afl1/.cpan/build/Geo-IP2Location-8.01-E1Xsex/blib/arch:/home/dcollins/toolchain/.afl1/.cpan/build/Geo-IP2Location-8.01-E1Xsex/blib/lib"
    PERL5OPT=""
    PERL5_CPANPLUS_IS_RUNNING="39265"
    PERL5_CPAN_IS_RUNNING="39265"
  @INC:
    /home/dcollins/toolchain/.afl1/.cpan/build/if-0.0606-iLLiAD/blib/arch
    /home/dcollins/toolchain/.afl1/.cpan/build/if-0.0606-iLLiAD/blib/lib
    /home/dcollins/toolchain/.afl1/.cpan/build/if-0.0604-1DW8Jn/blib/arch
    /home/dcollins/toolchain/.afl1/.cpan/build/if-0.0604-1DW8Jn/blib/lib
    /home/dcollins/toolchain/.afl1/.cpan/build/if-0.0605-J2JUcU/blib/arch
    /home/dcollins/toolchain/.afl1/.cpan/build/if-0.0605-J2JUcU/blib/lib
    /home/dcollins/toolchain/.afl1/.cpan/build/Lingua-Jspell-1.90-bVno17/blib/arch
    /home/dcollins/toolchain/.afl1/.cpan/build/Lingua-Jspell-1.90-bVno17/blib/lib
    /home/dcollins/toolchain/.afl1/.cpan/build/MySQL-Admin-0.91-3xhWnK/blib/arch
    /home/dcollins/toolchain/.afl1/.cpan/build/MySQL-Admin-0.91-3xhWnK/blib/lib
    /home/dcollins/toolchain/.afl1/.cpan/build/MySQL-Admin-0.92-w6_8oH/blib/arch
    /home/dcollins/toolchain/.afl1/.cpan/build/MySQL-Admin-0.92-w6_8oH/blib/lib
    /home/dcollins/toolchain/.afl1/.cpan/build/LCFG-Build-Tools-0.6.4-Zy4n94/blib/arch
    /home/dcollins/toolchain/.afl1/.cpan/build/LCFG-Build-Tools-0.6.4-Zy4n94/blib/lib
    /home/dcollins/toolchain/.afl1/.cpan/build/Geo-IP2Location-8.01-E1Xsex/blib/arch
    /home/dcollins/toolchain/.afl1/.cpan/build/Geo-IP2Location-8.01-E1Xsex/blib/lib
    /home/dcollins/toolchain/local/lib/perl5/site_perl/5.25.0/x86_64-linux-ld
    /home/dcollins/toolchain/local/lib/perl5/site_perl/5.25.0
    /usr/lib/perl5/5.25.0/x86_64-linux-ld
    /usr/lib/perl5/5.25.0
    .