Back
From: metabase:user:320bfe00-2aae-11df-837a-5e0a49663a4f
Subject: FAIL RDF-Flow-0.178 v5.22.1 GNU/Linux
Date: 2017-04-29T02:18:06Z
This distribution has been tested as part of the CPAN Testers
project, supporting the Perl programming language. See
http://wiki.cpantesters.org/ for more information or email
questions to cpan-testers-discuss@perl.org
--
Dear Jakob Voss,
This is a computer-generated report for RDF-Flow-0.178
on perl 5.22.1, created by CPAN-Reporter-1.2018.
Thank you for uploading your work to CPAN. However, there was a problem
testing your distribution.
If you think this report is invalid, please consult the CPAN Testers Wiki
for suggestions on how to avoid getting FAIL reports for missing library
or binary dependencies, unsupported operating systems, and so on:
http://wiki.cpantesters.org/wiki/CPANAuthorNotes
Sections of this report:
* Tester comments
* Program output
* Prerequisites
* Environment and other context
------------------------------
TESTER COMMENTS
------------------------------
Additional comments from tester:
this report is from an automated smoke testing program
and was not reviewed by a human for accuracy
------------------------------
PROGRAM OUTPUT
------------------------------
Output from '/usr/bin/make test':
PERL_DL_NONLAZY=1 "/home/sand/src/perl/repoperls/installed-perls/host/k93msid/v5.22.1/2d7c/bin/perl" "-MExtUtils::Command::MM" "-MTest::Harness" "-e" "undef *Test::Harness::Switches; test_harness(0, 'blib/lib', 'blib/arch')" t/*.t
t/00_compile.t ............ ok
t/author-critic.t ......... skipped: these tests are for testing by the author
No valid models given in test at /home/sand/src/perl/repoperls/installed-perls/host/k93msid/v5.22.1/2d7c/lib/site_perl/5.22.1/Test/RDF.pm line 137.
Test::RDF::isomorph_graphs(RDF::Trine::Iterator::Graph=HASH(0x555d088f0a68), RDF::Trine::Model=HASH(0x555d088e1c28), "new from iterator source") called at t/cached.t line 68
# Tests were run but no plan was declared and done_testing() was not seen.
# Looks like your test exited with 2 just after 9.
t/cached.t ................
Dubious, test returned 2 (wstat 512, 0x200)
All 9 subtests passed
t/dummy.t ................. ok
t/errors.t ................ ok
t/graphviz.t .............. ok
t/linkeddata.t ............ ok
t/more_sources.t .......... ok
t/release-eol.t ........... skipped: these tests are for release candidate testing
t/release-no-tabs.t ....... skipped: these tests are for release candidate testing
t/release-pod-coverage.t .. skipped: these tests are for release candidate testing
t/release-pod-syntax.t .... skipped: these tests are for release candidate testing
t/simple_source.t ......... ok
t/source_types.t .......... ok
t/util.t .................. ok
Test Summary Report
-------------------
t/cached.t (Wstat: 512 Tests: 9 Failed: 0)
Non-zero exit status: 2
Parse errors: No plan found in TAP output
Files=15, Tests=51, 21 wallclock secs ( 0.04 usr 0.08 sys + 7.85 cusr 1.21 csys = 9.18 CPU)
Result: FAIL
Failed 1/15 test programs. 0/51 subtests failed.
Makefile:914: recipe for target 'test_dynamic' failed
make: *** [test_dynamic] Error 255
------------------------------
PREREQUISITES
------------------------------
Prerequisite modules loaded:
requires:
Module Need Have
------------------------------ ---- --------
base 0 2.22
Carp 0 1.38
Exporter 0 5.72
File::Spec::Functions 0 3.62
Log::Contextual 0 0.007000
Log::Contextual::WarnLogger 0 0.007000
parent 0 0.236
POSIX 0 1.53_01
RDF::Trine 0 1.015
RDF::Trine::Model 0 1.015
RDF::Trine::Parser 0 1.015
re 0 0.32
Scalar::Util 0 1.47
strict 0 1.09
Try::Tiny 0 0.28
URI 0 1.71
URI::Escape 0 3.31
warnings 0 1.34
build_requires:
Module Need Have
------------------------------ ---- --------
English 0 1.09
RDF::Trine::Iterator 0 1.015
RDF::Trine::Serializer::Turtle 0 1.015
Test::More 0.88 1.302083
Test::RDF 0 1.20
configure_requires:
Module Need Have
------------------------------ ---- --------
ExtUtils::MakeMaker 6.30 7.24
------------------------------
ENVIRONMENT AND OTHER CONTEXT
------------------------------
Environment variables:
AUTOMATED_TESTING = 1
LANG = en_US.UTF-8
PATH = /home/sand/bin:/usr/local/bin:/usr/bin:/bin:/usr/games:/usr/local/perl/bin:/usr/X11/bin:/sbin:/usr/sbin
PERL5LIB =
PERL5OPT =
PERL5_CPANPLUS_IS_RUNNING = 6263
PERL5_CPAN_IS_RUNNING = 6263
PERL_CANARY_STABILITY_NOPROMPT = 1
PERL_MM_USE_DEFAULT = 1
PERL_USE_UNSAFE_INC = 1
SHELL = /usr/bin/zsh
TERM = screen
Perl special variables (and OS-specific diagnostics, for MSWin32):
$^X = /home/sand/src/perl/repoperls/installed-perls/host/k93msid/v5.22.1/2d7c/bin/perl
$UID/$EUID = 1005 / 1005
$GID = 1005 1005
$EGID = 1005 1005
Perl module toolchain versions installed:
Module Have
------------------- --------
CPAN 2.18
CPAN::Meta 2.150010
Cwd 3.62
ExtUtils::CBuilder 0.280224
ExtUtils::Command 7.24
ExtUtils::Install 2.04
ExtUtils::MakeMaker 7.24
ExtUtils::Manifest 1.70
ExtUtils::ParseXS 3.28
File::Spec 3.62
JSON 2.90
JSON::PP 2.27300
Module::Build 0.4222
Module::Signature 0.81
Parse::CPAN::Meta 2.150010
Test::Harness 3.39
Test::More 1.302083
YAML 1.23
YAML::Syck 1.30_01
version 0.9909
--
Summary of my perl5 (revision 5 version 22 subversion 1) configuration:
Derived from: 0ab152a1d10861997fe3e1b985cc92f142f4cec7
Platform:
osname=linux, osvers=4.9.0-2-amd64, archname=x86_64-linux-ld
uname='linux k93msid 4.9.0-2-amd64 #1 smp debian 4.9.18-1 (2017-03-30) x86_64 gnulinux '
config_args='-Dprefix=/home/sand/src/perl/repoperls/installed-perls/host/k93msid/v5.22.1/2d7c -Dmyhostname=k93msid -Dinstallusrbinperl=n -Uversiononly -Dusedevel -des -Ui_db -Dlibswanted=cl pthread socket inet nsl gdbm dbm malloc dl ld sun m crypt sec util c cposix posix ucb BSD gdbm_compat -Uuseithreads -Duselongdouble -DDEBUGGING=-g'
hint=recommended, useposix=true, d_sigaction=define
useithreads=undef, usemultiplicity=undef
use64bitint=define, use64bitall=define, uselongdouble=define
usemymalloc=n, bincompat5005=undef
Compiler:
cc='cc', ccflags ='-fwrapv -fno-strict-aliasing -pipe -fstack-protector-strong -I/usr/local/include -D_LARGEFILE_SOURCE -D_FILE_OFFSET_BITS=64',
optimize='-O2 -g',
cppflags='-fwrapv -fno-strict-aliasing -pipe -fstack-protector-strong -I/usr/local/include'
ccversion='', gccversion='6.3.0 20170406', gccosandvers=''
intsize=4, longsize=8, ptrsize=8, doublesize=8, byteorder=12345678, doublekind=3
d_longlong=define, longlongsize=8, d_longdbl=define, longdblsize=16, longdblkind=3
ivtype='long', ivsize=8, nvtype='long double', nvsize=16, Off_t='off_t', lseeksize=8
alignbytes=16, prototype=define
Linker and Libraries:
ld='cc', ldflags =' -fstack-protector-strong -L/usr/local/lib'
libpth=/usr/local/lib /usr/lib/gcc/x86_64-linux-gnu/6/include-fixed /usr/include/x86_64-linux-gnu /usr/lib /lib/x86_64-linux-gnu /lib/../lib /usr/lib/x86_64-linux-gnu /usr/lib/../lib /lib
libs=-lpthread -lnsl -ldl -lm -lcrypt -lutil -lc
perllibs=-lpthread -lnsl -ldl -lm -lcrypt -lutil -lc
libc=libc-2.24.so, so=so, useshrplib=false, libperl=libperl.a
gnulibc_version='2.24'
Dynamic Linking:
dlsrc=dl_dlopen.xs, dlext=so, d_dlsymun=undef, ccdlflags='-Wl,-E'
cccdlflags='-fPIC', lddlflags='-shared -O2 -g -L/usr/local/lib -fstack-protector-strong'
Characteristics of this binary (from libperl):
Compile-time options: HAS_TIMES PERLIO_LAYERS PERL_DONT_CREATE_GVSV
PERL_HASH_FUNC_ONE_AT_A_TIME_HARD PERL_MALLOC_WRAP
PERL_NEW_COPY_ON_WRITE PERL_PRESERVE_IVUV
PERL_USE_DEVEL USE_64_BIT_ALL USE_64_BIT_INT
USE_LARGE_FILES USE_LOCALE USE_LOCALE_COLLATE
USE_LOCALE_CTYPE USE_LOCALE_NUMERIC USE_LOCALE_TIME
USE_LONG_DOUBLE USE_PERLIO USE_PERL_ATOF
Locally applied patches:
uncommitted-changes
Built under linux
Compiled at Apr 17 2017 04:47:02
%ENV:
PERL5LIB=""
PERL5OPT=""
PERL5_CPANPLUS_IS_RUNNING="6263"
PERL5_CPAN_IS_RUNNING="6263"
PERL_CANARY_STABILITY_NOPROMPT="1"
PERL_MM_USE_DEFAULT="1"
PERL_USE_UNSAFE_INC="1"
@INC:
/home/sand/src/perl/repoperls/installed-perls/host/k93msid/v5.22.1/2d7c/lib/site_perl/5.22.1/x86_64-linux-ld
/home/sand/src/perl/repoperls/installed-perls/host/k93msid/v5.22.1/2d7c/lib/site_perl/5.22.1
/home/sand/src/perl/repoperls/installed-perls/host/k93msid/v5.22.1/2d7c/lib/5.22.1/x86_64-linux-ld
/home/sand/src/perl/repoperls/installed-perls/host/k93msid/v5.22.1/2d7c/lib/5.22.1
.