Report for Class-DBI-Sweet-0.08

Back
From: metabase:user:cd035d39-6d5b-1014-ab3a-39c0c09612a1
Subject: FAIL Class-DBI-Sweet-0.08 v5.24.1 
Date: 2017-02-27T07:50:56Z

This distribution has been tested as part of the CPAN Testers
project, supporting the Perl programming language.  See
http://wiki.cpantesters.org/ for more information or email
questions to cpan-testers-discuss@perl.org


--
Dear Marcus Ramberg,

This is a computer-generated report for Class-DBI-Sweet-0.08
on perl 5.24.1, created by CPAN-Reporter-1.2018.

Thank you for uploading your work to CPAN.  However, there was a problem
testing your distribution.

If you think this report is invalid, please consult the CPAN Testers Wiki
for suggestions on how to avoid getting FAIL reports for missing library
or binary dependencies, unsupported operating systems, and so on:

http://wiki.cpantesters.org/wiki/CPANAuthorNotes

Sections of this report:

    * Tester comments
    * Program output
    * Prerequisites
    * Environment and other context

------------------------------
TESTER COMMENTS
------------------------------

Additional comments from tester:

this report is from an automated smoke testing program
and was not reviewed by a human for accuracy

------------------------------
PROGRAM OUTPUT
------------------------------

Output from 'C:\Strawberry\perl\bin\perl.exe ./Build test':

t\01use.t ................................ ok
t\02pod.t ................................ skipped: set TEST_POD to enable this test
t\03podcoverage.t ........................ skipped: set TEST_POD to enable this test
Can't use string ("4/8") as a HASH ref while "strict refs" in use at C:\cpan\build\Class-DBI-Sweet-0.08-0\blib\lib/Class/DBI/Sweet.pm line 309.
# Looks like your test exited with 255 just after 1.
t\04join.t ............................... 
Dubious, test returned 255 (wstat 65280, 0xff00)
Failed 16/17 subtests 
Can't use string ("4/8") as a HASH ref while "strict refs" in use at C:\cpan\build\Class-DBI-Sweet-0.08-0\blib\lib/Class/DBI/Sweet.pm line 126.
# Looks like your test exited with 255 just after 1.
t\05count.t .............................. 
Dubious, test returned 255 (wstat 65280, 0xff00)
Failed 4/5 subtests 
Can't use string ("4/8") as a HASH ref while "strict refs" in use at C:\cpan\build\Class-DBI-Sweet-0.08-0\blib\lib/Class/DBI/Sweet.pm line 212.
# Looks like your test exited with 255 just after 1.
t\06object_cache.t ....................... 
Dubious, test returned 255 (wstat 65280, 0xff00)
Failed 30/31 subtests 
Can't use string ("4/8") as a HASH ref while "strict refs" in use at C:\cpan\build\Class-DBI-Sweet-0.08-0\blib\lib/Class/DBI/Sweet.pm line 212.
# Looks like your test exited with 25 just after 1.
t\07prefetch.t ........................... 
Dubious, test returned 25 (wstat 6400, 0x1900)
Failed 6/7 subtests 
Can't use string ("3/8") as a HASH ref while "strict refs" in use at C:\cpan\build\Class-DBI-Sweet-0.08-0\blib\lib/Class/DBI/Sweet.pm line 126.
# Looks like your test exited with 255 just after 1.
t\08pager.t .............................. 
Dubious, test returned 255 (wstat 65280, 0xff00)
Failed 9/10 subtests 
t\09sequence.t ........................... ok
t\cdbi-t-ocache\01-columns.t ............. ok
t\cdbi-t-ocache\03-subclassing.t ......... ok
t\cdbi-t-ocache\05-Query.t ............... ok
t\cdbi-t-ocache\06-hasa.t ................ ok
t\cdbi-t-ocache\08-inheritcols.t ......... ok
t\cdbi-t-ocache\09-has_many.t ............ ok
t\cdbi-t-ocache\10-mysql.t ............... skipped: Need Date::Simple for this test
mutiple trigger registration in one add_trigger() call is deprecated. at C:\cpan\build\Class-DBI-v3.0.17-1/blib/lib/Class/DBI.pm line 1019.
# Looks like your test exited with 255 before it could output anything.
t\cdbi-t-ocache\11-triggers.t ............ 
Dubious, test returned 255 (wstat 65280, 0xff00)
Failed 13/13 subtests 
t\cdbi-t-ocache\12-filter.t .............. ok
t\cdbi-t-ocache\13-constraint.t .......... ok
t\cdbi-t-ocache\14-might_have.t .......... ok
t\cdbi-t-ocache\16-reserved.t ............ ok
# Pg connection failed (DBI connect('dbname=template1','postgres',...) failed: could not connect to server: Connection refused (0x0000274D/10061)
# 	Is the server running on host "localhost" (::1) and accepting
# 	TCP/IP connections on port 5432?
# could not connect to server: Connection refused (0x0000274D/10061)
# 	Is the server running on host "localhost" (127.0.0.1) and accepting
# 	TCP/IP connections on port 5432? at C:\cpan\build\Ima-DBI-0.35-1/blib/lib/Ima/DBI.pm line 328.
# ). Set env variables DBD_PG_DBNAME,  DBD_PG_USER,
# DBD_PG_PASSWD to enable testing.
t\cdbi-t-ocache\17-data_type.t ........... skipped: Pg connection failed.
t\cdbi-t-ocache\18-has_a.t ............... ok
t\cdbi-t-ocache\19-set_sql.t ............. ok
t\cdbi-t-ocache\21-iterator.t ............ ok
t\cdbi-t-ocache\22-deflate_order.t ....... skipped: Need Time::Piece::MySQL for this test
t\cdbi-t-ocache\23-cascade.t ............. ok
t\cdbi-t-ocache\24-meta_info.t ........... ok
DBI connect('test','',...) failed: Can't connect to MySQL server on 'localhost' (10061) at t/cdbi-t/testlib/MyBase.pm line 10.
t\cdbi-t-ocache\25-closures_in_meta.t .... skipped: Need MySQL for this test
t\cdbi-t-ocache\97-pod.t ................. ok
t\cdbi-t-ocache\98-failure.t ............. ok
t\cdbi-t-ocache\99-misc.t ................ ok
t\cdbi-t-rescache\01-columns.t ........... ok
t\cdbi-t-rescache\03-subclassing.t ....... ok
t\cdbi-t-rescache\05-Query.t ............. ok
t\cdbi-t-rescache\06-hasa.t .............. ok
t\cdbi-t-rescache\08-inheritcols.t ....... ok
t\cdbi-t-rescache\09-has_many.t .......... ok
t\cdbi-t-rescache\10-mysql.t ............. skipped: Need Date::Simple for this test
mutiple trigger registration in one add_trigger() call is deprecated. at C:\cpan\build\Class-DBI-v3.0.17-1/blib/lib/Class/DBI.pm line 1019.
# Looks like your test exited with 255 before it could output anything.
t\cdbi-t-rescache\11-triggers.t .......... 
Dubious, test returned 255 (wstat 65280, 0xff00)
Failed 13/13 subtests 
t\cdbi-t-rescache\12-filter.t ............ ok
t\cdbi-t-rescache\13-constraint.t ........ ok
t\cdbi-t-rescache\14-might_have.t ........ ok
t\cdbi-t-rescache\16-reserved.t .......... ok
# Pg connection failed (DBI connect('dbname=template1','postgres',...) failed: could not connect to server: Connection refused (0x0000274D/10061)
# 	Is the server running on host "localhost" (::1) and accepting
# 	TCP/IP connections on port 5432?
# could not connect to server: Connection refused (0x0000274D/10061)
# 	Is the server running on host "localhost" (127.0.0.1) and accepting
# 	TCP/IP connections on port 5432? at C:\cpan\build\Ima-DBI-0.35-1/blib/lib/Ima/DBI.pm line 328.
# ). Set env variables DBD_PG_DBNAME,  DBD_PG_USER,
# DBD_PG_PASSWD to enable testing.
t\cdbi-t-rescache\17-data_type.t ......... skipped: Pg connection failed.
t\cdbi-t-rescache\18-has_a.t ............. ok
t\cdbi-t-rescache\19-set_sql.t ........... ok
t\cdbi-t-rescache\21-iterator.t .......... ok
t\cdbi-t-rescache\22-deflate_order.t ..... skipped: Need Time::Piece::MySQL for this test
t\cdbi-t-rescache\23-cascade.t ........... ok
t\cdbi-t-rescache\24-meta_info.t ......... ok
DBI connect('test','',...) failed: Can't connect to MySQL server on 'localhost' (10061) at t/cdbi-t/testlib/MyBase.pm line 10.
t\cdbi-t-rescache\25-closures_in_meta.t .. skipped: Need MySQL for this test
t\cdbi-t-rescache\97-pod.t ............... ok
t\cdbi-t-rescache\98-failure.t ........... ok
t\cdbi-t-rescache\99-misc.t .............. ok
t\cdbi-t\01-columns.t .................... ok
t\cdbi-t\02-Film.t ....................... ok
t\cdbi-t\03-subclassing.t ................ ok
t\cdbi-t\04-lazy.t ....................... ok
t\cdbi-t\05-Query.t ...................... ok
t\cdbi-t\06-hasa.t ....................... ok
t\cdbi-t\08-inheritcols.t ................ ok
t\cdbi-t\09-has_many.t ................... ok
t\cdbi-t\10-mysql.t ...................... skipped: Need Date::Simple for this test
mutiple trigger registration in one add_trigger() call is deprecated. at C:\cpan\build\Class-DBI-v3.0.17-1/blib/lib/Class/DBI.pm line 1019.
# Looks like your test exited with 255 before it could output anything.
t\cdbi-t\11-triggers.t ................... 
Dubious, test returned 255 (wstat 65280, 0xff00)
Failed 13/13 subtests 
t\cdbi-t\12-filter.t ..................... ok
t\cdbi-t\13-constraint.t ................. ok
t\cdbi-t\14-might_have.t ................. ok
# Pg connection failed (DBI connect('dbname=template1','postgres',...) failed: could not connect to server: Connection refused (0x0000274D/10061)
# 	Is the server running on host "localhost" (::1) and accepting
# 	TCP/IP connections on port 5432?
# could not connect to server: Connection refused (0x0000274D/10061)
# 	Is the server running on host "localhost" (127.0.0.1) and accepting
# 	TCP/IP connections on port 5432? at C:\cpan\build\Ima-DBI-0.35-1/blib/lib/Ima/DBI.pm line 328.
# ). Set env variables DBD_PG_DBNAME,  DBD_PG_USER,
# DBD_PG_PASSWD to enable testing.
t\cdbi-t\17-data_type.t .................. skipped: Pg connection failed.
t\cdbi-t\18-has_a.t ...................... ok
t\cdbi-t\19-set_sql.t .................... ok
t\cdbi-t\21-iterator.t ................... ok
t\cdbi-t\22-deflate_order.t .............. skipped: Need Time::Piece::MySQL for this test
t\cdbi-t\23-cascade.t .................... ok
t\cdbi-t\24-meta_info.t .................. ok
DBI connect('test','',...) failed: Can't connect to MySQL server on 'localhost' (10061) at t/cdbi-t/testlib/MyBase.pm line 10.
t\cdbi-t\25-closures_in_meta.t ........... skipped: Need MySQL for this test
t\cdbi-t\97-pod.t ........................ ok
t\cdbi-t\98-failure.t .................... ok
t\cdbi-t\99-misc.t ....................... ok

Test Summary Report
-------------------
t\04join.t                             (Wstat: 65280 Tests: 1 Failed: 0)
  Non-zero exit status: 255
  Parse errors: Bad plan.  You planned 17 tests but ran 1.
t\05count.t                            (Wstat: 65280 Tests: 1 Failed: 0)
  Non-zero exit status: 255
  Parse errors: Bad plan.  You planned 5 tests but ran 1.
t\06object_cache.t                     (Wstat: 65280 Tests: 1 Failed: 0)
  Non-zero exit status: 255
  Parse errors: Bad plan.  You planned 31 tests but ran 1.
t\07prefetch.t                         (Wstat: 6400 Tests: 1 Failed: 0)
  Non-zero exit status: 25
  Parse errors: Bad plan.  You planned 7 tests but ran 1.
t\08pager.t                            (Wstat: 65280 Tests: 1 Failed: 0)
  Non-zero exit status: 255
  Parse errors: Bad plan.  You planned 10 tests but ran 1.
t\cdbi-t-ocache\11-triggers.t          (Wstat: 65280 Tests: 0 Failed: 0)
  Non-zero exit status: 255
  Parse errors: Bad plan.  You planned 13 tests but ran 0.
t\cdbi-t-rescache\11-triggers.t        (Wstat: 65280 Tests: 0 Failed: 0)
  Non-zero exit status: 255
  Parse errors: Bad plan.  You planned 13 tests but ran 0.
t\cdbi-t\11-triggers.t                 (Wstat: 65280 Tests: 0 Failed: 0)
  Non-zero exit status: 255
  Parse errors: Bad plan.  You planned 13 tests but ran 0.
Files=79, Tests=1176, 280 wallclock secs ( 0.80 usr +  0.09 sys =  0.89 CPU)
Result: FAIL
Failed 8/79 test programs. 0/1176 subtests failed.

------------------------------
PREREQUISITES
------------------------------

Prerequisite modules loaded:

requires:

    Module         Need    Have  
    -------------- ------- ------
    Class::DBI     v3.0.12 3.0.17
    Data::Page     0       2.02  
    DBD::SQLite    1.08    1.54  
    DBI            0       1.636 
    List::Util     0       1.47  
    SQL::Abstract  1.17    1.81  

opt_requires:

    Module         Need    Have  
    -------------- ------- ------
    Win32API::GUID 0       0.2   


------------------------------
ENVIRONMENT AND OTHER CONTEXT
------------------------------

Environment variables:

    AUTOMATED_TESTING = 1
    COMSPEC = C:\WINDOWS.0\system32\cmd.exe
    NONINTERACTIVE_TESTING = 1
    NUMBER_OF_PROCESSORS = 1
    PATH = C:\WINDOWS.0\system32;C:\strawberry\c\bin;C:\strawberry\perl\site\bin;C:\strawberry\perl\bin
    PERL5LIB = C:\cpan\build\Win32API-GUID-0.2-1/blib/arch;C:\cpan\build\Win32API-GUID-0.2-1/blib/lib;C:\cpan\build\Class-DBI-v3.0.17-1/blib/arch;C:\cpan\build\Class-DBI-v3.0.17-1/blib/lib;C:\cpan\build\UNIVERSAL-moniker-0.08-1/blib/arch;C:\cpan\build\UNIVERSAL-moniker-0.08-1/blib/lib;C:\cpan\build\Ima-DBI-0.35-1/blib/arch;C:\cpan\build\Ima-DBI-0.35-1/blib/lib;C:\cpan\build\DBIx-ContextualFetch-1.03-1/blib/arch;C:\cpan\build\DBIx-ContextualFetch-1.03-1/blib/lib;C:\cpan\build\Class-Trigger-0.14-2/blib/arch;C:\cpan\build\Class-Trigger-0.14-2/blib/lib
    PERL5OPT = 
    PERL5_CPANPLUS_IS_RUNNING = 1240
    PERL5_CPAN_IS_RUNNING = 1240
    PERL5_CPAN_IS_RUNNING_IN_RECURSION = 3140,1240
    PERL_CR_SMOKER_CURRENT = Class-DBI-Sweet-0.08
    PERL_EXTUTILS_AUTOINSTALL = --defaultdeps
    PERL_MM_USE_DEFAULT = 1
    PROCESSOR_IDENTIFIER = x86 Family 6 Model 14 Stepping 8, GenuineIntel
    TEMP = C:\DOKUME~1\smoker\LOKALE~1\Temp
    TERM = dumb

Perl special variables (and OS-specific diagnostics, for MSWin32):

    $^X = C:\Strawberry\perl\bin\perl.exe
    $UID/$EUID = 0 / 0
    $GID = 0
    $EGID = 0
    Win32::GetOSName = WinXP/.Net
    Win32::GetOSVersion = Service Pack 3, 5, 1, 2600, 2, 3, 0, 256, 1
    Win32::FsType = NTFS
    Win32::IsAdminUser = 1

Perl module toolchain versions installed:

    Module              Have    
    ------------------- --------
    CPAN                2.16    
    CPAN::Meta          2.150010
    Cwd                 3.63_01 
    ExtUtils::CBuilder  0.280225
    ExtUtils::Command   7.24    
    ExtUtils::Install   2.04    
    ExtUtils::MakeMaker 7.24    
    ExtUtils::Manifest  1.70    
    ExtUtils::ParseXS   3.31    
    File::Spec          3.63_01 
    JSON                2.90    
    JSON::PP            2.27400 
    Module::Build       0.4220  
    Module::Signature   0.81    
    Parse::CPAN::Meta   2.150010
    Test::Harness       3.36_01 
    Test::More          1.302075
    YAML                1.23    
    YAML::Syck          n/a     
    version             0.9917  


--

Summary of my perl5 (revision 5 version 24 subversion 1) configuration:
   
  Platform:
    osname=MSWin32, osvers=6.3, archname=MSWin32-x86-multi-thread-64int
    uname='Win32 strawberry-perl 5.24.1.1 #1 Sun Jan 15 20:28:53 2017 i386'
    config_args='undef'
    hint=recommended, useposix=true, d_sigaction=undef
    useithreads=define, usemultiplicity=define
    use64bitint=define, use64bitall=undef, uselongdouble=undef
    usemymalloc=n, bincompat5005=undef
  Compiler:
    cc='gcc', ccflags =' -s -O2 -DWIN32  -DPERL_TEXTMODE_SCRIPTS -DPERL_IMPLICIT_CONTEXT -DPERL_IMPLICIT_SYS -fwrapv -fno-strict-aliasing -mms-bitfields',
    optimize='-s -O2',
    cppflags='-DWIN32'
    ccversion='', gccversion='4.9.2', gccosandvers=''
    intsize=4, longsize=4, ptrsize=4, doublesize=8, byteorder=12345678, doublekind=3
    d_longlong=define, longlongsize=8, d_longdbl=define, longdblsize=12, longdblkind=3
    ivtype='long long', ivsize=8, nvtype='double', nvsize=8, Off_t='long long', lseeksize=8
    alignbytes=8, prototype=define
  Linker and Libraries:
    ld='g++', ldflags ='-s -L"C:\STRAWB~1\perl\lib\CORE" -L"C:\STRAWB~1\c\lib"'
    libpth=C:\STRAWB~1\c\lib C:\STRAWB~1\c\i686-w64-mingw32\lib C:\STRAWB~1\c\lib\gcc\i686-w64-mingw32\4.9.2
    libs=-lmoldname -lkernel32 -luser32 -lgdi32 -lwinspool -lcomdlg32 -ladvapi32 -lshell32 -lole32 -loleaut32 -lnetapi32 -luuid -lws2_32 -lmpr -lwinmm -lversion -lodbc32 -lodbccp32 -lcomctl32
    perllibs=-lmoldname -lkernel32 -luser32 -lgdi32 -lwinspool -lcomdlg32 -ladvapi32 -lshell32 -lole32 -loleaut32 -lnetapi32 -luuid -lws2_32 -lmpr -lwinmm -lversion -lodbc32 -lodbccp32 -lcomctl32
    libc=, so=dll, useshrplib=true, libperl=libperl524.a
    gnulibc_version=''
  Dynamic Linking:
    dlsrc=dl_win32.xs, dlext=xs.dll, d_dlsymun=undef, ccdlflags=' '
    cccdlflags=' ', lddlflags='-mdll -s -L"C:\STRAWB~1\perl\lib\CORE" -L"C:\STRAWB~1\c\lib"'


Characteristics of this binary (from libperl): 
  Compile-time options: HAS_TIMES HAVE_INTERP_INTERN MULTIPLICITY
                        PERLIO_LAYERS PERL_COPY_ON_WRITE
                        PERL_DONT_CREATE_GVSV
                        PERL_HASH_FUNC_ONE_AT_A_TIME_HARD
                        PERL_IMPLICIT_CONTEXT PERL_IMPLICIT_SYS
                        PERL_MALLOC_WRAP PERL_PRESERVE_IVUV USE_64_BIT_INT
                        USE_ITHREADS USE_LARGE_FILES USE_LOCALE
                        USE_LOCALE_COLLATE USE_LOCALE_CTYPE
                        USE_LOCALE_NUMERIC USE_LOCALE_TIME USE_PERLIO
                        USE_PERL_ATOF
  Built under MSWin32
  Compiled at Jan 15 2017 20:39:08
  %ENV:
    PERL5LIB="C:\cpan\build\Win32API-GUID-0.2-1/blib/arch;C:\cpan\build\Win32API-GUID-0.2-1/blib/lib;C:\cpan\build\Class-DBI-v3.0.17-1/blib/arch;C:\cpan\build\Class-DBI-v3.0.17-1/blib/lib;C:\cpan\build\UNIVERSAL-moniker-0.08-1/blib/arch;C:\cpan\build\UNIVERSAL-moniker-0.08-1/blib/lib;C:\cpan\build\Ima-DBI-0.35-1/blib/arch;C:\cpan\build\Ima-DBI-0.35-1/blib/lib;C:\cpan\build\DBIx-ContextualFetch-1.03-1/blib/arch;C:\cpan\build\DBIx-ContextualFetch-1.03-1/blib/lib;C:\cpan\build\Class-Trigger-0.14-2/blib/arch;C:\cpan\build\Class-Trigger-0.14-2/blib/lib"
    PERL5_CPANPLUS_IS_RUNNING="1240"
    PERL5_CPAN_IS_RUNNING="1240"
    PERL5_CPAN_IS_RUNNING_IN_RECURSION="3140,1240"
    PERL_CR_SMOKER_CURRENT="Class-DBI-Sweet-0.08"
    PERL_EXTUTILS_AUTOINSTALL="--defaultdeps"
    PERL_MM_USE_DEFAULT="1"
  @INC:
    C:\cpan\build\Win32API-GUID-0.2-1/blib/arch
    C:\cpan\build\Win32API-GUID-0.2-1/blib/lib
    C:\cpan\build\Class-DBI-v3.0.17-1/blib/arch
    C:\cpan\build\Class-DBI-v3.0.17-1/blib/lib
    C:\cpan\build\UNIVERSAL-moniker-0.08-1/blib/arch
    C:\cpan\build\UNIVERSAL-moniker-0.08-1/blib/lib
    C:\cpan\build\Ima-DBI-0.35-1/blib/arch
    C:\cpan\build\Ima-DBI-0.35-1/blib/lib
    C:\cpan\build\DBIx-ContextualFetch-1.03-1/blib/arch
    C:\cpan\build\DBIx-ContextualFetch-1.03-1/blib/lib
    C:\cpan\build\Class-Trigger-0.14-2/blib/arch
    C:\cpan\build\Class-Trigger-0.14-2/blib/lib
    C:/Strawberry/perl/site/lib/MSWin32-x86-multi-thread-64int
    C:/Strawberry/perl/site/lib
    C:/Strawberry/perl/vendor/lib
    C:/Strawberry/perl/lib
    .