Report for Lorem-0.16

Back
From: metabase:user:30977d10-2aae-11df-837a-5e0a49663a4f
Subject: FAIL Lorem-0.16 v5.14.2 GNU/Linux
Date: 2011-10-06T10:08:03Z

This distribution has been tested as part of the CPAN Testers
project, supporting the Perl programming language.  See
http://wiki.cpantesters.org/ for more information or email
questions to cpan-testers-discuss@perl.org


--
Dear Jeffrey Ray Hallock,

This is a computer-generated report for Lorem-0.16-withoutworldwriteables
on perl 5.14.2, created by CPAN-Reporter-1.2002.

Thank you for uploading your work to CPAN.  However, there was a problem
testing your distribution.

If you think this report is invalid, please consult the CPAN Testers Wiki
for suggestions on how to avoid getting FAIL reports for missing library
or binary dependencies, unsupported operating systems, and so on:

http://wiki.cpantesters.org/wiki/CPANAuthorNotes

Sections of this report:

    * Tester comments
    * Program output
    * Prerequisites
    * Environment and other context

------------------------------
TESTER COMMENTS
------------------------------

Additional comments from tester:

this report is from an automated smoke testing program
and was not reviewed by a human for accuracy

------------------------------
PROGRAM OUTPUT
------------------------------

Output from '/usr/bin/make test':

PERL_DL_NONLAZY=1 /home/trushel/perl/perl5142/bin/perl "-MExtUtils::Command::MM" "-e" "test_harness(0, 'blib/lib', 'blib/arch')" t/*.t

#   Failed test 'use Lorem::Document;'
#   at t/001_document.t line 9.
#     Tried to use 'Lorem::Document'.
#     Error:  Couldn't load class (Lorem::Element::Box) because: Couldn't load class (Lorem::Role::ConstructsElement) because: Can't locate TryCatch.pm in @INC (@INC contains: /home/trushel/cpan/build/5.14.2/Lorem-0.16-bXFaBD/blib/lib /home/trushel/cpan/build/5.14.2/Lorem-0.16-bXFaBD/blib/arch /home/trushel/perl/perl5142/lib/site_perl/5.14.2/x86_64-linux /home/trushel/perl/perl5142/lib/site_perl/5.14.2 /home/trushel/perl/perl5142/lib/5.14.2/x86_64-linux /home/trushel/perl/perl5142/lib/5.14.2 .) at /home/trushel/cpan/build/5.14.2/Lorem-0.16-bXFaBD/blib/lib/Lorem/Role/ConstructsElement.pm line 17.
# BEGIN failed--compilation aborted at /home/trushel/cpan/build/5.14.2/Lorem-0.16-bXFaBD/blib/lib/Lorem/Role/ConstructsElement.pm line 17.
# Compilation failed in require at /home/trushel/perl/perl5142/lib/site_perl/5.14.2/x86_64-linux/Class/MOP.pm line 117.
#  at /home/trushel/perl/perl5142/lib/site_perl/5.14.2/x86_64-linux/Class/MOP.pm line 123
# 	Class::MOP::__ANON__('Can\'t locate TryCatch.pm in @INC (@INC contains: /home/trush...') called at /home/trushel/perl/perl5142/lib/site_perl/5.14.2/Try/Tiny.pm line 100
# 	Try::Tiny::try('CODE(0x2fb5200)', 'Try::Tiny::Catch=REF(0x32db5f8)') called at /home/trushel/perl/perl5142/lib/site_perl/5.14.2/x86_64-linux/Class/MOP.pm line 128
# 	Class::MOP::load_first_existing_class('Lorem::Role::ConstructsElement', 'HASH(0x2fb41b8)') called at /home/trushel/perl/perl5142/lib/site_perl/5.14.2/x86_64-linux/Class/MOP.pm line 140
# 	Class::MOP::load_class('Lorem::Role::ConstructsElement', 'HASH(0x2fb41b8)') called at /home/trushel/perl/perl5142/lib/site_perl/5.14.2/x86_64-linux/Moose/Util.pm line 131
# 	Moose::Util::_apply_all_roles('Moose::Meta::Class::__ANON__::SERIAL::2=HASH(0x2fb5110)', undef, 'Lorem::Role::ConstructsElement', 'HASH(0x2fb41b8)') called at /home/trushel/perl/perl5142/lib/site_perl/5.14.2/x86_64-linux/Moose/Util.pm line 98
# 	Moose::Util::apply_all_roles('Moose::Meta::Class::__ANON__::SERIAL::2=HASH(0x2fb5110)', 'Lorem::Role::ConstructsElement', 'HASH(0x2fb41b8)') called at /home/trushel/perl/perl5142/lib/site_perl/5.14.2/x86_64-linux/Moose.pm line 65
# 	Moose::with('Moose::Meta::Class::__ANON__::SERIAL::2=HASH(0x2fb5110)', 'Lorem::Role::ConstructsElement', 'HASH(0x2fb41b8)') called at /home/trushel/perl/perl5142/lib/site_perl/5.14.2/x86_64-linux/Moose/Exporter.pm line 356
# 	Moose::with('Lorem::Role::ConstructsElement', 'HASH(0x2fb41b8)') called at /home/trushel/cpan/build/5.14.2/Lorem-0.16-bXFaBD/blib/lib/Lorem/Element/Box.pm line 10
# 	require Lorem/Element/Box.pm called at /home/trushel/perl/perl5142/lib/site_perl/5.14.2/x86_64-linux/Class/MOP.pm line 117
# 	Class::MOP::__ANON__() called at /home/trushel/perl/perl5142/lib/site_perl/5.14.2/Try/Tiny.pm line 71
# 	eval {...} called at /home/trushel/perl/perl5142/lib/site_perl/5.14.2/Try/Tiny.pm line 67
# 	Try::Tiny::try('CODE(0x2eeb978)', 'Try::Tiny::Catch=REF(0x2e9d230)') called at /home/trushel/perl/perl5142/lib/site_perl/5.14.2/x86_64-linux/Class/MOP.pm line 128
# 	Class::MOP::load_first_existing_class('Lorem::Element::Box') called at /home/trushel/perl/perl5142/lib/site_perl/5.14.2/x86_64-linux/Class/MOP.pm line 140
# 	Class::MOP::load_class('Lorem::Element::Box', undef) called at /home/trushel/perl/perl5142/lib/site_perl/5.14.2/x86_64-linux/Moose/Meta/Class.pm line 554
# 	Moose::Meta::Class::superclasses(undef, 'Lorem::Element::Box') called at /home/trushel/perl/perl5142/lib/site_perl/5.14.2/x86_64-linux/Moose.pm line 61
# 	Moose::extends('Moose::Meta::Class::__ANON__::SERIAL::2=HASH(0x2eeb4b0)', 'Lorem::Element::Box') called at /home/trushel/perl/perl5142/lib/site_perl/5.14.2/x86_64-linux/Moose/Exporter.pm line 356
# 	Moose::extends('Lorem::Element::Box') called at /home/trushel/cpan/build/5.14.2/Lorem-0.16-bXFaBD/blib/lib/Lorem/Element/Div.pm line 11
# 	require Lorem/Element/Div.pm called at /home/trushel/cpan/build/5.14.2/Lorem-0.16-bXFaBD/blib/lib/Lorem/Document.pm line 14
# 	Lorem::Document::BEGIN() called at /home/trushel/cpan/build/5.14.2/Lorem-0.16-bXFaBD/blib/lib/Lorem/Element/Box.pm line 0
# 	eval {...} called at /home/trushel/cpan/build/5.14.2/Lorem-0.16-bXFaBD/blib/lib/Lorem/Element/Box.pm line 0
# 	require Lorem/Document.pm called at (eval 6) line 2
# 	main::BEGIN() called at /home/trushel/cpan/build/5.14.2/Lorem-0.16-bXFaBD/blib/lib/Lorem/Element/Box.pm line 0
# 	eval {...} called at /home/trushel/cpan/build/5.14.2/Lorem-0.16-bXFaBD/blib/lib/Lorem/Element/Box.pm line 0
# 	eval 'package main;
# use Lorem::Document @{$args[0]};
# 1;
# 
# ;' called at /home/trushel/perl/perl5142/lib/5.14.2/Test/More.pm line 885
# 	Test::More::_eval('package main;\x{a}use Lorem::Document @{$args[0]};\x{a}1;\x{a}', 'ARRAY(0x210e7f8)') called at /home/trushel/perl/perl5142/lib/5.14.2/Test/More.pm line 860
# 	Test::More::use_ok('Lorem::Document') called at t/001_document.t line 9
# Compilation failed in require at /home/trushel/perl/perl5142/lib/site_perl/5.14.2/x86_64-linux/Class/MOP.pm line 117.
#  at /home/trushel/perl/perl5142/lib/site_perl/5.14.2/x86_64-linux/Class/MOP.pm line 123
# 	Class::MOP::__ANON__('Couldn\'t load class (Lorem::Role::ConstructsElement) because...') called at /home/trushel/perl/perl5142/lib/site_perl/5.14.2/Try/Tiny.pm line 100
# 	Try::Tiny::try('CODE(0x2eeb978)', 'Try::Tiny::Catch=REF(0x2e9d230)') called at /home/trushel/perl/perl5142/lib/site_perl/5.14.2/x86_64-linux/Class/MOP.pm line 128
# 	Class::MOP::load_first_existing_class('Lorem::Element::Box') called at /home/trushel/perl/perl5142/lib/site_perl/5.14.2/x86_64-linux/Class/MOP.pm line 140
# 	Class::MOP::load_class('Lorem::Element::Box', undef) called at /home/trushel/perl/perl5142/lib/site_perl/5.14.2/x86_64-linux/Moose/Meta/Class.pm line 554
# 	Moose::Meta::Class::superclasses(undef, 'Lorem::Element::Box') called at /home/trushel/perl/perl5142/lib/site_perl/5.14.2/x86_64-linux/Moose.pm line 61
# 	Moose::extends('Moose::Meta::Class::__ANON__::SERIAL::2=HASH(0x2eeb4b0)', 'Lorem::Element::Box') called at /home/trushel/perl/perl5142/lib/site_perl/5.14.2/x86_64-linux/Moose/Exporter.pm line 356
# 	Moose::extends('Lorem::Element::Box') called at /home/trushel/cpan/build/5.14.2/Lorem-0.16-bXFaBD/blib/lib/Lorem/Element/Div.pm line 11
# 	require Lorem/Element/Div.pm called at /home/trushel/cpan/build/5.14.2/Lorem-0.16-bXFaBD/blib/lib/Lorem/Document.pm line 14
# 	Lorem::Document::BEGIN() called at /home/trushel/cpan/build/5.14.2/Lorem-0.16-bXFaBD/blib/lib/Lorem/Element/Div.pm line 0
# 	eval {...} called at /home/trushel/cpan/build/5.14.2/Lorem-0.16-bXFaBD/blib/lib/Lorem/Element/Div.pm line 0
# 	require Lorem/Document.pm called at (eval 6) line 2
# 	main::BEGIN() called at /home/trushel/cpan/build/5.14.2/Lorem-0.16-bXFaBD/blib/lib/Lorem/Element/Div.pm line 0
# 	eval {...} called at /home/trushel/cpan/build/5.14.2/Lorem-0.16-bXFaBD/blib/lib/Lorem/Element/Div.pm line 0
# 	eval 'package main;
# use Lorem::Document @{$args[0]};
# 1;
# 
# ;' called at /home/trushel/perl/perl5142/lib/5.14.2/Test/More.pm line 885
# 	Test::More::_eval('package main;\x{a}use Lorem::Document @{$args[0]};\x{a}1;\x{a}', 'ARRAY(0x210e7f8)') called at /home/trushel/perl/perl5142/lib/5.14.2/Test/More.pm line 860
# 	Test::More::use_ok('Lorem::Document') called at t/001_document.t line 9
# Compilation failed in require at /home/trushel/cpan/build/5.14.2/Lorem-0.16-bXFaBD/blib/lib/Lorem/Document.pm line 14.
# BEGIN failed--compilation aborted at /home/trushel/cpan/build/5.14.2/Lorem-0.16-bXFaBD/blib/lib/Lorem/Document.pm line 14.
# Compilation failed in require at (eval 6) line 2.
# BEGIN failed--compilation aborted at (eval 6) line 2.
Can't locate object method "set_margin_top" via package "Lorem::Document" at t/001_document.t line 16.
# Looks like you failed 1 test of 3.
# Looks like your test exited with 255 just after 3.
t/001_document.t ............ 
Dubious, test returned 255 (wstat 65280, 0xff00)
Failed 1/3 subtests 
Couldn't load class (Lorem::Element::Box) because: Couldn't load class (Lorem::Role::ConstructsElement) because: Can't locate TryCatch.pm in @INC (@INC contains: /home/trushel/cpan/build/5.14.2/Lorem-0.16-bXFaBD/blib/lib /home/trushel/cpan/build/5.14.2/Lorem-0.16-bXFaBD/blib/arch /home/trushel/perl/perl5142/lib/site_perl/5.14.2/x86_64-linux /home/trushel/perl/perl5142/lib/site_perl/5.14.2 /home/trushel/perl/perl5142/lib/5.14.2/x86_64-linux /home/trushel/perl/perl5142/lib/5.14.2 .) at /home/trushel/cpan/build/5.14.2/Lorem-0.16-bXFaBD/blib/lib/Lorem/Role/ConstructsElement.pm line 17.
BEGIN failed--compilation aborted at /home/trushel/cpan/build/5.14.2/Lorem-0.16-bXFaBD/blib/lib/Lorem/Role/ConstructsElement.pm line 17.
Compilation failed in require at /home/trushel/perl/perl5142/lib/site_perl/5.14.2/x86_64-linux/Class/MOP.pm line 117.
 at /home/trushel/perl/perl5142/lib/site_perl/5.14.2/x86_64-linux/Class/MOP.pm line 123
	Class::MOP::__ANON__('Can\'t locate TryCatch.pm in @INC (@INC contains: /home/trush...') called at /home/trushel/perl/perl5142/lib/site_perl/5.14.2/Try/Tiny.pm line 100
	Try::Tiny::try('CODE(0x2dadfe0)', 'Try::Tiny::Catch=REF(0x30d41a8)') called at /home/trushel/perl/perl5142/lib/site_perl/5.14.2/x86_64-linux/Class/MOP.pm line 128
	Class::MOP::load_first_existing_class('Lorem::Role::ConstructsElement', 'HASH(0x2daaf98)') called at /home/trushel/perl/perl5142/lib/site_perl/5.14.2/x86_64-linux/Class/MOP.pm line 140
	Class::MOP::load_class('Lorem::Role::ConstructsElement', 'HASH(0x2daaf98)') called at /home/trushel/perl/perl5142/lib/site_perl/5.14.2/x86_64-linux/Moose/Util.pm line 131
	Moose::Util::_apply_all_roles('Moose::Meta::Class::__ANON__::SERIAL::2=HASH(0x2dadef0)', undef, 'Lorem::Role::ConstructsElement', 'HASH(0x2daaf98)') called at /home/trushel/perl/perl5142/lib/site_perl/5.14.2/x86_64-linux/Moose/Util.pm line 98
	Moose::Util::apply_all_roles('Moose::Meta::Class::__ANON__::SERIAL::2=HASH(0x2dadef0)', 'Lorem::Role::ConstructsElement', 'HASH(0x2daaf98)') called at /home/trushel/perl/perl5142/lib/site_perl/5.14.2/x86_64-linux/Moose.pm line 65
	Moose::with('Moose::Meta::Class::__ANON__::SERIAL::2=HASH(0x2dadef0)', 'Lorem::Role::ConstructsElement', 'HASH(0x2daaf98)') called at /home/trushel/perl/perl5142/lib/site_perl/5.14.2/x86_64-linux/Moose/Exporter.pm line 356
	Moose::with('Lorem::Role::ConstructsElement', 'HASH(0x2daaf98)') called at /home/trushel/cpan/build/5.14.2/Lorem-0.16-bXFaBD/blib/lib/Lorem/Element/Box.pm line 10
	require Lorem/Element/Box.pm called at /home/trushel/perl/perl5142/lib/site_perl/5.14.2/x86_64-linux/Class/MOP.pm line 117
	Class::MOP::__ANON__() called at /home/trushel/perl/perl5142/lib/site_perl/5.14.2/Try/Tiny.pm line 71
	eval {...} called at /home/trushel/perl/perl5142/lib/site_perl/5.14.2/Try/Tiny.pm line 67
	Try::Tiny::try('CODE(0x2ce2618)', 'Try::Tiny::Catch=REF(0x2c93308)') called at /home/trushel/perl/perl5142/lib/site_perl/5.14.2/x86_64-linux/Class/MOP.pm line 128
	Class::MOP::load_first_existing_class('Lorem::Element::Box') called at /home/trushel/perl/perl5142/lib/site_perl/5.14.2/x86_64-linux/Class/MOP.pm line 140
	Class::MOP::load_class('Lorem::Element::Box', undef) called at /home/trushel/perl/perl5142/lib/site_perl/5.14.2/x86_64-linux/Moose/Meta/Class.pm line 554
	Moose::Meta::Class::superclasses(undef, 'Lorem::Element::Box') called at /home/trushel/perl/perl5142/lib/site_perl/5.14.2/x86_64-linux/Moose.pm line 61
	Moose::extends('Moose::Meta::Class::__ANON__::SERIAL::2=HASH(0x2ce2150)', 'Lorem::Element::Box') called at /home/trushel/perl/perl5142/lib/site_perl/5.14.2/x86_64-linux/Moose/Exporter.pm line 356
	Moose::extends('Lorem::Element::Box') called at /home/trushel/cpan/build/5.14.2/Lorem-0.16-bXFaBD/blib/lib/Lorem/Element/Div.pm line 11
	require Lorem/Element/Div.pm called at /home/trushel/cpan/build/5.14.2/Lorem-0.16-bXFaBD/blib/lib/Lorem/Document.pm line 14
	Lorem::Document::BEGIN() called at /home/trushel/cpan/build/5.14.2/Lorem-0.16-bXFaBD/blib/lib/Lorem/Element/Box.pm line 0
	eval {...} called at /home/trushel/cpan/build/5.14.2/Lorem-0.16-bXFaBD/blib/lib/Lorem/Element/Box.pm line 0
	require Lorem/Document.pm called at t/002_pdf_surface.t line 10
	main::BEGIN() called at /home/trushel/cpan/build/5.14.2/Lorem-0.16-bXFaBD/blib/lib/Lorem/Element/Box.pm line 0
	eval {...} called at /home/trushel/cpan/build/5.14.2/Lorem-0.16-bXFaBD/blib/lib/Lorem/Element/Box.pm line 0
Compilation failed in require at /home/trushel/perl/perl5142/lib/site_perl/5.14.2/x86_64-linux/Class/MOP.pm line 117.
 at /home/trushel/perl/perl5142/lib/site_perl/5.14.2/x86_64-linux/Class/MOP.pm line 123
	Class::MOP::__ANON__('Couldn\'t load class (Lorem::Role::ConstructsElement) because...') called at /home/trushel/perl/perl5142/lib/site_perl/5.14.2/Try/Tiny.pm line 100
	Try::Tiny::try('CODE(0x2ce2618)', 'Try::Tiny::Catch=REF(0x2c93308)') called at /home/trushel/perl/perl5142/lib/site_perl/5.14.2/x86_64-linux/Class/MOP.pm line 128
	Class::MOP::load_first_existing_class('Lorem::Element::Box') called at /home/trushel/perl/perl5142/lib/site_perl/5.14.2/x86_64-linux/Class/MOP.pm line 140
	Class::MOP::load_class('Lorem::Element::Box', undef) called at /home/trushel/perl/perl5142/lib/site_perl/5.14.2/x86_64-linux/Moose/Meta/Class.pm line 554
	Moose::Meta::Class::superclasses(undef, 'Lorem::Element::Box') called at /home/trushel/perl/perl5142/lib/site_perl/5.14.2/x86_64-linux/Moose.pm line 61
	Moose::extends('Moose::Meta::Class::__ANON__::SERIAL::2=HASH(0x2ce2150)', 'Lorem::Element::Box') called at /home/trushel/perl/perl5142/lib/site_perl/5.14.2/x86_64-linux/Moose/Exporter.pm line 356
	Moose::extends('Lorem::Element::Box') called at /home/trushel/cpan/build/5.14.2/Lorem-0.16-bXFaBD/blib/lib/Lorem/Element/Div.pm line 11
	require Lorem/Element/Div.pm called at /home/trushel/cpan/build/5.14.2/Lorem-0.16-bXFaBD/blib/lib/Lorem/Document.pm line 14
	Lorem::Document::BEGIN() called at /home/trushel/cpan/build/5.14.2/Lorem-0.16-bXFaBD/blib/lib/Lorem/Element/Div.pm line 0
	eval {...} called at /home/trushel/cpan/build/5.14.2/Lorem-0.16-bXFaBD/blib/lib/Lorem/Element/Div.pm line 0
	require Lorem/Document.pm called at t/002_pdf_surface.t line 10
	main::BEGIN() called at /home/trushel/cpan/build/5.14.2/Lorem-0.16-bXFaBD/blib/lib/Lorem/Element/Div.pm line 0
	eval {...} called at /home/trushel/cpan/build/5.14.2/Lorem-0.16-bXFaBD/blib/lib/Lorem/Element/Div.pm line 0
Compilation failed in require at /home/trushel/cpan/build/5.14.2/Lorem-0.16-bXFaBD/blib/lib/Lorem/Document.pm line 14.
BEGIN failed--compilation aborted at /home/trushel/cpan/build/5.14.2/Lorem-0.16-bXFaBD/blib/lib/Lorem/Document.pm line 14.
Compilation failed in require at t/002_pdf_surface.t line 10.
BEGIN failed--compilation aborted at t/002_pdf_surface.t line 10.
# Looks like your test exited with 2 before it could output anything.
t/002_pdf_surface.t ......... 
Dubious, test returned 2 (wstat 512, 0x200)
No subtests run 
Couldn't load class (Lorem::Element::Box) because: Couldn't load class (Lorem::Role::ConstructsElement) because: Can't locate TryCatch.pm in @INC (@INC contains: /home/trushel/cpan/build/5.14.2/Lorem-0.16-bXFaBD/blib/lib /home/trushel/cpan/build/5.14.2/Lorem-0.16-bXFaBD/blib/arch /home/trushel/perl/perl5142/lib/site_perl/5.14.2/x86_64-linux /home/trushel/perl/perl5142/lib/site_perl/5.14.2 /home/trushel/perl/perl5142/lib/5.14.2/x86_64-linux /home/trushel/perl/perl5142/lib/5.14.2 .) at /home/trushel/cpan/build/5.14.2/Lorem-0.16-bXFaBD/blib/lib/Lorem/Role/ConstructsElement.pm line 17.
BEGIN failed--compilation aborted at /home/trushel/cpan/build/5.14.2/Lorem-0.16-bXFaBD/blib/lib/Lorem/Role/ConstructsElement.pm line 17.
Compilation failed in require at /home/trushel/perl/perl5142/lib/site_perl/5.14.2/x86_64-linux/Class/MOP.pm line 117.
 at /home/trushel/perl/perl5142/lib/site_perl/5.14.2/x86_64-linux/Class/MOP.pm line 123
	Class::MOP::__ANON__('Can\'t locate TryCatch.pm in @INC (@INC contains: /home/trush...') called at /home/trushel/perl/perl5142/lib/site_perl/5.14.2/Try/Tiny.pm line 100
	Try::Tiny::try('CODE(0x1e0f930)', 'Try::Tiny::Catch=REF(0x2135a08)') called at /home/trushel/perl/perl5142/lib/site_perl/5.14.2/x86_64-linux/Class/MOP.pm line 128
	Class::MOP::load_first_existing_class('Lorem::Role::ConstructsElement', 'HASH(0x1e0c8e8)') called at /home/trushel/perl/perl5142/lib/site_perl/5.14.2/x86_64-linux/Class/MOP.pm line 140
	Class::MOP::load_class('Lorem::Role::ConstructsElement', 'HASH(0x1e0c8e8)') called at /home/trushel/perl/perl5142/lib/site_perl/5.14.2/x86_64-linux/Moose/Util.pm line 131
	Moose::Util::_apply_all_roles('Moose::Meta::Class::__ANON__::SERIAL::2=HASH(0x1e0f840)', undef, 'Lorem::Role::ConstructsElement', 'HASH(0x1e0c8e8)') called at /home/trushel/perl/perl5142/lib/site_perl/5.14.2/x86_64-linux/Moose/Util.pm line 98
	Moose::Util::apply_all_roles('Moose::Meta::Class::__ANON__::SERIAL::2=HASH(0x1e0f840)', 'Lorem::Role::ConstructsElement', 'HASH(0x1e0c8e8)') called at /home/trushel/perl/perl5142/lib/site_perl/5.14.2/x86_64-linux/Moose.pm line 65
	Moose::with('Moose::Meta::Class::__ANON__::SERIAL::2=HASH(0x1e0f840)', 'Lorem::Role::ConstructsElement', 'HASH(0x1e0c8e8)') called at /home/trushel/perl/perl5142/lib/site_perl/5.14.2/x86_64-linux/Moose/Exporter.pm line 356
	Moose::with('Lorem::Role::ConstructsElement', 'HASH(0x1e0c8e8)') called at /home/trushel/cpan/build/5.14.2/Lorem-0.16-bXFaBD/blib/lib/Lorem/Element/Box.pm line 10
	require Lorem/Element/Box.pm called at /home/trushel/perl/perl5142/lib/site_perl/5.14.2/x86_64-linux/Class/MOP.pm line 117
	Class::MOP::__ANON__() called at /home/trushel/perl/perl5142/lib/site_perl/5.14.2/Try/Tiny.pm line 71
	eval {...} called at /home/trushel/perl/perl5142/lib/site_perl/5.14.2/Try/Tiny.pm line 67
	Try::Tiny::try('CODE(0x1d43ea8)', 'Try::Tiny::Catch=REF(0x1cf4c38)') called at /home/trushel/perl/perl5142/lib/site_perl/5.14.2/x86_64-linux/Class/MOP.pm line 128
	Class::MOP::load_first_existing_class('Lorem::Element::Box') called at /home/trushel/perl/perl5142/lib/site_perl/5.14.2/x86_64-linux/Class/MOP.pm line 140
	Class::MOP::load_class('Lorem::Element::Box', undef) called at /home/trushel/perl/perl5142/lib/site_perl/5.14.2/x86_64-linux/Moose/Meta/Class.pm line 554
	Moose::Meta::Class::superclasses(undef, 'Lorem::Element::Box') called at /home/trushel/perl/perl5142/lib/site_perl/5.14.2/x86_64-linux/Moose.pm line 61
	Moose::extends('Moose::Meta::Class::__ANON__::SERIAL::2=HASH(0x1d439e0)', 'Lorem::Element::Box') called at /home/trushel/perl/perl5142/lib/site_perl/5.14.2/x86_64-linux/Moose/Exporter.pm line 356
	Moose::extends('Lorem::Element::Box') called at /home/trushel/cpan/build/5.14.2/Lorem-0.16-bXFaBD/blib/lib/Lorem/Element/Div.pm line 11
	require Lorem/Element/Div.pm called at /home/trushel/cpan/build/5.14.2/Lorem-0.16-bXFaBD/blib/lib/Lorem/Document.pm line 14
	Lorem::Document::BEGIN() called at /home/trushel/cpan/build/5.14.2/Lorem-0.16-bXFaBD/blib/lib/Lorem/Element/Box.pm line 0
	eval {...} called at /home/trushel/cpan/build/5.14.2/Lorem-0.16-bXFaBD/blib/lib/Lorem/Element/Box.pm line 0
	require Lorem/Document.pm called at t/003_print_operation.t line 17
	main::BEGIN() called at /home/trushel/cpan/build/5.14.2/Lorem-0.16-bXFaBD/blib/lib/Lorem/Element/Box.pm line 0
	eval {...} called at /home/trushel/cpan/build/5.14.2/Lorem-0.16-bXFaBD/blib/lib/Lorem/Element/Box.pm line 0
Compilation failed in require at /home/trushel/perl/perl5142/lib/site_perl/5.14.2/x86_64-linux/Class/MOP.pm line 117.
 at /home/trushel/perl/perl5142/lib/site_perl/5.14.2/x86_64-linux/Class/MOP.pm line 123
	Class::MOP::__ANON__('Couldn\'t load class (Lorem::Role::ConstructsElement) because...') called at /home/trushel/perl/perl5142/lib/site_perl/5.14.2/Try/Tiny.pm line 100
	Try::Tiny::try('CODE(0x1d43ea8)', 'Try::Tiny::Catch=REF(0x1cf4c38)') called at /home/trushel/perl/perl5142/lib/site_perl/5.14.2/x86_64-linux/Class/MOP.pm line 128
	Class::MOP::load_first_existing_class('Lorem::Element::Box') called at /home/trushel/perl/perl5142/lib/site_perl/5.14.2/x86_64-linux/Class/MOP.pm line 140
	Class::MOP::load_class('Lorem::Element::Box', undef) called at /home/trushel/perl/perl5142/lib/site_perl/5.14.2/x86_64-linux/Moose/Meta/Class.pm line 554
	Moose::Meta::Class::superclasses(undef, 'Lorem::Element::Box') called at /home/trushel/perl/perl5142/lib/site_perl/5.14.2/x86_64-linux/Moose.pm line 61
	Moose::extends('Moose::Meta::Class::__ANON__::SERIAL::2=HASH(0x1d439e0)', 'Lorem::Element::Box') called at /home/trushel/perl/perl5142/lib/site_perl/5.14.2/x86_64-linux/Moose/Exporter.pm line 356
	Moose::extends('Lorem::Element::Box') called at /home/trushel/cpan/build/5.14.2/Lorem-0.16-bXFaBD/blib/lib/Lorem/Element/Div.pm line 11
	require Lorem/Element/Div.pm called at /home/trushel/cpan/build/5.14.2/Lorem-0.16-bXFaBD/blib/lib/Lorem/Document.pm line 14
	Lorem::Document::BEGIN() called at /home/trushel/cpan/build/5.14.2/Lorem-0.16-bXFaBD/blib/lib/Lorem/Element/Div.pm line 0
	eval {...} called at /home/trushel/cpan/build/5.14.2/Lorem-0.16-bXFaBD/blib/lib/Lorem/Element/Div.pm line 0
	require Lorem/Document.pm called at t/003_print_operation.t line 17
	main::BEGIN() called at /home/trushel/cpan/build/5.14.2/Lorem-0.16-bXFaBD/blib/lib/Lorem/Element/Div.pm line 0
	eval {...} called at /home/trushel/cpan/build/5.14.2/Lorem-0.16-bXFaBD/blib/lib/Lorem/Element/Div.pm line 0
Compilation failed in require at /home/trushel/cpan/build/5.14.2/Lorem-0.16-bXFaBD/blib/lib/Lorem/Document.pm line 14.
BEGIN failed--compilation aborted at /home/trushel/cpan/build/5.14.2/Lorem-0.16-bXFaBD/blib/lib/Lorem/Document.pm line 14.
Compilation failed in require at t/003_print_operation.t line 17.
BEGIN failed--compilation aborted at t/003_print_operation.t line 17.
t/003_print_operation.t ..... 
Dubious, test returned 2 (wstat 512, 0x200)
No subtests run 

#   Failed test 'use Lorem::Document;'
#   at t/011_box_element.t line 9.
#     Tried to use 'Lorem::Document'.
#     Error:  Couldn't load class (Lorem::Element::Box) because: Couldn't load class (Lorem::Role::ConstructsElement) because: Can't locate TryCatch.pm in @INC (@INC contains: /home/trushel/cpan/build/5.14.2/Lorem-0.16-bXFaBD/blib/lib /home/trushel/cpan/build/5.14.2/Lorem-0.16-bXFaBD/blib/arch /home/trushel/perl/perl5142/lib/site_perl/5.14.2/x86_64-linux /home/trushel/perl/perl5142/lib/site_perl/5.14.2 /home/trushel/perl/perl5142/lib/5.14.2/x86_64-linux /home/trushel/perl/perl5142/lib/5.14.2 .) at /home/trushel/cpan/build/5.14.2/Lorem-0.16-bXFaBD/blib/lib/Lorem/Role/ConstructsElement.pm line 17.
# BEGIN failed--compilation aborted at /home/trushel/cpan/build/5.14.2/Lorem-0.16-bXFaBD/blib/lib/Lorem/Role/ConstructsElement.pm line 17.
# Compilation failed in require at /home/trushel/perl/perl5142/lib/site_perl/5.14.2/x86_64-linux/Class/MOP.pm line 117.
#  at /home/trushel/perl/perl5142/lib/site_perl/5.14.2/x86_64-linux/Class/MOP.pm line 123
# 	Class::MOP::__ANON__('Can\'t locate TryCatch.pm in @INC (@INC contains: /home/trush...') called at /home/trushel/perl/perl5142/lib/site_perl/5.14.2/Try/Tiny.pm line 100
# 	Try::Tiny::try('CODE(0x3189fe0)', 'Try::Tiny::Catch=REF(0x34beb38)') called at /home/trushel/perl/perl5142/lib/site_perl/5.14.2/x86_64-linux/Class/MOP.pm line 128
# 	Class::MOP::load_first_existing_class('Lorem::Role::ConstructsElement', 'HASH(0x3188f98)') called at /home/trushel/perl/perl5142/lib/site_perl/5.14.2/x86_64-linux/Class/MOP.pm line 140
# 	Class::MOP::load_class('Lorem::Role::ConstructsElement', 'HASH(0x3188f98)') called at /home/trushel/perl/perl5142/lib/site_perl/5.14.2/x86_64-linux/Moose/Util.pm line 131
# 	Moose::Util::_apply_all_roles('Moose::Meta::Class::__ANON__::SERIAL::2=HASH(0x3189ef0)', undef, 'Lorem::Role::ConstructsElement', 'HASH(0x3188f98)') called at /home/trushel/perl/perl5142/lib/site_perl/5.14.2/x86_64-linux/Moose/Util.pm line 98
# 	Moose::Util::apply_all_roles('Moose::Meta::Class::__ANON__::SERIAL::2=HASH(0x3189ef0)', 'Lorem::Role::ConstructsElement', 'HASH(0x3188f98)') called at /home/trushel/perl/perl5142/lib/site_perl/5.14.2/x86_64-linux/Moose.pm line 65
# 	Moose::with('Moose::Meta::Class::__ANON__::SERIAL::2=HASH(0x3189ef0)', 'Lorem::Role::ConstructsElement', 'HASH(0x3188f98)') called at /home/trushel/perl/perl5142/lib/site_perl/5.14.2/x86_64-linux/Moose/Exporter.pm line 356
# 	Moose::with('Lorem::Role::ConstructsElement', 'HASH(0x3188f98)') called at /home/trushel/cpan/build/5.14.2/Lorem-0.16-bXFaBD/blib/lib/Lorem/Element/Box.pm line 10
# 	require Lorem/Element/Box.pm called at /home/trushel/perl/perl5142/lib/site_perl/5.14.2/x86_64-linux/Class/MOP.pm line 117
# 	Class::MOP::__ANON__() called at /home/trushel/perl/perl5142/lib/site_perl/5.14.2/Try/Tiny.pm line 71
# 	eval {...} called at /home/trushel/perl/perl5142/lib/site_perl/5.14.2/Try/Tiny.pm line 67
# 	Try::Tiny::try('CODE(0x30bd5d8)', 'Try::Tiny::Catch=REF(0x2fa6a00)') called at /home/trushel/perl/perl5142/lib/site_perl/5.14.2/x86_64-linux/Class/MOP.pm line 128
# 	Class::MOP::load_first_existing_class('Lorem::Element::Box') called at /home/trushel/perl/perl5142/lib/site_perl/5.14.2/x86_64-linux/Class/MOP.pm line 140
# 	Class::MOP::load_class('Lorem::Element::Box', undef) called at /home/trushel/perl/perl5142/lib/site_perl/5.14.2/x86_64-linux/Moose/Meta/Class.pm line 554
# 	Moose::Meta::Class::superclasses(undef, 'Lorem::Element::Box') called at /home/trushel/perl/perl5142/lib/site_perl/5.14.2/x86_64-linux/Moose.pm line 61
# 	Moose::extends('Moose::Meta::Class::__ANON__::SERIAL::2=HASH(0x30bd110)', 'Lorem::Element::Box') called at /home/trushel/perl/perl5142/lib/site_perl/5.14.2/x86_64-linux/Moose/Exporter.pm line 356
# 	Moose::extends('Lorem::Element::Box') called at /home/trushel/cpan/build/5.14.2/Lorem-0.16-bXFaBD/blib/lib/Lorem/Element/Div.pm line 11
# 	require Lorem/Element/Div.pm called at /home/trushel/cpan/build/5.14.2/Lorem-0.16-bXFaBD/blib/lib/Lorem/Document.pm line 14
# 	Lorem::Document::BEGIN() called at /home/trushel/cpan/build/5.14.2/Lorem-0.16-bXFaBD/blib/lib/Lorem/Element/Box.pm line 0
# 	eval {...} called at /home/trushel/cpan/build/5.14.2/Lorem-0.16-bXFaBD/blib/lib/Lorem/Element/Box.pm line 0
# 	require Lorem/Document.pm called at (eval 6) line 2
# 	main::BEGIN() called at /home/trushel/cpan/build/5.14.2/Lorem-0.16-bXFaBD/blib/lib/Lorem/Element/Box.pm line 0
# 	eval {...} called at /home/trushel/cpan/build/5.14.2/Lorem-0.16-bXFaBD/blib/lib/Lorem/Element/Box.pm line 0
# 	eval 'package main;
# use Lorem::Document @{$args[0]};
# 1;
# 
# ;' called at /home/trushel/perl/perl5142/lib/5.14.2/Test/More.pm line 885
# 	Test::More::_eval('package main;\x{a}use Lorem::Document @{$args[0]};\x{a}1;\x{a}', 'ARRAY(0x2587d98)') called at /home/trushel/perl/perl5142/lib/5.14.2/Test/More.pm line 860
# 	Test::More::use_ok('Lorem::Document') called at t/011_box_element.t line 9
# Compilation failed in require at /home/trushel/perl/perl5142/lib/site_perl/5.14.2/x86_64-linux/Class/MOP.pm line 117.
#  at /home/trushel/perl/perl5142/lib/site_perl/5.14.2/x86_64-linux/Class/MOP.pm line 123
# 	Class::MOP::__ANON__('Couldn\'t load class (Lorem::Role::ConstructsElement) because...') called at /home/trushel/perl/perl5142/lib/site_perl/5.14.2/Try/Tiny.pm line 100
# 	Try::Tiny::try('CODE(0x30bd5d8)', 'Try::Tiny::Catch=REF(0x2fa6a00)') called at /home/trushel/perl/perl5142/lib/site_perl/5.14.2/x86_64-linux/Class/MOP.pm line 128
# 	Class::MOP::load_first_existing_class('Lorem::Element::Box') called at /home/trushel/perl/perl5142/lib/site_perl/5.14.2/x86_64-linux/Class/MOP.pm line 140
# 	Class::MOP::load_class('Lorem::Element::Box', undef) called at /home/trushel/perl/perl5142/lib/site_perl/5.14.2/x86_64-linux/Moose/Meta/Class.pm line 554
# 	Moose::Meta::Class::superclasses(undef, 'Lorem::Element::Box') called at /home/trushel/perl/perl5142/lib/site_perl/5.14.2/x86_64-linux/Moose.pm line 61
# 	Moose::extends('Moose::Meta::Class::__ANON__::SERIAL::2=HASH(0x30bd110)', 'Lorem::Element::Box') called at /home/trushel/perl/perl5142/lib/site_perl/5.14.2/x86_64-linux/Moose/Exporter.pm line 356
# 	Moose::extends('Lorem::Element::Box') called at /home/trushel/cpan/build/5.14.2/Lorem-0.16-bXFaBD/blib/lib/Lorem/Element/Div.pm line 11
# 	require Lorem/Element/Div.pm called at /home/trushel/cpan/build/5.14.2/Lorem-0.16-bXFaBD/blib/lib/Lorem/Document.pm line 14
# 	Lorem::Document::BEGIN() called at /home/trushel/cpan/build/5.14.2/Lorem-0.16-bXFaBD/blib/lib/Lorem/Element/Div.pm line 0
# 	eval {...} called at /home/trushel/cpan/build/5.14.2/Lorem-0.16-bXFaBD/blib/lib/Lorem/Element/Div.pm line 0
# 	require Lorem/Document.pm called at (eval 6) line 2
# 	main::BEGIN() called at /home/trushel/cpan/build/5.14.2/Lorem-0.16-bXFaBD/blib/lib/Lorem/Element/Div.pm line 0
# 	eval {...} called at /home/trushel/cpan/build/5.14.2/Lorem-0.16-bXFaBD/blib/lib/Lorem/Element/Div.pm line 0
# 	eval 'package main;
# use Lorem::Document @{$args[0]};
# 1;
# 
# ;' called at /home/trushel/perl/perl5142/lib/5.14.2/Test/More.pm line 885
# 	Test::More::_eval('package main;\x{a}use Lorem::Document @{$args[0]};\x{a}1;\x{a}', 'ARRAY(0x2587d98)') called at /home/trushel/perl/perl5142/lib/5.14.2/Test/More.pm line 860
# 	Test::More::use_ok('Lorem::Document') called at t/011_box_element.t line 9
# Compilation failed in require at /home/trushel/cpan/build/5.14.2/Lorem-0.16-bXFaBD/blib/lib/Lorem/Document.pm line 14.
# BEGIN failed--compilation aborted at /home/trushel/cpan/build/5.14.2/Lorem-0.16-bXFaBD/blib/lib/Lorem/Document.pm line 14.
# Compilation failed in require at (eval 6) line 2.
# BEGIN failed--compilation aborted at (eval 6) line 2.

#   Failed test 'use Lorem::Element::Table;'
#   at t/011_box_element.t line 12.
#     Tried to use 'Lorem::Element::Table'.
#     Error:  A role generator is required to apply parameterized roles (did you forget the 'role { ... }' block in your parameterized role 'Lorem::Role::ConstructsElement'?) at /home/trushel/perl/perl5142/lib/site_perl/5.14.2/MooseX/Role/Parameterized/Meta/Role/Parameterizable.pm line 79
# 	MooseX::Role::Parameterized::Meta::Role::Parameterizable::generate_role('MooseX::Role::Parameterized::Meta::Role::Parameterizable=HASH...', 'consumer', 'Moose::Meta::Class::__ANON__::SERIAL::2=HASH(0x3706d38)', 'parameters', 'HASH(0x3552060)') called at /home/trushel/perl/perl5142/lib/site_perl/5.14.2/MooseX/Role/Parameterized/Meta/Role/Parameterizable.pm line 127
# 	MooseX::Role::Parameterized::Meta::Role::Parameterizable::apply('MooseX::Role::Parameterized::Meta::Role::Parameterizable=HASH...', 'Moose::Meta::Class::__ANON__::SERIAL::2=HASH(0x3706d38)', 'name', 'cell', 'class', 'Lorem::Element::TableCell') called at /home/trushel/perl/perl5142/lib/site_perl/5.14.2/x86_64-linux/Moose/Util.pm line 159
# 	Moose::Util::_apply_all_roles('Moose::Meta::Class::__ANON__::SERIAL::2=HASH(0x3706d38)', undef, 'Lorem::Role::ConstructsElement', 'HASH(0x36f8820)') called at /home/trushel/perl/perl5142/lib/site_perl/5.14.2/x86_64-linux/Moose/Util.pm line 98
# 	Moose::Util::apply_all_roles('Moose::Meta::Class::__ANON__::SERIAL::2=HASH(0x3706d38)', 'Lorem::Role::ConstructsElement', 'HASH(0x36f8820)') called at /home/trushel/perl/perl5142/lib/site_perl/5.14.2/x86_64-linux/Moose.pm line 65
# 	Moose::with('Moose::Meta::Class::__ANON__::SERIAL::2=HASH(0x3706d38)', 'Lorem::Role::ConstructsElement', 'HASH(0x36f8820)') called at /home/trushel/perl/perl5142/lib/site_perl/5.14.2/x86_64-linux/Moose/Exporter.pm line 356
# 	Moose::with('Lorem::Role::ConstructsElement', 'HASH(0x36f8820)') called at /home/trushel/cpan/build/5.14.2/Lorem-0.16-bXFaBD/blib/lib/Lorem/Element/TableRow.pm line 14
# 	require Lorem/Element/TableRow.pm called at /home/trushel/cpan/build/5.14.2/Lorem-0.16-bXFaBD/blib/lib/Lorem/Element/Table.pm line 10
# 	Lorem::Element::Table::BEGIN() called at /home/trushel/cpan/build/5.14.2/Lorem-0.16-bXFaBD/blib/lib/Lorem/Element/TableRow.pm line 0
# 	eval {...} called at /home/trushel/cpan/build/5.14.2/Lorem-0.16-bXFaBD/blib/lib/Lorem/Element/TableRow.pm line 0
# 	require Lorem/Element/Table.pm called at (eval 313) line 2
# 	main::BEGIN() called at /home/trushel/cpan/build/5.14.2/Lorem-0.16-bXFaBD/blib/lib/Lorem/Element/TableRow.pm line 0
# 	eval {...} called at /home/trushel/cpan/build/5.14.2/Lorem-0.16-bXFaBD/blib/lib/Lorem/Element/TableRow.pm line 0
# 	eval 'package main;
# use Lorem::Element::Table @{$args[0]};
# 1;
# 
# ;' called at /home/trushel/perl/perl5142/lib/5.14.2/Test/More.pm line 885
# 	Test::More::_eval('package main;\x{a}use Lorem::Element::Table @{$args[0]};\x{a}1;\x{a}', 'ARRAY(0x2587d98)') called at /home/trushel/perl/perl5142/lib/5.14.2/Test/More.pm line 860
# 	Test::More::use_ok('Lorem::Element::Table') called at t/011_box_element.t line 12
# Compilation failed in require at /home/trushel/cpan/build/5.14.2/Lorem-0.16-bXFaBD/blib/lib/Lorem/Element/Table.pm line 10.
# BEGIN failed--compilation aborted at /home/trushel/cpan/build/5.14.2/Lorem-0.16-bXFaBD/blib/lib/Lorem/Element/Table.pm line 10.
# Compilation failed in require at (eval 313) line 2.
# BEGIN failed--compilation aborted at (eval 313) line 2.
Can't locate object method "set_margin_top" via package "Lorem::Document" at t/011_box_element.t line 19.
# Looks like you failed 2 tests of 5.
# Looks like your test exited with 255 just after 5.
t/011_box_element.t ......... 
Dubious, test returned 255 (wstat 65280, 0xff00)
Failed 2/5 subtests 

#   Failed test 'use Lorem::Document;'
#   at t/012_div.t line 8.
#     Tried to use 'Lorem::Document'.
#     Error:  Couldn't load class (Lorem::Element::Box) because: Couldn't load class (Lorem::Role::ConstructsElement) because: Can't locate TryCatch.pm in @INC (@INC contains: /home/trushel/cpan/build/5.14.2/Lorem-0.16-bXFaBD/blib/lib /home/trushel/cpan/build/5.14.2/Lorem-0.16-bXFaBD/blib/arch /home/trushel/perl/perl5142/lib/site_perl/5.14.2/x86_64-linux /home/trushel/perl/perl5142/lib/site_perl/5.14.2 /home/trushel/perl/perl5142/lib/5.14.2/x86_64-linux /home/trushel/perl/perl5142/lib/5.14.2 .) at /home/trushel/cpan/build/5.14.2/Lorem-0.16-bXFaBD/blib/lib/Lorem/Role/ConstructsElement.pm line 17.
# BEGIN failed--compilation aborted at /home/trushel/cpan/build/5.14.2/Lorem-0.16-bXFaBD/blib/lib/Lorem/Role/ConstructsElement.pm line 17.
# Compilation failed in require at /home/trushel/perl/perl5142/lib/site_perl/5.14.2/x86_64-linux/Class/MOP.pm line 117.
#  at /home/trushel/perl/perl5142/lib/site_perl/5.14.2/x86_64-linux/Class/MOP.pm line 123
# 	Class::MOP::__ANON__('Can\'t locate TryCatch.pm in @INC (@INC contains: /home/trush...') called at /home/trushel/perl/perl5142/lib/site_perl/5.14.2/Try/Tiny.pm line 100
# 	Try::Tiny::try('CODE(0x2c69e38)', 'Try::Tiny::Catch=REF(0x2fa28f8)') called at /home/trushel/perl/perl5142/lib/site_perl/5.14.2/x86_64-linux/Class/MOP.pm line 128
# 	Class::MOP::load_first_existing_class('Lorem::Role::ConstructsElement', 'HASH(0x2c65df0)') called at /home/trushel/perl/perl5142/lib/site_perl/5.14.2/x86_64-linux/Class/MOP.pm line 140
# 	Class::MOP::load_class('Lorem::Role::ConstructsElement', 'HASH(0x2c65df0)') called at /home/trushel/perl/perl5142/lib/site_perl/5.14.2/x86_64-linux/Moose/Util.pm line 131
# 	Moose::Util::_apply_all_roles('Moose::Meta::Class::__ANON__::SERIAL::2=HASH(0x2c69d48)', undef, 'Lorem::Role::ConstructsElement', 'HASH(0x2c65df0)') called at /home/trushel/perl/perl5142/lib/site_perl/5.14.2/x86_64-linux/Moose/Util.pm line 98
# 	Moose::Util::apply_all_roles('Moose::Meta::Class::__ANON__::SERIAL::2=HASH(0x2c69d48)', 'Lorem::Role::ConstructsElement', 'HASH(0x2c65df0)') called at /home/trushel/perl/perl5142/lib/site_perl/5.14.2/x86_64-linux/Moose.pm line 65
# 	Moose::with('Moose::Meta::Class::__ANON__::SERIAL::2=HASH(0x2c69d48)', 'Lorem::Role::ConstructsElement', 'HASH(0x2c65df0)') called at /home/trushel/perl/perl5142/lib/site_perl/5.14.2/x86_64-linux/Moose/Exporter.pm line 356
# 	Moose::with('Lorem::Role::ConstructsElement', 'HASH(0x2c65df0)') called at /home/trushel/cpan/build/5.14.2/Lorem-0.16-bXFaBD/blib/lib/Lorem/Element/Box.pm line 10
# 	require Lorem/Element/Box.pm called at /home/trushel/perl/perl5142/lib/site_perl/5.14.2/x86_64-linux/Class/MOP.pm line 117
# 	Class::MOP::__ANON__() called at /home/trushel/perl/perl5142/lib/site_perl/5.14.2/Try/Tiny.pm line 71
# 	eval {...} called at /home/trushel/perl/perl5142/lib/site_perl/5.14.2/Try/Tiny.pm line 67
# 	Try::Tiny::try('CODE(0x2b9e718)', 'Try::Tiny::Catch=REF(0x2a86700)') called at /home/trushel/perl/perl5142/lib/site_perl/5.14.2/x86_64-linux/Class/MOP.pm line 128
# 	Class::MOP::load_first_existing_class('Lorem::Element::Box') called at /home/trushel/perl/perl5142/lib/site_perl/5.14.2/x86_64-linux/Class/MOP.pm line 140
# 	Class::MOP::load_class('Lorem::Element::Box', undef) called at /home/trushel/perl/perl5142/lib/site_perl/5.14.2/x86_64-linux/Moose/Meta/Class.pm line 554
# 	Moose::Meta::Class::superclasses(undef, 'Lorem::Element::Box') called at /home/trushel/perl/perl5142/lib/site_perl/5.14.2/x86_64-linux/Moose.pm line 61
# 	Moose::extends('Moose::Meta::Class::__ANON__::SERIAL::2=HASH(0x2b9c268)', 'Lorem::Element::Box') called at /home/trushel/perl/perl5142/lib/site_perl/5.14.2/x86_64-linux/Moose/Exporter.pm line 356
# 	Moose::extends('Lorem::Element::Box') called at /home/trushel/cpan/build/5.14.2/Lorem-0.16-bXFaBD/blib/lib/Lorem/Element/Div.pm line 11
# 	require Lorem/Element/Div.pm called at /home/trushel/cpan/build/5.14.2/Lorem-0.16-bXFaBD/blib/lib/Lorem/Document.pm line 14
# 	Lorem::Document::BEGIN() called at /home/trushel/cpan/build/5.14.2/Lorem-0.16-bXFaBD/blib/lib/Lorem/Element/Box.pm line 0
# 	eval {...} called at /home/trushel/cpan/build/5.14.2/Lorem-0.16-bXFaBD/blib/lib/Lorem/Element/Box.pm line 0
# 	require Lorem/Document.pm called at (eval 6) line 2
# 	main::BEGIN() called at /home/trushel/cpan/build/5.14.2/Lorem-0.16-bXFaBD/blib/lib/Lorem/Element/Box.pm line 0
# 	eval {...} called at /home/trushel/cpan/build/5.14.2/Lorem-0.16-bXFaBD/blib/lib/Lorem/Element/Box.pm line 0
# 	eval 'package main;
# use Lorem::Document @{$args[0]};
# 1;
# 
# ;' called at /home/trushel/perl/perl5142/lib/5.14.2/Test/More.pm line 885
# 	Test::More::_eval('package main;\x{a}use Lorem::Document @{$args[0]};\x{a}1;\x{a}', 'ARRAY(0x206a908)') called at /home/trushel/perl/perl5142/lib/5.14.2/Test/More.pm line 860
# 	Test::More::use_ok('Lorem::Document') called at t/012_div.t line 8
# Compilation failed in require at /home/trushel/perl/perl5142/lib/site_perl/5.14.2/x86_64-linux/Class/MOP.pm line 117.
#  at /home/trushel/perl/perl5142/lib/site_perl/5.14.2/x86_64-linux/Class/MOP.pm line 123
# 	Class::MOP::__ANON__('Couldn\'t load class (Lorem::Role::ConstructsElement) because...') called at /home/trushel/perl/perl5142/lib/site_perl/5.14.2/Try/Tiny.pm line 100
# 	Try::Tiny::try('CODE(0x2b9e718)', 'Try::Tiny::Catch=REF(0x2a86700)') called at /home/trushel/perl/perl5142/lib/site_perl/5.14.2/x86_64-linux/Class/MOP.pm line 128
# 	Class::MOP::load_first_existing_class('Lorem::Element::Box') called at /home/trushel/perl/perl5142/lib/site_perl/5.14.2/x86_64-linux/Class/MOP.pm line 140
# 	Class::MOP::load_class('Lorem::Element::Box', undef) called at /home/trushel/perl/perl5142/lib/site_perl/5.14.2/x86_64-linux/Moose/Meta/Class.pm line 554
# 	Moose::Meta::Class::superclasses(undef, 'Lorem::Element::Box') called at /home/trushel/perl/perl5142/lib/site_perl/5.14.2/x86_64-linux/Moose.pm line 61
# 	Moose::extends('Moose::Meta::Class::__ANON__::SERIAL::2=HASH(0x2b9c268)', 'Lorem::Element::Box') called at /home/trushel/perl/perl5142/lib/site_perl/5.14.2/x86_64-linux/Moose/Exporter.pm line 356
# 	Moose::extends('Lorem::Element::Box') called at /home/trushel/cpan/build/5.14.2/Lorem-0.16-bXFaBD/blib/lib/Lorem/Element/Div.pm line 11
# 	require Lorem/Element/Div.pm called at /home/trushel/cpan/build/5.14.2/Lorem-0.16-bXFaBD/blib/lib/Lorem/Document.pm line 14
# 	Lorem::Document::BEGIN() called at /home/trushel/cpan/build/5.14.2/Lorem-0.16-bXFaBD/blib/lib/Lorem/Element/Div.pm line 0
# 	eval {...} called at /home/trushel/cpan/build/5.14.2/Lorem-0.16-bXFaBD/blib/lib/Lorem/Element/Div.pm line 0
# 	require Lorem/Document.pm called at (eval 6) line 2
# 	main::BEGIN() called at /home/trushel/cpan/build/5.14.2/Lorem-0.16-bXFaBD/blib/lib/Lorem/Element/Div.pm line 0
# 	eval {...} called at /home/trushel/cpan/build/5.14.2/Lorem-0.16-bXFaBD/blib/lib/Lorem/Element/Div.pm line 0
# 	eval 'package main;
# use Lorem::Document @{$args[0]};
# 1;
# 
# ;' called at /home/trushel/perl/perl5142/lib/5.14.2/Test/More.pm line 885
# 	Test::More::_eval('package main;\x{a}use Lorem::Document @{$args[0]};\x{a}1;\x{a}', 'ARRAY(0x206a908)') called at /home/trushel/perl/perl5142/lib/5.14.2/Test/More.pm line 860
# 	Test::More::use_ok('Lorem::Document') called at t/012_div.t line 8
# Compilation failed in require at /home/trushel/cpan/build/5.14.2/Lorem-0.16-bXFaBD/blib/lib/Lorem/Document.pm line 14.
# BEGIN failed--compilation aborted at /home/trushel/cpan/build/5.14.2/Lorem-0.16-bXFaBD/blib/lib/Lorem/Document.pm line 14.
# Compilation failed in require at (eval 6) line 2.
# BEGIN failed--compilation aborted at (eval 6) line 2.

#   Failed test 'use Lorem::Element::Div;'
#   at t/012_div.t line 11.
#     Tried to use 'Lorem::Element::Div'.
#     Error:  Attempt to reload Lorem/Element/Div.pm aborted.
# Compilation failed in require at (eval 313) line 2.
# BEGIN failed--compilation aborted at (eval 313) line 2.
Can't locate object method "set_margin_top" via package "Lorem::Document" at t/012_div.t line 18.
# Looks like you failed 2 tests of 5.
# Looks like your test exited with 255 just after 5.
t/012_div.t ................. 
Dubious, test returned 255 (wstat 65280, 0xff00)
Failed 2/5 subtests 
Can't locate TryCatch.pm in @INC (@INC contains: /home/trushel/cpan/build/5.14.2/Lorem-0.16-bXFaBD/blib/lib /home/trushel/cpan/build/5.14.2/Lorem-0.16-bXFaBD/blib/arch /home/trushel/perl/perl5142/lib/site_perl/5.14.2/x86_64-linux /home/trushel/perl/perl5142/lib/site_perl/5.14.2 /home/trushel/perl/perl5142/lib/5.14.2/x86_64-linux /home/trushel/perl/perl5142/lib/5.14.2 .) at t/013_div_relative_width.t line 8.
BEGIN failed--compilation aborted at t/013_div_relative_width.t line 8.
# Looks like your test exited with 2 before it could output anything.
t/013_div_relative_width.t .. 
Dubious, test returned 2 (wstat 512, 0x200)
No subtests run 

#   Failed test 'use Lorem::Document;'
#   at t/014_table.t line 10.
#     Tried to use 'Lorem::Document'.
#     Error:  Couldn't load class (Lorem::Element::Box) because: Couldn't load class (Lorem::Role::ConstructsElement) because: Can't locate TryCatch.pm in @INC (@INC contains: ..\lib /home/trushel/cpan/build/5.14.2/Lorem-0.16-bXFaBD/blib/lib /home/trushel/cpan/build/5.14.2/Lorem-0.16-bXFaBD/blib/arch /home/trushel/perl/perl5142/lib/site_perl/5.14.2/x86_64-linux /home/trushel/perl/perl5142/lib/site_perl/5.14.2 /home/trushel/perl/perl5142/lib/5.14.2/x86_64-linux /home/trushel/perl/perl5142/lib/5.14.2 .) at /home/trushel/cpan/build/5.14.2/Lorem-0.16-bXFaBD/blib/lib/Lorem/Role/ConstructsElement.pm line 17.
# BEGIN failed--compilation aborted at /home/trushel/cpan/build/5.14.2/Lorem-0.16-bXFaBD/blib/lib/Lorem/Role/ConstructsElement.pm line 17.
# Compilation failed in require at /home/trushel/perl/perl5142/lib/site_perl/5.14.2/x86_64-linux/Class/MOP.pm line 117.
#  at /home/trushel/perl/perl5142/lib/site_perl/5.14.2/x86_64-linux/Class/MOP.pm line 123
# 	Class::MOP::__ANON__('Can\'t locate TryCatch.pm in @INC (@INC contains: ..\lib /hom...') called at /home/trushel/perl/perl5142/lib/site_perl/5.14.2/Try/Tiny.pm line 100
# 	Try::Tiny::try('CODE(0x2a41778)', 'Try::Tiny::Catch=REF(0x2d76d08)') called at /home/trushel/perl/perl5142/lib/site_perl/5.14.2/x86_64-linux/Class/MOP.pm line 128
# 	Class::MOP::load_first_existing_class('Lorem::Role::ConstructsElement', 'HASH(0x2a3f730)') called at /home/trushel/perl/perl5142/lib/site_perl/5.14.2/x86_64-linux/Class/MOP.pm line 140
# 	Class::MOP::load_class('Lorem::Role::ConstructsElement', 'HASH(0x2a3f730)') called at /home/trushel/perl/perl5142/lib/site_perl/5.14.2/x86_64-linux/Moose/Util.pm line 131
# 	Moose::Util::_apply_all_roles('Moose::Meta::Class::__ANON__::SERIAL::2=HASH(0x2a41688)', undef, 'Lorem::Role::ConstructsElement', 'HASH(0x2a3f730)') called at /home/trushel/perl/perl5142/lib/site_perl/5.14.2/x86_64-linux/Moose/Util.pm line 98
# 	Moose::Util::apply_all_roles('Moose::Meta::Class::__ANON__::SERIAL::2=HASH(0x2a41688)', 'Lorem::Role::ConstructsElement', 'HASH(0x2a3f730)') called at /home/trushel/perl/perl5142/lib/site_perl/5.14.2/x86_64-linux/Moose.pm line 65
# 	Moose::with('Moose::Meta::Class::__ANON__::SERIAL::2=HASH(0x2a41688)', 'Lorem::Role::ConstructsElement', 'HASH(0x2a3f730)') called at /home/trushel/perl/perl5142/lib/site_perl/5.14.2/x86_64-linux/Moose/Exporter.pm line 356
# 	Moose::with('Lorem::Role::ConstructsElement', 'HASH(0x2a3f730)') called at /home/trushel/cpan/build/5.14.2/Lorem-0.16-bXFaBD/blib/lib/Lorem/Element/Box.pm line 10
# 	require Lorem/Element/Box.pm called at /home/trushel/perl/perl5142/lib/site_perl/5.14.2/x86_64-linux/Class/MOP.pm line 117
# 	Class::MOP::__ANON__() called at /home/trushel/perl/perl5142/lib/site_perl/5.14.2/Try/Tiny.pm line 71
# 	eval {...} called at /home/trushel/perl/perl5142/lib/site_perl/5.14.2/Try/Tiny.pm line 67
# 	Try::Tiny::try('CODE(0x2960568)', 'Try::Tiny::Catch=REF(0x285d3d8)') called at /home/trushel/perl/perl5142/lib/site_perl/5.14.2/x86_64-linux/Class/MOP.pm line 128
# 	Class::MOP::load_first_existing_class('Lorem::Element::Box') called at /home/trushel/perl/perl5142/lib/site_perl/5.14.2/x86_64-linux/Class/MOP.pm line 140
# 	Class::MOP::load_class('Lorem::Element::Box', undef) called at /home/trushel/perl/perl5142/lib/site_perl/5.14.2/x86_64-linux/Moose/Meta/Class.pm line 554
# 	Moose::Meta::Class::superclasses(undef, 'Lorem::Element::Box') called at /home/trushel/perl/perl5142/lib/site_perl/5.14.2/x86_64-linux/Moose.pm line 61
# 	Moose::extends('Moose::Meta::Class::__ANON__::SERIAL::2=HASH(0x29758f0)', 'Lorem::Element::Box') called at /home/trushel/perl/perl5142/lib/site_perl/5.14.2/x86_64-linux/Moose/Exporter.pm line 356
# 	Moose::extends('Lorem::Element::Box') called at /home/trushel/cpan/build/5.14.2/Lorem-0.16-bXFaBD/blib/lib/Lorem/Element/Div.pm line 11
# 	require Lorem/Element/Div.pm called at /home/trushel/cpan/build/5.14.2/Lorem-0.16-bXFaBD/blib/lib/Lorem/Document.pm line 14
# 	Lorem::Document::BEGIN() called at /home/trushel/cpan/build/5.14.2/Lorem-0.16-bXFaBD/blib/lib/Lorem/Element/Box.pm line 0
# 	eval {...} called at /home/trushel/cpan/build/5.14.2/Lorem-0.16-bXFaBD/blib/lib/Lorem/Element/Box.pm line 0
# 	require Lorem/Document.pm called at (eval 6) line 2
# 	main::BEGIN() called at /home/trushel/cpan/build/5.14.2/Lorem-0.16-bXFaBD/blib/lib/Lorem/Element/Box.pm line 0
# 	eval {...} called at /home/trushel/cpan/build/5.14.2/Lorem-0.16-bXFaBD/blib/lib/Lorem/Element/Box.pm line 0
# 	eval 'package main;
# use Lorem::Document @{$args[0]};
# 1;
# 
# ;' called at /home/trushel/perl/perl5142/lib/5.14.2/Test/More.pm line 885
# 	Test::More::_eval('package main;\x{a}use Lorem::Document @{$args[0]};\x{a}1;\x{a}', 'ARRAY(0x1e37e58)') called at /home/trushel/perl/perl5142/lib/5.14.2/Test/More.pm line 860
# 	Test::More::use_ok('Lorem::Document') called at t/014_table.t line 10
# Compilation failed in require at /home/trushel/perl/perl5142/lib/site_perl/5.14.2/x86_64-linux/Class/MOP.pm line 117.
#  at /home/trushel/perl/perl5142/lib/site_perl/5.14.2/x86_64-linux/Class/MOP.pm line 123
# 	Class::MOP::__ANON__('Couldn\'t load class (Lorem::Role::ConstructsElement) because...') called at /home/trushel/perl/perl5142/lib/site_perl/5.14.2/Try/Tiny.pm line 100
# 	Try::Tiny::try('CODE(0x2960568)', 'Try::Tiny::Catch=REF(0x285d3d8)') called at /home/trushel/perl/perl5142/lib/site_perl/5.14.2/x86_64-linux/Class/MOP.pm line 128
# 	Class::MOP::load_first_existing_class('Lorem::Element::Box') called at /home/trushel/perl/perl5142/lib/site_perl/5.14.2/x86_64-linux/Class/MOP.pm line 140
# 	Class::MOP::load_class('Lorem::Element::Box', undef) called at /home/trushel/perl/perl5142/lib/site_perl/5.14.2/x86_64-linux/Moose/Meta/Class.pm line 554
# 	Moose::Meta::Class::superclasses(undef, 'Lorem::Element::Box') called at /home/trushel/perl/perl5142/lib/site_perl/5.14.2/x86_64-linux/Moose.pm line 61
# 	Moose::extends('Moose::Meta::Class::__ANON__::SERIAL::2=HASH(0x29758f0)', 'Lorem::Element::Box') called at /home/trushel/perl/perl5142/lib/site_perl/5.14.2/x86_64-linux/Moose/Exporter.pm line 356
# 	Moose::extends('Lorem::Element::Box') called at /home/trushel/cpan/build/5.14.2/Lorem-0.16-bXFaBD/blib/lib/Lorem/Element/Div.pm line 11
# 	require Lorem/Element/Div.pm called at /home/trushel/cpan/build/5.14.2/Lorem-0.16-bXFaBD/blib/lib/Lorem/Document.pm line 14
# 	Lorem::Document::BEGIN() called at /home/trushel/cpan/build/5.14.2/Lorem-0.16-bXFaBD/blib/lib/Lorem/Element/Div.pm line 0
# 	eval {...} called at /home/trushel/cpan/build/5.14.2/Lorem-0.16-bXFaBD/blib/lib/Lorem/Element/Div.pm line 0
# 	require Lorem/Document.pm called at (eval 6) line 2
# 	main::BEGIN() called at /home/trushel/cpan/build/5.14.2/Lorem-0.16-bXFaBD/blib/lib/Lorem/Element/Div.pm line 0
# 	eval {...} called at /home/trushel/cpan/build/5.14.2/Lorem-0.16-bXFaBD/blib/lib/Lorem/Element/Div.pm line 0
# 	eval 'package main;
# use Lorem::Document @{$args[0]};
# 1;
# 
# ;' called at /home/trushel/perl/perl5142/lib/5.14.2/Test/More.pm line 885
# 	Test::More::_eval('package main;\x{a}use Lorem::Document @{$args[0]};\x{a}1;\x{a}', 'ARRAY(0x1e37e58)') called at /home/trushel/perl/perl5142/lib/5.14.2/Test/More.pm line 860
# 	Test::More::use_ok('Lorem::Document') called at t/014_table.t line 10
# Compilation failed in require at /home/trushel/cpan/build/5.14.2/Lorem-0.16-bXFaBD/blib/lib/Lorem/Document.pm line 14.
# BEGIN failed--compilation aborted at /home/trushel/cpan/build/5.14.2/Lorem-0.16-bXFaBD/blib/lib/Lorem/Document.pm line 14.
# Compilation failed in require at (eval 6) line 2.
# BEGIN failed--compilation aborted at (eval 6) line 2.

#   Failed test 'use Lorem::Element::Div;'
#   at t/014_table.t line 13.
#     Tried to use 'Lorem::Element::Div'.
#     Error:  Attempt to reload Lorem/Element/Div.pm aborted.
# Compilation failed in require at (eval 313) line 2.
# BEGIN failed--compilation aborted at (eval 313) line 2.
Can't locate object method "new_header" via package "Lorem::Document" at t/014_table.t line 22.
# Looks like you failed 2 tests of 5.
# Looks like your test exited with 255 just after 5.
t/014_table.t ............... 
Dubious, test returned 255 (wstat 65280, 0xff00)
Failed 2/5 subtests 
t/100_style.t ............... ok
Can't locate object method "set_width" via package "Lorem::Style" at t/101_style_dimensions.t line 10.
# Looks like your test exited with 255 before it could output anything.
t/101_style_dimensions.t .... 
Dubious, test returned 255 (wstat 65280, 0xff00)
Failed 6/6 subtests 
Can't locate object method "set_border_bottom_width" via package "Lorem::Style" at /home/trushel/cpan/build/5.14.2/Lorem-0.16-bXFaBD/blib/lib/Lorem/Role/Style/HasBorders.pm line 149.
# Looks like you planned 21 tests but ran 1.
# Looks like your test exited with 255 just after 1.
t/102_style_borders.t ....... 
Dubious, test returned 255 (wstat 65280, 0xff00)
Failed 20/21 subtests 
Can't locate object method "set_padding_left" via package "Lorem::Style" at t/103_style_padding.t line 10.
# Looks like your test exited with 255 before it could output anything.
t/103_style_padding.t ....... 
Dubious, test returned 255 (wstat 65280, 0xff00)
Failed 8/8 subtests 
Can't locate object method "set_margin_left" via package "Lorem::Style" at t/104_style_margin.t line 10.
# Looks like your test exited with 255 before it could output anything.
t/104_style_margin.t ........ 
Dubious, test returned 255 (wstat 65280, 0xff00)
Failed 8/8 subtests 
t/150_style_parsing.t ....... ok
t/151_style_parsing.t ....... ok
Couldn't load class (Lorem::Element::Box) because: Couldn't load class (Lorem::Role::ConstructsElement) because: Can't locate TryCatch.pm in @INC (@INC contains: /home/trushel/cpan/build/5.14.2/Lorem-0.16-bXFaBD/blib/lib /home/trushel/cpan/build/5.14.2/Lorem-0.16-bXFaBD/blib/arch /home/trushel/perl/perl5142/lib/site_perl/5.14.2/x86_64-linux /home/trushel/perl/perl5142/lib/site_perl/5.14.2 /home/trushel/perl/perl5142/lib/5.14.2/x86_64-linux /home/trushel/perl/perl5142/lib/5.14.2 .) at /home/trushel/cpan/build/5.14.2/Lorem-0.16-bXFaBD/blib/lib/Lorem/Role/ConstructsElement.pm line 17.
BEGIN failed--compilation aborted at /home/trushel/cpan/build/5.14.2/Lorem-0.16-bXFaBD/blib/lib/Lorem/Role/ConstructsElement.pm line 17.
Compilation failed in require at /home/trushel/perl/perl5142/lib/site_perl/5.14.2/x86_64-linux/Class/MOP.pm line 117.
 at /home/trushel/perl/perl5142/lib/site_perl/5.14.2/x86_64-linux/Class/MOP.pm line 123
	Class::MOP::__ANON__('Can\'t locate TryCatch.pm in @INC (@INC contains: /home/trush...') called at /home/trushel/perl/perl5142/lib/site_perl/5.14.2/Try/Tiny.pm line 100
	Try::Tiny::try('CODE(0x2b263a8)', 'Try::Tiny::Catch=REF(0x2e5c960)') called at /home/trushel/perl/perl5142/lib/site_perl/5.14.2/x86_64-linux/Class/MOP.pm line 128
	Class::MOP::load_first_existing_class('Lorem::Role::ConstructsElement', 'HASH(0x2b220e8)') called at /home/trushel/perl/perl5142/lib/site_perl/5.14.2/x86_64-linux/Class/MOP.pm line 140
	Class::MOP::load_class('Lorem::Role::ConstructsElement', 'HASH(0x2b220e8)') called at /home/trushel/perl/perl5142/lib/site_perl/5.14.2/x86_64-linux/Moose/Util.pm line 131
	Moose::Util::_apply_all_roles('Moose::Meta::Class::__ANON__::SERIAL::2=HASH(0x2b252b0)', undef, 'Lorem::Role::ConstructsElement', 'HASH(0x2b220e8)') called at /home/trushel/perl/perl5142/lib/site_perl/5.14.2/x86_64-linux/Moose/Util.pm line 98
	Moose::Util::apply_all_roles('Moose::Meta::Class::__ANON__::SERIAL::2=HASH(0x2b252b0)', 'Lorem::Role::ConstructsElement', 'HASH(0x2b220e8)') called at /home/trushel/perl/perl5142/lib/site_perl/5.14.2/x86_64-linux/Moose.pm line 65
	Moose::with('Moose::Meta::Class::__ANON__::SERIAL::2=HASH(0x2b252b0)', 'Lorem::Role::ConstructsElement', 'HASH(0x2b220e8)') called at /home/trushel/perl/perl5142/lib/site_perl/5.14.2/x86_64-linux/Moose/Exporter.pm line 356
	Moose::with('Lorem::Role::ConstructsElement', 'HASH(0x2b220e8)') called at /home/trushel/cpan/build/5.14.2/Lorem-0.16-bXFaBD/blib/lib/Lorem/Element/Box.pm line 10
	require Lorem/Element/Box.pm called at /home/trushel/perl/perl5142/lib/site_perl/5.14.2/x86_64-linux/Class/MOP.pm line 117
	Class::MOP::__ANON__() called at /home/trushel/perl/perl5142/lib/site_perl/5.14.2/Try/Tiny.pm line 71
	eval {...} called at /home/trushel/perl/perl5142/lib/site_perl/5.14.2/Try/Tiny.pm line 67
	Try::Tiny::try('CODE(0x2a5a480)', 'Try::Tiny::Catch=REF(0x29422b8)') called at /home/trushel/perl/perl5142/lib/site_perl/5.14.2/x86_64-linux/Class/MOP.pm line 128
	Class::MOP::load_first_existing_class('Lorem::Element::Box') called at /home/trushel/perl/perl5142/lib/site_perl/5.14.2/x86_64-linux/Class/MOP.pm line 140
	Class::MOP::load_class('Lorem::Element::Box', undef) called at /home/trushel/perl/perl5142/lib/site_perl/5.14.2/x86_64-linux/Moose/Meta/Class.pm line 554
	Moose::Meta::Class::superclasses(undef, 'Lorem::Element::Box') called at /home/trushel/perl/perl5142/lib/site_perl/5.14.2/x86_64-linux/Moose.pm line 61
	Moose::extends('Moose::Meta::Class::__ANON__::SERIAL::2=HASH(0x2a59fb8)', 'Lorem::Element::Box') called at /home/trushel/perl/perl5142/lib/site_perl/5.14.2/x86_64-linux/Moose/Exporter.pm line 356
	Moose::extends('Lorem::Element::Box') called at /home/trushel/cpan/build/5.14.2/Lorem-0.16-bXFaBD/blib/lib/Lorem/Element/Div.pm line 11
	require Lorem/Element/Div.pm called at /home/trushel/cpan/build/5.14.2/Lorem-0.16-bXFaBD/blib/lib/Lorem/Document.pm line 14
	Lorem::Document::BEGIN() called at /home/trushel/cpan/build/5.14.2/Lorem-0.16-bXFaBD/blib/lib/Lorem/Element/Box.pm line 0
	eval {...} called at /home/trushel/cpan/build/5.14.2/Lorem-0.16-bXFaBD/blib/lib/Lorem/Element/Box.pm line 0
	require Lorem/Document.pm called at /home/trushel/cpan/build/5.14.2/Lorem-0.16-bXFaBD/blib/lib/Lorem.pm line 6
	Lorem::BEGIN() called at /home/trushel/cpan/build/5.14.2/Lorem-0.16-bXFaBD/blib/lib/Lorem/Element/Box.pm line 0
	eval {...} called at /home/trushel/cpan/build/5.14.2/Lorem-0.16-bXFaBD/blib/lib/Lorem/Element/Box.pm line 0
	require Lorem.pm called at t/152_style_coercion.t line 8
	main::BEGIN() called at /home/trushel/cpan/build/5.14.2/Lorem-0.16-bXFaBD/blib/lib/Lorem/Element/Box.pm line 0
	eval {...} called at /home/trushel/cpan/build/5.14.2/Lorem-0.16-bXFaBD/blib/lib/Lorem/Element/Box.pm line 0
Compilation failed in require at /home/trushel/perl/perl5142/lib/site_perl/5.14.2/x86_64-linux/Class/MOP.pm line 117.
 at /home/trushel/perl/perl5142/lib/site_perl/5.14.2/x86_64-linux/Class/MOP.pm line 123
	Class::MOP::__ANON__('Couldn\'t load class (Lorem::Role::ConstructsElement) because...') called at /home/trushel/perl/perl5142/lib/site_perl/5.14.2/Try/Tiny.pm line 100
	Try::Tiny::try('CODE(0x2a5a480)', 'Try::Tiny::Catch=REF(0x29422b8)') called at /home/trushel/perl/perl5142/lib/site_perl/5.14.2/x86_64-linux/Class/MOP.pm line 128
	Class::MOP::load_first_existing_class('Lorem::Element::Box') called at /home/trushel/perl/perl5142/lib/site_perl/5.14.2/x86_64-linux/Class/MOP.pm line 140
	Class::MOP::load_class('Lorem::Element::Box', undef) called at /home/trushel/perl/perl5142/lib/site_perl/5.14.2/x86_64-linux/Moose/Meta/Class.pm line 554
	Moose::Meta::Class::superclasses(undef, 'Lorem::Element::Box') called at /home/trushel/perl/perl5142/lib/site_perl/5.14.2/x86_64-linux/Moose.pm line 61
	Moose::extends('Moose::Meta::Class::__ANON__::SERIAL::2=HASH(0x2a59fb8)', 'Lorem::Element::Box') called at /home/trushel/perl/perl5142/lib/site_perl/5.14.2/x86_64-linux/Moose/Exporter.pm line 356
	Moose::extends('Lorem::Element::Box') called at /home/trushel/cpan/build/5.14.2/Lorem-0.16-bXFaBD/blib/lib/Lorem/Element/Div.pm line 11
	require Lorem/Element/Div.pm called at /home/trushel/cpan/build/5.14.2/Lorem-0.16-bXFaBD/blib/lib/Lorem/Document.pm line 14
	Lorem::Document::BEGIN() called at /home/trushel/cpan/build/5.14.2/Lorem-0.16-bXFaBD/blib/lib/Lorem/Element/Div.pm line 0
	eval {...} called at /home/trushel/cpan/build/5.14.2/Lorem-0.16-bXFaBD/blib/lib/Lorem/Element/Div.pm line 0
	require Lorem/Document.pm called at /home/trushel/cpan/build/5.14.2/Lorem-0.16-bXFaBD/blib/lib/Lorem.pm line 6
	Lorem::BEGIN() called at /home/trushel/cpan/build/5.14.2/Lorem-0.16-bXFaBD/blib/lib/Lorem/Element/Div.pm line 0
	eval {...} called at /home/trushel/cpan/build/5.14.2/Lorem-0.16-bXFaBD/blib/lib/Lorem/Element/Div.pm line 0
	require Lorem.pm called at t/152_style_coercion.t line 8
	main::BEGIN() called at /home/trushel/cpan/build/5.14.2/Lorem-0.16-bXFaBD/blib/lib/Lorem/Element/Div.pm line 0
	eval {...} called at /home/trushel/cpan/build/5.14.2/Lorem-0.16-bXFaBD/blib/lib/Lorem/Element/Div.pm line 0
Compilation failed in require at /home/trushel/cpan/build/5.14.2/Lorem-0.16-bXFaBD/blib/lib/Lorem/Document.pm line 14.
BEGIN failed--compilation aborted at /home/trushel/cpan/build/5.14.2/Lorem-0.16-bXFaBD/blib/lib/Lorem/Document.pm line 14.
Compilation failed in require at /home/trushel/cpan/build/5.14.2/Lorem-0.16-bXFaBD/blib/lib/Lorem.pm line 6.
BEGIN failed--compilation aborted at /home/trushel/cpan/build/5.14.2/Lorem-0.16-bXFaBD/blib/lib/Lorem.pm line 6.
Compilation failed in require at t/152_style_coercion.t line 8.
BEGIN failed--compilation aborted at t/152_style_coercion.t line 8.
# Looks like your test exited with 2 before it could output anything.
t/152_style_coercion.t ...... 
Dubious, test returned 2 (wstat 512, 0x200)
Failed 10/10 subtests 

#   Failed test 'use Lorem;'
#   at t/200_lorum.t line 9.
#     Tried to use 'Lorem'.
#     Error:  Couldn't load class (Lorem::Element::Box) because: Couldn't load class (Lorem::Role::ConstructsElement) because: Can't locate TryCatch.pm in @INC (@INC contains: /home/trushel/cpan/build/5.14.2/Lorem-0.16-bXFaBD/blib/lib /home/trushel/cpan/build/5.14.2/Lorem-0.16-bXFaBD/blib/arch /home/trushel/perl/perl5142/lib/site_perl/5.14.2/x86_64-linux /home/trushel/perl/perl5142/lib/site_perl/5.14.2 /home/trushel/perl/perl5142/lib/5.14.2/x86_64-linux /home/trushel/perl/perl5142/lib/5.14.2 .) at /home/trushel/cpan/build/5.14.2/Lorem-0.16-bXFaBD/blib/lib/Lorem/Role/ConstructsElement.pm line 17.
# BEGIN failed--compilation aborted at /home/trushel/cpan/build/5.14.2/Lorem-0.16-bXFaBD/blib/lib/Lorem/Role/ConstructsElement.pm line 17.
# Compilation failed in require at /home/trushel/perl/perl5142/lib/site_perl/5.14.2/x86_64-linux/Class/MOP.pm line 117.
#  at /home/trushel/perl/perl5142/lib/site_perl/5.14.2/x86_64-linux/Class/MOP.pm line 123
# 	Class::MOP::__ANON__('Can\'t locate TryCatch.pm in @INC (@INC contains: /home/trush...') called at /home/trushel/perl/perl5142/lib/site_perl/5.14.2/Try/Tiny.pm line 100
# 	Try::Tiny::try('CODE(0x2893478)', 'Try::Tiny::Catch=REF(0x2bba5c0)') called at /home/trushel/perl/perl5142/lib/site_perl/5.14.2/x86_64-linux/Class/MOP.pm line 128
# 	Class::MOP::load_first_existing_class('Lorem::Role::ConstructsElement', 'HASH(0x2891160)') called at /home/trushel/perl/perl5142/lib/site_perl/5.14.2/x86_64-linux/Class/MOP.pm line 140
# 	Class::MOP::load_class('Lorem::Role::ConstructsElement', 'HASH(0x2891160)') called at /home/trushel/perl/perl5142/lib/site_perl/5.14.2/x86_64-linux/Moose/Util.pm line 131
# 	Moose::Util::_apply_all_roles('Moose::Meta::Class::__ANON__::SERIAL::2=HASH(0x2893388)', undef, 'Lorem::Role::ConstructsElement', 'HASH(0x2891160)') called at /home/trushel/perl/perl5142/lib/site_perl/5.14.2/x86_64-linux/Moose/Util.pm line 98
# 	Moose::Util::apply_all_roles('Moose::Meta::Class::__ANON__::SERIAL::2=HASH(0x2893388)', 'Lorem::Role::ConstructsElement', 'HASH(0x2891160)') called at /home/trushel/perl/perl5142/lib/site_perl/5.14.2/x86_64-linux/Moose.pm line 65
# 	Moose::with('Moose::Meta::Class::__ANON__::SERIAL::2=HASH(0x2893388)', 'Lorem::Role::ConstructsElement', 'HASH(0x2891160)') called at /home/trushel/perl/perl5142/lib/site_perl/5.14.2/x86_64-linux/Moose/Exporter.pm line 356
# 	Moose::with('Lorem::Role::ConstructsElement', 'HASH(0x2891160)') called at /home/trushel/cpan/build/5.14.2/Lorem-0.16-bXFaBD/blib/lib/Lorem/Element/Box.pm line 10
# 	require Lorem/Element/Box.pm called at /home/trushel/perl/perl5142/lib/site_perl/5.14.2/x86_64-linux/Class/MOP.pm line 117
# 	Class::MOP::__ANON__() called at /home/trushel/perl/perl5142/lib/site_perl/5.14.2/Try/Tiny.pm line 71
# 	eval {...} called at /home/trushel/perl/perl5142/lib/site_perl/5.14.2/Try/Tiny.pm line 67
# 	Try::Tiny::try('CODE(0x27c9c00)', 'Try::Tiny::Catch=REF(0x277a358)') called at /home/trushel/perl/perl5142/lib/site_perl/5.14.2/x86_64-linux/Class/MOP.pm line 128
# 	Class::MOP::load_first_existing_class('Lorem::Element::Box') called at /home/trushel/perl/perl5142/lib/site_perl/5.14.2/x86_64-linux/Class/MOP.pm line 140
# 	Class::MOP::load_class('Lorem::Element::Box', undef) called at /home/trushel/perl/perl5142/lib/site_perl/5.14.2/x86_64-linux/Moose/Meta/Class.pm line 554
# 	Moose::Meta::Class::superclasses(undef, 'Lorem::Element::Box') called at /home/trushel/perl/perl5142/lib/site_perl/5.14.2/x86_64-linux/Moose.pm line 61
# 	Moose::extends('Moose::Meta::Class::__ANON__::SERIAL::2=HASH(0x27c9738)', 'Lorem::Element::Box') called at /home/trushel/perl/perl5142/lib/site_perl/5.14.2/x86_64-linux/Moose/Exporter.pm line 356
# 	Moose::extends('Lorem::Element::Box') called at /home/trushel/cpan/build/5.14.2/Lorem-0.16-bXFaBD/blib/lib/Lorem/Element/Div.pm line 11
# 	require Lorem/Element/Div.pm called at /home/trushel/cpan/build/5.14.2/Lorem-0.16-bXFaBD/blib/lib/Lorem/Document.pm line 14
# 	Lorem::Document::BEGIN() called at /home/trushel/cpan/build/5.14.2/Lorem-0.16-bXFaBD/blib/lib/Lorem/Element/Box.pm line 0
# 	eval {...} called at /home/trushel/cpan/build/5.14.2/Lorem-0.16-bXFaBD/blib/lib/Lorem/Element/Box.pm line 0
# 	require Lorem/Document.pm called at /home/trushel/cpan/build/5.14.2/Lorem-0.16-bXFaBD/blib/lib/Lorem.pm line 6
# 	Lorem::BEGIN() called at /home/trushel/cpan/build/5.14.2/Lorem-0.16-bXFaBD/blib/lib/Lorem/Element/Box.pm line 0
# 	eval {...} called at /home/trushel/cpan/build/5.14.2/Lorem-0.16-bXFaBD/blib/lib/Lorem/Element/Box.pm line 0
# 	require Lorem.pm called at (eval 6) line 2
# 	main::BEGIN() called at /home/trushel/cpan/build/5.14.2/Lorem-0.16-bXFaBD/blib/lib/Lorem/Element/Box.pm line 0
# 	eval {...} called at /home/trushel/cpan/build/5.14.2/Lorem-0.16-bXFaBD/blib/lib/Lorem/Element/Box.pm line 0
# 	eval 'package main;
# use Lorem @{$args[0]};
# 1;
# 
# ;' called at /home/trushel/perl/perl5142/lib/5.14.2/Test/More.pm line 885
# 	Test::More::_eval('package main;\x{a}use Lorem @{$args[0]};\x{a}1;\x{a}', 'ARRAY(0x19ea5c8)') called at /home/trushel/perl/perl5142/lib/5.14.2/Test/More.pm line 860
# 	Test::More::use_ok('Lorem') called at t/200_lorum.t line 9
# Compilation failed in require at /home/trushel/perl/perl5142/lib/site_perl/5.14.2/x86_64-linux/Class/MOP.pm line 117.
#  at /home/trushel/perl/perl5142/lib/site_perl/5.14.2/x86_64-linux/Class/MOP.pm line 123
# 	Class::MOP::__ANON__('Couldn\'t load class (Lorem::Role::ConstructsElement) because...') called at /home/trushel/perl/perl5142/lib/site_perl/5.14.2/Try/Tiny.pm line 100
# 	Try::Tiny::try('CODE(0x27c9c00)', 'Try::Tiny::Catch=REF(0x277a358)') called at /home/trushel/perl/perl5142/lib/site_perl/5.14.2/x86_64-linux/Class/MOP.pm line 128
# 	Class::MOP::load_first_existing_class('Lorem::Element::Box') called at /home/trushel/perl/perl5142/lib/site_perl/5.14.2/x86_64-linux/Class/MOP.pm line 140
# 	Class::MOP::load_class('Lorem::Element::Box', undef) called at /home/trushel/perl/perl5142/lib/site_perl/5.14.2/x86_64-linux/Moose/Meta/Class.pm line 554
# 	Moose::Meta::Class::superclasses(undef, 'Lorem::Element::Box') called at /home/trushel/perl/perl5142/lib/site_perl/5.14.2/x86_64-linux/Moose.pm line 61
# 	Moose::extends('Moose::Meta::Class::__ANON__::SERIAL::2=HASH(0x27c9738)', 'Lorem::Element::Box') called at /home/trushel/perl/perl5142/lib/site_perl/5.14.2/x86_64-linux/Moose/Exporter.pm line 356
# 	Moose::extends('Lorem::Element::Box') called at /home/trushel/cpan/build/5.14.2/Lorem-0.16-bXFaBD/blib/lib/Lorem/Element/Div.pm line 11
# 	require Lorem/Element/Div.pm called at /home/trushel/cpan/build/5.14.2/Lorem-0.16-bXFaBD/blib/lib/Lorem/Document.pm line 14
# 	Lorem::Document::BEGIN() called at /home/trushel/cpan/build/5.14.2/Lorem-0.16-bXFaBD/blib/lib/Lorem/Element/Div.pm line 0
# 	eval {...} called at /home/trushel/cpan/build/5.14.2/Lorem-0.16-bXFaBD/blib/lib/Lorem/Element/Div.pm line 0
# 	require Lorem/Document.pm called at /home/trushel/cpan/build/5.14.2/Lorem-0.16-bXFaBD/blib/lib/Lorem.pm line 6
# 	Lorem::BEGIN() called at /home/trushel/cpan/build/5.14.2/Lorem-0.16-bXFaBD/blib/lib/Lorem/Element/Div.pm line 0
# 	eval {...} called at /home/trushel/cpan/build/5.14.2/Lorem-0.16-bXFaBD/blib/lib/Lorem/Element/Div.pm line 0
# 	require Lorem.pm called at (eval 6) line 2
# 	main::BEGIN() called at /home/trushel/cpan/build/5.14.2/Lorem-0.16-bXFaBD/blib/lib/Lorem/Element/Div.pm line 0
# 	eval {...} called at /home/trushel/cpan/build/5.14.2/Lorem-0.16-bXFaBD/blib/lib/Lorem/Element/Div.pm line 0
# 	eval 'package main;
# use Lorem @{$args[0]};
# 1;
# 
# ;' called at /home/trushel/perl/perl5142/lib/5.14.2/Test/More.pm line 885
# 	Test::More::_eval('package main;\x{a}use Lorem @{$args[0]};\x{a}1;\x{a}', 'ARRAY(0x19ea5c8)') called at /home/trushel/perl/perl5142/lib/5.14.2/Test/More.pm line 860
# 	Test::More::use_ok('Lorem') called at t/200_lorum.t line 9
# Compilation failed in require at /home/trushel/cpan/build/5.14.2/Lorem-0.16-bXFaBD/blib/lib/Lorem/Document.pm line 14.
# BEGIN failed--compilation aborted at /home/trushel/cpan/build/5.14.2/Lorem-0.16-bXFaBD/blib/lib/Lorem/Document.pm line 14.
# Compilation failed in require at /home/trushel/cpan/build/5.14.2/Lorem-0.16-bXFaBD/blib/lib/Lorem.pm line 6.
# BEGIN failed--compilation aborted at /home/trushel/cpan/build/5.14.2/Lorem-0.16-bXFaBD/blib/lib/Lorem.pm line 6.
# Compilation failed in require at (eval 6) line 2.
# BEGIN failed--compilation aborted at (eval 6) line 2.
Can't locate object method "new_document" via package "Lorem" at t/200_lorum.t line 15.
# Looks like you failed 1 test of 1.
# Looks like your test exited with 255 just after 1.
t/200_lorum.t ............... 
Dubious, test returned 255 (wstat 65280, 0xff00)
Failed 1/1 subtests 

Test Summary Report
-------------------
t/001_document.t          (Wstat: 65280 Tests: 3 Failed: 1)
  Failed test:  1
  Non-zero exit status: 255
t/002_pdf_surface.t       (Wstat: 512 Tests: 0 Failed: 0)
  Non-zero exit status: 2
  Parse errors: No plan found in TAP output
t/003_print_operation.t   (Wstat: 512 Tests: 0 Failed: 0)
  Non-zero exit status: 2
  Parse errors: No plan found in TAP output
t/011_box_element.t       (Wstat: 65280 Tests: 5 Failed: 2)
  Failed tests:  1, 4
  Non-zero exit status: 255
t/012_div.t               (Wstat: 65280 Tests: 5 Failed: 2)
  Failed tests:  1, 4
  Non-zero exit status: 255
t/013_div_relative_width.t (Wstat: 512 Tests: 0 Failed: 0)
  Non-zero exit status: 2
  Parse errors: No plan found in TAP output
t/014_table.t             (Wstat: 65280 Tests: 5 Failed: 2)
  Failed tests:  1, 4
  Non-zero exit status: 255
t/101_style_dimensions.t  (Wstat: 65280 Tests: 0 Failed: 0)
  Non-zero exit status: 255
  Parse errors: Bad plan.  You planned 6 tests but ran 0.
t/102_style_borders.t     (Wstat: 65280 Tests: 1 Failed: 0)
  Non-zero exit status: 255
  Parse errors: Bad plan.  You planned 21 tests but ran 1.
t/103_style_padding.t     (Wstat: 65280 Tests: 0 Failed: 0)
  Non-zero exit status: 255
  Parse errors: Bad plan.  You planned 8 tests but ran 0.
t/104_style_margin.t      (Wstat: 65280 Tests: 0 Failed: 0)
  Non-zero exit status: 255
  Parse errors: Bad plan.  You planned 8 tests but ran 0.
t/152_style_coercion.t    (Wstat: 512 Tests: 0 Failed: 0)
  Non-zero exit status: 2
  Parse errors: Bad plan.  You planned 10 tests but ran 0.
t/200_lorum.t             (Wstat: 65280 Tests: 1 Failed: 1)
  Failed test:  1
  Non-zero exit status: 255
Files=16, Tests=64, 14 wallclock secs ( 0.01 usr  0.07 sys +  6.41 cusr  0.51 csys =  7.00 CPU)
Result: FAIL
Failed 13/16 test programs. 8/64 subtests failed.
make: *** [test_dynamic] Error 255

------------------------------
PREREQUISITES
------------------------------

Prerequisite modules loaded:

requires:

    Module                         Need Have  
    ------------------------------ ---- ------
    Moose                          0    2.0205
    MooseX::SemiAffordanceAccessor 0    0.09  
    MooseX::StrictConstructor      0    0.16  
    MooseX::Types                  0    0.30  

build_requires:

    Module                         Need Have  
    ------------------------------ ---- ------
    ExtUtils::MakeMaker            0    6.58  


------------------------------
ENVIRONMENT AND OTHER CONTEXT
------------------------------

Environment variables:

    AUTOMATED_TESTING = 1
    LANG = en_US.UTF-8
    LANGUAGE = en
    LC_COLLATE = C
    LC_MONETARY = C
    LC_NUMERIC = C
    LC_TIME = C
    PATH = /usr/local/sbin:/usr/local/bin:/usr/sbin:/usr/bin:/sbin:/bin
    PERL5LIB = 
    PERL5OPT = 
    PERL5_CPANPLUS_IS_RUNNING = 10985
    PERL5_CPAN_IS_RUNNING = 10985
    PERL5_CPAN_IS_RUNNING_IN_RECURSION = 27155,10985
    PERL_CR_SMOKER_CURRENT = Lorem-0.16-withoutworldwriteables
    PERL_EXTUTILS_AUTOINSTALL = --defaultdeps
    PERL_MM_USE_DEFAULT = 1
    SHELL = /bin/bash
    TERM = xterm

Perl special variables (and OS-specific diagnostics, for MSWin32):

    $^X = /home/trushel/perl/perl5142/bin/perl
    $UID/$EUID = 138375 / 138375
    $GID = 5762 4 20 21 24 25 26 30 44 46 104 105 119 122 431 5762
    $EGID = 5762 4 20 21 24 25 26 30 44 46 104 105 119 122 431 5762

Perl module toolchain versions installed:

    Module              Have    
    ------------------- --------
    CPAN                1.9800  
    CPAN::Meta          2.112150
    Cwd                 3.33    
    ExtUtils::CBuilder  0.280202
    ExtUtils::Command   1.17    
    ExtUtils::Install   1.54    
    ExtUtils::MakeMaker 6.58    
    ExtUtils::Manifest  1.60    
    ExtUtils::ParseXS   3.04    
    File::Spec          3.33    
    JSON                2.53    
    JSON::PP            2.27200 
    Module::Build       0.39_01 
    Module::Signature   n/a     
    Parse::CPAN::Meta   1.4401  
    Test::Harness       3.23    
    Test::More          0.98    
    YAML                0.73    
    YAML::Syck          1.17    
    version             0.94    


--

Summary of my perl5 (revision 5 version 14 subversion 2) configuration:
   
  Platform:
    osname=linux, osvers=2.6.32-33-generic, archname=x86_64-linux
    uname='linux trushel-glaptop 2.6.32-33-generic #72-ubuntu smp fri jul 29 21:07:13 utc 2011 x86_64 gnulinux '
    config_args=''
    hint=recommended, useposix=true, d_sigaction=define
    useithreads=undef, usemultiplicity=undef
    useperlio=define, d_sfio=undef, uselargefiles=define, usesocks=undef
    use64bitint=define, use64bitall=define, uselongdouble=undef
    usemymalloc=n, bincompat5005=undef
  Compiler:
    cc='cc', ccflags ='-fno-strict-aliasing -pipe -fstack-protector -I/usr/local/include -D_LARGEFILE_SOURCE -D_FILE_OFFSET_BITS=64',
    optimize='-O2',
    cppflags='-fno-strict-aliasing -pipe -fstack-protector -I/usr/local/include'
    ccversion='', gccversion='4.4.3', gccosandvers=''
    intsize=4, longsize=8, ptrsize=8, doublesize=8, byteorder=12345678
    d_longlong=define, longlongsize=8, d_longdbl=define, longdblsize=16
    ivtype='long', ivsize=8, nvtype='double', nvsize=8, Off_t='off_t', lseeksize=8
    alignbytes=8, prototype=define
  Linker and Libraries:
    ld='cc', ldflags =' -fstack-protector -L/usr/local/lib'
    libpth=/usr/local/lib /lib/../lib /usr/lib/../lib /lib /usr/lib /usr/lib/x86_64-linux-gnu /lib64 /usr/lib64
    libs=-lnsl -ldb -ldl -lm -lcrypt -lutil -lc
    perllibs=-lnsl -ldl -lm -lcrypt -lutil -lc
    libc=/lib/libc-2.11.1.so, so=so, useshrplib=false, libperl=libperl.a
    gnulibc_version='2.11.1'
  Dynamic Linking:
    dlsrc=dl_dlopen.xs, dlext=so, d_dlsymun=undef, ccdlflags='-Wl,-E'
    cccdlflags='-fPIC', lddlflags='-shared -O2 -L/usr/local/lib -fstack-protector'


Characteristics of this binary (from libperl): 
  Compile-time options: PERL_DONT_CREATE_GVSV PERL_MALLOC_WRAP
                        PERL_PRESERVE_IVUV USE_64_BIT_ALL USE_64_BIT_INT
                        USE_LARGE_FILES USE_PERLIO USE_PERL_ATOF
  Built under linux
  Compiled at Sep 27 2011 15:36:46
  %ENV:
    PERL5LIB=""
    PERL5OPT=""
    PERL5_CPANPLUS_IS_RUNNING="10985"
    PERL5_CPAN_IS_RUNNING="10985"
    PERL5_CPAN_IS_RUNNING_IN_RECURSION="27155,10985"
    PERL_CR_SMOKER_CURRENT="Lorem-0.16-withoutworldwriteables"
    PERL_EXTUTILS_AUTOINSTALL="--defaultdeps"
    PERL_MM_USE_DEFAULT="1"
  @INC:
    /home/trushel/perl/perl5142/lib/site_perl/5.14.2/x86_64-linux
    /home/trushel/perl/perl5142/lib/site_perl/5.14.2
    /home/trushel/perl/perl5142/lib/5.14.2/x86_64-linux
    /home/trushel/perl/perl5142/lib/5.14.2
    .