XML-LibXML v2.0210 Perl 5 v5.38.0 x86_64-linux

Status
Fail
From
David Cantrell (DCANTRELL)
Dist
XML-LibXML v2.0210
Platform
Perl 5 v5.38.0 x86_64-linux
Date
2024-01-25 02:47:28
ID
141e9ab0-bb2c-11ee-b36d-4fe9c58f1e51
This distribution has been tested as part of the CPAN Testers
project, supporting the Perl programming language.  See
http://wiki.cpantesters.org/ for more information or email
questions to cpan-testers-discuss@perl.org


--
Dear Shlomi Fish,

This is a computer-generated report for XML-LibXML-2.0210
on perl 5.38.0, created by CPAN-Reporter-1.2019.

Thank you for uploading your work to CPAN.  However, there was a problem
testing your distribution.

If you think this report is invalid, please consult the CPAN Testers Wiki
for suggestions on how to avoid getting FAIL reports for missing library
or binary dependencies, unsupported operating systems, and so on:

http://wiki.cpantesters.org/wiki/CPANAuthorNotes

Sections of this report:

    * Tester comments
    * Program output
    * Prerequisites
    * Environment and other context

------------------------------
TESTER COMMENTS
------------------------------

Additional comments from tester:

this report is from an automated smoke testing program
and was not reviewed by a human for accuracy

------------------------------
PROGRAM OUTPUT
------------------------------

Output from '/usr/bin/make test':

"/home/david/cpantesting/perl-5.38.0-NO_TAINT/bin/perl" -MExtUtils::Command::MM -e 'cp_nonempty' -- LibXML.bs blib/arch/auto/XML/LibXML/LibXML.bs 644
PERL_DL_NONLAZY=1 "/home/david/cpantesting/perl-5.38.0-NO_TAINT/bin/perl" "-MExtUtils::Command::MM" "-MTest::Harness" "-e" "undef *Test::Harness::Switches; test_harness(0, 'blib/lib', 'blib/arch')" t/*.t
# 
# Versions for all modules listed in MYMETA.json (including optional ones):
# 
# === Configure Requires ===
# 
#     Module               Want     Have
#     -------------------- ---- --------
#     Alien::Base::Wrapper  any     2.80
#     Alien::Libxml2       0.14     0.19
#     Config                any 5.038000
#     ExtUtils::MakeMaker   any     7.70
# 
# === Build Requires ===
# 
#     Module              Want Have
#     ------------------- ---- ----
#     ExtUtils::MakeMaker  any 7.70
# 
# === Test Requires ===
# 
#     Module       Want     Have
#     ------------ ---- --------
#     Config        any 5.038000
#     Errno         any     1.37
#     IO::File      any     1.52
#     IO::Handle    any     1.52
#     POSIX         any     2.13
#     Scalar::Util  any     1.63
#     Test::More    any 1.302194
#     locale        any     1.10
#     utf8          any     1.25
# 
# === Runtime Requires ===
# 
#     Module                    Want  Have
#     ------------------------- ---- -----
#     Carp                       any  1.54
#     DynaLoader                 any  1.54
#     Encode                     any  3.19
#     Exporter                  5.57  5.77
#     IO::Handle                 any  1.52
#     Scalar::Util               any  1.63
#     Tie::Hash                  any  1.06
#     XML::NamespaceSupport     1.07  1.12
#     XML::SAX                  0.11  1.02
#     XML::SAX::Base             any  1.09
#     XML::SAX::DocumentLocator  any undef
#     XML::SAX::Exception        any  1.09
#     base                       any  2.27
#     constant                   any  1.33
#     overload                   any  1.37
#     parent                     any 0.241
#     strict                     any  1.12
#     vars                       any  1.05
#     warnings                   any  1.65
# 
t/00-report-prereqs.t .............................. ok
# 
# 
# Compiled against libxml2 version: 20914
# Running libxml2 version:          20914
# 
t/01basic.t ........................................ ok
t/02parse.t ........................................ ok
t/03doc.t .......................................... ok
t/04node.t ......................................... ok
t/05text.t ......................................... ok
t/06elements.t ..................................... ok
t/07dtd.t .......................................... ok
t/08findnodes.t .................................... ok
t/09xpath.t ........................................ ok
t/10ns.t ........................................... ok
t/11memory.t ....................................... skipped: These tests are for authors only!
t/12html.t ......................................... ok
t/13dtd.t .......................................... ok
t/14sax.t .......................................... ok
t/15nodelist.t ..................................... ok
t/16docnodes.t ..................................... ok
t/17callbacks.t .................................... ok
t/18docfree.t ...................................... ok
t/19die_on_invalid_utf8_rt_58848.t ................. ok
t/19encoding.t ..................................... ok
t/20extras.t ....................................... ok
t/21catalog.t ...................................... ok
t/23rawfunctions.t ................................. ok
t/24c14n.t ......................................... ok
t/25relaxng.t ...................................... ok
t/26schema.t ....................................... ok
t/27new_callbacks_simple.t ......................... ok
t/28new_callbacks_multiple.t ....................... ok
t/29id.t ........................................... ok
t/30keep_blanks.t .................................. ok
t/30xpathcontext.t ................................. ok
t/31xpc_functions.t ................................ ok
t/32xpc_variables.t ................................ ok
t/35huge_mode.t .................................... ok
t/40reader.t ....................................... ok
t/40reader_mem_error.t ............................. ok
t/41xinclude.t ..................................... ok
t/42common.t ....................................... ok
t/43options.t ...................................... ok
t/44extent.t ....................................... ok
t/45regex.t ........................................ ok
t/46err_column.t ................................... ok
t/47load_xml_callbacks.t ........................... ok
t/48_gh_pr63_detect_undef_values.t ................. ok
t/48_memleak_rt_83744.t ............................ ok
t/48_reader_undef_warning_on_empty_str_rt106830.t .. ok
t/48_removeChild_crashes_rt_80395.t ................ ok
t/48_replaceNode_DTD_nodes_rT_80521.t .............. ok
t/48_RH5_double_free_rt83779.t ..................... ok
t/48_rt123379_setNamespace.t ....................... ok
t/48_rt55000.t ..................................... ok
t/48_rt93429_recover_2_in_html_parsing.t ........... ok
t/48_SAX_Builder_rt_91433.t ........................ ok
t/48importing_nodes_IDs_rt_69520.t ................. ok
t/49_load_html.t ................................... ok
t/49callbacks_returning_undef.t .................... ok
t/49global_extent.t ................................ ok
t/50devel.t ........................................ ok
t/51_parse_html_string_rt87089.t ................... ok
t/60error_prev_chain.t ............................. ok
t/60struct_error.t ................................. ok
t/61error.t ........................................ ok
t/62overload.t ..................................... ok
t/71overloads.t .................................... ok
t/72destruction.t .................................. ok
t/80registryleak.t ................................. ok
t/90shared_clone_failed_rt_91800.t ................. skipped: no ithreads in this Perl
t/90stack.t ........................................ ok
t/90threads.t ...................................... skipped: no ithreads in this Perl
t/91unique_key.t ................................... ok
t/cpan-changes.t ................................... skipped: These tests are for authors only!
t/namespace-magic-scalar-rt144415.t ................ ok
t/pod-files-presence.t ............................. skipped: only for AUTHORS
This perl was compiled without taint support. Cowardly refusing to run with -t or -T flags.
t/pod.t ............................................ 
Dubious, test returned 29 (wstat 7424, 0x1d00)
No subtests run 
t/release-kwalitee.t ............................... skipped: These tests are for authors only!
t/style-trailing-space.t ........................... skipped: These tests are for authors only!

Test Summary Report
-------------------
t/pod.t                                          (Wstat: 7424 (exited 29) Tests: 0 Failed: 0)
  Non-zero exit status: 29
  Parse errors: No plan found in TAP output
Files=77, Tests=2547,  7 wallclock secs ( 0.29 usr  0.13 sys +  5.70 cusr  0.97 csys =  7.09 CPU)
Result: FAIL
Failed 1/77 test programs. 0/2547 subtests failed.
make: *** [Makefile:1329: test_dynamic] Error 255

------------------------------
PREREQUISITES
------------------------------

Prerequisite modules loaded:

requires:

    Module                    Need     Have    
    ------------------------- -------- --------
    base                      0        2.27    
    Carp                      0        1.54    
    constant                  0        1.33    
    DynaLoader                0        1.54    
    Encode                    0        3.19    
    Exporter                  5.57     5.77    
    IO::Handle                0        1.52    
    overload                  0        1.37    
    parent                    0        0.241   
    perl                      5.008001 5.038000
    Scalar::Util              0        1.63    
    strict                    0        1.12    
    Tie::Hash                 0        1.06    
    vars                      0        1.05    
    warnings                  0        1.65    
    XML::NamespaceSupport     1.07     1.12    
    XML::SAX                  0.11     1.02    
    XML::SAX::Base            0        1.09    
    XML::SAX::DocumentLocator 0        0       
    XML::SAX::Exception       0        1.09    

build_requires:

    Module                    Need     Have    
    ------------------------- -------- --------
    Config                    0        5.038000
    Errno                     0        1.37    
    ExtUtils::MakeMaker       0        7.70    
    IO::File                  0        1.52    
    IO::Handle                0        1.52    
    locale                    0        1.10    
    POSIX                     0        2.13    
    Scalar::Util              0        1.63    
    Test::More                0        1.302194
    utf8                      0        1.25    

configure_requires:

    Module                    Need     Have    
    ------------------------- -------- --------
    Alien::Base::Wrapper      0        2.80    
    Alien::Libxml2            0.14     0.19    
    Config                    0        5.038000
    ExtUtils::MakeMaker       0        7.70    


------------------------------
ENVIRONMENT AND OTHER CONTEXT
------------------------------

Environment variables:

    AUTOMATED_TESTING = 1
    LANG = en_GB.UTF-8
    LANGUAGE = en_GB:en
    LC_TERMINAL = iTerm2
    LC_TERMINAL_VERSION = 3.4.23
    NONINTERACTIVE_TESTING = 1
    PATH = /home/david/.nvm/versions/node/v20.10.0/bin:/home/david/.cargo/bin:/home/david/perl5/perlbrew/bin:/home/david/perl5/perlbrew/perls/perl-5.30.2/bin:/home/david/bin:/usr/local/bin:/usr/bin:/bin:/usr/local/games:/usr/games
    PERL = 5.38.0-NO_TAINT
    PERL5LIB = 
    PERL5OPT = 
    PERL5_CPANPLUS_IS_RUNNING = 760501
    PERL5_CPAN_IS_RUNNING = 760501
    PERLBREW_HOME = /home/david/.perlbrew
    PERLBREW_MANPATH = /home/david/perl5/perlbrew/perls/perl-5.30.2/man
    PERLBREW_PATH = /home/david/perl5/perlbrew/bin:/home/david/perl5/perlbrew/perls/perl-5.30.2/bin
    PERLBREW_PERL = perl-5.30.2
    PERLBREW_ROOT = /home/david/perl5/perlbrew
    PERLBREW_SHELLRC_VERSION = 0.98
    PERLBREW_VERSION = 0.98
    PERLVER = 5.38.0-NO_TAINT
    PERL_INLINE_DIRECTORY = /home/david/.Inline-5.38.0-NO_TAINT
    PERL_MM_USE_DEFAULT = 1
    PERL_USE_UNSAFE_INC = 0
    SHELL = /bin/bash
    TERM = screen

Perl special variables (and OS-specific diagnostics, for MSWin32):

    $^X = /home/david/cpantesting/perl-5.38.0-NO_TAINT/bin/perl
    $UID/$EUID = 1000 / 1000
    $GID = 1000 24 25 27 29 30 44 46 109 1000
    $EGID = 1000 24 25 27 29 30 44 46 109 1000

Perl module toolchain versions installed:

    Module              Have    
    ------------------- --------
    CPAN                2.36    
    CPAN::Meta          2.150010
    Cwd                 3.89    
    ExtUtils::CBuilder  0.280238
    ExtUtils::Command   7.70    
    ExtUtils::Install   2.22    
    ExtUtils::MakeMaker 7.70    
    ExtUtils::Manifest  1.75    
    ExtUtils::ParseXS   3.51    
    File::Spec          3.88    
    JSON                4.10    
    JSON::PP            4.16    
    Module::Build       0.4234  
    Module::Signature   n/a     
    Parse::CPAN::Meta   2.150010
    Test2               1.302194
    Test::Harness       3.44    
    Test::More          1.302194
    YAML                1.30    
    YAML::Syck          n/a     
    version             0.9929  


--

Summary of my perl5 (revision 5 version 38 subversion 0) configuration:
   
  Platform:
    osname=linux
    osvers=5.10.0-11-amd64
    archname=x86_64-linux
    uname='linux cpantesting-linux 5.10.0-11-amd64 #1 smp debian 5.10.92-1 (2022-01-18) x86_64 gnulinux '
    config_args='-de -Dprefix=/home/david/cpantesting/perl-5.38.0-NO_TAINT -Accflags=-DNO_TAINT_SUPPORT'
    hint=recommended
    useposix=true
    d_sigaction=define
    useithreads=undef
    usemultiplicity=undef
    use64bitint=define
    use64bitall=define
    uselongdouble=undef
    usemymalloc=n
    default_inc_excludes_dot=define
  Compiler:
    cc='cc'
    ccflags ='-DNO_TAINT_SUPPORT -fwrapv -fno-strict-aliasing -pipe -fstack-protector-strong -I/usr/local/include -D_LARGEFILE_SOURCE -D_FILE_OFFSET_BITS=64 -D_FORTIFY_SOURCE=2'
    optimize='-O2'
    cppflags='-DNO_TAINT_SUPPORT -fwrapv -fno-strict-aliasing -pipe -fstack-protector-strong -I/usr/local/include'
    ccversion=''
    gccversion='10.2.1 20210110'
    gccosandvers=''
    intsize=4
    longsize=8
    ptrsize=8
    doublesize=8
    byteorder=12345678
    doublekind=3
    d_longlong=define
    longlongsize=8
    d_longdbl=define
    longdblsize=16
    longdblkind=3
    ivtype='long'
    ivsize=8
    nvtype='double'
    nvsize=8
    Off_t='off_t'
    lseeksize=8
    alignbytes=8
    prototype=define
  Linker and Libraries:
    ld='cc'
    ldflags =' -fstack-protector-strong -L/usr/local/lib'
    libpth=/usr/local/lib /usr/lib/x86_64-linux-gnu /usr/lib /usr/lib64
    libs=-lpthread -ldl -lm -lcrypt -lutil -lc
    perllibs=-lpthread -ldl -lm -lcrypt -lutil -lc
    libc=libc-2.31.so
    so=so
    useshrplib=false
    libperl=libperl.a
    gnulibc_version='2.31'
  Dynamic Linking:
    dlsrc=dl_dlopen.xs
    dlext=so
    d_dlsymun=undef
    ccdlflags='-Wl,-E'
    cccdlflags='-fPIC'
    lddlflags='-shared -O2 -L/usr/local/lib -fstack-protector-strong'


Characteristics of this binary (from libperl): 
  Compile-time options:
    HAS_LONG_DOUBLE
    HAS_STRTOLD
    HAS_TIMES
    NO_TAINT_SUPPORT
    PERLIO_LAYERS
    PERL_COPY_ON_WRITE
    PERL_DONT_CREATE_GVSV
    PERL_HASH_FUNC_SIPHASH13
    PERL_HASH_USE_SBOX32
    PERL_MALLOC_WRAP
    PERL_OP_PARENT
    PERL_PRESERVE_IVUV
    PERL_USE_SAFE_PUTENV
    USE_64_BIT_ALL
    USE_64_BIT_INT
    USE_LARGE_FILES
    USE_LOCALE
    USE_LOCALE_COLLATE
    USE_LOCALE_CTYPE
    USE_LOCALE_NUMERIC
    USE_LOCALE_TIME
    USE_PERLIO
    USE_PERL_ATOF
  Built under linux
  Compiled at Jul  4 2023 13:38:41
  %ENV:
    PERL="5.38.0-NO_TAINT"
    PERL5LIB=""
    PERL5OPT=""
    PERL5_CPANPLUS_IS_RUNNING="760501"
    PERL5_CPAN_IS_RUNNING="760501"
    PERLBREW_HOME="/home/david/.perlbrew"
    PERLBREW_MANPATH="/home/david/perl5/perlbrew/perls/perl-5.30.2/man"
    PERLBREW_PATH="/home/david/perl5/perlbrew/bin:/home/david/perl5/perlbrew/perls/perl-5.30.2/bin"
    PERLBREW_PERL="perl-5.30.2"
    PERLBREW_ROOT="/home/david/perl5/perlbrew"
    PERLBREW_SHELLRC_VERSION="0.98"
    PERLBREW_VERSION="0.98"
    PERLVER="5.38.0-NO_TAINT"
    PERL_INLINE_DIRECTORY="/home/david/.Inline-5.38.0-NO_TAINT"
    PERL_MM_USE_DEFAULT="1"
    PERL_USE_UNSAFE_INC="0"
  @INC:
    /home/david/cpantesting/perl-5.38.0-NO_TAINT/lib/site_perl/5.38.0/x86_64-linux
    /home/david/cpantesting/perl-5.38.0-NO_TAINT/lib/site_perl/5.38.0
    /home/david/cpantesting/perl-5.38.0-NO_TAINT/lib/5.38.0/x86_64-linux
    /home/david/cpantesting/perl-5.38.0-NO_TAINT/lib/5.38.0