Report for Module-Starter-Plugin-CGIApp-0.42

Back
From: metabase:user:320bfe00-2aae-11df-837a-5e0a49663a4f
Subject: FAIL Module-Starter-Plugin-CGIApp-0.42 v5.21.9 GNU/Linux
Date: 2015-01-23T01:49:32Z

This distribution has been tested as part of the CPAN Testers
project, supporting the Perl programming language.  See
http://wiki.cpantesters.org/ for more information or email
questions to cpan-testers-discuss@perl.org


--
Dear Jaldhar H. Vyas,

This is a computer-generated report for Module-Starter-Plugin-CGIApp-0.42
on perl 5.21.9, created by CPAN-Reporter-1.2011.

Thank you for uploading your work to CPAN.  However, there was a problem
testing your distribution.

If you think this report is invalid, please consult the CPAN Testers Wiki
for suggestions on how to avoid getting FAIL reports for missing library
or binary dependencies, unsupported operating systems, and so on:

http://wiki.cpantesters.org/wiki/CPANAuthorNotes

Sections of this report:

    * Tester comments
    * Program output
    * Prerequisites
    * Environment and other context

------------------------------
TESTER COMMENTS
------------------------------

Additional comments from tester:

this report is from an automated smoke testing program
and was not reviewed by a human for accuracy

------------------------------
PROGRAM OUTPUT
------------------------------

Output from './Build test':

t/00-signature.t ........ skipped: Set the environment variable TEST_SIGNATURE to enable this test.
# Testing Module::Starter::Plugin::CGIApp 0.41, Perl 5.021009, /tmp/basesmoker-reloperl-MbFc/bin/perl
t/01-load.t ............. ok
Can't create /tmp/loop_over_bdir-14314-0xDREI/Module-Starter-Plugin-CGIApp-0.42-eG0msa/t/Example-Dist/01-load.t/#!/usr/bin/perl

# Test to see if the module loads correctly.
use warnings;
use strict;
use Test::More tests => 2;

BEGIN {

    use_ok('Foo::Bar');

    use_ok('Foo::Baz');

}

diag(

    "Testing Foo::Bar $Foo::Bar::VERSION, Perl $], $^X\n",

    "Testing Foo::Baz $Foo::Baz::VERSION, Perl $], $^X\n",

);
: No such file or directory
 at /home/sand/src/perl/repoperls/installed-perls/perl/v5.21.8-35-g7799b1c/127e/lib/site_perl/5.21.9/Module/Starter/Simple.pm line 1551.
	Module::Starter::Simple::create_file(Module::Starter=HASH(0x11bb028), "/tmp/loop_over_bdir-14314-0xDREI/Module-Starter-Plugin-CGIApp"..., undef) called at /home/sand/src/perl/repoperls/installed-perls/perl/v5.21.8-35-g7799b1c/127e/lib/site_perl/5.21.9/Module/Starter/Simple.pm line 1258
	Module::Starter::Simple::_create_t(Module::Starter=HASH(0x11bb028), "01-load.t", "#!/usr/bin/perl\x{a}\x{a}# Test to see if the module loads correctly."...) called at /tmp/loop_over_bdir-14314-0xDREI/Module-Starter-Plugin-CGIApp-0.42-eG0msa/blib/lib/Module/Starter/Plugin/CGIApp.pm line 266
	Module::Starter::Plugin::CGIApp::create_t(Module::Starter=HASH(0x11bb028), "Foo::Bar", "Foo::Baz") called at /tmp/loop_over_bdir-14314-0xDREI/Module-Starter-Plugin-CGIApp-0.42-eG0msa/blib/lib/Module/Starter/Plugin/CGIApp.pm line 127
	Module::Starter::Plugin::CGIApp::create_distro("Module::Starter", "distro", "Example-Dist", "modules", ARRAY(0x11bac98), "dir", "/tmp/loop_over_bdir-14314-0xDREI/Module-Starter-Plugin-CGIApp"..., "author", "Jaldhar H. Vyas", ...) called at t/common.pm line 106
	common::run_tests("eumm") called at t/extutils-makemaker.t line 9
t/extutils-makemaker.t .. 
Dubious, test returned 2 (wstat 512, 0x200)
No subtests run 
Can't create /tmp/loop_over_bdir-14314-0xDREI/Module-Starter-Plugin-CGIApp-0.42-eG0msa/t/Example-Dist/test-app.t/#!/usr/bin/perl

# Test application functionality
use strict;
use warnings;
use Test::More tests => 1;
use Test::WWW::Mechanize::CGIApp;
use Foo::Bar;

my $mech = Test::WWW::Mechanize::CGIApp->new;

$mech->app(
    sub {
        my $app = Foo::Bar->new(PARAMS => {

        });
        $app->run();
    }
);

$mech->get_ok(q{/});

: No such file or directory
 at /home/sand/src/perl/repoperls/installed-perls/perl/v5.21.8-35-g7799b1c/127e/lib/site_perl/5.21.9/Module/Starter/Simple.pm line 1551.
	Module::Starter::Simple::create_file(Module::Starter=HASH(0xcf60c0), "/tmp/loop_over_bdir-14314-0xDREI/Module-Starter-Plugin-CGIApp"..., undef) called at /home/sand/src/perl/repoperls/installed-perls/perl/v5.21.8-35-g7799b1c/127e/lib/site_perl/5.21.9/Module/Starter/Simple.pm line 1258
	Module::Starter::Simple::_create_t(Module::Starter=HASH(0xcf60c0), "test-app.t", "#!/usr/bin/perl\x{a}\x{a}# Test application functionality\x{a}use strict;"...) called at /tmp/loop_over_bdir-14314-0xDREI/Module-Starter-Plugin-CGIApp-0.42-eG0msa/blib/lib/Module/Starter/Plugin/CGIApp.pm line 266
	Module::Starter::Plugin::CGIApp::create_t(Module::Starter=HASH(0xcf60c0), "Foo::Bar", "Foo::Baz") called at /tmp/loop_over_bdir-14314-0xDREI/Module-Starter-Plugin-CGIApp-0.42-eG0msa/blib/lib/Module/Starter/Plugin/CGIApp.pm line 127
	Module::Starter::Plugin::CGIApp::create_distro("Module::Starter", "distro", "Example-Dist", "modules", ARRAY(0xd3fbe8), "dir", "/tmp/loop_over_bdir-14314-0xDREI/Module-Starter-Plugin-CGIApp"..., "author", "Jaldhar H. Vyas", ...) called at t/common.pm line 106
	common::run_tests("mb") called at t/module-build.t line 9
t/module-build.t ........ 
Dubious, test returned 2 (wstat 512, 0x200)
No subtests run 
Can't create /tmp/loop_over_bdir-14314-0xDREI/Module-Starter-Plugin-CGIApp-0.42-eG0msa/t/Example-Dist/01-load.t/#!/usr/bin/perl

# Test to see if the module loads correctly.
use warnings;
use strict;
use Test::More tests => 2;

BEGIN {

    use_ok('Foo::Bar');

    use_ok('Foo::Baz');

}

diag(

    "Testing Foo::Bar $Foo::Bar::VERSION, Perl $], $^X\n",

    "Testing Foo::Baz $Foo::Baz::VERSION, Perl $], $^X\n",

);
: No such file or directory
 at /home/sand/src/perl/repoperls/installed-perls/perl/v5.21.8-35-g7799b1c/127e/lib/site_perl/5.21.9/Module/Starter/Simple.pm line 1551.
	Module::Starter::Simple::create_file(Module::Starter=HASH(0x1fc20c0), "/tmp/loop_over_bdir-14314-0xDREI/Module-Starter-Plugin-CGIApp"..., undef) called at /home/sand/src/perl/repoperls/installed-perls/perl/v5.21.8-35-g7799b1c/127e/lib/site_perl/5.21.9/Module/Starter/Simple.pm line 1258
	Module::Starter::Simple::_create_t(Module::Starter=HASH(0x1fc20c0), "01-load.t", "#!/usr/bin/perl\x{a}\x{a}# Test to see if the module loads correctly."...) called at /tmp/loop_over_bdir-14314-0xDREI/Module-Starter-Plugin-CGIApp-0.42-eG0msa/blib/lib/Module/Starter/Plugin/CGIApp.pm line 266
	Module::Starter::Plugin::CGIApp::create_t(Module::Starter=HASH(0x1fc20c0), "Foo::Bar", "Foo::Baz") called at /tmp/loop_over_bdir-14314-0xDREI/Module-Starter-Plugin-CGIApp-0.42-eG0msa/blib/lib/Module/Starter/Plugin/CGIApp.pm line 127
	Module::Starter::Plugin::CGIApp::create_distro("Module::Starter", "distro", "Example-Dist", "modules", ARRAY(0x200bbe8), "dir", "/tmp/loop_over_bdir-14314-0xDREI/Module-Starter-Plugin-CGIApp"..., "author", "Jaldhar H. Vyas", ...) called at t/common.pm line 106
	common::run_tests("mi") called at t/module-install.t line 9
t/module-install.t ...... 
Dubious, test returned 2 (wstat 512, 0x200)
No subtests run 

Test Summary Report
-------------------
t/extutils-makemaker.t (Wstat: 512 Tests: 0 Failed: 0)
  Non-zero exit status: 2
  Parse errors: No plan found in TAP output
t/module-build.t      (Wstat: 512 Tests: 0 Failed: 0)
  Non-zero exit status: 2
  Parse errors: No plan found in TAP output
t/module-install.t    (Wstat: 512 Tests: 0 Failed: 0)
  Non-zero exit status: 2
  Parse errors: No plan found in TAP output
Files=5, Tests=1,  0 wallclock secs ( 0.03 usr  0.01 sys +  0.51 cusr  0.04 csys =  0.59 CPU)
Result: FAIL
Failed 3/5 test programs. 0/1 subtests failed.

------------------------------
PREREQUISITES
------------------------------

Prerequisite modules loaded:

requires:

    Module                Need  Have        
    --------------------- ----- ------------
    File::ShareDir        1.00  1.102       
    HTML::Template        0     2.95        
    Module::Starter       0     1.70        
    perl                  5.008 5.021009    

build_requires:

    Module                Need  Have        
    --------------------- ----- ------------
    File::Copy::Recursive 0     0.38        
    File::DirCompare      0     0.7         
    Test::MockTime        0     0.13        
    Test::More            0     1.301001_097
    Time::Piece           1.12  1.29        

configure_requires:

    Module                Need  Have        
    --------------------- ----- ------------
    Module::Build         0.38  0.4211      


------------------------------
ENVIRONMENT AND OTHER CONTEXT
------------------------------

Environment variables:

    AUTOMATED_TESTING = 1
    LANG = en_US.UTF-8
    LANGUAGE = en_US:en
    PATH = /home/sand/bin:/usr/local/bin:/usr/bin:/bin:/usr/games:/usr/local/perl/bin:/usr/X11/bin:/sbin:/usr/sbin
    PERL5LIB = /tmp/loop_over_bdir-14314-0xDREI/FusionInventory-Agent-2.3.15-cG9Y3F/blib/arch:/tmp/loop_over_bdir-14314-0xDREI/FusionInventory-Agent-2.3.15-cG9Y3F/blib/lib
    PERL5OPT = 
    PERL5_CPANPLUS_IS_RUNNING = 25277
    PERL5_CPAN_IS_RUNNING = 25277
    PERL_MM_USE_DEFAULT = 1
    SHELL = /usr/bin/zsh
    TERM = screen

Perl special variables (and OS-specific diagnostics, for MSWin32):

    $^X = /tmp/basesmoker-reloperl-MbFc/bin/perl
    $UID/$EUID = 1005 / 1005
    $GID = 1005 1005
    $EGID = 1005 1005

Perl module toolchain versions installed:

    Module              Have        
    ------------------- ------------
    CPAN                2.05        
    CPAN::Meta          2.143240    
    Cwd                 3.54        
    ExtUtils::CBuilder  0.280221    
    ExtUtils::Command   1.20        
    ExtUtils::Install   2.04        
    ExtUtils::MakeMaker 7.04        
    ExtUtils::Manifest  1.70        
    ExtUtils::ParseXS   3.27        
    File::Spec          3.53        
    JSON                2.90        
    JSON::PP            2.27300     
    Module::Build       0.4211      
    Module::Signature   0.73        
    Parse::CPAN::Meta   1.4414      
    Test::Harness       3.35        
    Test::More          1.301001_097
    YAML                1.14        
    YAML::Syck          1.29        
    version             0.9912      


--

Summary of my perl5 (revision 5 version 21 subversion 9) configuration:
  Commit id: 7799b1c95519329671bb8076d40c278d03d14b0a
  Platform:
    osname=linux, osvers=3.16.0-4-amd64, archname=x86_64-linux-ld
    uname='linux k83 3.16.0-4-amd64 #1 smp debian 3.16.7-ckt2-1 (2014-12-08) x86_64 gnulinux '
    config_args='-Dprefix=/home/sand/src/perl/repoperls/installed-perls/perl/v5.21.8-35-g7799b1c/127e -Dmyhostname=k83 -Dinstallusrbinperl=n -Uversiononly -Dusedevel -des -Ui_db -Uuseithreads -Duselongdouble -DDEBUGGING=-g'
    hint=recommended, useposix=true, d_sigaction=define
    useithreads=undef, usemultiplicity=undef
    use64bitint=define, use64bitall=define, uselongdouble=define
    usemymalloc=n, bincompat5005=undef
  Compiler:
    cc='cc', ccflags ='-fwrapv -fno-strict-aliasing -pipe -fstack-protector-strong -I/usr/local/include -D_LARGEFILE_SOURCE -D_FILE_OFFSET_BITS=64 -D_FORTIFY_SOURCE=2',
    optimize='-O2 -g',
    cppflags='-fwrapv -fno-strict-aliasing -pipe -fstack-protector-strong -I/usr/local/include'
    ccversion='', gccversion='4.9.2', gccosandvers=''
    intsize=4, longsize=8, ptrsize=8, doublesize=8, byteorder=12345678, doublekind=3
    d_longlong=define, longlongsize=8, d_longdbl=define, longdblsize=16, longdblkind=3
    ivtype='long', ivsize=8, nvtype='long double', nvsize=16, Off_t='off_t', lseeksize=8
    alignbytes=16, prototype=define
  Linker and Libraries:
    ld='cc', ldflags =' -fstack-protector-strong -L/usr/local/lib'
    libpth=/usr/local/lib /usr/lib/gcc/x86_64-linux-gnu/4.9/include-fixed /usr/include/x86_64-linux-gnu /usr/lib /lib/x86_64-linux-gnu /lib/../lib /usr/lib/x86_64-linux-gnu /usr/lib/../lib /lib
    libs=-lpthread -lnsl -lgdbm -ldb -ldl -lm -lcrypt -lutil -lc -lgdbm_compat
    perllibs=-lpthread -lnsl -ldl -lm -lcrypt -lutil -lc
    libc=libc-2.19.so, so=so, useshrplib=false, libperl=libperl.a
    gnulibc_version='2.19'
  Dynamic Linking:
    dlsrc=dl_dlopen.xs, dlext=so, d_dlsymun=undef, ccdlflags='-Wl,-E'
    cccdlflags='-fPIC', lddlflags='-shared -O2 -g -L/usr/local/lib -fstack-protector-strong'


Characteristics of this binary (from libperl): 
  Compile-time options: HAS_TIMES PERLIO_LAYERS PERL_DONT_CREATE_GVSV
                        PERL_HASH_FUNC_ONE_AT_A_TIME_HARD PERL_MALLOC_WRAP
                        PERL_NEW_COPY_ON_WRITE PERL_PRESERVE_IVUV
                        PERL_USE_DEVEL USE_64_BIT_ALL USE_64_BIT_INT
                        USE_LARGE_FILES USE_LOCALE USE_LOCALE_COLLATE
                        USE_LOCALE_CTYPE USE_LOCALE_NUMERIC USE_LOCALE_TIME
                        USE_LONG_DOUBLE USE_PERLIO USE_PERL_ATOF
  Built under linux
  Compiled at Jan 22 2015 07:09:43
  %ENV:
    PERL5LIB="/tmp/loop_over_bdir-14314-0xDREI/FusionInventory-Agent-2.3.15-cG9Y3F/blib/arch:/tmp/loop_over_bdir-14314-0xDREI/FusionInventory-Agent-2.3.15-cG9Y3F/blib/lib"
    PERL5OPT=""
    PERL5_CPANPLUS_IS_RUNNING="25277"
    PERL5_CPAN_IS_RUNNING="25277"
    PERL_MM_USE_DEFAULT="1"
  @INC:
    /tmp/loop_over_bdir-14314-0xDREI/FusionInventory-Agent-2.3.15-cG9Y3F/blib/arch
    /tmp/loop_over_bdir-14314-0xDREI/FusionInventory-Agent-2.3.15-cG9Y3F/blib/lib
    /home/sand/src/perl/repoperls/installed-perls/perl/v5.21.8-35-g7799b1c/127e/lib/site_perl/5.21.9/x86_64-linux-ld
    /home/sand/src/perl/repoperls/installed-perls/perl/v5.21.8-35-g7799b1c/127e/lib/site_perl/5.21.9
    /home/sand/src/perl/repoperls/installed-perls/perl/v5.21.8-35-g7799b1c/127e/lib/5.21.9/x86_64-linux-ld
    /home/sand/src/perl/repoperls/installed-perls/perl/v5.21.8-35-g7799b1c/127e/lib/5.21.9
    .