Report for POE-Component-Client-SMTP-0.22

Back
From: metabase:user:3143a46e-bb30-11e0-8dd5-45d7e6fb0a34
Subject: FAIL POE-Component-Client-SMTP-0.22 v5.12.3 GNU/Linux
Date: 2011-08-21T05:19:00Z

This distribution has been tested as part of the CPAN Testers
project, supporting the Perl programming language.  See
http://wiki.cpantesters.org/ for more information or email
questions to cpan-testers-discuss@perl.org


--
Dear George Nistorica,

This is a computer-generated report for POE-Component-Client-SMTP-0.22
on perl 5.12.3, created by CPAN-Reporter-1.2001.

Thank you for uploading your work to CPAN.  However, there was a problem
testing your distribution.

If you think this report is invalid, please consult the CPAN Testers Wiki
for suggestions on how to avoid getting FAIL reports for missing library
or binary dependencies, unsupported operating systems, and so on:

http://wiki.cpantesters.org/wiki/CPANAuthorNotes

Sections of this report:

    * Tester comments
    * Program output
    * Prerequisites
    * Environment and other context

------------------------------
TESTER COMMENTS
------------------------------

Additional comments from tester:

this report is from an automated smoke testing program
and was not reviewed by a human for accuracy

------------------------------
PROGRAM OUTPUT
------------------------------

Output from './Build test':

# Testing POE::Component::Client::SMTP 0.22, Perl 5.012003, /usr/bin/perl
t/00-load.t ......................... ok
ClientFilter ignored with ClientInputFilter and ClientOutputFilter at t/010-send-simple.t line 58
t/010-send-simple.t ................. ok
ClientFilter ignored with ClientInputFilter and ClientOutputFilter at t/015-receive-5XY-code.t line 59
t/015-receive-5XY-code.t ............ ok
ClientFilter ignored with ClientInputFilter and ClientOutputFilter at t/015-receive-DATA-5XY-code.t line 59
t/015-receive-DATA-5XY-code.t ....... ok
ClientFilter ignored with ClientInputFilter and ClientOutputFilter at t/017-unknown-code.t line 60
t/017-unknown-code.t ................ ok
t/018-consolidated_error_message.t .. ok
ClientFilter ignored with ClientInputFilter and ClientOutputFilter at t/020-send-using-all-params.t line 59
# All Params
t/020-send-using-all-params.t ....... ok
ClientFilter ignored with ClientInputFilter and ClientOutputFilter at t/025-timeout.t line 29
t/025-timeout.t ..................... ok
ClientFilter ignored with ClientInputFilter and ClientOutputFilter at t/030-auth-plain1.t line 77
What the hell! Wrong host/HASH(0x1209720) at t/030-auth-plain1.t line 306.

#   Failed test 'Wrong host'
#   at t/030-auth-plain1.t line 111.
#          got: '0'
#     expected: '1'
# Test PLAIN AUTH
# Looks like you failed 1 test of 13.
t/030-auth-plain1.t ................. 
Dubious, test returned 1 (wstat 256, 0x100)
Failed 1/13 subtests 
Possible attempt to separate words with commas at t/040-transaction-log.t line 47.
ClientFilter ignored with ClientInputFilter and ClientOutputFilter at t/040-transaction-log.t line 71
t/040-transaction-log.t ............. ok
ClientFilter ignored with ClientInputFilter and ClientOutputFilter at t/045-messagefile-filehandle.t line 68
t/045-messagefile-filehandle.t ...... ok
ClientFilter ignored with ClientInputFilter and ClientOutputFilter at t/050-send-with-bcc-cc.t line 58
# Send, To, CC, BCC
t/050-send-with-bcc-cc.t ............ ok
ClientFilter ignored with ClientInputFilter and ClientOutputFilter at t/060-send-defaults.t line 75
Use of uninitialized value $state in exists at /usr/lib/perl5/site_perl/5.12.3/POE/Session.pm line 420.
# Defaults
t/060-send-defaults.t ............... ok
ClientFilter ignored with ClientInputFilter and ClientOutputFilter at t/070-test-error-return.t line 59
t/070-test-error-return.t ........... ok
# Testing SMTP Transparency
# using POE::Component::Client::SMTP VERSION: 0.22
Use of uninitialized value $_ in concatenation (.) or string at /usr/lib/perl5/site_perl/5.12.3/POE/Filter/Line.pm line 225.
t/080-transparent.t ................. ok
# Using POE::Component::Client::SMTP version: 0.22
t/085-transparent_file.t ............ ok
# Using POE::Component::Client::SMTP version: 0.22
t/090-server_drops_data.t ........... ok
t/pod-coverage.t .................... ok
t/pod.t ............................. ok

Test Summary Report
-------------------
t/030-auth-plain1.t               (Wstat: 256 Tests: 13 Failed: 1)
  Failed test:  10
  Non-zero exit status: 1
Files=19, Tests=67, 26 wallclock secs ( 0.10 usr  0.07 sys +  1.94 cusr  0.50 csys =  2.61 CPU)
Result: FAIL
Failed 1/19 test programs. 1/67 subtests failed.

------------------------------
PREREQUISITES
------------------------------

Prerequisite modules loaded:

requires:

    Module                         Need Have    
    ------------------------------ ---- --------
    Carp                           0    1.17    
    Data::Dumper                   0    2.131   
    perl                           0    5.012003
    POE                            0.26 1.312   
    POE::Filter::Line              0    1.312   
    POE::Filter::Stream            0    1.312   
    POE::Filter::Transparent::SMTP 0.2  0.2     
    POE::Wheel::ReadWrite          0    1.312   
    POE::Wheel::SocketFactory      0    1.312   
    Socket                         0    1.87_01 
    Symbol                         0    1.07    
    Test::More                     0    0.98    

configure_requires:

    Module                         Need Have    
    ------------------------------ ---- --------
    ExtUtils::MakeMaker            0    6.59    


------------------------------
ENVIRONMENT AND OTHER CONTEXT
------------------------------

Environment variables:

    AUTOMATED_TESTING = 1
    LANG = POSIX
    LC_CTYPE = en_US.UTF-8
    PATH = /sbin:/usr/sbin:/usr/local/sbin:/root/bin:/usr/local/bin:/usr/bin:/bin:/usr/bin/X11:/usr/X11R6/bin:/usr/games:/usr/lib64/jvm/jre/bin
    PERL5LIB = /root/.cpan/build/POE-Filter-Transparent-SMTP-0.2-DwszV4/blib/arch:/root/.cpan/build/POE-Filter-Transparent-SMTP-0.2-DwszV4/blib/lib:/root/.cpan/build/POE-Component-Client-DNS-1.051-akP4lF/blib/arch:/root/.cpan/build/POE-Component-Client-DNS-1.051-akP4lF/blib/lib:/root/.cpan/build/Net-DNS-0.66-4lNx8I/blib/arch:/root/.cpan/build/Net-DNS-0.66-4lNx8I/blib/lib:/root/.cpan/build/Net-IP-1.25-9wLEgk/blib/arch:/root/.cpan/build/Net-IP-1.25-9wLEgk/blib/lib:/root/.cpan/build/POE-Component-Pluggable-1.26-NAnuS5/blib/arch:/root/.cpan/build/POE-Component-Pluggable-1.26-NAnuS5/blib/lib
    PERL5OPT = 
    PERL5_CPANPLUS_IS_RUNNING = 21644
    PERL5_CPAN_IS_RUNNING = 21644
    PERL5_CPAN_IS_RUNNING_IN_RECURSION = 4620,21644
    PERL_CR_SMOKER_CURRENT = POE-Component-Server-SimpleSMTP-1.50
    PERL_EXTUTILS_AUTOINSTALL = --defaultdeps
    PERL_MM_USE_DEFAULT = 1
    SHELL = /bin/bash
    TERM = xterm
    TMPDIR = /tmp

Perl special variables (and OS-specific diagnostics, for MSWin32):

    $^X = /usr/bin/perl
    $UID/$EUID = 0 / 0
    $GID = 0 0
    $EGID = 0 0

Perl module toolchain versions installed:

    Module              Have    
    ------------------- --------
    CPAN                1.9800  
    CPAN::Meta          2.112150
    Cwd                 3.31    
    ExtUtils::CBuilder  0.27    
    ExtUtils::Command   1.16    
    ExtUtils::Install   1.55    
    ExtUtils::MakeMaker 6.59    
    ExtUtils::Manifest  1.58    
    ExtUtils::ParseXS   3.02    
    File::Spec          3.31_01 
    JSON                2.53    
    JSON::PP            2.27104 
    Module::Build       0.3800  
    Module::Signature   0.68    
    Parse::CPAN::Meta   1.4401  
    Test::Harness       3.23    
    Test::More          0.98    
    YAML                0.73    
    YAML::Syck          1.17    
    version             0.88    


--

Summary of my perl5 (revision 5 version 12 subversion 3) configuration:
   
  Platform:
    osname=linux, osvers=2.6.36, archname=x86_64-linux-thread-multi
    uname='linux build33 2.6.36 #1 smp 2011-02-21 10:34:10 +0100 x86_64 x86_64 x86_64 gnulinux '
    config_args='-ds -e -Dprefix=/usr -Dvendorprefix=/usr -Dinstallusrbinperl -Dusethreads -Di_db -Di_dbm -Di_ndbm -Di_gdbm -Duseshrplib=true -Doptimize=-fmessage-length=0 -O2 -Wall -D_FORTIFY_SOURCE=2 -fstack-protector -funwind-tables -fasynchronous-unwind-tables -g -Wall -pipe -Accflags=-DPERL_USE_SAFE_PUTENV'
    hint=recommended, useposix=true, d_sigaction=define
    useithreads=define, usemultiplicity=define
    useperlio=define, d_sfio=undef, uselargefiles=define, usesocks=undef
    use64bitint=define, use64bitall=define, uselongdouble=undef
    usemymalloc=n, bincompat5005=undef
  Compiler:
    cc='cc', ccflags ='-D_REENTRANT -D_GNU_SOURCE -DPERL_USE_SAFE_PUTENV -DDEBUGGING -fno-strict-aliasing -pipe -fstack-protector -D_LARGEFILE_SOURCE -D_FILE_OFFSET_BITS=64',
    optimize='-fmessage-length=0 -O2 -Wall -D_FORTIFY_SOURCE=2 -fstack-protector -funwind-tables -fasynchronous-unwind-tables -g -Wall -pipe',
    cppflags='-D_REENTRANT -D_GNU_SOURCE -DPERL_USE_SAFE_PUTENV -DDEBUGGING -fno-strict-aliasing -pipe -fstack-protector'
    ccversion='', gccversion='4.5.1 20101208 [gcc-4_5-branch revision 167585]', gccosandvers=''
    intsize=4, longsize=8, ptrsize=8, doublesize=8, byteorder=12345678
    d_longlong=define, longlongsize=8, d_longdbl=define, longdblsize=16
    ivtype='long', ivsize=8, nvtype='double', nvsize=8, Off_t='off_t', lseeksize=8
    alignbytes=8, prototype=define
  Linker and Libraries:
    ld='cc', ldflags =' -L/usr/local/lib64 -fstack-protector'
    libpth=/lib64 /usr/lib64 /usr/local/lib64
    libs=-lm -ldl -lcrypt -lpthread
    perllibs=-lm -ldl -lcrypt -lpthread
    libc=/lib64/libc-2.11.3.so, so=so, useshrplib=true, libperl=libperl.so
    gnulibc_version='2.11.3'
  Dynamic Linking:
    dlsrc=dl_dlopen.xs, dlext=so, d_dlsymun=undef, ccdlflags='-Wl,-E -Wl,-rpath,/usr/lib/perl5/5.12.3/x86_64-linux-thread-multi/CORE'
    cccdlflags='-fPIC', lddlflags='-shared -L/usr/local/lib64 -fstack-protector'


Characteristics of this binary (from libperl): 
  Compile-time options: DEBUGGING MULTIPLICITY PERL_DONT_CREATE_GVSV
                        PERL_IMPLICIT_CONTEXT PERL_MALLOC_WRAP
                        PERL_TRACK_MEMPOOL PERL_USE_SAFE_PUTENV
                        USE_64_BIT_ALL USE_64_BIT_INT USE_ITHREADS
                        USE_LARGE_FILES USE_PERLIO USE_PERL_ATOF
                        USE_REENTRANT_API
  Built under linux
  Compiled at May  6 2011 13:34:02
  %ENV:
    PERL5LIB="/root/.cpan/build/POE-Filter-Transparent-SMTP-0.2-DwszV4/blib/arch:/root/.cpan/build/POE-Filter-Transparent-SMTP-0.2-DwszV4/blib/lib:/root/.cpan/build/POE-Component-Client-DNS-1.051-akP4lF/blib/arch:/root/.cpan/build/POE-Component-Client-DNS-1.051-akP4lF/blib/lib:/root/.cpan/build/Net-DNS-0.66-4lNx8I/blib/arch:/root/.cpan/build/Net-DNS-0.66-4lNx8I/blib/lib:/root/.cpan/build/Net-IP-1.25-9wLEgk/blib/arch:/root/.cpan/build/Net-IP-1.25-9wLEgk/blib/lib:/root/.cpan/build/POE-Component-Pluggable-1.26-NAnuS5/blib/arch:/root/.cpan/build/POE-Component-Pluggable-1.26-NAnuS5/blib/lib"
    PERL5OPT=""
    PERL5_CPANPLUS_IS_RUNNING="21644"
    PERL5_CPAN_IS_RUNNING="21644"
    PERL5_CPAN_IS_RUNNING_IN_RECURSION="4620,21644"
    PERL_CR_SMOKER_CURRENT="POE-Component-Server-SimpleSMTP-1.50"
    PERL_EXTUTILS_AUTOINSTALL="--defaultdeps"
    PERL_MM_USE_DEFAULT="1"
  @INC:
    /root/.cpan/build/POE-Filter-Transparent-SMTP-0.2-DwszV4/blib/arch
    /root/.cpan/build/POE-Filter-Transparent-SMTP-0.2-DwszV4/blib/lib
    /root/.cpan/build/POE-Component-Client-DNS-1.051-akP4lF/blib/arch
    /root/.cpan/build/POE-Component-Client-DNS-1.051-akP4lF/blib/lib
    /root/.cpan/build/Net-DNS-0.66-4lNx8I/blib/arch
    /root/.cpan/build/Net-DNS-0.66-4lNx8I/blib/lib
    /root/.cpan/build/Net-IP-1.25-9wLEgk/blib/arch
    /root/.cpan/build/Net-IP-1.25-9wLEgk/blib/lib
    /root/.cpan/build/POE-Component-Pluggable-1.26-NAnuS5/blib/arch
    /root/.cpan/build/POE-Component-Pluggable-1.26-NAnuS5/blib/lib
    /usr/lib/perl5/site_perl/5.12.3/x86_64-linux-thread-multi
    /usr/lib/perl5/site_perl/5.12.3
    /usr/lib/perl5/vendor_perl/5.12.3/x86_64-linux-thread-multi
    /usr/lib/perl5/vendor_perl/5.12.3
    /usr/lib/perl5/5.12.3/x86_64-linux-thread-multi
    /usr/lib/perl5/5.12.3
    .