Crypt-PKCS10 v2.005 Perl 5 v5.32.1 OpenBSD.amd64-openbsd-thread-multi
- Status
- Fail
- From
- David Cantrell (DCANTRELL)
- Dist
-
Crypt-PKCS10 v2.005
- Platform
- Perl 5 v5.32.1 OpenBSD.amd64-openbsd-thread-multi
- Date
- 2023-01-10 06:14:44
- ID
- 1377bb5e-90ae-11ed-a95f-858164a359d2
This distribution has been tested as part of the CPAN Testers
project, supporting the Perl programming language. See
http://wiki.cpantesters.org/ for more information or email
questions to cpan-testers-discuss@perl.org
--
Dear Scott T. Hardin,
This is a computer-generated report for Crypt-PKCS10-2.005
on perl 5.32.1, created by CPAN-Reporter-1.2018.
Thank you for uploading your work to CPAN. However, there was a problem
testing your distribution.
If you think this report is invalid, please consult the CPAN Testers Wiki
for suggestions on how to avoid getting FAIL reports for missing library
or binary dependencies, unsupported operating systems, and so on:
http://wiki.cpantesters.org/wiki/CPANAuthorNotes
Sections of this report:
* Tester comments
* Program output
* Prerequisites
* Environment and other context
------------------------------
TESTER COMMENTS
------------------------------
Additional comments from tester:
this report is from an automated smoke testing program
and was not reviewed by a human for accuracy
------------------------------
PROGRAM OUTPUT
------------------------------
Output from './Build test':
t/0-signature.t ..... skipped: Set the environment variable TEST_SIGNATURE to enable this test.
# Perl /home/david/cpantesting/perl-5.32.1/bin/perl version 5.32.1
# LibreSSL 3.5.2
# built on: date not available
# platform: information not available
# options: bn(64,64) rc4(8x,char) des(idx,cisc,16,int) idea(int) blowfish(idx)
# compiler: information not available
# OPENSSLDIR: "/etc/ssl"
# ciphers: AES128-GCM-SHA256 AES128-SHA AES128-SHA256 AES256-GCM-SHA384 AES256-SHA
# AES256-SHA256 CAMELLIA128-SHA CAMELLIA128-SHA256
# CAMELLIA256-SHA CAMELLIA256-SHA256 DES-CBC3-SHA
# DHE-RSA-AES128-GCM-SHA256 DHE-RSA-AES128-SHA
# DHE-RSA-AES128-SHA256 DHE-RSA-AES256-GCM-SHA384
# DHE-RSA-AES256-SHA DHE-RSA-AES256-SHA256
# DHE-RSA-CAMELLIA128-SHA DHE-RSA-CAMELLIA128-SHA256
# DHE-RSA-CAMELLIA256-SHA DHE-RSA-CAMELLIA256-SHA256
# DHE-RSA-CHACHA20-POLY1305 ECDHE-ECDSA-AES128-GCM-SHA256
# ECDHE-ECDSA-AES128-SHA ECDHE-ECDSA-AES128-SHA256
# ECDHE-ECDSA-AES256-GCM-SHA384 ECDHE-ECDSA-AES256-SHA
# ECDHE-ECDSA-AES256-SHA384 ECDHE-ECDSA-CHACHA20-POLY1305
# ECDHE-ECDSA-DES-CBC3-SHA ECDHE-ECDSA-RC4-SHA
# ECDHE-RSA-AES128-GCM-SHA256 ECDHE-RSA-AES128-SHA
# ECDHE-RSA-AES128-SHA256 ECDHE-RSA-AES256-GCM-SHA384
# ECDHE-RSA-AES256-SHA ECDHE-RSA-AES256-SHA384
# ECDHE-RSA-CHACHA20-POLY1305 ECDHE-RSA-DES-CBC3-SHA
# ECDHE-RSA-RC4-SHA EDH-RSA-DES-CBC3-SHA
# GOST2001-GOST89-GOST89 GOST2012256-GOST89-GOST89
# RC4-MD5 RC4-SHA TLS_AES_128_GCM_SHA256
# TLS_AES_256_GCM_SHA384 TLS_CHACHA20_POLY1305_SHA256
# Skipping DSA, RSA tests: no support
t/02_base.t ......... ok
t/03_ecc.t .......... skipped: Crypt::PK::ECC is not installed, skipping ECC tests
Can't call method "subject" on an undefined value at t/04_complex_rdn.t line 33.
# Looks like your test exited with 2 before it could output anything.
t/04_complex_rdn.t ..
Dubious, test returned 2 (wstat 512, 0x200)
Failed 2/2 subtests
Test Summary Report
-------------------
t/04_complex_rdn.t (Wstat: 512 Tests: 0 Failed: 0)
Non-zero exit status: 2
Parse errors: Bad plan. You planned 2 tests but ran 0.
Files=4, Tests=12, 3 wallclock secs ( 0.12 usr 0.05 sys + 1.98 cusr 0.38 csys = 2.53 CPU)
Result: FAIL
------------------------------
PREREQUISITES
------------------------------
Prerequisite modules loaded:
requires:
Module Need Have
------------------- -------- --------
Convert::ASN1 0 0.33
Encode 0 3.06
MIME::Base64 0 3.15
perl 5.008001 5.032001
Scalar::Util 0 1.63
build_requires:
Module Need Have
------------------- -------- --------
Test::More 0.98 1.302191
configure_requires:
Module Need Have
------------------- -------- --------
Module::Build::Tiny 0.035 0.039
------------------------------
ENVIRONMENT AND OTHER CONTEXT
------------------------------
Environment variables:
AUTOMATED_TESTING = 1
NONINTERACTIVE_TESTING = 1
PATH = /home/david/perl5/perlbrew/bin:/home/david/perl5/perlbrew/perls/perl-5.32.0/bin:/home/david/bin:/bin:/sbin:/usr/bin:/usr/sbin:/usr/X11R6/bin:/usr/local/bin:/usr/local/sbin:/usr/games:/home/david/.fzf/bin
PERL = 5.32.1
PERL5LIB =
PERL5OPT =
PERL5_CPANPLUS_IS_RUNNING = 76667
PERL5_CPAN_IS_RUNNING = 76667
PERLBREW_HOME = /home/david/.perlbrew
PERLBREW_MANPATH = /home/david/perl5/perlbrew/perls/perl-5.32.0/man
PERLBREW_PATH = /home/david/perl5/perlbrew/bin:/home/david/perl5/perlbrew/perls/perl-5.32.0/bin
PERLBREW_PERL = perl-5.32.0
PERLBREW_ROOT = /home/david/perl5/perlbrew
PERLBREW_SHELLRC_VERSION = 0.92
PERLBREW_VERSION = 0.92
PERLVER = 5.32.1
PERL_INLINE_DIRECTORY = /home/david/.Inline-5.32.1
PERL_MM_USE_DEFAULT = 1
PERL_USE_UNSAFE_INC = 0
SHELL = /usr/local/bin/bash
TERM = screen
Perl special variables (and OS-specific diagnostics, for MSWin32):
$^X = /home/david/cpantesting/perl-5.32.1/bin/perl
$UID/$EUID = 1000 / 1000
$GID = 1000 1000 0
$EGID = 1000 1000 0
Perl module toolchain versions installed:
Module Have
------------------- --------
CPAN 2.27
CPAN::Meta 2.150010
Cwd 3.78
ExtUtils::CBuilder 0.280234
ExtUtils::Command 7.66
ExtUtils::Install 2.14
ExtUtils::MakeMaker 7.66
ExtUtils::Manifest 1.72
ExtUtils::ParseXS 3.40
File::Spec 3.78
JSON 4.10
JSON::PP 4.16
Module::Build 0.4231
Module::Signature n/a
Parse::CPAN::Meta 2.150010
Test::Harness 3.42
Test::More 1.302191
YAML 1.30
YAML::Syck n/a
version 0.9924
--
Summary of my perl5 (revision 5 version 32 subversion 1) configuration:
Platform:
osname=openbsd
osvers=7.0
archname=OpenBSD.amd64-openbsd-thread-multi
uname='openbsd cpantesting-openbsd-utm.home 7.0 generic.mp#232 amd64 '
config_args='-de -Dprefix=/home/david/cpantesting/perl-5.32.1 -Dusethreads'
hint=recommended
useposix=true
d_sigaction=define
useithreads=define
usemultiplicity=define
use64bitint=define
use64bitall=define
uselongdouble=undef
usemymalloc=n
default_inc_excludes_dot=define
bincompat5005=undef
Compiler:
cc='cc'
ccflags ='-pthread -fno-strict-aliasing -pipe -fstack-protector-strong -I/usr/local/include'
optimize='-O2'
cppflags='-pthread -fno-strict-aliasing -pipe -fstack-protector-strong -I/usr/local/include'
ccversion=''
gccversion='OpenBSD Clang 11.1.0'
gccosandvers=''
intsize=4
longsize=8
ptrsize=8
doublesize=8
byteorder=12345678
doublekind=3
d_longlong=define
longlongsize=8
d_longdbl=define
longdblsize=16
longdblkind=3
ivtype='long'
ivsize=8
nvtype='double'
nvsize=8
Off_t='off_t'
lseeksize=8
alignbytes=8
prototype=define
Linker and Libraries:
ld='cc'
ldflags ='-pthread -Wl,-E -fstack-protector-strong -L/usr/local/lib'
libpth=/usr/lib /usr/local/lib
libs=-lpthread -lm -lutil -lc
perllibs=-lpthread -lm -lutil -lc
libc=/usr/lib/libc.so.96.1
so=so
useshrplib=false
libperl=libperl.a
gnulibc_version=''
Dynamic Linking:
dlsrc=dl_dlopen.xs
dlext=so
d_dlsymun=undef
ccdlflags=' '
cccdlflags='-DPIC -fPIC '
lddlflags='-shared -fPIC -L/usr/local/lib -fstack-protector-strong'
Characteristics of this binary (from libperl):
Compile-time options:
HAS_TIMES
MULTIPLICITY
PERLIO_LAYERS
PERL_COPY_ON_WRITE
PERL_DONT_CREATE_GVSV
PERL_IMPLICIT_CONTEXT
PERL_MALLOC_WRAP
PERL_OP_PARENT
PERL_PRESERVE_IVUV
USE_64_BIT_ALL
USE_64_BIT_INT
USE_ITHREADS
USE_LARGE_FILES
USE_LOCALE
USE_LOCALE_COLLATE
USE_LOCALE_CTYPE
USE_LOCALE_NUMERIC
USE_LOCALE_TIME
USE_PERLIO
USE_PERL_ATOF
USE_REENTRANT_API
Built under openbsd
Compiled at Feb 12 2022 00:11:28
%ENV:
PERL="5.32.1"
PERL5LIB=""
PERL5OPT=""
PERL5_CPANPLUS_IS_RUNNING="76667"
PERL5_CPAN_IS_RUNNING="76667"
PERLBREW_HOME="/home/david/.perlbrew"
PERLBREW_MANPATH="/home/david/perl5/perlbrew/perls/perl-5.32.0/man"
PERLBREW_PATH="/home/david/perl5/perlbrew/bin:/home/david/perl5/perlbrew/perls/perl-5.32.0/bin"
PERLBREW_PERL="perl-5.32.0"
PERLBREW_ROOT="/home/david/perl5/perlbrew"
PERLBREW_SHELLRC_VERSION="0.92"
PERLBREW_VERSION="0.92"
PERLVER="5.32.1"
PERL_INLINE_DIRECTORY="/home/david/.Inline-5.32.1"
PERL_MM_USE_DEFAULT="1"
PERL_USE_UNSAFE_INC="0"
@INC:
/home/david/cpantesting/perl-5.32.1/lib/site_perl/5.32.1/OpenBSD.amd64-openbsd-thread-multi
/home/david/cpantesting/perl-5.32.1/lib/site_perl/5.32.1
/home/david/cpantesting/perl-5.32.1/lib/5.32.1/OpenBSD.amd64-openbsd-thread-multi
/home/david/cpantesting/perl-5.32.1/lib/5.32.1