Map-Tube-Plugin-FuzzyFind vv0.81.0 Perl 5 v5.36.0 i386-freebsd-thread-multi-64int
- Status
- Fail
- From
- Chris Williams (BINGOS)
- Dist
-
Map-Tube-Plugin-FuzzyFind vv0.81.0
- Platform
- Perl 5 v5.36.0 i386-freebsd-thread-multi-64int
- Date
- 2024-11-21 04:50:05
- ID
- 134eb82e-a7c4-11ef-98b0-b3c3213a625c
This distribution has been tested as part of the CPAN Testers
project, supporting the Perl programming language. See
http://wiki.cpantesters.org/ for more information or email
questions to cpan-testers-discuss@perl.org
--
Dear GWS,
This is a computer-generated error report created automatically by
CPANPLUS, version 0.9914. Testers personal comments may appear
at the end of this report.
Thank you for uploading your work to CPAN. However, it appears that
there were some problems testing your distribution.
TEST RESULTS:
Below is the error stack from stage 'make test':
PERL_DL_NONLAZY=1 "/usr/home/cpan/pit/rel/perl-5.36.0/bin/perl5.36.0" "-MExtUtils::Command::MM" "-MTest::Harness" "-e" "undef *Test::Harness::Switches; test_harness(0, 'blib/lib', 'blib/arch')" t/*.t
# Testing Map::Tube::Plugin::FuzzyFind v0.81.0, Perl 5.036000, /usr/home/cpan/pit/rel/perl-5.36.0/bin/perl5.36.0
t/00-load.t ................. ok
t/01-exact.t ................ ok
t/02-start.t ................ ok
t/03-in.t ................... ok
t/04-re.t ................... ok
t/05-soundex.t .............. skipped: Text::Soundex required for this test
*** Expect many messages saying 'Negative repeat count does nothing at ...' -- ignore these, please! ***
Matcher module Text::Phonetic::Phonix not loaded or not executed: at /usr/home/cpan/pit/rel/conf/perl-5.36.0/.cpanplus/5.36.0/build/vjH5KiSmsF/Map-Tube-Plugin-FuzzyFind-v0.81.0/blib/lib/Map/Tube/Plugin/FuzzyFind.pm line 517.
at /usr/home/cpan/pit/rel/conf/perl-5.36.0/.cpanplus/5.36.0/build/vjH5KiSmsF/Map-Tube-Plugin-FuzzyFind-v0.81.0/blib/lib/Map/Tube/Plugin/FuzzyFind.pm line 517.
# Looks like your test exited with 2 just after 1.
t/06-phonix.t ...............
Dubious, test returned 2 (wstat 512, 0x200)
Failed 13/14 subtests
Matcher module Text::Phonetic::DaitchMokotoff not loaded or not executed: at /usr/home/cpan/pit/rel/conf/perl-5.36.0/.cpanplus/5.36.0/build/vjH5KiSmsF/Map-Tube-Plugin-FuzzyFind-v0.81.0/blib/lib/Map/Tube/Plugin/FuzzyFind.pm line 517.
at /usr/home/cpan/pit/rel/conf/perl-5.36.0/.cpanplus/5.36.0/build/vjH5KiSmsF/Map-Tube-Plugin-FuzzyFind-v0.81.0/blib/lib/Map/Tube/Plugin/FuzzyFind.pm line 517.
# Looks like your test exited with 2 just after 1.
t/07-daitch-motokoff.t ......
Dubious, test returned 2 (wstat 512, 0x200)
Failed 14/15 subtests
Matcher module Text::Phonetic::Koeln not loaded or not executed: at /usr/home/cpan/pit/rel/conf/perl-5.36.0/.cpanplus/5.36.0/build/vjH5KiSmsF/Map-Tube-Plugin-FuzzyFind-v0.81.0/blib/lib/Map/Tube/Plugin/FuzzyFind.pm line 517.
at /usr/home/cpan/pit/rel/conf/perl-5.36.0/.cpanplus/5.36.0/build/vjH5KiSmsF/Map-Tube-Plugin-FuzzyFind-v0.81.0/blib/lib/Map/Tube/Plugin/FuzzyFind.pm line 517.
# Looks like your test exited with 2 just after 1.
t/08-koeln.t ................
Dubious, test returned 2 (wstat 512, 0x200)
Failed 14/15 subtests
# Text::Metaphone required for this test -- skipping
# Looks like you planned 19 tests but ran 15.
t/09-metaphone.t ............
Dubious, test returned 255 (wstat 65280, 0xff00)
Failed 4/19 subtests
(less 14 skipped subtests: 1 okay)
# Text::Metaphone required for this test -- skipping
# Looks like you planned 16 tests but ran 15.
t/10-doublemetaphone.t ......
Dubious, test returned 255 (wstat 65280, 0xff00)
Failed 1/16 subtests
(less 14 skipped subtests: 1 okay)
Matcher module Text::Phonetic::Phonem not loaded or not executed: at /usr/home/cpan/pit/rel/conf/perl-5.36.0/.cpanplus/5.36.0/build/vjH5KiSmsF/Map-Tube-Plugin-FuzzyFind-v0.81.0/blib/lib/Map/Tube/Plugin/FuzzyFind.pm line 517.
at /usr/home/cpan/pit/rel/conf/perl-5.36.0/.cpanplus/5.36.0/build/vjH5KiSmsF/Map-Tube-Plugin-FuzzyFind-v0.81.0/blib/lib/Map/Tube/Plugin/FuzzyFind.pm line 517.
# Looks like your test exited with 2 just after 1.
t/11-phonem.t ...............
Dubious, test returned 2 (wstat 512, 0x200)
Failed 13/14 subtests
t/12-levenshtein.t .......... skipped: Text::Levenshtein::XS or Text::Levenshtein required for this test
t/13-levenshtein-damerau.t .. skipped: Text::Levenshtein::Damerau::XS or Text::Levenshtein::Damerau required for this test
t/14-jaro-winkler.t ......... skipped: Text::JaroWinkler required for this test
t/15-ngrams.t ............... skipped: String::Trigram required for this test
t/49-args.t ................. ok
t/50-manifest.t ............. skipped: for authors only -- define $ENV{AUTHOR_TESTING}
t/51-meta-json.t ............ skipped: for authors only -- define $ENV{AUTHOR_TESTING}
t/52-meta-yml.t ............. skipped: for authors only -- define $ENV{AUTHOR_TESTING}
t/53-version.t .............. skipped: for authors only -- define $ENV{AUTHOR_TESTING}
t/54-signature.t ............ skipped: for authors only -- define $ENV{AUTHOR_TESTING}
t/60-pod.t .................. skipped: for authors only -- define $ENV{AUTHOR_TESTING}
t/61-pod-coverage.t ......... skipped: for authors only -- define $ENV{AUTHOR_TESTING}
t/62-changes.t .............. skipped: for authors only -- define $ENV{AUTHOR_TESTING}
Test Summary Report
-------------------
t/06-phonix.t (Wstat: 512 (exited 2) Tests: 1 Failed: 0)
Non-zero exit status: 2
Parse errors: Bad plan. You planned 14 tests but ran 1.
t/07-daitch-motokoff.t (Wstat: 512 (exited 2) Tests: 1 Failed: 0)
Non-zero exit status: 2
Parse errors: Bad plan. You planned 15 tests but ran 1.
t/08-koeln.t (Wstat: 512 (exited 2) Tests: 1 Failed: 0)
Non-zero exit status: 2
Parse errors: Bad plan. You planned 15 tests but ran 1.
t/09-metaphone.t (Wstat: 65280 (exited 255) Tests: 15 Failed: 0)
Non-zero exit status: 255
Parse errors: Bad plan. You planned 19 tests but ran 15.
t/10-doublemetaphone.t (Wstat: 65280 (exited 255) Tests: 15 Failed: 0)
Non-zero exit status: 255
Parse errors: Bad plan. You planned 16 tests but ran 15.
t/11-phonem.t (Wstat: 512 (exited 2) Tests: 1 Failed: 0)
Non-zero exit status: 2
Parse errors: Bad plan. You planned 14 tests but ran 1.
Files=25, Tests=122, 19 wallclock secs ( 0.09 usr 0.13 sys + 14.52 cusr 3.97 csys = 18.71 CPU)
Result: FAIL
Failed 6/25 test programs. 0/122 subtests failed.
*** Error code 255
Stop.
make: stopped in /usr/home/cpan/pit/rel/conf/perl-5.36.0/.cpanplus/5.36.0/build/vjH5KiSmsF/Map-Tube-Plugin-FuzzyFind-v0.81.0
PREREQUISITES:
Here is a list of prerequisites you specified and versions we
managed to load:
Module Name Have Want
ExtUtils::MakeMaker 7.70 0
Map::Tube 3.77 3.77
Map::Tube::London 1.39 1.39
Moo 2.005005 0
Moo::Role 2.005005 0
Test::More 1.302198 0.82
Try::Tiny 0.32 0
namespace::clean 0.27 0
Perl module toolchain versions installed:
Module Name Have
CPANPLUS 0.9914
CPANPLUS::Dist::Build 0.90
Cwd 3.84
ExtUtils::CBuilder 0.280236
ExtUtils::Command 7.70
ExtUtils::Install 2.22
ExtUtils::MakeMaker 7.70
ExtUtils::Manifest 1.75
ExtUtils::ParseXS 3.51
File::Spec 3.84
Module::Build 0.4234
Pod::Parser 0
Pod::Simple 3.43
Test2 1.302198
Test::Harness 3.48
Test::More 1.302198
version 0.9930
******************************** NOTE ********************************
The comments above are created mechanically, possibly without manual
checking by the sender. As there are many people performing automatic
tests on each upload to CPAN, it is likely that you will receive
identical messages about the same problem.
If you believe that the message is mistaken, please reply to the first
one with correction and/or additional informations, and do not take
it personally. We appreciate your patience. :)
**********************************************************************
Additional comments:
This report was machine-generated by CPANPLUS::Dist::YACSmoke 1.08.
Powered by minismokebox version 0.68
CPANPLUS is prefering Build.PL
------------------------------
ENVIRONMENT AND OTHER CONTEXT
------------------------------
Environment variables:
AUTOMATED_TESTING = 1
NONINTERACTIVE_TESTING = 1
PATH = /sbin:/bin:/usr/sbin:/usr/bin:/usr/local/sbin:/usr/local/bin:/home/cpan/bin
PERL5LIB = /usr/home/cpan/pit/jail/MBP4xTpqCc/lib/perl5:/usr/home/cpan/pit/rel/conf/perl-5.36.0/.cpanplus/5.36.0/build/vjH5KiSmsF/Map-Tube-Plugin-FuzzyFind-v0.81.0/blib/lib:/usr/home/cpan/pit/rel/conf/perl-5.36.0/.cpanplus/5.36.0/build/vjH5KiSmsF/Map-Tube-Plugin-FuzzyFind-v0.81.0/blib/arch
PERL5_CPANPLUS_IS_RUNNING = 40355
PERL5_CPANPLUS_IS_VERSION = 0.9914
PERL5_MINISMOKEBOX = 0.68
PERL5_YACSMOKE_BASE = /usr/home/cpan/pit/rel/conf/perl-5.36.0
PERL_EXTUTILS_AUTOINSTALL = --defaultdeps
PERL_LOCAL_LIB_ROOT = /usr/home/cpan/pit/jail/MBP4xTpqCc
PERL_MB_OPT = --install_base "/usr/home/cpan/pit/jail/MBP4xTpqCc"
PERL_MM_OPT = INSTALL_BASE=/usr/home/cpan/pit/jail/MBP4xTpqCc
PERL_MM_USE_DEFAULT = 1
SHELL = /usr/local/bin/bash
TERM = screen
Perl special variables (and OS-specific diagnostics, for MSWin32):
Perl: $^X = /usr/home/cpan/pit/rel/perl-5.36.0/bin/perl5.36.0
UID: $< = 1002
EUID: $> = 1002
GID: $( = 1002 1002
EGID: $) = 1002 1002
-------------------------------
--
Summary of my perl5 (revision 5 version 36 subversion 0) configuration:
Platform:
osname=freebsd
osvers=12.4-release
archname=i386-freebsd-thread-multi-64int
uname='freebsd ffyrc 12.4-release freebsd 12.4-release r372781 generic i386 '
config_args='-des -Dprefix=/usr/home/cpan/pit/rel/perl-5.36.0 -Dusethreads -Duse64bitint'
hint=recommended
useposix=true
d_sigaction=define
useithreads=define
usemultiplicity=define
use64bitint=define
use64bitall=undef
uselongdouble=undef
usemymalloc=n
default_inc_excludes_dot=define
Compiler:
cc='cc'
ccflags ='-DHAS_FPSETMASK -DHAS_FLOATINGPOINT_H -fno-strict-aliasing -pipe -fstack-protector-strong -I/usr/local/include'
optimize='-O2'
cppflags='-DHAS_FPSETMASK -DHAS_FLOATINGPOINT_H -fno-strict-aliasing -pipe -fstack-protector-strong -I/usr/local/include'
ccversion=''
gccversion='FreeBSD Clang 13.0.0 (git@github.com:llvm/llvm-project.git llvmorg-13.0.0-0-gd7b669b3a303)'
gccosandvers=''
intsize=4
longsize=4
ptrsize=4
doublesize=8
byteorder=12345678
doublekind=3
d_longlong=define
longlongsize=8
d_longdbl=define
longdblsize=12
longdblkind=3
ivtype='long long'
ivsize=8
nvtype='double'
nvsize=8
Off_t='off_t'
lseeksize=8
alignbytes=4
prototype=define
Linker and Libraries:
ld='cc'
ldflags ='-pthread -Wl,-E -fstack-protector-strong -L/usr/local/lib'
libpth=/usr/lib /usr/local/lib /usr/lib/clang/13.0.0/lib
libs=-lpthread -lgdbm -ldl -lm -lcrypt -lutil
perllibs=-lpthread -ldl -lm -lcrypt -lutil
libc=
so=so
useshrplib=false
libperl=libperl.a
gnulibc_version=''
Dynamic Linking:
dlsrc=dl_dlopen.xs
dlext=so
d_dlsymun=undef
ccdlflags=' '
cccdlflags='-DPIC -fPIC'
lddlflags='-shared -L/usr/local/lib -fstack-protector-strong'
Characteristics of this binary (from libperl):
Compile-time options:
HAS_TIMES
MULTIPLICITY
PERLIO_LAYERS
PERL_COPY_ON_WRITE
PERL_DONT_CREATE_GVSV
PERL_MALLOC_WRAP
PERL_OP_PARENT
PERL_PRESERVE_IVUV
USE_64_BIT_INT
USE_ITHREADS
USE_LARGE_FILES
USE_LOCALE
USE_LOCALE_COLLATE
USE_LOCALE_CTYPE
USE_LOCALE_NUMERIC
USE_LOCALE_TIME
USE_PERLIO
USE_PERL_ATOF
USE_REENTRANT_API
USE_THREAD_SAFE_LOCALE
Built under freebsd
Compiled at Apr 6 2023 05:29:48
%ENV:
PERL5LIB="/usr/home/cpan/pit/jail/MBP4xTpqCc/lib/perl5:/usr/home/cpan/pit/rel/conf/perl-5.36.0/.cpanplus/5.36.0/build/vjH5KiSmsF/Map-Tube-Plugin-FuzzyFind-v0.81.0/blib/lib:/usr/home/cpan/pit/rel/conf/perl-5.36.0/.cpanplus/5.36.0/build/vjH5KiSmsF/Map-Tube-Plugin-FuzzyFind-v0.81.0/blib/arch"
PERL5_CPANPLUS_IS_RUNNING="40355"
PERL5_CPANPLUS_IS_VERSION="0.9914"
PERL5_MINISMOKEBOX="0.68"
PERL5_YACSMOKE_BASE="/usr/home/cpan/pit/rel/conf/perl-5.36.0"
PERL_EXTUTILS_AUTOINSTALL="--defaultdeps"
PERL_LOCAL_LIB_ROOT="/usr/home/cpan/pit/jail/MBP4xTpqCc"
PERL_MB_OPT="--install_base "/usr/home/cpan/pit/jail/MBP4xTpqCc""
PERL_MM_OPT="INSTALL_BASE=/usr/home/cpan/pit/jail/MBP4xTpqCc"
PERL_MM_USE_DEFAULT="1"
@INC:
/usr/home/cpan/pit/jail/MBP4xTpqCc/lib/perl5/5.36.0/i386-freebsd-thread-multi-64int
/usr/home/cpan/pit/jail/MBP4xTpqCc/lib/perl5/5.36.0
/usr/home/cpan/pit/jail/MBP4xTpqCc/lib/perl5/i386-freebsd-thread-multi-64int
/usr/home/cpan/pit/jail/MBP4xTpqCc/lib/perl5
/usr/home/cpan/pit/rel/conf/perl-5.36.0/.cpanplus/5.36.0/build/vjH5KiSmsF/Map-Tube-Plugin-FuzzyFind-v0.81.0/blib/lib
/usr/home/cpan/pit/rel/conf/perl-5.36.0/.cpanplus/5.36.0/build/vjH5KiSmsF/Map-Tube-Plugin-FuzzyFind-v0.81.0/blib/arch
/usr/home/cpan/pit/rel/perl-5.36.0/lib/site_perl/5.36.0/i386-freebsd-thread-multi-64int
/usr/home/cpan/pit/rel/perl-5.36.0/lib/site_perl/5.36.0
/usr/home/cpan/pit/rel/perl-5.36.0/lib/5.36.0/i386-freebsd-thread-multi-64int
/usr/home/cpan/pit/rel/perl-5.36.0/lib/5.36.0