Kelp-Module-ValidateTiny v0.04 Perl 5 v5.24.3 x86_64-linux-thread-multi

Status
Fail
From
Andreas J. König (ANDK)
Dist
Kelp-Module-ValidateTiny v0.04
Platform
Perl 5 v5.24.3 x86_64-linux-thread-multi
Date
2017-11-04 12:52:54
ID
1332b712-c15f-11e7-89c8-d0d15916b984
This distribution has been tested as part of the CPAN Testers
project, supporting the Perl programming language.  See
http://wiki.cpantesters.org/ for more information or email
questions to cpan-testers-discuss@perl.org


--
Dear Gurunandan Bhat,

This is a computer-generated report for Kelp-Module-ValidateTiny-0.04
on perl 5.24.3, created by CPAN-Reporter-1.2018.

Thank you for uploading your work to CPAN.  However, there was a problem
testing your distribution.

If you think this report is invalid, please consult the CPAN Testers Wiki
for suggestions on how to avoid getting FAIL reports for missing library
or binary dependencies, unsupported operating systems, and so on:

http://wiki.cpantesters.org/wiki/CPANAuthorNotes

Sections of this report:

    * Tester comments
    * Program output
    * Prerequisites
    * Environment and other context

------------------------------
TESTER COMMENTS
------------------------------

Additional comments from tester:

this report is from an automated smoke testing program
and was not reviewed by a human for accuracy

------------------------------
PROGRAM OUTPUT
------------------------------

Output from './Build test':

t/00-basic.t ............ ok

#   Failed test 'Content is '42''
#   at t/01-base.t line 52.
#          got: '0'
#     expected: '42'

#   Failed test 'Content is '42|Perl''
#   at t/01-base.t line 88.
#          got: '0'
#     expected: '42|Perl'
# Looks like you failed 2 tests of 11.
t/01-base.t ............. 
Dubious, test returned 2 (wstat 512, 0x200)
Failed 2/11 subtests 

#   Failed test 'Content is '42|PERL''
#   at t/02-import.t line 36.
#          got: '0'
#     expected: '42|PERL'

#   Failed test 'Content is '42|PERL''
#   at t/02-import.t line 67.
#          got: '0'
#     expected: '42|PERL'
# Looks like you failed 2 tests of 10.
t/02-import.t ........... 
Dubious, test returned 2 (wstat 512, 0x200)
Failed 2/10 subtests 

#   Failed test 'Content is '42|PERL''
#   at t/03-namespace.t line 21.
#          got: '0'
#     expected: '42|PERL'

#   Failed test 'Content is '42|PERL''
#   at t/03-namespace.t line 29.
#          got: '0'
#     expected: '42|PERL'
# Looks like you failed 2 tests of 9.
t/03-namespace.t ........ 
Dubious, test returned 2 (wstat 512, 0x200)
Failed 2/9 subtests 

#   Failed test 'Response code is 200'
#   at t/04-error.t line 42.
#          got: '500'
#     expected: '200'

#   Failed test 'Can't use an undefined value as a HASH reference at /tmp/loop_over_bdir-8248-ImCuwu/Validate-Tiny-1.6-0/blib/lib/Validate/Tiny.pm line 306.
# '
#   at t/04-error.t line 42.

#   Failed test 'Content is '|42|PERL|''
#   at t/04-error.t line 42.
#          got: 'Can't use an undefined value as a HASH reference at /tmp/loop_over_bdir-8248-ImCuwu/Validate-Tiny-1.6-0/blib/lib/Validate/Tiny.pm line 306.
# '
#     expected: '|42|PERL|'

#   Failed test 'Response code is 200'
#   at t/04-error.t line 46.
#          got: '500'
#     expected: '200'

#   Failed test 'Can't use an undefined value as a HASH reference at /tmp/loop_over_bdir-8248-ImCuwu/Validate-Tiny-1.6-0/blib/lib/Validate/Tiny.pm line 306.
# '
#   at t/04-error.t line 46.

#   Failed test 'Content is '42|Value must be PERL|Fail!''
#   at t/04-error.t line 46.
#          got: 'Can't use an undefined value as a HASH reference at /tmp/loop_over_bdir-8248-ImCuwu/Validate-Tiny-1.6-0/blib/lib/Validate/Tiny.pm line 306.
# '
#     expected: '42|Value must be PERL|Fail!'
# Looks like you failed 6 tests of 7.
t/04-error.t ............ 
Dubious, test returned 6 (wstat 1536, 0x600)
Failed 6/7 subtests 
t/release-pod-syntax.t .. skipped: these tests are for release candidate testing

Test Summary Report
-------------------
t/01-base.t           (Wstat: 512 Tests: 11 Failed: 2)
  Failed tests:  5, 9
  Non-zero exit status: 2
t/02-import.t         (Wstat: 512 Tests: 10 Failed: 2)
  Failed tests:  3, 8
  Non-zero exit status: 2
t/03-namespace.t      (Wstat: 512 Tests: 9 Failed: 2)
  Failed tests:  3, 7
  Non-zero exit status: 2
t/04-error.t          (Wstat: 1536 Tests: 7 Failed: 6)
  Failed tests:  2-7
  Non-zero exit status: 6
Files=6, Tests=38,  4 wallclock secs ( 0.04 usr  0.06 sys +  1.09 cusr  0.22 csys =  1.41 CPU)
Result: FAIL

------------------------------
PREREQUISITES
------------------------------

Prerequisite modules loaded:

requires:

    Module                Need    Have    
    --------------------- ------- --------
    Class::Load           0       0.24    
    Kelp                  0.2191  0.9081  
    Kelp::Base            0       0       
    Module::Build::Tiny   0       0.039   
    parent                0       0.234   
    perl                  v5.10.1 5.024003
    Scalar::Util          0       1.49    
    Sub::Install          0       0.928   
    Validate::Tiny        0       1.6     

build_requires:

    Module                Need    Have    
    --------------------- ------- --------
    HTTP::Request::Common 0       6.13    
    Kelp                  0       0.9081  
    Kelp::Test            0       0       
    strict                0       1.11    
    Test::More            0.88    1.302106

configure_requires:

    Module                Need    Have    
    --------------------- ------- --------
    Module::Build::Tiny   0.019   0.039   


------------------------------
ENVIRONMENT AND OTHER CONTEXT
------------------------------

Environment variables:

    AUTOMATED_TESTING = 1
    LANG = en_US.UTF-8
    PATH = /home/sand/bin:/usr/local/bin:/usr/bin:/bin:/usr/games:/usr/local/perl/bin:/usr/X11/bin:/sbin:/usr/sbin
    PERL5LIB = /tmp/loop_over_bdir-8248-ImCuwu/Validate-Tiny-1.6-0/blib/arch:/tmp/loop_over_bdir-8248-ImCuwu/Validate-Tiny-1.6-0/blib/lib:/tmp/loop_over_bdir-8248-ImCuwu/Kelp-0.9081-0/blib/arch:/tmp/loop_over_bdir-8248-ImCuwu/Kelp-0.9081-0/blib/lib
    PERL5OPT = 
    PERL5_CPANPLUS_IS_RUNNING = 8255
    PERL5_CPAN_IS_RUNNING = 8255
    PERL5_CPAN_IS_RUNNING_IN_RECURSION = 16107,8255
    PERL_CANARY_STABILITY_NOPROMPT = 1
    PERL_MM_USE_DEFAULT = 1
    PERL_USE_UNSAFE_INC = 1
    SHELL = /usr/bin/zsh
    TERM = screen

Perl special variables (and OS-specific diagnostics, for MSWin32):

    $^X = /home/sand/src/perl/repoperls/installed-perls/host/k93msid/v5.24.3/276a/bin/perl
    $UID/$EUID = 1005 / 1005
    $GID = 1005 1005
    $EGID = 1005 1005

Perl module toolchain versions installed:

    Module              Have    
    ------------------- --------
    CPAN                2.18    
    CPAN::Meta          2.150010
    Cwd                 3.63_01 
    ExtUtils::CBuilder  0.280226
    ExtUtils::Command   7.31_04 
    ExtUtils::Install   2.06    
    ExtUtils::MakeMaker 7.31_04 
    ExtUtils::Manifest  1.70    
    ExtUtils::ParseXS   3.31    
    File::Spec          3.63_01 
    JSON                2.94    
    JSON::PP            2.94    
    Module::Build       0.4224  
    Module::Signature   0.81    
    Parse::CPAN::Meta   2.150010
    Test::Harness       3.39    
    Test::More          1.302106
    YAML                1.23_003
    YAML::Syck          1.30    
    version             0.9916  


--

Summary of my perl5 (revision 5 version 24 subversion 3) configuration:
  Derived from: 9f1d3884c227a955e9ecaaadba4cba3280c47e3a
  Platform:
    osname=linux, osvers=4.12.0-2-amd64, archname=x86_64-linux-thread-multi
    uname='linux k93msid 4.12.0-2-amd64 #1 smp debian 4.12.13-1 (2017-09-19) x86_64 gnulinux '
    config_args='-Dprefix=/home/sand/src/perl/repoperls/installed-perls/host/k93msid/v5.24.3/276a -Dmyhostname=k93msid -Dinstallusrbinperl=n -Uversiononly -Dusedevel -des -Ui_db -Dlibswanted=cl pthread socket inet nsl gdbm dbm malloc dl ld sun m crypt sec util c cposix posix ucb BSD gdbm_compat -Duseithreads -Uuselongdouble -DDEBUGGING=both'
    hint=recommended, useposix=true, d_sigaction=define
    useithreads=define, usemultiplicity=define
    use64bitint=define, use64bitall=define, uselongdouble=undef
    usemymalloc=n, bincompat5005=undef
  Compiler:
    cc='cc', ccflags ='-D_REENTRANT -D_GNU_SOURCE -fwrapv -DDEBUGGING -fno-strict-aliasing -pipe -fstack-protector-strong -I/usr/local/include -D_LARGEFILE_SOURCE -D_FILE_OFFSET_BITS=64 -D_FORTIFY_SOURCE=2',
    optimize='-O2 -g',
    cppflags='-D_REENTRANT -D_GNU_SOURCE -fwrapv -DDEBUGGING -fno-strict-aliasing -pipe -fstack-protector-strong -I/usr/local/include'
    ccversion='', gccversion='7.2.0', gccosandvers=''
    intsize=4, longsize=8, ptrsize=8, doublesize=8, byteorder=12345678, doublekind=3
    d_longlong=define, longlongsize=8, d_longdbl=define, longdblsize=16, longdblkind=3
    ivtype='long', ivsize=8, nvtype='double', nvsize=8, Off_t='off_t', lseeksize=8
    alignbytes=8, prototype=define
  Linker and Libraries:
    ld='cc', ldflags =' -fstack-protector-strong -L/usr/local/lib'
    libpth=/usr/local/lib /usr/lib/gcc/x86_64-linux-gnu/7/include-fixed /usr/include/x86_64-linux-gnu /usr/lib /lib/x86_64-linux-gnu /lib/../lib /usr/lib/x86_64-linux-gnu /usr/lib/../lib /lib
    libs=-lpthread -lnsl -ldl -lm -lcrypt -lutil -lc
    perllibs=-lpthread -lnsl -ldl -lm -lcrypt -lutil -lc
    libc=libc-2.24.so, so=so, useshrplib=false, libperl=libperl.a
    gnulibc_version='2.24'
  Dynamic Linking:
    dlsrc=dl_dlopen.xs, dlext=so, d_dlsymun=undef, ccdlflags='-Wl,-E'
    cccdlflags='-fPIC', lddlflags='-shared -O2 -g -L/usr/local/lib -fstack-protector-strong'


Characteristics of this binary (from libperl): 
  Compile-time options: DEBUGGING HAS_TIMES MULTIPLICITY PERLIO_LAYERS
                        PERL_COPY_ON_WRITE PERL_DONT_CREATE_GVSV
                        PERL_HASH_FUNC_ONE_AT_A_TIME_HARD
                        PERL_IMPLICIT_CONTEXT PERL_MALLOC_WRAP
                        PERL_PRESERVE_IVUV PERL_TRACK_MEMPOOL PERL_USE_DEVEL
                        USE_64_BIT_ALL USE_64_BIT_INT USE_ITHREADS
                        USE_LARGE_FILES USE_LOCALE USE_LOCALE_COLLATE
                        USE_LOCALE_CTYPE USE_LOCALE_NUMERIC USE_LOCALE_TIME
                        USE_PERLIO USE_PERL_ATOF USE_REENTRANT_API
  Locally applied patches:
	uncommitted-changes
  Built under linux
  Compiled at Oct  2 2017 07:07:02
  %ENV:
    PERL5LIB="/tmp/loop_over_bdir-8248-ImCuwu/Validate-Tiny-1.6-0/blib/arch:/tmp/loop_over_bdir-8248-ImCuwu/Validate-Tiny-1.6-0/blib/lib:/tmp/loop_over_bdir-8248-ImCuwu/Kelp-0.9081-0/blib/arch:/tmp/loop_over_bdir-8248-ImCuwu/Kelp-0.9081-0/blib/lib"
    PERL5OPT=""
    PERL5_CPANPLUS_IS_RUNNING="8255"
    PERL5_CPAN_IS_RUNNING="8255"
    PERL5_CPAN_IS_RUNNING_IN_RECURSION="16107,8255"
    PERL_CANARY_STABILITY_NOPROMPT="1"
    PERL_MM_USE_DEFAULT="1"
    PERL_USE_UNSAFE_INC="1"
  @INC:
    /tmp/loop_over_bdir-8248-ImCuwu/Validate-Tiny-1.6-0/blib/arch
    /tmp/loop_over_bdir-8248-ImCuwu/Validate-Tiny-1.6-0/blib/lib
    /tmp/loop_over_bdir-8248-ImCuwu/Kelp-0.9081-0/blib/arch
    /tmp/loop_over_bdir-8248-ImCuwu/Kelp-0.9081-0/blib/lib
    /home/sand/src/perl/repoperls/installed-perls/host/k93msid/v5.24.3/276a/lib/site_perl/5.24.3/x86_64-linux-thread-multi
    /home/sand/src/perl/repoperls/installed-perls/host/k93msid/v5.24.3/276a/lib/site_perl/5.24.3
    /home/sand/src/perl/repoperls/installed-perls/host/k93msid/v5.24.3/276a/lib/5.24.3/x86_64-linux-thread-multi
    /home/sand/src/perl/repoperls/installed-perls/host/k93msid/v5.24.3/276a/lib/5.24.3
    .