Back
From: metabase:user:323dcade-2aae-11df-837a-5e0a49663a4f
Subject: FAIL Crypt-SSLeay-0.72 v5.24.0 RC2 GNU/Linux
Date: 2016-06-21T10:22:36Z
This distribution has been tested as part of the CPAN Testers
project, supporting the Perl programming language. See
http://wiki.cpantesters.org/ for more information or email
questions to cpan-testers-discuss@perl.org
--
Dear A. Sinan Unur,
This is a computer-generated report for Crypt-SSLeay-0.72
on perl 5.24.0, created by CPAN-Reporter-1.2017.
Thank you for uploading your work to CPAN. However, there was a problem
testing your distribution.
If you think this report is invalid, please consult the CPAN Testers Wiki
for suggestions on how to avoid getting FAIL reports for missing library
or binary dependencies, unsupported operating systems, and so on:
http://wiki.cpantesters.org/wiki/CPANAuthorNotes
Sections of this report:
* Tester comments
* Program output
* Prerequisites
* Environment and other context
------------------------------
TESTER COMMENTS
------------------------------
Additional comments from tester:
this report is from an automated smoke testing program
and was not reviewed by a human for accuracy
------------------------------
PROGRAM OUTPUT
------------------------------
Output from '/usr/bin/make test':
Running Mkbootstrap for SSLeay ()
chmod 644 "SSLeay.bs"
PERL_DL_NONLAZY=1 PERL_USE_UNSAFE_INC=1 "/usr/local/bin/cperl5.24.0d-nt" "-MExtUtils::Command::MM" "-MTest::Harness" "-e" "undef *Test::Harness::Switches; test_harness(0, 'blib/lib', 'blib/arch')" t/*.t
# Failed test 'use Crypt::SSLeay;'
# at t/00-basic.t line 6.
# Tried to use 'Crypt::SSLeay'.
# Error: Can't load ' i' for module Crypt::SSLeay: /home/rurban/Perl/.cpan-build/Crypt-SSLeay-0.72-GJGgvp/blib/arch/auto/Crypt/SSLeay/SSLeay.so: undefined symbol: SSLv3_client_method at /home/rurban/Perl/.cpan-build/Crypt-SSLeay-0.72-GJGgvp/blib/lib/Crypt/SSLeay.pm line 17.
# Compilation failed in require at t/00-basic.t line 6.
# BEGIN failed--compilation aborted at t/00-basic.t line 6.
# Failed test 'use Crypt::SSLeay::CTX;'
# at t/00-basic.t line 7.
# Tried to use 'Crypt::SSLeay::CTX'.
# Error: Attempt to reload Crypt/SSLeay.pm aborted.
# Compilation failed in require at /home/rurban/Perl/.cpan-build/Crypt-SSLeay-0.72-GJGgvp/blib/lib/Crypt/SSLeay/CTX.pm line 2.
# Compilation failed in require at t/00-basic.t line 7.
# BEGIN failed--compilation aborted at t/00-basic.t line 7.
# Failed test 'use Crypt::SSLeay::Conn;'
# at t/00-basic.t line 8.
# Tried to use 'Crypt::SSLeay::Conn'.
# Error: Attempt to reload Crypt/SSLeay.pm aborted.
# Compilation failed in require at /home/rurban/Perl/.cpan-build/Crypt-SSLeay-0.72-GJGgvp/blib/lib/Crypt/SSLeay/Conn.pm line 2.
# Compilation failed in require at t/00-basic.t line 8.
# BEGIN failed--compilation aborted at t/00-basic.t line 8.
# Failed test 'use Crypt::SSLeay::Err;'
# at t/00-basic.t line 9.
# Tried to use 'Crypt::SSLeay::Err'.
# Error: Attempt to reload Crypt/SSLeay.pm aborted.
# Compilation failed in require at /home/rurban/Perl/.cpan-build/Crypt-SSLeay-0.72-GJGgvp/blib/lib/Crypt/SSLeay/Err.pm line 2.
# Compilation failed in require at t/00-basic.t line 9.
# BEGIN failed--compilation aborted at t/00-basic.t line 9.
# Failed test 'use Crypt::SSLeay::MainContext;'
# at t/00-basic.t line 10.
# Tried to use 'Crypt::SSLeay::MainContext'.
# Error: Attempt to reload Crypt/SSLeay/CTX.pm aborted.
# Compilation failed in require at /home/rurban/Perl/.cpan-build/Crypt-SSLeay-0.72-GJGgvp/blib/lib/Crypt/SSLeay/MainContext.pm line 8.
# Compilation failed in require at t/00-basic.t line 10.
# BEGIN failed--compilation aborted at t/00-basic.t line 10.
# Failed test 'use Crypt::SSLeay::Version;'
# at t/00-basic.t line 12.
# Tried to use 'Crypt::SSLeay::Version'.
# Error: Attempt to reload Crypt/SSLeay.pm aborted.
# Compilation failed in require at /home/rurban/Perl/.cpan-build/Crypt-SSLeay-0.72-GJGgvp/blib/lib/Crypt/SSLeay/Version.pm line 2.
# Compilation failed in require at t/00-basic.t line 12.
# BEGIN failed--compilation aborted at t/00-basic.t line 12.
# Failed test 'use Net::SSL;'
# at t/00-basic.t line 23.
# Tried to use 'Net::SSL'.
# Error: Attempt to reload Crypt/SSLeay.pm aborted.
# Compilation failed in require at /home/rurban/Perl/.cpan-build/Crypt-SSLeay-0.72-GJGgvp/blib/lib/Net/SSL.pm line 20.
# Compilation failed in require at t/00-basic.t line 23.
# BEGIN failed--compilation aborted at t/00-basic.t line 23.
# Failed test 'Crypt::SSLeay POD coverage'
# at t/00-basic.t line 45.
# Crypt::SSLeay: requiring 'Crypt::SSLeay' failed
# Failed test 'Crypt::SSLeay::Version POD coverage'
# at t/00-basic.t line 45.
# Crypt::SSLeay::Version: requiring 'Crypt::SSLeay::Version' failed
# Failed test 'Net::SSL POD coverage'
# at t/00-basic.t line 45.
# Net::SSL: requiring 'Net::SSL' failed
Undefined subroutine &main::main_ctx called at t/00-basic.t line 49.
# Tests were run but no plan was declared and done_testing() was not seen.
# Looks like your test exited with 255 just after 13.
t/00-basic.t .....
Dubious, test returned 255 (wstat 65280, 0xff00)
Failed 10/13 subtests
Can't load ')' for module Crypt::SSLeay: /home/rurban/Perl/.cpan-build/Crypt-SSLeay-0.72-GJGgvp/blib/arch/auto/Crypt/SSLeay/SSLeay.so: undefined symbol: SSLv3_client_method at /home/rurban/Perl/.cpan-build/Crypt-SSLeay-0.72-GJGgvp/blib/lib/Crypt/SSLeay.pm line 17.
Compilation failed in require at /home/rurban/Perl/.cpan-build/Crypt-SSLeay-0.72-GJGgvp/blib/lib/Net/SSL.pm line 20.
Compilation failed in require at t/01-connect.t line 6.
BEGIN failed--compilation aborted at t/01-connect.t line 6.
# Looks like your test exited with 2 before it could output anything.
t/01-connect.t ...
Dubious, test returned 2 (wstat 512, 0x200)
Failed 8/8 subtests
# Reading configuration from 'test.config' on linux
# network_tests : 0
t/02-live.t ...... skipped: Network tests disabled
Can't load 'йP' for module Crypt::SSLeay: /home/rurban/Perl/.cpan-build/Crypt-SSLeay-0.72-GJGgvp/blib/arch/auto/Crypt/SSLeay/SSLeay.so: undefined symbol: SSLv3_client_method at /home/rurban/Perl/.cpan-build/Crypt-SSLeay-0.72-GJGgvp/blib/lib/Crypt/SSLeay.pm line 17.
Compilation failed in require at /home/rurban/Perl/.cpan-build/Crypt-SSLeay-0.72-GJGgvp/blib/lib/Crypt/SSLeay/Version.pm line 2.
Compilation failed in require at t/03-version.t line 14.
BEGIN failed--compilation aborted at t/03-version.t line 14.
t/03-version.t ...
Dubious, test returned 2 (wstat 512, 0x200)
No subtests run
t/boilerplate.t .. ok
t/manifest.t ..... skipped: Author tests not required for installation
Test Summary Report
-------------------
t/00-basic.t (Wstat: 65280 Tests: 13 Failed: 10)
Failed tests: 1-5, 7-8, 11-13
Non-zero exit status: 255
Parse errors: No plan found in TAP output
t/01-connect.t (Wstat: 512 Tests: 0 Failed: 0)
Non-zero exit status: 2
Parse errors: Bad plan. You planned 8 tests but ran 0.
t/03-version.t (Wstat: 512 Tests: 0 Failed: 0)
Non-zero exit status: 2
Parse errors: No plan found in TAP output
Files=6, Tests=22, 1 wallclock secs ( 0.06 usr 0.00 sys + 0.85 cusr 0.02 csys = 0.93 CPU)
Result: FAIL
Failed 3/6 test programs. 10/22 subtests failed.
Makefile:1083: recipe for target 'test_dynamic' failed
make: *** [test_dynamic] Error 255
------------------------------
PREREQUISITES
------------------------------
Prerequisite modules loaded:
requires:
Module Need Have
-------------------- -------- --------
LWP::Protocol::https 6.02 6.06
MIME::Base64 0 3.15
perl 5.006 5.024000
build_requires:
Module Need Have
-------------------- -------- --------
ExtUtils::MakeMaker 0 8.04_03
Test::More 0.19 1.302030
Try::Tiny 0.19 0.24
configure_requires:
Module Need Have
-------------------- -------- --------
ExtUtils::CBuilder 0.280205 0.280225
Getopt::Long 0 2.49
Path::Class 0.26 0.36
Try::Tiny 0.19 0.24
------------------------------
ENVIRONMENT AND OTHER CONTEXT
------------------------------
Environment variables:
AUTOMATED_TESTING = 1
LANG = en_US.UTF-8
NONINTERACTIVE_TESTING = 1
PATH = /home/rurban/bin:/usr/local/bin:/usr/bin:/bin:/usr/local/games:/usr/games
PERL5LIB =
PERL5OPT =
PERL5_CPANPLUS_IS_RUNNING = 20771
PERL5_CPAN_IS_RUNNING = 20771
PERL_MM_USE_DEFAULT = 1
PERL_USE_UNSAFE_INC = 1
SHELL = /bin/bash
TERM = xterm-256color
Perl special variables (and OS-specific diagnostics, for MSWin32):
$^X = /usr/local/bin/cperl5.24.0d-nt
$UID/$EUID = 1000 / 1000
$GID = 1000 27 124 125 1000
$EGID = 1000 27 124 125 1000
Perl module toolchain versions installed:
Module Have
------------------- ---------
CPAN 3.11c
CPAN::Meta 2.150006c
Cwd 4.64c
ExtUtils::CBuilder 0.280225
ExtUtils::Command 7.10
ExtUtils::Install 2.04
ExtUtils::MakeMaker 8.04_03
ExtUtils::Manifest 1.70
ExtUtils::ParseXS 3.32
File::Spec 4.64c
JSON 2.90
JSON::PP 2.27400
Module::Build 0.4218
Module::Signature 0.80
Parse::CPAN::Meta 1.5000c
Test::Harness 3.36
Test::More 1.302030
YAML 1.15
YAML::Syck n/a
version 0.9917
--
Summary of my cperl (revision 5 version 24 subversion 0) configuration:
Commit id: 6aba9b13faec44e2ac1f05ef0157906e89245912
Platform:
osname=linux, osvers=4.3.0-1-amd64, archname=x86_64-linux-debug@6aba9b1
uname='linux reini 4.3.0-1-amd64 #1 smp debian 4.3.5-1 (2016-02-06) x86_64 gnulinux '
config_args='-sde -Dusedevel -DDEBUGGING -Dcc=ccache gcc-6 -Accflags=-msse4.2 -march=native -DDEBUG_LEAKING_SCALARS -DPERL_TRACK_MEMPOOL -Dinstallman1dir=none -Dinstallman3dir=none -Dinstallsiteman1dir=none -Dinstallsiteman3dir=none -Darchname=x86_64-linux-debug@6aba9b1 -Darchlib=/usr/local/lib/cperl/5.24.0/x86_64-linux-debug@6aba9b1 -Dsitearch=/usr/local/lib/cperl/site_cperl/5.24.0/x86_64-linux-debug@6aba9b1 -Dperlpath=/usr/local/bin/cperl5.24.0d-nt -Dstartperl=#!/usr/local/bin/cperl5.24.0d-nt -Doptimize=-g3'
hint=recommended, useposix=true, d_sigaction=define
useithreads=undef, usemultiplicity=undef
use64bitint=define, use64bitall=define, uselongdouble=undef
usemymalloc=n, bincompat5005=undef
Compiler:
cc='ccache gcc-6', ccflags ='-msse4.2 -march=native -DDEBUG_LEAKING_SCALARS -DPERL_TRACK_MEMPOOL -fwrapv -DDEBUGGING -fno-strict-aliasing -pipe -fstack-protector -I/usr/local/include -D_LARGEFILE_SOURCE -D_FILE_OFFSET_BITS=64',
optimize='-g3',
cppflags='-msse4.2 -march=native -DDEBUG_LEAKING_SCALARS -DPERL_TRACK_MEMPOOL -fwrapv -DDEBUGGING -fno-strict-aliasing -pipe -fstack-protector -I/usr/local/include'
ccversion='', gccversion='6.1.1 20160519', gccosandvers=''
intsize=4, longsize=8, ptrsize=8, doublesize=8, byteorder=12345678, doublekind=3
d_longlong=define, longlongsize=8, d_longdbl=define, longdblsize=16, longdblkind=3
ivtype='long', ivsize=8, nvtype='double', nvsize=8, Off_t='off_t', lseeksize=8
alignbytes=8, prototype=define
Linker and Libraries:
ld='ccache gcc-6', ldflags =' -fstack-protector -L/usr/local/lib'
libpth=/usr/local/lib /usr/lib/gcc/x86_64-linux-gnu/6/include-fixed /usr/include/x86_64-linux-gnu /usr/lib /lib/x86_64-linux-gnu /lib/../lib /usr/lib/x86_64-linux-gnu /usr/lib/../lib /lib
libs=-lpthread -lnsl -lgdbm -ldb -ldl -lm -lcrypt -lutil -lc -lgdbm_compat
perllibs=-lpthread -lnsl -ldl -lm -lcrypt -lutil -lc
libc=libc-2.22.so, so=so, useshrplib=false, libperl=libperl.a
gnulibc_version='2.22'
Dynamic Linking:
dlsrc=dl_dlopen.xs, dlext=so, d_dlsymun=undef, ccdlflags='-Wl,-E'
cccdlflags='-fPIC', lddlflags='-shared -g3 -L/usr/local/lib -fstack-protector'
Characteristics of this binary (from libperl):
Compile-time options: DEBUGGING DEBUG_LEAKING_SCALARS HAS_TIMES
PERLIO_LAYERS PERL_COPY_ON_WRITE
PERL_DONT_CREATE_GVSV PERL_HASH_FUNC_FNV1A
PERL_MALLOC_WRAP PERL_PERTURB_KEYS_TOP
PERL_PRESERVE_IVUV PERL_USE_DEVEL USE_64_BIT_ALL
USE_64_BIT_INT USE_CPERL USE_LARGE_FILES USE_LOCALE
USE_LOCALE_COLLATE USE_LOCALE_CTYPE
USE_LOCALE_NUMERIC USE_LOCALE_TIME USE_PERLIO
USE_PERL_ATOF
Locally applied patches:
RC2
Built under linux
Compiled at Jun 15 2016 17:20:43
%ENV:
PERL5LIB=""
PERL5OPT=""
PERL5_CPANPLUS_IS_RUNNING="20771"
PERL5_CPAN_IS_RUNNING="20771"
PERL_MM_USE_DEFAULT="1"
PERL_USE_UNSAFE_INC="1"
@INC:
/usr/local/lib/cperl/site_cperl/5.24.0/x86_64-linux-debug@6aba9b1
/usr/local/lib/cperl/site_cperl/5.24.0
/usr/local/lib/cperl/5.24.0/x86_64-linux-debug@6aba9b1
/usr/local/lib/cperl/5.24.0
/usr/local/lib/cperl/site_cperl
.