Text-Amuse-Preprocessor v0.63 Perl 5 v5.28.2 x86_64-linux
- Status
- Fail
- From
- Slaven Rezić
- Dist
-
Text-Amuse-Preprocessor v0.63
- Platform
- Perl 5 v5.28.2 x86_64-linux
- Date
- 2020-11-05 17:55:22
- ID
- 130a164e-1f90-11eb-b83c-17841f24ea8f
This distribution has been tested as part of the CPAN Testers
project, supporting the Perl programming language. See
http://wiki.cpantesters.org/ for more information or email
questions to cpan-testers-discuss@perl.org
--
Dear Marco Pessotto,
This is a computer-generated report for Text-Amuse-Preprocessor-0.63
on perl 5.28.2, created by CPAN-Reporter-1.2018.
Thank you for uploading your work to CPAN. However, there was a problem
testing your distribution.
If you think this report is invalid, please consult the CPAN Testers Wiki
for suggestions on how to avoid getting FAIL reports for missing library
or binary dependencies, unsupported operating systems, and so on:
http://wiki.cpantesters.org/wiki/CPANAuthorNotes
Sections of this report:
* Tester comments
* Program output
* Prerequisites
* Environment and other context
------------------------------
TESTER COMMENTS
------------------------------
Additional comments from tester:
none provided
------------------------------
PROGRAM OUTPUT
------------------------------
Output from 'make test':
PERL_DL_NONLAZY=1 "/opt/perl-5.28.2/bin/perl" "-MExtUtils::Command::MM" "-MTest::Harness" "-e" "undef *Test::Harness::Switches; test_harness(0, 'blib/lib', 'blib/arch')" t/*.t
# Testing Text::Amuse::Preprocessor 0.63, Perl 5.028002, /opt/perl-5.28.2/bin/perl
t/00-load.t ........... ok
t/changes.t ........... skipped: Changes testing not required (or Test::CPAN::Changes not found)
t/chars.t ............. ok
# Using /var/tmp/cpansmoker-1023/2020110517/fFu8aPV_Gy for ligatures
# Using /var/tmp/cpansmoker-1023/2020110517/X9VwAlWXFw for missing_nl
# Using /var/tmp/cpansmoker-1023/2020110517/17CCs36mNK for garbage
# Using /var/tmp/cpansmoker-1023/2020110517/nFYG09eULP for ellipsis_no_fix
# Using /var/tmp/cpansmoker-1023/2020110517/hzdzVjFSrd for ellipsis
# Using /var/tmp/cpansmoker-1023/2020110517/hko8W0nY7a for links
# Using /var/tmp/cpansmoker-1023/2020110517/GHa44NaOzM for en
# Using /var/tmp/cpansmoker-1023/2020110517/u1W7p5D38r for fi
# Using /var/tmp/cpansmoker-1023/2020110517/NANWsUNUnW for es
# Using /var/tmp/cpansmoker-1023/2020110517/FB_e0LU3rV for sr
# Using /var/tmp/cpansmoker-1023/2020110517/jTQpO18U65 for hr
# Using /var/tmp/cpansmoker-1023/2020110517/gm_0SiFpUN for ru
# Using /var/tmp/cpansmoker-1023/2020110517/T13vSPoOAH for it
# Using /var/tmp/cpansmoker-1023/2020110517/YQqq84JXrl for mk
# Using /var/tmp/cpansmoker-1023/2020110517/QAYnsJfH9R for sv
# Using /var/tmp/cpansmoker-1023/2020110517/QwmsFsedXC for de
# Using /var/tmp/cpansmoker-1023/2020110517/KTKuW29kKd for pl
t/testfiles/bg.muse: No such file or directory at /home/cpansand/.cpan/build/2020110517/Text-Amuse-Preprocessor-0.63-2/blib/lib/Text/Amuse/Preprocessor.pm line 414.
# Looks like your test exited with 2 just after 34.
t/common.t ............
Dubious, test returned 2 (wstat 512, 0x200)
Failed 25/59 subtests
t/crash-on-verb.t ..... ok
# $VAR1 = "#title Test
# #lang en
#
# 0
#
# \x{201c}0\x{201d}
#
# 0
# ";
# $VAR1 = "#title Test
# #lang en
#
# 0
#
# \x{201c}0\x{201d}
#
# 0
# ";
t/crash_on_loop.t ..... ok
# /var/tmp/cpansmoker-1023/2020110517/6pNgLjDKl3/verbatim-in.muse
# /var/tmp/cpansmoker-1023/2020110517/6pNgLjDKl3
t/exclude-verbatim.t .. ok
# Testing t/footnotes/good.in => t/footnotes/good.out
# Testing t/footnotes/good2.in => t/footnotes/good2.out
# Testing t/footnotes/good3.in => t/footnotes/good3.out
# Testing t/footnotes/mixed.in => t/footnotes/mixed.out
# Testing t/footnotes/indentation.in => t/footnotes/indentation.out
# Testing t/footnotes/sec-good.in => t/footnotes/sec-good.out
# Testing t/footnotes/sec-good2.in => t/footnotes/sec-good2.out
# Testing t/footnotes/sec-good3.in => t/footnotes/sec-good3.out
# Testing t/footnotes/sec-bad.in => t/footnotes/sec-bad.out
# @@ -1 +1,2 @@
# -{4}
# +{3}
# +{3}
# Testing t/footnotes/sec-bad2.in => t/footnotes/sec-bad2.out
# @@ -1,3 +1,2 @@
# -{4}
# +{3}
# -{5}
# +{3}
# -{6}
# Testing t/footnotes/bad.in => t/footnotes/bad.out
# @@ -1,2 +1,3 @@
# [1]
# -[1]
# +[2]
# +[4]
# Testing t/footnotes/bad2.in => t/footnotes/bad2.out
# @@ -1,4 +1,3 @@
# [1]
# -[1]
# +[2]
# [4]
# -[5]
t/footnotes.t ......... ok
tagpile mismatch: root, p
t/html-2.t ............ ok
# Using /var/tmp/cpansmoker-1023/2020110517/5r5iHisXhw.html
# Using /var/tmp/cpansmoker-1023/2020110517/6DryWJks_X.html
# Using /var/tmp/cpansmoker-1023/2020110517/XjbPgACMRZ.html
# Using /var/tmp/cpansmoker-1023/2020110517/LZqgsBjL7P.html
# Using /var/tmp/cpansmoker-1023/2020110517/oWrVXwN1bu.html
# Using /var/tmp/cpansmoker-1023/2020110517/c0rBgzjoRW.html
# Using /var/tmp/cpansmoker-1023/2020110517/QLlwV67fAj.html
# Using /var/tmp/cpansmoker-1023/2020110517/ReewxgWZTB.html
# Using /var/tmp/cpansmoker-1023/2020110517/6U9Zh6qz8T.html
# Using /var/tmp/cpansmoker-1023/2020110517/G857KeVs_z.html
# Using /var/tmp/cpansmoker-1023/2020110517/evkfcpAjaW.html
# Using /var/tmp/cpansmoker-1023/2020110517/hAODE1J8b1.html
# Using /var/tmp/cpansmoker-1023/2020110517/t2_Y2Nh783.html
# Using /var/tmp/cpansmoker-1023/2020110517/4_rbvqyqNq.html
# Using /var/tmp/cpansmoker-1023/2020110517/KMLVVkw_Qt.html
# Using /var/tmp/cpansmoker-1023/2020110517/IzHtK6XWTm.html
# Using /var/tmp/cpansmoker-1023/2020110517/M13JLQOLLq.html
t/html.t .............. ok
t/manifest.t .......... skipped: Author tests not required for installation
t/memory-cycles.t ..... ok
t/nbsp.t .............. ok
# Infile is /var/tmp/cpansmoker-1023/2020110517/u_mp2Ekmhm/input.txt
# Using /var/tmp/cpansmoker-1023/2020110517/7K3amz4Vj7 as temporary dir
t/object.t ............ ok
t/pod-coverage.t ...... skipped: Pod coverage not required for installation
t/pod.t ............... skipped: Pod test not required for installation
t/russian.t ........... ok
t/subs.t .............. ok
t/typography.t ........ ok
Test Summary Report
-------------------
t/common.t (Wstat: 512 Tests: 34 Failed: 0)
Non-zero exit status: 2
Parse errors: Bad plan. You planned 59 tests but ran 34.
Files=19, Tests=406, 3 wallclock secs ( 0.12 usr 0.03 sys + 2.42 cusr 0.35 csys = 2.92 CPU)
Result: FAIL
Failed 1/19 test programs. 0/406 subtests failed.
make: *** [test_dynamic] Error 255
------------------------------
PREREQUISITES
------------------------------
Prerequisite modules loaded:
requires:
Module Need Have
------------------- ---- --------
HTML::PullParser 0 3.75
IO::HTML 1 1.004
Pod::Simple::Wiki 0.19 0.20
Text::Amuse 0.95 1.70
Text::Diff 0 1.45
build_requires:
Module Need Have
------------------- ---- --------
Test::More 0 1.302183
configure_requires:
Module Need Have
------------------- ---- --------
ExtUtils::MakeMaker 0 7.46
------------------------------
ENVIRONMENT AND OTHER CONTEXT
------------------------------
Environment variables:
LANG = en_US.UTF-8
PATH = /usr/local/bin:/usr/bin:/bin:/usr/local/sbin:/usr/sbin:/sbin:/home/cpansand/bin/linux-gnu:/home/cpansand/bin/sh:/home/cpansand/bin:/usr/games:/home/cpansand/devel:/home/eserte/src/srezic-misc/scripts
PERL5LIB = /home/cpansand/.cpan/build/2020110517/Pod-Simple-Wiki-0.20-2/blib/arch:/home/cpansand/.cpan/build/2020110517/Pod-Simple-Wiki-0.20-2/blib/lib
PERL5OPT =
PERL5_CPANPLUS_IS_RUNNING = 19382
PERL5_CPAN_IS_RUNNING = 19382
PERL5_CPAN_IS_RUNNING_IN_RECURSION = 18653,19382
PERLDOC = -MPod::Perldoc::ToTextOverstrike
PERL_BATCH = yes
PERL_CANARY_STABILITY_NOPROMPT = 1
PERL_CPAN_REPORTER_CONFIG = /var/tmp/cpansmoker-1023/2020110517/cpanreporter_000_config.ini
PERL_EXTUTILS_AUTOINSTALL = --defaultdeps
PERL_USE_UNSAFE_INC = 1
SHELL = /bin/zsh
TERM = screen
TMPDIR = /var/tmp/cpansmoker-1023/2020110517
Perl special variables (and OS-specific diagnostics, for MSWin32):
$^X = /opt/perl-5.28.2/bin/perl
$UID/$EUID = 1023 / 1023
$GID = 1023 1023
$EGID = 1023 1023
Perl module toolchain versions installed:
Module Have
------------------- --------
CPAN 2.27
CPAN::Meta 2.150010
Cwd 3.75
ExtUtils::CBuilder 0.280231
ExtUtils::Command 7.46
ExtUtils::Install 2.18
ExtUtils::MakeMaker 7.46
ExtUtils::Manifest 1.70
ExtUtils::ParseXS 3.39
File::Spec 3.75
JSON 4.02
JSON::PP 4.05
Module::Build 0.4231
Module::Signature 0.86
Parse::CPAN::Meta 2.150010
Test::Harness 3.42
Test::More 1.302183
YAML 1.29
YAML::Syck 1.33
version 0.9927
--
Summary of my perl5 (revision 5 version 28 subversion 2) configuration:
Platform:
osname=linux
osvers=2.6.32-754.24.3.el6.x86_64
archname=x86_64-linux
uname='linux cloud6.bbbike.org 2.6.32-754.24.3.el6.x86_64 #1 smp thu nov 14 15:35:16 utc 2019 x86_64 x86_64 x86_64 gnulinux '
config_args='-ds -e -Dprefix=/opt/perl-5.28.2 -Dcf_email=srezic@cpan.org'
hint=recommended
useposix=true
d_sigaction=define
useithreads=undef
usemultiplicity=undef
use64bitint=define
use64bitall=define
uselongdouble=undef
usemymalloc=n
default_inc_excludes_dot=define
bincompat5005=undef
Compiler:
cc='cc'
ccflags ='-fwrapv -fno-strict-aliasing -pipe -fstack-protector -I/usr/local/include -D_LARGEFILE_SOURCE -D_FILE_OFFSET_BITS=64 -D_FORTIFY_SOURCE=2'
optimize='-O2'
cppflags='-fwrapv -fno-strict-aliasing -pipe -fstack-protector -I/usr/local/include'
ccversion=''
gccversion='4.4.7 20120313 (Red Hat 4.4.7-23)'
gccosandvers=''
intsize=4
longsize=8
ptrsize=8
doublesize=8
byteorder=12345678
doublekind=3
d_longlong=define
longlongsize=8
d_longdbl=define
longdblsize=16
longdblkind=3
ivtype='long'
ivsize=8
nvtype='double'
nvsize=8
Off_t='off_t'
lseeksize=8
alignbytes=8
prototype=define
Linker and Libraries:
ld='cc'
ldflags =' -fstack-protector -L/usr/local/lib'
libpth=/usr/local/lib /usr/lib /lib/../lib64 /usr/lib/../lib64 /lib /lib64 /usr/lib64 /usr/local/lib64
libs=-lpthread -lnsl -lgdbm -ldb -ldl -lm -lcrypt -lutil -lc
perllibs=-lpthread -lnsl -ldl -lm -lcrypt -lutil -lc
libc=libc-2.12.so
so=so
useshrplib=false
libperl=libperl.a
gnulibc_version='2.12'
Dynamic Linking:
dlsrc=dl_dlopen.xs
dlext=so
d_dlsymun=undef
ccdlflags='-Wl,-E'
cccdlflags='-fPIC'
lddlflags='-shared -O2 -L/usr/local/lib -fstack-protector'
Characteristics of this binary (from libperl):
Compile-time options:
HAS_TIMES
PERLIO_LAYERS
PERL_COPY_ON_WRITE
PERL_DONT_CREATE_GVSV
PERL_MALLOC_WRAP
PERL_OP_PARENT
PERL_PRESERVE_IVUV
USE_64_BIT_ALL
USE_64_BIT_INT
USE_LARGE_FILES
USE_LOCALE
USE_LOCALE_COLLATE
USE_LOCALE_CTYPE
USE_LOCALE_NUMERIC
USE_LOCALE_TIME
USE_PERLIO
USE_PERL_ATOF
Built under linux
Compiled at Dec 1 2019 09:27:20
%ENV:
PERL5LIB="/home/cpansand/.cpan/build/2020110517/Pod-Simple-Wiki-0.20-2/blib/arch:/home/cpansand/.cpan/build/2020110517/Pod-Simple-Wiki-0.20-2/blib/lib"
PERL5OPT=""
PERL5_CPANPLUS_IS_RUNNING="19382"
PERL5_CPAN_IS_RUNNING="19382"
PERL5_CPAN_IS_RUNNING_IN_RECURSION="18653,19382"
PERLDOC="-MPod::Perldoc::ToTextOverstrike"
PERL_BATCH="yes"
PERL_CANARY_STABILITY_NOPROMPT="1"
PERL_CPAN_REPORTER_CONFIG="/var/tmp/cpansmoker-1023/2020110517/cpanreporter_000_config.ini"
PERL_EXTUTILS_AUTOINSTALL="--defaultdeps"
PERL_USE_UNSAFE_INC="1"
@INC:
/home/cpansand/.cpan/build/2020110517/Pod-Simple-Wiki-0.20-2/blib/arch
/home/cpansand/.cpan/build/2020110517/Pod-Simple-Wiki-0.20-2/blib/lib
/opt/perl-5.28.2/lib/site_perl/5.28.2/x86_64-linux
/opt/perl-5.28.2/lib/site_perl/5.28.2
/opt/perl-5.28.2/lib/5.28.2/x86_64-linux
/opt/perl-5.28.2/lib/5.28.2
.