Data-SplitSerializer v0.91 Perl 5 v5.24.0 x86_64-linux
- Status
- Fail
- From
- Slaven Rezić (SREZIC)
- Dist
-
Data-SplitSerializer v0.91
- Platform
- Perl 5 v5.24.0 x86_64-linux
- Date
- 2018-01-22 19:25:58
- ID
- 13020fe8-ffaa-11e7-a0e8-c60e3f2fed7e
This distribution has been tested as part of the CPAN Testers
project, supporting the Perl programming language. See
http://wiki.cpantesters.org/ for more information or email
questions to cpan-testers-discuss@perl.org
--
Dear Brendan Byrd,
This is a computer-generated report for Data-SplitSerializer-0.91
on perl 5.24.0, created by CPAN-Reporter-1.2018.
Thank you for uploading your work to CPAN. However, there was a problem
testing your distribution.
If you think this report is invalid, please consult the CPAN Testers Wiki
for suggestions on how to avoid getting FAIL reports for missing library
or binary dependencies, unsupported operating systems, and so on:
http://wiki.cpantesters.org/wiki/CPANAuthorNotes
Sections of this report:
* Tester comments
* Program output
* Prerequisites
* Environment and other context
------------------------------
TESTER COMMENTS
------------------------------
Additional comments from tester:
none provided
------------------------------
PROGRAM OUTPUT
------------------------------
Output from 'make test':
PERL_DL_NONLAZY=1 "/opt/perl-5.24.0/bin/perl" "-MExtUtils::Command::MM" "-MTest::Harness" "-e" "undef *Test::Harness::Switches; test_harness(0, 'blib/lib', 'blib/arch')" t/*.t
t/00-check-deps.t ...... ok
t/00-compile.t ......... ok
# Prerequisite Report:
# Version Module
# -------- ----------------
# 0.46 Capture::Tiny
# 0.299 Hash::Merge
# 0.015 Module::Runtime
# 2.003004 Moo
# 0.92 Parse::Path
# 0.010 Test::CheckDeps
# 1.302120 Test::More
# 0.35 Test::Most
# 0.30 Try::Tiny
# 1.002001 Types::Standard
# 0.27 namespace::clean
# 1.03 sanity
t/00-report-prereqs.t .. ok
# Failed test 'Data::SplitSerializer->new() died'
# at t/01-basic.t line 8.
# Error was: Behavior 'LEFT_PRECEDENT_STRICT_ARRAY_INDEX' does not exist at /home/cpansand/.cpan/build/2018012206/Data-SplitSerializer-0.91-5/blib/lib/Data/SplitSerializer.pm line 74.
# Failed test 'Basic hash deserialize didn't die'
# at t/lib/SplitSerializerTest.pm line 17.
# died: Can't call method "deserialize" on an undefined value at t/lib/SplitSerializerTest.pm line 16.
# Failed test 'Array-is-first deserialize didn't die'
# at t/lib/SplitSerializerTest.pm line 17.
# died: Can't call method "deserialize" on an undefined value at t/lib/SplitSerializerTest.pm line 16.
# Failed test 'Quoted hash deserialize didn't die'
# at t/lib/SplitSerializerTest.pm line 17.
# died: Can't call method "deserialize" on an undefined value at t/lib/SplitSerializerTest.pm line 16.
# Failed test 'Zero-length keys deserialize didn't die'
# at t/lib/SplitSerializerTest.pm line 17.
# died: Can't call method "deserialize" on an undefined value at t/lib/SplitSerializerTest.pm line 16.
# Looks like you failed 5 tests of 25.
t/01-basic.t ...........
Dubious, test returned 5 (wstat 1280, 0x500)
Failed 5/25 subtests
(less 20 skipped subtests: 0 okay)
# Failed test 'Data::SplitSerializer->new() died'
# at t/02-file-unix.t line 10.
# Error was: Behavior 'LEFT_PRECEDENT_STRICT_ARRAY_INDEX' does not exist at /home/cpansand/.cpan/build/2018012206/Data-SplitSerializer-0.91-5/blib/lib/Data/SplitSerializer.pm line 74.
# Failed test 'Basic UNIX path set deserialize didn't die'
# at t/lib/SplitSerializerTest.pm line 17.
# died: Can't call method "deserialize" on an undefined value at t/lib/SplitSerializerTest.pm line 16.
# Looks like you failed 2 tests of 7.
t/02-file-unix.t .......
Dubious, test returned 2 (wstat 512, 0x200)
Failed 2/7 subtests
(less 5 skipped subtests: 0 okay)
Test Summary Report
-------------------
t/01-basic.t (Wstat: 1280 Tests: 25 Failed: 5)
Failed tests: 1-2, 8, 14, 20
Non-zero exit status: 5
t/02-file-unix.t (Wstat: 512 Tests: 7 Failed: 2)
Failed tests: 1-2
Non-zero exit status: 2
Files=5, Tests=46, 1 wallclock secs ( 0.02 usr 0.02 sys + 0.84 cusr 0.12 csys = 1.00 CPU)
Result: FAIL
Failed 2/5 test programs. 7/46 subtests failed.
make: *** [test_dynamic] Error 2
------------------------------
PREREQUISITES
------------------------------
Prerequisite modules loaded:
requires:
Module Need Have
---------------- -------- --------
Hash::Merge 0.11 0.299
Module::Runtime 0.006 0.015
Moo 0.009001 2.003004
namespace::clean 0.06 0.27
Parse::Path 0.90 0.92
sanity 0.91 1.03
Try::Tiny 0.01 0.30
Types::Standard 0.001 1.002001
build_requires:
Module Need Have
---------------- -------- --------
Capture::Tiny 0.01 0.46
Test::CheckDeps 0.006 0.010
Test::More 0.94 1.302120
Test::Most 0.01 0.35
------------------------------
ENVIRONMENT AND OTHER CONTEXT
------------------------------
Environment variables:
LANG = en_US.UTF-8
PATH = /usr/local/bin:/usr/bin:/bin:/usr/local/sbin:/usr/sbin:/sbin:/home/cpansand/bin/linux-gnu:/home/cpansand/bin/sh:/home/cpansand/bin:/usr/games:/home/cpansand/devel:/home/eserte/src/srezic-misc/scripts
PERL5LIB = /home/cpansand/.cpan/build/2018012206/Parse-Path-0.92-5/blib/arch:/home/cpansand/.cpan/build/2018012206/Parse-Path-0.92-5/blib/lib:/home/cpansand/.cpan/build/2018012206/Hash-Merge-0.299-5/blib/arch:/home/cpansand/.cpan/build/2018012206/Hash-Merge-0.299-5/blib/lib
PERL5OPT =
PERL5_CPANPLUS_IS_RUNNING = 5511
PERL5_CPAN_IS_RUNNING = 5511
PERL5_CPAN_IS_RUNNING_IN_RECURSION = 24835,5511
PERLDOC = -MPod::Perldoc::ToTextOverstrike
PERL_BATCH = yes
PERL_CANARY_STABILITY_NOPROMPT = 1
PERL_CPAN_REPORTER_CONFIG = /var/tmp/cpansmoker-1023/2018012206/cpanreporter_000_config.ini
PERL_EXTUTILS_AUTOINSTALL = --defaultdeps
SHELL = /bin/zsh
TERM = screen
TMPDIR = /var/tmp/cpansmoker-1023/2018012206
Perl special variables (and OS-specific diagnostics, for MSWin32):
$^X = /opt/perl-5.24.0/bin/perl
$UID/$EUID = 1023 / 1023
$GID = 1023 1023
$EGID = 1023 1023
Perl module toolchain versions installed:
Module Have
------------------- --------
CPAN 2.16
CPAN::Meta 2.150010
Cwd 3.63
ExtUtils::CBuilder 0.280230
ExtUtils::Command 7.30
ExtUtils::Install 2.06
ExtUtils::MakeMaker 7.30
ExtUtils::Manifest 1.70
ExtUtils::ParseXS 3.31
File::Spec 3.63
JSON 2.97001
JSON::PP 2.97001
Module::Build 0.4224
Module::Signature 0.81
Parse::CPAN::Meta 2.150010
Test::Harness 3.39
Test::More 1.302120
YAML 1.24
YAML::Syck 1.30
version 0.9916
--
Summary of my perl5 (revision 5 version 24 subversion 0) configuration:
Platform:
osname=linux, osvers=2.6.32-696.3.1.el6.x86_64, archname=x86_64-linux
uname='linux centos6 2.6.32-696.3.1.el6.x86_64 #1 smp tue may 30 19:52:55 utc 2017 x86_64 x86_64 x86_64 gnulinux '
config_args='-ds -e -Dprefix=/opt/perl-5.24.0 -Dcf_email=srezic@cpan.org'
hint=recommended, useposix=true, d_sigaction=define
useithreads=undef, usemultiplicity=undef
use64bitint=define, use64bitall=define, uselongdouble=undef
usemymalloc=n, bincompat5005=undef
Compiler:
cc='cc', ccflags ='-fwrapv -fno-strict-aliasing -pipe -fstack-protector -I/usr/local/include -D_LARGEFILE_SOURCE -D_FILE_OFFSET_BITS=64 -D_FORTIFY_SOURCE=2',
optimize='-O2',
cppflags='-fwrapv -fno-strict-aliasing -pipe -fstack-protector -I/usr/local/include'
ccversion='', gccversion='4.4.7 20120313 (Red Hat 4.4.7-18)', gccosandvers=''
intsize=4, longsize=8, ptrsize=8, doublesize=8, byteorder=12345678, doublekind=3
d_longlong=define, longlongsize=8, d_longdbl=define, longdblsize=16, longdblkind=3
ivtype='long', ivsize=8, nvtype='double', nvsize=8, Off_t='off_t', lseeksize=8
alignbytes=8, prototype=define
Linker and Libraries:
ld='cc', ldflags =' -fstack-protector -L/usr/local/lib'
libpth=/usr/local/lib /usr/lib /lib/../lib64 /usr/lib/../lib64 /lib /lib64 /usr/lib64 /usr/local/lib64
libs=-lpthread -lnsl -lgdbm -ldb -ldl -lm -lcrypt -lutil -lc
perllibs=-lpthread -lnsl -ldl -lm -lcrypt -lutil -lc
libc=libc-2.12.so, so=so, useshrplib=false, libperl=libperl.a
gnulibc_version='2.12'
Dynamic Linking:
dlsrc=dl_dlopen.xs, dlext=so, d_dlsymun=undef, ccdlflags='-Wl,-E'
cccdlflags='-fPIC', lddlflags='-shared -O2 -L/usr/local/lib -fstack-protector'
Characteristics of this binary (from libperl):
Compile-time options: HAS_TIMES PERLIO_LAYERS PERL_COPY_ON_WRITE
PERL_DONT_CREATE_GVSV
PERL_HASH_FUNC_ONE_AT_A_TIME_HARD PERL_MALLOC_WRAP
PERL_PRESERVE_IVUV USE_64_BIT_ALL USE_64_BIT_INT
USE_LARGE_FILES USE_LOCALE USE_LOCALE_COLLATE
USE_LOCALE_CTYPE USE_LOCALE_NUMERIC USE_LOCALE_TIME
USE_PERLIO USE_PERL_ATOF
Built under linux
Compiled at Jun 20 2017 21:17:18
%ENV:
PERL5LIB="/home/cpansand/.cpan/build/2018012206/Parse-Path-0.92-5/blib/arch:/home/cpansand/.cpan/build/2018012206/Parse-Path-0.92-5/blib/lib:/home/cpansand/.cpan/build/2018012206/Hash-Merge-0.299-5/blib/arch:/home/cpansand/.cpan/build/2018012206/Hash-Merge-0.299-5/blib/lib"
PERL5OPT=""
PERL5_CPANPLUS_IS_RUNNING="5511"
PERL5_CPAN_IS_RUNNING="5511"
PERL5_CPAN_IS_RUNNING_IN_RECURSION="24835,5511"
PERLDOC="-MPod::Perldoc::ToTextOverstrike"
PERL_BATCH="yes"
PERL_CANARY_STABILITY_NOPROMPT="1"
PERL_CPAN_REPORTER_CONFIG="/var/tmp/cpansmoker-1023/2018012206/cpanreporter_000_config.ini"
PERL_EXTUTILS_AUTOINSTALL="--defaultdeps"
@INC:
/home/cpansand/.cpan/build/2018012206/Parse-Path-0.92-5/blib/arch
/home/cpansand/.cpan/build/2018012206/Parse-Path-0.92-5/blib/lib
/home/cpansand/.cpan/build/2018012206/Hash-Merge-0.299-5/blib/arch
/home/cpansand/.cpan/build/2018012206/Hash-Merge-0.299-5/blib/lib
/opt/perl-5.24.0/lib/site_perl/5.24.0/x86_64-linux
/opt/perl-5.24.0/lib/site_perl/5.24.0
/opt/perl-5.24.0/lib/5.24.0/x86_64-linux
/opt/perl-5.24.0/lib/5.24.0
.