Report for Class-DBI-Sweet-0.08

Back
From: metabase:user:9820532a-708b-1014-9a05-b18a96298da1
Subject: FAIL Class-DBI-Sweet-0.08 v5.15.2 GNU/Linux
Date: 2011-09-09T11:15:49Z

This distribution has been tested as part of the CPAN Testers
project, supporting the Perl programming language.  See
http://wiki.cpantesters.org/ for more information or email
questions to cpan-testers-discuss@perl.org


--
Dear Marcus Ramberg,

This is a computer-generated report for Class-DBI-Sweet-0.08
on perl 5.15.2, created by CPAN-Reporter-1.2002.

Thank you for uploading your work to CPAN.  However, there was a problem
testing your distribution.

If you think this report is invalid, please consult the CPAN Testers Wiki
for suggestions on how to avoid getting FAIL reports for missing library
or binary dependencies, unsupported operating systems, and so on:

http://wiki.cpantesters.org/wiki/CPANAuthorNotes

Sections of this report:

    * Tester comments
    * Program output
    * Prerequisites
    * Environment and other context

------------------------------
TESTER COMMENTS
------------------------------

Additional comments from tester:

this report is from an automated smoke testing program
and was not reviewed by a human for accuracy

------------------------------
PROGRAM OUTPUT
------------------------------

Output from './Build test':

t/01use.t ................................ ok
t/02pod.t ................................ skipped: set TEST_POD to enable this test
t/03podcoverage.t ........................ skipped: set TEST_POD to enable this test
Can't use string ("5/8") as a HASH ref while "strict refs" in use at /home/test/.cpan/build/Class-DBI-Sweet-0.08-XbayQ8/blib/lib/Class/DBI/Sweet.pm line 309.
# Looks like you planned 17 tests but ran 1.
# Looks like your test exited with 2 just after 1.
t/04join.t ............................... 
Dubious, test returned 2 (wstat 512, 0x200)
Failed 16/17 subtests 
Can't use string ("4/8") as a HASH ref while "strict refs" in use at /home/test/.cpan/build/Class-DBI-Sweet-0.08-XbayQ8/blib/lib/Class/DBI/Sweet.pm line 126.
# Looks like you planned 5 tests but ran 1.
# Looks like your test exited with 2 just after 1.
t/05count.t .............................. 
Dubious, test returned 2 (wstat 512, 0x200)
Failed 4/5 subtests 
Can't use string ("4/8") as a HASH ref while "strict refs" in use at /home/test/.cpan/build/Class-DBI-Sweet-0.08-XbayQ8/blib/lib/Class/DBI/Sweet.pm line 212.
# Looks like you planned 31 tests but ran 1.
# Looks like your test exited with 2 just after 1.
t/06object_cache.t ....................... 
Dubious, test returned 2 (wstat 512, 0x200)
Failed 30/31 subtests 
Can't use string ("4/8") as a HASH ref while "strict refs" in use at /home/test/.cpan/build/Class-DBI-Sweet-0.08-XbayQ8/blib/lib/Class/DBI/Sweet.pm line 212.
# Looks like you planned 7 tests but ran 1.
# Looks like your test exited with 25 just after 1.
t/07prefetch.t ........................... 
Dubious, test returned 25 (wstat 6400, 0x1900)
Failed 6/7 subtests 
Can't use string ("4/8") as a HASH ref while "strict refs" in use at /home/test/.cpan/build/Class-DBI-Sweet-0.08-XbayQ8/blib/lib/Class/DBI/Sweet.pm line 126.
# Looks like you planned 10 tests but ran 1.
# Looks like your test exited with 2 just after 1.
t/08pager.t .............................. 
Dubious, test returned 2 (wstat 512, 0x200)
Failed 9/10 subtests 
t/09sequence.t ........................... ok
t/cdbi-t-ocache/01-columns.t ............. ok
t/cdbi-t-ocache/03-subclassing.t ......... ok
prepare_cached(INSERT INTO Movies (title, rating)
VALUES (?, ?)
) statement handle DBIx::ContextualFetch::st=HASH(0x2b4d968) still Active at /home/test/perl5/perlbrew/perls/perl-5.15.2/lib/site_perl/5.15.2/Ima/DBI.pm line 398
prepare_cached(INSERT INTO Movies (title, rating)
VALUES (?, ?)
) statement handle DBIx::ContextualFetch::st=HASH(0x2b4d968) still Active at /home/test/perl5/perlbrew/perls/perl-5.15.2/lib/site_perl/5.15.2/Ima/DBI.pm line 398
prepare_cached(INSERT INTO Actor (name, film, salary)
VALUES (?, ?, ?)
) statement handle DBIx::ContextualFetch::st=HASH(0x2b569c8) still Active at /home/test/perl5/perlbrew/perls/perl-5.15.2/lib/site_perl/5.15.2/Ima/DBI.pm line 398
prepare_cached(INSERT INTO Actor (name, film, salary)
VALUES (?, ?, ?)
) statement handle DBIx::ContextualFetch::st=HASH(0x2b569c8) still Active at /home/test/perl5/perlbrew/perls/perl-5.15.2/lib/site_perl/5.15.2/Ima/DBI.pm line 398
prepare_cached(INSERT INTO Actor (name, film, salary)
VALUES (?, ?, ?)
) statement handle DBIx::ContextualFetch::st=HASH(0x2b569c8) still Active at /home/test/perl5/perlbrew/perls/perl-5.15.2/lib/site_perl/5.15.2/Ima/DBI.pm line 398
prepare_cached(INSERT INTO Actor (name, film, salary)
VALUES (?, ?, ?)
) statement handle DBIx::ContextualFetch::st=HASH(0x2b569c8) still Active at /home/test/perl5/perlbrew/perls/perl-5.15.2/lib/site_perl/5.15.2/Ima/DBI.pm line 398
prepare_cached(INSERT INTO Actor (name, film, salary)
VALUES (?, ?, ?)
) statement handle DBIx::ContextualFetch::st=HASH(0x2b569c8) still Active at /home/test/perl5/perlbrew/perls/perl-5.15.2/lib/site_perl/5.15.2/Ima/DBI.pm line 398
t/cdbi-t-ocache/05-Query.t ............... ok
t/cdbi-t-ocache/06-hasa.t ................ ok
t/cdbi-t-ocache/08-inheritcols.t ......... ok
prepare_cached(INSERT INTO Actor (name, film, salary)
VALUES (?, ?, ?)
) statement handle DBIx::ContextualFetch::st=HASH(0x1d2b5e8) still Active at /home/test/perl5/perlbrew/perls/perl-5.15.2/lib/site_perl/5.15.2/Ima/DBI.pm line 398
prepare_cached(INSERT INTO Actor (name, film, salary)
VALUES (?, ?, ?)
) statement handle DBIx::ContextualFetch::st=HASH(0x1d2b5e8) still Active at /home/test/perl5/perlbrew/perls/perl-5.15.2/lib/site_perl/5.15.2/Ima/DBI.pm line 398
prepare_cached(DELETE
FROM   Actor
WHERE  id=?
) statement handle DBIx::ContextualFetch::st=HASH(0x1d4d1e0) still Active at /home/test/perl5/perlbrew/perls/perl-5.15.2/lib/site_perl/5.15.2/Ima/DBI.pm line 398
prepare_cached(INSERT INTO Movies (title, director, rating)
VALUES (?, ?, ?)
) statement handle DBIx::ContextualFetch::st=HASH(0x1d55518) still Active at /home/test/perl5/perlbrew/perls/perl-5.15.2/lib/site_perl/5.15.2/Ima/DBI.pm line 398
t/cdbi-t-ocache/09-has_many.t ............ ok
t/cdbi-t-ocache/10-mysql.t ............... skipped: Need MySQL for this test
mutiple trigger registration in one add_trigger() call is deprecated. at /home/test/perl5/perlbrew/perls/perl-5.15.2/lib/site_perl/5.15.2/Class/DBI.pm line 1019
# Looks like your test exited with 255 before it could output anything.
t/cdbi-t-ocache/11-triggers.t ............ 
Dubious, test returned 255 (wstat 65280, 0xff00)
Failed 13/13 subtests 
prepare_cached(INSERT INTO Movies (title)
VALUES (?)
) statement handle DBIx::ContextualFetch::st=HASH(0x1338570) still Active at /home/test/perl5/perlbrew/perls/perl-5.15.2/lib/site_perl/5.15.2/Ima/DBI.pm line 398
prepare_cached(INSERT INTO Actor (name, film, salary)
VALUES (?, ?, ?)
) statement handle DBIx::ContextualFetch::st=HASH(0x1338ee8) still Active at /home/test/perl5/perlbrew/perls/perl-5.15.2/lib/site_perl/5.15.2/Ima/DBI.pm line 398
prepare_cached(INSERT INTO Actor (name, film, salary)
VALUES (?, ?, ?)
) statement handle DBIx::ContextualFetch::st=HASH(0x1338ee8) still Active at /home/test/perl5/perlbrew/perls/perl-5.15.2/lib/site_perl/5.15.2/Ima/DBI.pm line 398
prepare_cached(INSERT INTO Actor (name, film, salary)
VALUES (?, ?, ?)
) statement handle DBIx::ContextualFetch::st=HASH(0x1338ee8) still Active at /home/test/perl5/perlbrew/perls/perl-5.15.2/lib/site_perl/5.15.2/Ima/DBI.pm line 398
prepare_cached(DELETE
FROM   Actor
WHERE  id=?
) statement handle DBIx::ContextualFetch::st=HASH(0x1359540) still Active at /home/test/perl5/perlbrew/perls/perl-5.15.2/lib/site_perl/5.15.2/Ima/DBI.pm line 398
prepare_cached(DELETE
FROM   Actor
WHERE  id=?
) statement handle DBIx::ContextualFetch::st=HASH(0x1359540) still Active at /home/test/perl5/perlbrew/perls/perl-5.15.2/lib/site_perl/5.15.2/Ima/DBI.pm line 398
t/cdbi-t-ocache/12-filter.t .............. ok
prepare_cached(INSERT INTO Movies (rating)
VALUES (?)
) statement handle DBIx::ContextualFetch::st=HASH(0x2316c18) still Active at /home/test/perl5/perlbrew/perls/perl-5.15.2/lib/site_perl/5.15.2/Ima/DBI.pm line 398
prepare_cached(INSERT INTO Movies (title)
VALUES (?)
) statement handle DBIx::ContextualFetch::st=HASH(0x231da38) still Active at /home/test/perl5/perlbrew/perls/perl-5.15.2/lib/site_perl/5.15.2/Ima/DBI.pm line 398
t/cdbi-t-ocache/13-constraint.t .......... ok
prepare_cached(UPDATE Movies
SET    rating = ?
WHERE  title=?
) statement handle DBIx::ContextualFetch::st=HASH(0x2661620) still Active at /home/test/perl5/perlbrew/perls/perl-5.15.2/lib/site_perl/5.15.2/Ima/DBI.pm line 398
t/cdbi-t-ocache/14-might_have.t .......... ok
t/cdbi-t-ocache/16-reserved.t ............ ok
t/cdbi-t-ocache/17-data_type.t ........... skipped: needs DBD::Pg for testing
Name "Ima::DBI::st::execute" used only once: possible typo at t/cdbi-t-ocache/18-has_a.t line 44.
prepare_cached(INSERT INTO Directors (name, birthday, isinsane)
VALUES (?, ?, ?)
) statement handle DBIx::ContextualFetch::st=HASH(0x271e498) still Active at /home/test/perl5/perlbrew/perls/perl-5.15.2/lib/site_perl/5.15.2/Ima/DBI.pm line 398
prepare_cached(UPDATE Movies
SET    director = ?
WHERE  title=?
) statement handle DBIx::ContextualFetch::st=HASH(0x2723d40) still Active at /home/test/perl5/perlbrew/perls/perl-5.15.2/lib/site_perl/5.15.2/Ima/DBI.pm line 398
t/cdbi-t-ocache/18-has_a.t ............... ok
prepare_cached(INSERT INTO Movies (title, director, rating)
VALUES (?, ?, ?)
) statement handle DBIx::ContextualFetch::st=HASH(0x250e7a8) still Active at /home/test/perl5/perlbrew/perls/perl-5.15.2/lib/site_perl/5.15.2/Ima/DBI.pm line 398
prepare_cached(INSERT INTO Movies (title, director, rating)
VALUES (?, ?, ?)
) statement handle DBIx::ContextualFetch::st=HASH(0x250e7a8) still Active at /home/test/perl5/perlbrew/perls/perl-5.15.2/lib/site_perl/5.15.2/Ima/DBI.pm line 398
prepare_cached(INSERT INTO Movies (title, director, rating)
VALUES (?, ?, ?)
) statement handle DBIx::ContextualFetch::st=HASH(0x250e7a8) still Active at /home/test/perl5/perlbrew/perls/perl-5.15.2/lib/site_perl/5.15.2/Ima/DBI.pm line 398
prepare_cached(INSERT INTO Movies (title, director, rating)
VALUES (?, ?, ?)
) statement handle DBIx::ContextualFetch::st=HASH(0x250e7a8) still Active at /home/test/perl5/perlbrew/perls/perl-5.15.2/lib/site_perl/5.15.2/Ima/DBI.pm line 398
prepare_cached(INSERT INTO Actor (name, film)
VALUES (?, ?)
) statement handle DBIx::ContextualFetch::st=HASH(0x25269f0) still Active at /home/test/perl5/perlbrew/perls/perl-5.15.2/lib/site_perl/5.15.2/Ima/DBI.pm line 398
prepare_cached(INSERT INTO Actor (name, film)
VALUES (?, ?)
) statement handle DBIx::ContextualFetch::st=HASH(0x25269f0) still Active at /home/test/perl5/perlbrew/perls/perl-5.15.2/lib/site_perl/5.15.2/Ima/DBI.pm line 398
t/cdbi-t-ocache/19-set_sql.t ............. ok
prepare_cached(INSERT INTO Movies (title)
VALUES (?)
) statement handle DBIx::ContextualFetch::st=HASH(0x2b56178) still Active at /home/test/perl5/perlbrew/perls/perl-5.15.2/lib/site_perl/5.15.2/Ima/DBI.pm line 398
prepare_cached(INSERT INTO Movies (title)
VALUES (?)
) statement handle DBIx::ContextualFetch::st=HASH(0x2b56178) still Active at /home/test/perl5/perlbrew/perls/perl-5.15.2/lib/site_perl/5.15.2/Ima/DBI.pm line 398
prepare_cached(INSERT INTO Movies (title)
VALUES (?)
) statement handle DBIx::ContextualFetch::st=HASH(0x2b56178) still Active at /home/test/perl5/perlbrew/perls/perl-5.15.2/lib/site_perl/5.15.2/Ima/DBI.pm line 398
prepare_cached(INSERT INTO Movies (title)
VALUES (?)
) statement handle DBIx::ContextualFetch::st=HASH(0x2b56178) still Active at /home/test/perl5/perlbrew/perls/perl-5.15.2/lib/site_perl/5.15.2/Ima/DBI.pm line 398
prepare_cached(INSERT INTO Movies (title)
VALUES (?)
) statement handle DBIx::ContextualFetch::st=HASH(0x2b56178) still Active at /home/test/perl5/perlbrew/perls/perl-5.15.2/lib/site_perl/5.15.2/Ima/DBI.pm line 398
t/cdbi-t-ocache/21-iterator.t ............ ok
t/cdbi-t-ocache/22-deflate_order.t ....... skipped: Need MySQL for this test
prepare_cached(INSERT INTO Movies (title, director)
VALUES (?, ?)
) statement handle DBIx::ContextualFetch::st=HASH(0x1c973e8) still Active at /home/test/perl5/perlbrew/perls/perl-5.15.2/lib/site_perl/5.15.2/Ima/DBI.pm line 398
prepare_cached(DELETE
FROM   Movies
WHERE  title=?
) statement handle DBIx::ContextualFetch::st=HASH(0x1ca1e80) still Active at /home/test/perl5/perlbrew/perls/perl-5.15.2/lib/site_perl/5.15.2/Ima/DBI.pm line 398
t/cdbi-t-ocache/23-cascade.t ............. ok
t/cdbi-t-ocache/24-meta_info.t ........... ok
t/cdbi-t-ocache/25-closures_in_meta.t .... skipped: Need MySQL for this test
t/cdbi-t-ocache/97-pod.t ................. ok
t/cdbi-t-ocache/98-failure.t ............. ok
Use of uninitialized value $name in lc at /home/test/perl5/perlbrew/perls/perl-5.15.2/lib/site_perl/5.15.2/Class/DBI/ColumnGrouper.pm line 91.
t/cdbi-t-ocache/99-misc.t ................ ok
t/cdbi-t-rescache/01-columns.t ........... ok
t/cdbi-t-rescache/03-subclassing.t ....... ok
prepare_cached(INSERT INTO Movies (title, rating)
VALUES (?, ?)
) statement handle DBIx::ContextualFetch::st=HASH(0x2cea8b8) still Active at /home/test/perl5/perlbrew/perls/perl-5.15.2/lib/site_perl/5.15.2/Ima/DBI.pm line 398
prepare_cached(INSERT INTO Movies (title, rating)
VALUES (?, ?)
) statement handle DBIx::ContextualFetch::st=HASH(0x2cea8b8) still Active at /home/test/perl5/perlbrew/perls/perl-5.15.2/lib/site_perl/5.15.2/Ima/DBI.pm line 398
prepare_cached(INSERT INTO Actor (name, film, salary)
VALUES (?, ?, ?)
) statement handle DBIx::ContextualFetch::st=HASH(0x2cf3918) still Active at /home/test/perl5/perlbrew/perls/perl-5.15.2/lib/site_perl/5.15.2/Ima/DBI.pm line 398
prepare_cached(INSERT INTO Actor (name, film, salary)
VALUES (?, ?, ?)
) statement handle DBIx::ContextualFetch::st=HASH(0x2cf3918) still Active at /home/test/perl5/perlbrew/perls/perl-5.15.2/lib/site_perl/5.15.2/Ima/DBI.pm line 398
prepare_cached(INSERT INTO Actor (name, film, salary)
VALUES (?, ?, ?)
) statement handle DBIx::ContextualFetch::st=HASH(0x2cf3918) still Active at /home/test/perl5/perlbrew/perls/perl-5.15.2/lib/site_perl/5.15.2/Ima/DBI.pm line 398
prepare_cached(INSERT INTO Actor (name, film, salary)
VALUES (?, ?, ?)
) statement handle DBIx::ContextualFetch::st=HASH(0x2cf3918) still Active at /home/test/perl5/perlbrew/perls/perl-5.15.2/lib/site_perl/5.15.2/Ima/DBI.pm line 398
prepare_cached(INSERT INTO Actor (name, film, salary)
VALUES (?, ?, ?)
) statement handle DBIx::ContextualFetch::st=HASH(0x2cf3918) still Active at /home/test/perl5/perlbrew/perls/perl-5.15.2/lib/site_perl/5.15.2/Ima/DBI.pm line 398
t/cdbi-t-rescache/05-Query.t ............. ok
t/cdbi-t-rescache/06-hasa.t .............. ok
t/cdbi-t-rescache/08-inheritcols.t ....... ok
prepare_cached(INSERT INTO Actor (name, film, salary)
VALUES (?, ?, ?)
) statement handle DBIx::ContextualFetch::st=HASH(0x263c618) still Active at /home/test/perl5/perlbrew/perls/perl-5.15.2/lib/site_perl/5.15.2/Ima/DBI.pm line 398
prepare_cached(INSERT INTO Actor (name, film, salary)
VALUES (?, ?, ?)
) statement handle DBIx::ContextualFetch::st=HASH(0x263c618) still Active at /home/test/perl5/perlbrew/perls/perl-5.15.2/lib/site_perl/5.15.2/Ima/DBI.pm line 398
prepare_cached(DELETE
FROM   Actor
WHERE  id=?
) statement handle DBIx::ContextualFetch::st=HASH(0x265e280) still Active at /home/test/perl5/perlbrew/perls/perl-5.15.2/lib/site_perl/5.15.2/Ima/DBI.pm line 398
prepare_cached(INSERT INTO Movies (title, director, rating)
VALUES (?, ?, ?)
) statement handle DBIx::ContextualFetch::st=HASH(0x26664c8) still Active at /home/test/perl5/perlbrew/perls/perl-5.15.2/lib/site_perl/5.15.2/Ima/DBI.pm line 398
t/cdbi-t-rescache/09-has_many.t .......... ok
t/cdbi-t-rescache/10-mysql.t ............. skipped: Need MySQL for this test
mutiple trigger registration in one add_trigger() call is deprecated. at /home/test/perl5/perlbrew/perls/perl-5.15.2/lib/site_perl/5.15.2/Class/DBI.pm line 1019
# Looks like your test exited with 255 before it could output anything.
t/cdbi-t-rescache/11-triggers.t .......... 
Dubious, test returned 255 (wstat 65280, 0xff00)
Failed 13/13 subtests 
prepare_cached(INSERT INTO Movies (title)
VALUES (?)
) statement handle DBIx::ContextualFetch::st=HASH(0x1236570) still Active at /home/test/perl5/perlbrew/perls/perl-5.15.2/lib/site_perl/5.15.2/Ima/DBI.pm line 398
prepare_cached(INSERT INTO Actor (name, film, salary)
VALUES (?, ?, ?)
) statement handle DBIx::ContextualFetch::st=HASH(0x1236ee8) still Active at /home/test/perl5/perlbrew/perls/perl-5.15.2/lib/site_perl/5.15.2/Ima/DBI.pm line 398
prepare_cached(INSERT INTO Actor (name, film, salary)
VALUES (?, ?, ?)
) statement handle DBIx::ContextualFetch::st=HASH(0x1236ee8) still Active at /home/test/perl5/perlbrew/perls/perl-5.15.2/lib/site_perl/5.15.2/Ima/DBI.pm line 398
prepare_cached(INSERT INTO Actor (name, film, salary)
VALUES (?, ?, ?)
) statement handle DBIx::ContextualFetch::st=HASH(0x1236ee8) still Active at /home/test/perl5/perlbrew/perls/perl-5.15.2/lib/site_perl/5.15.2/Ima/DBI.pm line 398
prepare_cached(DELETE
FROM   Actor
WHERE  id=?
) statement handle DBIx::ContextualFetch::st=HASH(0x12575a0) still Active at /home/test/perl5/perlbrew/perls/perl-5.15.2/lib/site_perl/5.15.2/Ima/DBI.pm line 398
prepare_cached(DELETE
FROM   Actor
WHERE  id=?
) statement handle DBIx::ContextualFetch::st=HASH(0x12575a0) still Active at /home/test/perl5/perlbrew/perls/perl-5.15.2/lib/site_perl/5.15.2/Ima/DBI.pm line 398
t/cdbi-t-rescache/12-filter.t ............ ok
prepare_cached(INSERT INTO Movies (rating)
VALUES (?)
) statement handle DBIx::ContextualFetch::st=HASH(0x2dbdbd8) still Active at /home/test/perl5/perlbrew/perls/perl-5.15.2/lib/site_perl/5.15.2/Ima/DBI.pm line 398
prepare_cached(INSERT INTO Movies (title)
VALUES (?)
) statement handle DBIx::ContextualFetch::st=HASH(0x2dc49f8) still Active at /home/test/perl5/perlbrew/perls/perl-5.15.2/lib/site_perl/5.15.2/Ima/DBI.pm line 398
t/cdbi-t-rescache/13-constraint.t ........ ok
prepare_cached(UPDATE Movies
SET    rating = ?
WHERE  title=?
) statement handle DBIx::ContextualFetch::st=HASH(0x22f7610) still Active at /home/test/perl5/perlbrew/perls/perl-5.15.2/lib/site_perl/5.15.2/Ima/DBI.pm line 398
t/cdbi-t-rescache/14-might_have.t ........ ok
t/cdbi-t-rescache/16-reserved.t .......... ok
t/cdbi-t-rescache/17-data_type.t ......... skipped: needs DBD::Pg for testing
Name "Ima::DBI::st::execute" used only once: possible typo at t/cdbi-t-rescache/18-has_a.t line 44.
prepare_cached(INSERT INTO Directors (name, birthday, isinsane)
VALUES (?, ?, ?)
) statement handle DBIx::ContextualFetch::st=HASH(0x2fd64a8) still Active at /home/test/perl5/perlbrew/perls/perl-5.15.2/lib/site_perl/5.15.2/Ima/DBI.pm line 398
prepare_cached(UPDATE Movies
SET    director = ?
WHERE  title=?
) statement handle DBIx::ContextualFetch::st=HASH(0x2fdbd50) still Active at /home/test/perl5/perlbrew/perls/perl-5.15.2/lib/site_perl/5.15.2/Ima/DBI.pm line 398
t/cdbi-t-rescache/18-has_a.t ............. ok
prepare_cached(INSERT INTO Movies (title, director, rating)
VALUES (?, ?, ?)
) statement handle DBIx::ContextualFetch::st=HASH(0x1a9d7b8) still Active at /home/test/perl5/perlbrew/perls/perl-5.15.2/lib/site_perl/5.15.2/Ima/DBI.pm line 398
prepare_cached(INSERT INTO Movies (title, director, rating)
VALUES (?, ?, ?)
) statement handle DBIx::ContextualFetch::st=HASH(0x1a9d7b8) still Active at /home/test/perl5/perlbrew/perls/perl-5.15.2/lib/site_perl/5.15.2/Ima/DBI.pm line 398
prepare_cached(INSERT INTO Movies (title, director, rating)
VALUES (?, ?, ?)
) statement handle DBIx::ContextualFetch::st=HASH(0x1a9d7b8) still Active at /home/test/perl5/perlbrew/perls/perl-5.15.2/lib/site_perl/5.15.2/Ima/DBI.pm line 398
prepare_cached(INSERT INTO Movies (title, director, rating)
VALUES (?, ?, ?)
) statement handle DBIx::ContextualFetch::st=HASH(0x1a9d7b8) still Active at /home/test/perl5/perlbrew/perls/perl-5.15.2/lib/site_perl/5.15.2/Ima/DBI.pm line 398
prepare_cached(INSERT INTO Actor (name, film)
VALUES (?, ?)
) statement handle DBIx::ContextualFetch::st=HASH(0x1ab5a00) still Active at /home/test/perl5/perlbrew/perls/perl-5.15.2/lib/site_perl/5.15.2/Ima/DBI.pm line 398
prepare_cached(INSERT INTO Actor (name, film)
VALUES (?, ?)
) statement handle DBIx::ContextualFetch::st=HASH(0x1ab5a00) still Active at /home/test/perl5/perlbrew/perls/perl-5.15.2/lib/site_perl/5.15.2/Ima/DBI.pm line 398
t/cdbi-t-rescache/19-set_sql.t ........... ok
prepare_cached(INSERT INTO Movies (title)
VALUES (?)
) statement handle DBIx::ContextualFetch::st=HASH(0x21ed188) still Active at /home/test/perl5/perlbrew/perls/perl-5.15.2/lib/site_perl/5.15.2/Ima/DBI.pm line 398
prepare_cached(INSERT INTO Movies (title)
VALUES (?)
) statement handle DBIx::ContextualFetch::st=HASH(0x21ed188) still Active at /home/test/perl5/perlbrew/perls/perl-5.15.2/lib/site_perl/5.15.2/Ima/DBI.pm line 398
prepare_cached(INSERT INTO Movies (title)
VALUES (?)
) statement handle DBIx::ContextualFetch::st=HASH(0x21ed188) still Active at /home/test/perl5/perlbrew/perls/perl-5.15.2/lib/site_perl/5.15.2/Ima/DBI.pm line 398
prepare_cached(INSERT INTO Movies (title)
VALUES (?)
) statement handle DBIx::ContextualFetch::st=HASH(0x21ed188) still Active at /home/test/perl5/perlbrew/perls/perl-5.15.2/lib/site_perl/5.15.2/Ima/DBI.pm line 398
prepare_cached(INSERT INTO Movies (title)
VALUES (?)
) statement handle DBIx::ContextualFetch::st=HASH(0x21ed188) still Active at /home/test/perl5/perlbrew/perls/perl-5.15.2/lib/site_perl/5.15.2/Ima/DBI.pm line 398
t/cdbi-t-rescache/21-iterator.t .......... ok
t/cdbi-t-rescache/22-deflate_order.t ..... skipped: Need MySQL for this test
prepare_cached(INSERT INTO Movies (title, director)
VALUES (?, ?)
) statement handle DBIx::ContextualFetch::st=HASH(0x2ceb3f8) still Active at /home/test/perl5/perlbrew/perls/perl-5.15.2/lib/site_perl/5.15.2/Ima/DBI.pm line 398
prepare_cached(DELETE
FROM   Movies
WHERE  title=?
) statement handle DBIx::ContextualFetch::st=HASH(0x2cf5e90) still Active at /home/test/perl5/perlbrew/perls/perl-5.15.2/lib/site_perl/5.15.2/Ima/DBI.pm line 398
t/cdbi-t-rescache/23-cascade.t ........... ok
t/cdbi-t-rescache/24-meta_info.t ......... ok
t/cdbi-t-rescache/25-closures_in_meta.t .. skipped: Need MySQL for this test
t/cdbi-t-rescache/97-pod.t ............... ok
t/cdbi-t-rescache/98-failure.t ........... ok
Use of uninitialized value $name in lc at /home/test/perl5/perlbrew/perls/perl-5.15.2/lib/site_perl/5.15.2/Class/DBI/ColumnGrouper.pm line 91.
t/cdbi-t-rescache/99-misc.t .............. ok
t/cdbi-t/01-columns.t .................... ok
prepare_cached(INSERT INTO Movies (title, director, rating, numexplodingsheep)
VALUES (?, ?, ?, ?)
) statement handle DBIx::ContextualFetch::st=HASH(0xfe9570) still Active at /home/test/perl5/perlbrew/perls/perl-5.15.2/lib/site_perl/5.15.2/Ima/DBI.pm line 398
prepare_cached(INSERT INTO Movies (title, director)
VALUES (?, ?)
) statement handle DBIx::ContextualFetch::st=HASH(0x17d2a80) still Active at /home/test/perl5/perlbrew/perls/perl-5.15.2/lib/site_perl/5.15.2/Ima/DBI.pm line 398
prepare_cached(INSERT INTO Movies (title, director)
VALUES (?, ?)
) statement handle DBIx::ContextualFetch::st=HASH(0x17d2a80) still Active at /home/test/perl5/perlbrew/perls/perl-5.15.2/lib/site_perl/5.15.2/Ima/DBI.pm line 398
DBIx::ContextualFetch::db=HASH(0x135d830)->disconnect invalidates 7 active statement handles (either destroy statement handles or call finish on them before disconnecting) at t/cdbi-t/02-Film.t line 204.
closing dbh with active statement handles at t/cdbi-t/02-Film.t line 204.
prepare_cached(UPDATE Movies
SET    numexplodingsheep = ?
WHERE  title=?
) statement handle DBIx::ContextualFetch::st=HASH(0x135d290) still Active at /home/test/perl5/perlbrew/perls/perl-5.15.2/lib/site_perl/5.15.2/Ima/DBI.pm line 398
prepare_cached(UPDATE Movies
SET    rating = ?
WHERE  title=?
) statement handle DBIx::ContextualFetch::st=HASH(0x17c1758) still Active at /home/test/perl5/perlbrew/perls/perl-5.15.2/lib/site_perl/5.15.2/Ima/DBI.pm line 398
prepare_cached(INSERT INTO Movies (title, rating)
VALUES (?, ?)
) statement handle DBIx::ContextualFetch::st=HASH(0x17c1a88) still Active at /home/test/perl5/perlbrew/perls/perl-5.15.2/lib/site_perl/5.15.2/Ima/DBI.pm line 398
t/cdbi-t/02-Film.t ....................... ok
t/cdbi-t/03-subclassing.t ................ ok
t/cdbi-t/04-lazy.t ....................... ok
prepare_cached(INSERT INTO Movies (title, rating)
VALUES (?, ?)
) statement handle DBIx::ContextualFetch::st=HASH(0x18f72d8) still Active at /home/test/perl5/perlbrew/perls/perl-5.15.2/lib/site_perl/5.15.2/Ima/DBI.pm line 398
prepare_cached(INSERT INTO Movies (title, rating)
VALUES (?, ?)
) statement handle DBIx::ContextualFetch::st=HASH(0x18f72d8) still Active at /home/test/perl5/perlbrew/perls/perl-5.15.2/lib/site_perl/5.15.2/Ima/DBI.pm line 398
prepare_cached(INSERT INTO Actor (name, film, salary)
VALUES (?, ?, ?)
) statement handle DBIx::ContextualFetch::st=HASH(0x1900378) still Active at /home/test/perl5/perlbrew/perls/perl-5.15.2/lib/site_perl/5.15.2/Ima/DBI.pm line 398
prepare_cached(INSERT INTO Actor (name, film, salary)
VALUES (?, ?, ?)
) statement handle DBIx::ContextualFetch::st=HASH(0x1900378) still Active at /home/test/perl5/perlbrew/perls/perl-5.15.2/lib/site_perl/5.15.2/Ima/DBI.pm line 398
prepare_cached(INSERT INTO Actor (name, film, salary)
VALUES (?, ?, ?)
) statement handle DBIx::ContextualFetch::st=HASH(0x1900378) still Active at /home/test/perl5/perlbrew/perls/perl-5.15.2/lib/site_perl/5.15.2/Ima/DBI.pm line 398
prepare_cached(INSERT INTO Actor (name, film, salary)
VALUES (?, ?, ?)
) statement handle DBIx::ContextualFetch::st=HASH(0x1900378) still Active at /home/test/perl5/perlbrew/perls/perl-5.15.2/lib/site_perl/5.15.2/Ima/DBI.pm line 398
prepare_cached(INSERT INTO Actor (name, film, salary)
VALUES (?, ?, ?)
) statement handle DBIx::ContextualFetch::st=HASH(0x1900378) still Active at /home/test/perl5/perlbrew/perls/perl-5.15.2/lib/site_perl/5.15.2/Ima/DBI.pm line 398
t/cdbi-t/05-Query.t ...................... ok
t/cdbi-t/06-hasa.t ....................... ok
t/cdbi-t/08-inheritcols.t ................ ok
prepare_cached(INSERT INTO Actor (name, film, salary)
VALUES (?, ?, ?)
) statement handle DBIx::ContextualFetch::st=HASH(0x25f7f78) still Active at /home/test/perl5/perlbrew/perls/perl-5.15.2/lib/site_perl/5.15.2/Ima/DBI.pm line 398
prepare_cached(INSERT INTO Actor (name, film, salary)
VALUES (?, ?, ?)
) statement handle DBIx::ContextualFetch::st=HASH(0x25f7f78) still Active at /home/test/perl5/perlbrew/perls/perl-5.15.2/lib/site_perl/5.15.2/Ima/DBI.pm line 398
prepare_cached(DELETE
FROM   Actor
WHERE  id=?
) statement handle DBIx::ContextualFetch::st=HASH(0x2623500) still Active at /home/test/perl5/perlbrew/perls/perl-5.15.2/lib/site_perl/5.15.2/Ima/DBI.pm line 398
prepare_cached(INSERT INTO Movies (title, director, rating)
VALUES (?, ?, ?)
) statement handle DBIx::ContextualFetch::st=HASH(0x26271e8) still Active at /home/test/perl5/perlbrew/perls/perl-5.15.2/lib/site_perl/5.15.2/Ima/DBI.pm line 398
t/cdbi-t/09-has_many.t ................... ok
t/cdbi-t/10-mysql.t ...................... skipped: Need MySQL for this test
mutiple trigger registration in one add_trigger() call is deprecated. at /home/test/perl5/perlbrew/perls/perl-5.15.2/lib/site_perl/5.15.2/Class/DBI.pm line 1019
# Looks like your test exited with 255 before it could output anything.
t/cdbi-t/11-triggers.t ................... 
Dubious, test returned 255 (wstat 65280, 0xff00)
Failed 13/13 subtests 
prepare_cached(INSERT INTO Movies (title)
VALUES (?)
) statement handle DBIx::ContextualFetch::st=HASH(0x1966958) still Active at /home/test/perl5/perlbrew/perls/perl-5.15.2/lib/site_perl/5.15.2/Ima/DBI.pm line 398
prepare_cached(INSERT INTO Actor (name, film, salary)
VALUES (?, ?, ?)
) statement handle DBIx::ContextualFetch::st=HASH(0x19672d0) still Active at /home/test/perl5/perlbrew/perls/perl-5.15.2/lib/site_perl/5.15.2/Ima/DBI.pm line 398
prepare_cached(INSERT INTO Actor (name, film, salary)
VALUES (?, ?, ?)
) statement handle DBIx::ContextualFetch::st=HASH(0x19672d0) still Active at /home/test/perl5/perlbrew/perls/perl-5.15.2/lib/site_perl/5.15.2/Ima/DBI.pm line 398
prepare_cached(INSERT INTO Actor (name, film, salary)
VALUES (?, ?, ?)
) statement handle DBIx::ContextualFetch::st=HASH(0x19672d0) still Active at /home/test/perl5/perlbrew/perls/perl-5.15.2/lib/site_perl/5.15.2/Ima/DBI.pm line 398
prepare_cached(DELETE
FROM   Actor
WHERE  id=?
) statement handle DBIx::ContextualFetch::st=HASH(0x1988f20) still Active at /home/test/perl5/perlbrew/perls/perl-5.15.2/lib/site_perl/5.15.2/Ima/DBI.pm line 398
prepare_cached(DELETE
FROM   Actor
WHERE  id=?
) statement handle DBIx::ContextualFetch::st=HASH(0x1988f20) still Active at /home/test/perl5/perlbrew/perls/perl-5.15.2/lib/site_perl/5.15.2/Ima/DBI.pm line 398
t/cdbi-t/12-filter.t ..................... ok
prepare_cached(INSERT INTO Movies (rating)
VALUES (?)
) statement handle DBIx::ContextualFetch::st=HASH(0x1586a70) still Active at /home/test/perl5/perlbrew/perls/perl-5.15.2/lib/site_perl/5.15.2/Ima/DBI.pm line 398
prepare_cached(INSERT INTO Movies (title)
VALUES (?)
) statement handle DBIx::ContextualFetch::st=HASH(0x158d910) still Active at /home/test/perl5/perlbrew/perls/perl-5.15.2/lib/site_perl/5.15.2/Ima/DBI.pm line 398
t/cdbi-t/13-constraint.t ................. ok
prepare_cached(UPDATE Movies
SET    rating = ?
WHERE  title=?
) statement handle DBIx::ContextualFetch::st=HASH(0x2282550) still Active at /home/test/perl5/perlbrew/perls/perl-5.15.2/lib/site_perl/5.15.2/Ima/DBI.pm line 398
t/cdbi-t/14-might_have.t ................. ok
t/cdbi-t/17-data_type.t .................. skipped: needs DBD::Pg for testing
Name "Ima::DBI::st::execute" used only once: possible typo at t/cdbi-t/18-has_a.t line 38.
prepare_cached(INSERT INTO Directors (name, birthday, isinsane)
VALUES (?, ?, ?)
) statement handle DBIx::ContextualFetch::st=HASH(0x13ced28) still Active at /home/test/perl5/perlbrew/perls/perl-5.15.2/lib/site_perl/5.15.2/Ima/DBI.pm line 398
prepare_cached(UPDATE Movies
SET    director = ?
WHERE  title=?
) statement handle DBIx::ContextualFetch::st=HASH(0x13d7570) still Active at /home/test/perl5/perlbrew/perls/perl-5.15.2/lib/site_perl/5.15.2/Ima/DBI.pm line 398
t/cdbi-t/18-has_a.t ...................... ok
prepare_cached(INSERT INTO Movies (title, director, rating)
VALUES (?, ?, ?)
) statement handle DBIx::ContextualFetch::st=HASH(0x113ace8) still Active at /home/test/perl5/perlbrew/perls/perl-5.15.2/lib/site_perl/5.15.2/Ima/DBI.pm line 398
prepare_cached(INSERT INTO Movies (title, director, rating)
VALUES (?, ?, ?)
) statement handle DBIx::ContextualFetch::st=HASH(0x113ace8) still Active at /home/test/perl5/perlbrew/perls/perl-5.15.2/lib/site_perl/5.15.2/Ima/DBI.pm line 398
prepare_cached(INSERT INTO Movies (title, director, rating)
VALUES (?, ?, ?)
) statement handle DBIx::ContextualFetch::st=HASH(0x113ace8) still Active at /home/test/perl5/perlbrew/perls/perl-5.15.2/lib/site_perl/5.15.2/Ima/DBI.pm line 398
prepare_cached(INSERT INTO Movies (title, director, rating)
VALUES (?, ?, ?)
) statement handle DBIx::ContextualFetch::st=HASH(0x113ace8) still Active at /home/test/perl5/perlbrew/perls/perl-5.15.2/lib/site_perl/5.15.2/Ima/DBI.pm line 398
prepare_cached(INSERT INTO Actor (name, film)
VALUES (?, ?)
) statement handle DBIx::ContextualFetch::st=HASH(0x1151370) still Active at /home/test/perl5/perlbrew/perls/perl-5.15.2/lib/site_perl/5.15.2/Ima/DBI.pm line 398
prepare_cached(INSERT INTO Actor (name, film)
VALUES (?, ?)
) statement handle DBIx::ContextualFetch::st=HASH(0x1151370) still Active at /home/test/perl5/perlbrew/perls/perl-5.15.2/lib/site_perl/5.15.2/Ima/DBI.pm line 398
t/cdbi-t/19-set_sql.t .................... ok
prepare_cached(INSERT INTO Movies (title)
VALUES (?)
) statement handle DBIx::ContextualFetch::st=HASH(0x1a570a0) still Active at /home/test/perl5/perlbrew/perls/perl-5.15.2/lib/site_perl/5.15.2/Ima/DBI.pm line 398
prepare_cached(INSERT INTO Movies (title)
VALUES (?)
) statement handle DBIx::ContextualFetch::st=HASH(0x1a570a0) still Active at /home/test/perl5/perlbrew/perls/perl-5.15.2/lib/site_perl/5.15.2/Ima/DBI.pm line 398
prepare_cached(INSERT INTO Movies (title)
VALUES (?)
) statement handle DBIx::ContextualFetch::st=HASH(0x1a570a0) still Active at /home/test/perl5/perlbrew/perls/perl-5.15.2/lib/site_perl/5.15.2/Ima/DBI.pm line 398
prepare_cached(INSERT INTO Movies (title)
VALUES (?)
) statement handle DBIx::ContextualFetch::st=HASH(0x1a570a0) still Active at /home/test/perl5/perlbrew/perls/perl-5.15.2/lib/site_perl/5.15.2/Ima/DBI.pm line 398
prepare_cached(INSERT INTO Movies (title)
VALUES (?)
) statement handle DBIx::ContextualFetch::st=HASH(0x1a570a0) still Active at /home/test/perl5/perlbrew/perls/perl-5.15.2/lib/site_perl/5.15.2/Ima/DBI.pm line 398
t/cdbi-t/21-iterator.t ................... ok
t/cdbi-t/22-deflate_order.t .............. skipped: Need MySQL for this test
prepare_cached(INSERT INTO Movies (title, director)
VALUES (?, ?)
) statement handle DBIx::ContextualFetch::st=HASH(0x1bbf028) still Active at /home/test/perl5/perlbrew/perls/perl-5.15.2/lib/site_perl/5.15.2/Ima/DBI.pm line 398
prepare_cached(DELETE
FROM   Movies
WHERE  title=?
) statement handle DBIx::ContextualFetch::st=HASH(0x1bdd658) still Active at /home/test/perl5/perlbrew/perls/perl-5.15.2/lib/site_perl/5.15.2/Ima/DBI.pm line 398
t/cdbi-t/23-cascade.t .................... ok
t/cdbi-t/24-meta_info.t .................. ok
t/cdbi-t/25-closures_in_meta.t ........... skipped: Need MySQL for this test
t/cdbi-t/97-pod.t ........................ ok
t/cdbi-t/98-failure.t .................... ok
Use of uninitialized value $name in lc at /home/test/perl5/perlbrew/perls/perl-5.15.2/lib/site_perl/5.15.2/Class/DBI/ColumnGrouper.pm line 91.
t/cdbi-t/99-misc.t ....................... ok

Test Summary Report
-------------------
t/04join.t                             (Wstat: 512 Tests: 1 Failed: 0)
  Non-zero exit status: 2
  Parse errors: Bad plan.  You planned 17 tests but ran 1.
t/05count.t                            (Wstat: 512 Tests: 1 Failed: 0)
  Non-zero exit status: 2
  Parse errors: Bad plan.  You planned 5 tests but ran 1.
t/06object_cache.t                     (Wstat: 512 Tests: 1 Failed: 0)
  Non-zero exit status: 2
  Parse errors: Bad plan.  You planned 31 tests but ran 1.
t/07prefetch.t                         (Wstat: 6400 Tests: 1 Failed: 0)
  Non-zero exit status: 25
  Parse errors: Bad plan.  You planned 7 tests but ran 1.
t/08pager.t                            (Wstat: 512 Tests: 1 Failed: 0)
  Non-zero exit status: 2
  Parse errors: Bad plan.  You planned 10 tests but ran 1.
t/cdbi-t-ocache/11-triggers.t          (Wstat: 65280 Tests: 0 Failed: 0)
  Non-zero exit status: 255
  Parse errors: Bad plan.  You planned 13 tests but ran 0.
t/cdbi-t-rescache/11-triggers.t        (Wstat: 65280 Tests: 0 Failed: 0)
  Non-zero exit status: 255
  Parse errors: Bad plan.  You planned 13 tests but ran 0.
t/cdbi-t/11-triggers.t                 (Wstat: 65280 Tests: 0 Failed: 0)
  Non-zero exit status: 255
  Parse errors: Bad plan.  You planned 13 tests but ran 0.
Files=79, Tests=1176, 86 wallclock secs ( 0.59 usr  0.20 sys + 12.29 cusr  2.89 csys = 15.97 CPU)
Result: FAIL
Failed 8/79 test programs. 0/1176 subtests failed.

------------------------------
PREREQUISITES
------------------------------

Prerequisite modules loaded:

requires:

    Module        Need    Have   
    ------------- ------- -------
    Class::DBI    v3.0.12 3.0.17 
    Data::Page    0       2.02   
    DBD::SQLite   1.08    1.14001
    DBI           0       1.616  
    List::Util    0       1.23   
    SQL::Abstract 1.17    1.72   


------------------------------
ENVIRONMENT AND OTHER CONTEXT
------------------------------

Environment variables:

    AUTOMATED_TESTING = 1
    LANG = C
    LC_ALL = C
    PATH = /home/test/bin:/home/test/perl5/perlbrew/bin:/home/test/perl5/perlbrew/perls/perl-5.15.2/bin:~/bin:/usr/bin:/bin
    PATH_WITHOUT_PERLBREW = ~/bin:/usr/bin:/bin
    PERL5LIB = 
    PERL5OPT = 
    PERL5_CPANPLUS_IS_RUNNING = 31960
    PERL5_CPAN_IS_RUNNING = 31960
    PERL5_CPAN_IS_RUNNING_IN_RECURSION = 8139,31960
    PERLBREW_HOME = /home/test/.perlbrew
    PERLBREW_PATH = /home/test/perl5/perlbrew/bin:/home/test/perl5/perlbrew/perls/perl-5.15.2/bin
    PERLBREW_PERL = perl-5.15.2
    PERLBREW_ROOT = /home/test/perl5/perlbrew
    PERLBREW_VERSION = 0.28
    PERL_CR_SMOKER_CURRENT = Class-DBI-Sweet-0.08
    PERL_EXTUTILS_AUTOINSTALL = --defaultdeps
    PERL_MM_USE_DEFAULT = 1
    SHELL = /bin/bash
    TERM = linux

Perl special variables (and OS-specific diagnostics, for MSWin32):

    $^X = /home/test/perl5/perlbrew/perls/perl-5.15.2/bin/perl5.15.2
    $UID/$EUID = 1001 / 1001
    $GID = 1001 1001
    $EGID = 1001 1001

Perl module toolchain versions installed:

    Module              Have    
    ------------------- --------
    CPAN                1.9800  
    CPAN::Meta          2.112150
    Cwd                 3.37    
    ExtUtils::CBuilder  0.280204
    ExtUtils::Command   1.17    
    ExtUtils::Install   1.52    
    ExtUtils::MakeMaker 6.59    
    ExtUtils::Manifest  1.60    
    ExtUtils::ParseXS   3.04    
    File::Spec          3.34    
    JSON                2.53    
    JSON::PP            2.27200 
    Module::Build       0.39_01 
    Module::Signature   0.68    
    Parse::CPAN::Meta   1.4401  
    Test::Harness       3.23    
    Test::More          0.98    
    YAML                0.73    
    YAML::Syck          n/a     
    version             0.94    


--

Summary of my perl5 (revision 5 version 15 subversion 2) configuration:
   
  Platform:
    osname=linux, osvers=2.6.35-28-generic, archname=x86_64-linux-thread-multi
    uname='linux zippy 2.6.35-28-generic #50-ubuntu smp fri mar 18 18:42:20 utc 2011 x86_64 gnulinux '
    config_args='-de -Dprefix=/home/test/perl5/perlbrew/perls/perl-5.15.2 -Dusethreads -Dusedevel'
    hint=recommended, useposix=true, d_sigaction=define
    useithreads=define, usemultiplicity=define
    useperlio=define, d_sfio=undef, uselargefiles=define, usesocks=undef
    use64bitint=define, use64bitall=define, uselongdouble=undef
    usemymalloc=n, bincompat5005=undef
  Compiler:
    cc='cc', ccflags ='-D_REENTRANT -D_GNU_SOURCE -fno-strict-aliasing -pipe -fstack-protector -I/usr/local/include -D_LARGEFILE_SOURCE -D_FILE_OFFSET_BITS=64',
    optimize='-O2',
    cppflags='-D_REENTRANT -D_GNU_SOURCE -fno-strict-aliasing -pipe -fstack-protector -I/usr/local/include'
    ccversion='', gccversion='4.4.5', gccosandvers=''
    intsize=4, longsize=8, ptrsize=8, doublesize=8, byteorder=12345678
    d_longlong=define, longlongsize=8, d_longdbl=define, longdblsize=16
    ivtype='long', ivsize=8, nvtype='double', nvsize=8, Off_t='off_t', lseeksize=8
    alignbytes=8, prototype=define
  Linker and Libraries:
    ld='cc', ldflags =' -fstack-protector -L/usr/local/lib'
    libpth=/usr/local/lib /lib/../lib /usr/lib/../lib /lib /usr/lib /usr/lib/x86_64-linux-gnu /lib64 /usr/lib64
    libs=-lnsl -ldl -lm -lcrypt -lutil -lpthread -lc
    perllibs=-lnsl -ldl -lm -lcrypt -lutil -lpthread -lc
    libc=/lib/libc-2.12.1.so, so=so, useshrplib=false, libperl=libperl.a
    gnulibc_version='2.12.1'
  Dynamic Linking:
    dlsrc=dl_dlopen.xs, dlext=so, d_dlsymun=undef, ccdlflags='-Wl,-E'
    cccdlflags='-fPIC', lddlflags='-shared -O2 -L/usr/local/lib -fstack-protector'


Characteristics of this binary (from libperl): 
  Compile-time options: HAS_TIMES MULTIPLICITY PERLIO_LAYERS
                        PERL_DONT_CREATE_GVSV PERL_IMPLICIT_CONTEXT
                        PERL_MALLOC_WRAP PERL_PRESERVE_IVUV PERL_USE_DEVEL
                        USE_64_BIT_ALL USE_64_BIT_INT USE_ITHREADS
                        USE_LARGE_FILES USE_LOCALE USE_LOCALE_COLLATE
                        USE_LOCALE_CTYPE USE_LOCALE_NUMERIC USE_PERLIO
                        USE_PERL_ATOF USE_REENTRANT_API
  Built under linux
  Compiled at Sep  5 2011 10:11:47
  %ENV:
    PERL5LIB=""
    PERL5OPT=""
    PERL5_CPANPLUS_IS_RUNNING="31960"
    PERL5_CPAN_IS_RUNNING="31960"
    PERL5_CPAN_IS_RUNNING_IN_RECURSION="8139,31960"
    PERLBREW_HOME="/home/test/.perlbrew"
    PERLBREW_PATH="/home/test/perl5/perlbrew/bin:/home/test/perl5/perlbrew/perls/perl-5.15.2/bin"
    PERLBREW_PERL="perl-5.15.2"
    PERLBREW_ROOT="/home/test/perl5/perlbrew"
    PERLBREW_VERSION="0.28"
    PERL_CR_SMOKER_CURRENT="Class-DBI-Sweet-0.08"
    PERL_EXTUTILS_AUTOINSTALL="--defaultdeps"
    PERL_MM_USE_DEFAULT="1"
  @INC:
    /home/test/perl5/perlbrew/perls/perl-5.15.2/lib/site_perl/5.15.2/x86_64-linux-thread-multi
    /home/test/perl5/perlbrew/perls/perl-5.15.2/lib/site_perl/5.15.2
    /home/test/perl5/perlbrew/perls/perl-5.15.2/lib/5.15.2/x86_64-linux-thread-multi
    /home/test/perl5/perlbrew/perls/perl-5.15.2/lib/5.15.2
    .