AnyEvent-WebSocket-Server v0.10 Perl 5 v5.28.3 x86_64-linux
- Status
- Fail
- From
- David Cantrell (DCANTRELL)
- Dist
-
AnyEvent-WebSocket-Server v0.10
- Platform
- Perl 5 v5.28.3 x86_64-linux
- Date
- 2021-05-31 21:27:58
- ID
- 11f67210-c257-11eb-b75e-a61b54a200d0
This distribution has been tested as part of the CPAN Testers
project, supporting the Perl programming language. See
http://wiki.cpantesters.org/ for more information or email
questions to cpan-testers-discuss@perl.org
--
Dear Toshio Ito,
This is a computer-generated report for AnyEvent-WebSocket-Server-0.10
on perl 5.28.3, created by CPAN-Reporter-1.2018.
Thank you for uploading your work to CPAN. However, there was a problem
testing your distribution.
If you think this report is invalid, please consult the CPAN Testers Wiki
for suggestions on how to avoid getting FAIL reports for missing library
or binary dependencies, unsupported operating systems, and so on:
http://wiki.cpantesters.org/wiki/CPANAuthorNotes
Sections of this report:
* Tester comments
* Program output
* Prerequisites
* Environment and other context
------------------------------
TESTER COMMENTS
------------------------------
Additional comments from tester:
this report is from an automated smoke testing program
and was not reviewed by a human for accuracy
------------------------------
PROGRAM OUTPUT
------------------------------
Output from './Build test':
# Testing AnyEvent::WebSocket::Server 0.10, Perl 5.028003, /home/david/cpantesting/perl-5.28.3/bin/perl
t/00-load.t ................. ok
t/connetion_active_close.t .. ok
t/echo.t .................... ok
t/error.t ................... ok
t/handshake.t ............... ok
t/max_payload_size.t ........ ok
# Failed test 'Timeout'
# at /home/david/cpantesting/perl-5.28.3/.cpan/build/AnyEvent-WebSocket-Server-0.10-0/t/testlib/Util.pm line 36.
A context appears to have been destroyed without first calling release().
Based on $@ it does not look like an exception was thrown (this is not always
a reliable test)
This is a problem because the global error variables ($!, $@, and $?) will
not be restored. In addition some release callbacks will not work properly from
inside a DESTROY method.
Here are the context creation details, just in case a tool forgot to call
release():
File: /home/david/cpantesting/perl-5.28.3/.cpan/build/AnyEvent-WebSocket-Server-0.10-0/t/testlib/ConnConfig.pm
Line: 119
Tool: Test::More::subtest
Here is a trace to the code that caused the context to be destroyed, this could
be an exit(), a goto, or simply the end of a scope:
Context destroyed at /home/david/cpantesting/perl-5.28.3/.cpan/build/AnyEvent-WebSocket-Server-0.10-0/t/testlib/Util.pm line 38.
eval {...} called at /home/david/cpantesting/perl-5.28.3/.cpan/build/AnyEvent-WebSocket-Server-0.10-0/t/testlib/Util.pm line 38
Test::Builder::subtest(Test::Builder=HASH(0x55adb593b780), "conn:wss, combined", CODE(0x55adb60fb738)) called at /home/david/cpantesting/perl-5.28.3/lib/site_perl/5.28.3/Test/More.pm line 809
Test::More::subtest("conn:wss, combined", CODE(0x55adb60fb738)) called at /home/david/cpantesting/perl-5.28.3/.cpan/build/AnyEvent-WebSocket-Server-0.10-0/t/testlib/ConnConfig.pm line 119
testlib::ConnConfig::_run_code(testlib::ConnConfig=HASH(0x55adb6109380), CODE(0x55adb593c6c8)) called at /home/david/cpantesting/perl-5.28.3/.cpan/build/AnyEvent-WebSocket-Server-0.10-0/t/testlib/ConnConfig.pm line 125
testlib::ConnConfig::for_all_ok_conn_configs("testlib::ConnConfig", CODE(0x55adb593c6c8)) called at t/multiple_connections.t line 52
Cleaning up the CONTEXT stack...
# Test ended with extra hubs on the stack!
# Tests were run but no plan was declared and done_testing() was not seen.
# Looks like your test exited with 2 just after 2.
t/multiple_connections.t ....
Dubious, test returned 255 (wstat 65280, 0xff00)
All 2 subtests passed
t/psgi_corona.t ............. skipped: Test requires module 'Corona::Server' but it's not found
t/psgi_twiggy.t ............. skipped: Test requires module 'Twiggy::Server' but it's not found
t/tls_error.t ............... ok
t/validator.t ............... ok
Test Summary Report
-------------------
t/multiple_connections.t (Wstat: 65280 Tests: 2 Failed: 0)
Non-zero exit status: 255
Parse errors: No plan found in TAP output
Files=11, Tests=29, 33 wallclock secs ( 0.31 usr 0.07 sys + 13.49 cusr 1.22 csys = 15.09 CPU)
Result: FAIL
Failed 1/11 test programs. 0/29 subtests failed.
------------------------------
PREREQUISITES
------------------------------
Prerequisite modules loaded:
requires:
Module Need Have
-------------------------------------- ---- --------
AnyEvent::Handle 0 7.17
AnyEvent::WebSocket::Client 0.37 0.54
Carp 0 1.50
Protocol::WebSocket::Handshake::Server 0 0
Try::Tiny 0 0.30
build_requires:
Module Need Have
-------------------------------------- ---- --------
AnyEvent 0 7.17
AnyEvent::Handle 0 7.17
AnyEvent::Socket 0 7.17
AnyEvent::WebSocket::Client 0.37 0.54
Protocol::WebSocket::Frame 0 0
Protocol::WebSocket::Handshake::Client 0 0
Scalar::Util 0 1.56
Test::Memory::Cycle 0 1.06
Test::More 0 1.302185
Test::Requires 0 0.11
Try::Tiny 0 0.30
configure_requires:
Module Need Have
-------------------------------------- ---- --------
Module::Build 0.42 0.4231
Module::Build::Prereqs::FromCPANfile 0.02 0.02
------------------------------
ENVIRONMENT AND OTHER CONTEXT
------------------------------
Environment variables:
AUTOMATED_TESTING = 1
LANG = en_GB.UTF-8
LANGUAGE = en_GB:en
LC_TERMINAL = iTerm2
LC_TERMINAL_VERSION = 3.4.8
NONINTERACTIVE_TESTING = 1
PATH = /home/david/perl5/perlbrew/bin:/home/david/perl5/perlbrew/perls/perl-5.30.2/bin:/usr/local/bin:/usr/bin:/bin:/usr/local/games:/usr/games
PERL = 5.28.3
PERL5LIB =
PERL5OPT =
PERL5_CPANPLUS_IS_RUNNING = 3816
PERL5_CPAN_IS_RUNNING = 3816
PERLBREW_HOME = /home/david/.perlbrew
PERLBREW_MANPATH = /home/david/perl5/perlbrew/perls/perl-5.30.2/man
PERLBREW_PATH = /home/david/perl5/perlbrew/bin:/home/david/perl5/perlbrew/perls/perl-5.30.2/bin
PERLBREW_PERL = perl-5.30.2
PERLBREW_ROOT = /home/david/perl5/perlbrew
PERLBREW_SHELLRC_VERSION = 0.89
PERLBREW_VERSION = 0.89
PERLVER = 5.28.3
PERL_INLINE_DIRECTORY = /home/david/.Inline-5.28.3
PERL_MM_USE_DEFAULT = 1
PERL_USE_UNSAFE_INC = 0
SHELL = /bin/bash
TERM = screen
Perl special variables (and OS-specific diagnostics, for MSWin32):
$^X = /home/david/cpantesting/perl-5.28.3/bin/perl
$UID/$EUID = 1000 / 1000
$GID = 1000 24 25 27 29 30 44 46 109 1000
$EGID = 1000 24 25 27 29 30 44 46 109 1000
Perl module toolchain versions installed:
Module Have
------------------- --------
CPAN 2.20
CPAN::Meta 2.150010
Cwd 3.74
ExtUtils::CBuilder 0.280230
ExtUtils::Command 7.62
ExtUtils::Install 2.14
ExtUtils::MakeMaker 7.62
ExtUtils::Manifest 1.70
ExtUtils::ParseXS 3.39
File::Spec 3.74
JSON 4.03
JSON::PP 2.97001
Module::Build 0.4231
Module::Signature n/a
Parse::CPAN::Meta 2.150010
Test::Harness 3.42
Test::More 1.302185
YAML 1.30
YAML::Syck n/a
version 0.9923
--
Summary of my perl5 (revision 5 version 28 subversion 3) configuration:
Platform:
osname=linux
osvers=4.9.0-8-amd64
archname=x86_64-linux
uname='linux pigsty.barnyard.co.uk 4.9.0-8-amd64 #1 smp debian 4.9.144-3 (2019-02-02) x86_64 gnulinux '
config_args='-de -Dprefix=/home/david/cpantesting/perl-5.28.3'
hint=recommended
useposix=true
d_sigaction=define
useithreads=undef
usemultiplicity=undef
use64bitint=define
use64bitall=define
uselongdouble=undef
usemymalloc=n
default_inc_excludes_dot=define
bincompat5005=undef
Compiler:
cc='cc'
ccflags ='-fwrapv -fno-strict-aliasing -pipe -fstack-protector-strong -I/usr/local/include -D_LARGEFILE_SOURCE -D_FILE_OFFSET_BITS=64 -D_FORTIFY_SOURCE=2'
optimize='-O2'
cppflags='-fwrapv -fno-strict-aliasing -pipe -fstack-protector-strong -I/usr/local/include'
ccversion=''
gccversion='6.3.0 20170516'
gccosandvers=''
intsize=4
longsize=8
ptrsize=8
doublesize=8
byteorder=12345678
doublekind=3
d_longlong=define
longlongsize=8
d_longdbl=define
longdblsize=16
longdblkind=3
ivtype='long'
ivsize=8
nvtype='double'
nvsize=8
Off_t='off_t'
lseeksize=8
alignbytes=8
prototype=define
Linker and Libraries:
ld='cc'
ldflags =' -fstack-protector-strong -L/usr/local/lib'
libpth=/usr/local/lib /usr/lib/gcc/x86_64-linux-gnu/6/include-fixed /usr/include/x86_64-linux-gnu /usr/lib /lib/x86_64-linux-gnu /lib/../lib /usr/lib/x86_64-linux-gnu /usr/lib/../lib /lib
libs=-lpthread -lnsl -ldb -ldl -lm -lcrypt -lutil -lc
perllibs=-lpthread -lnsl -ldl -lm -lcrypt -lutil -lc
libc=libc-2.24.so
so=so
useshrplib=false
libperl=libperl.a
gnulibc_version='2.24'
Dynamic Linking:
dlsrc=dl_dlopen.xs
dlext=so
d_dlsymun=undef
ccdlflags='-Wl,-E'
cccdlflags='-fPIC'
lddlflags='-shared -O2 -L/usr/local/lib -fstack-protector-strong'
Characteristics of this binary (from libperl):
Compile-time options:
HAS_TIMES
PERLIO_LAYERS
PERL_COPY_ON_WRITE
PERL_DONT_CREATE_GVSV
PERL_MALLOC_WRAP
PERL_OP_PARENT
PERL_PRESERVE_IVUV
USE_64_BIT_ALL
USE_64_BIT_INT
USE_LARGE_FILES
USE_LOCALE
USE_LOCALE_COLLATE
USE_LOCALE_CTYPE
USE_LOCALE_NUMERIC
USE_LOCALE_TIME
USE_PERLIO
USE_PERL_ATOF
Built under linux
Compiled at Jun 4 2020 18:26:24
%ENV:
PERL="5.28.3"
PERL5LIB=""
PERL5OPT=""
PERL5_CPANPLUS_IS_RUNNING="3816"
PERL5_CPAN_IS_RUNNING="3816"
PERLBREW_HOME="/home/david/.perlbrew"
PERLBREW_MANPATH="/home/david/perl5/perlbrew/perls/perl-5.30.2/man"
PERLBREW_PATH="/home/david/perl5/perlbrew/bin:/home/david/perl5/perlbrew/perls/perl-5.30.2/bin"
PERLBREW_PERL="perl-5.30.2"
PERLBREW_ROOT="/home/david/perl5/perlbrew"
PERLBREW_SHELLRC_VERSION="0.89"
PERLBREW_VERSION="0.89"
PERLVER="5.28.3"
PERL_INLINE_DIRECTORY="/home/david/.Inline-5.28.3"
PERL_MM_USE_DEFAULT="1"
PERL_USE_UNSAFE_INC="0"
@INC:
/home/david/cpantesting/perl-5.28.3/lib/site_perl/5.28.3/x86_64-linux
/home/david/cpantesting/perl-5.28.3/lib/site_perl/5.28.3
/home/david/cpantesting/perl-5.28.3/lib/5.28.3/x86_64-linux
/home/david/cpantesting/perl-5.28.3/lib/5.28.3