Report for Test-Dist-0.01

Back
From: metabase:user:314402c4-2aae-11df-837a-5e0a49663a4f
Subject: FAIL Test-Dist-0.01 v5.18.2 GNU/Linux
Date: 2015-11-12T07:14:52Z

This distribution has been tested as part of the CPAN Testers
project, supporting the Perl programming language.  See
http://wiki.cpantesters.org/ for more information or email
questions to cpan-testers-discuss@perl.org


--
Dear Mons Anderson,

This is a computer-generated report for Test-Dist-0.01
on perl 5.18.2, created by CPAN-Reporter-1.2015.

Thank you for uploading your work to CPAN.  However, there was a problem
testing your distribution.

If you think this report is invalid, please consult the CPAN Testers Wiki
for suggestions on how to avoid getting FAIL reports for missing library
or binary dependencies, unsupported operating systems, and so on:

http://wiki.cpantesters.org/wiki/CPANAuthorNotes

Sections of this report:

    * Tester comments
    * Program output
    * Prerequisites
    * Environment and other context

------------------------------
TESTER COMMENTS
------------------------------

Additional comments from tester:

none provided

------------------------------
PROGRAM OUTPUT
------------------------------

Output from '/usr/bin/make test':

PERL_DL_NONLAZY=1 "/bbbike/perl-5.18.2/bin/perl" "-MExtUtils::Command::MM" "-MTest::Harness" "-e" "undef *Test::Harness::Switches; test_harness(0, 'inc', 'blib/lib', 'blib/arch')" t/00-load.t t/01-all.t t/pod-coverage.t t/pod.t
# Testing Test::Dist 0.01, Perl 5.018002, /bbbike/perl-5.18.2/bin/perl
t/00-load.t ....... ok

#   Failed test 'has_license_in_source_file (from: Module::CPANTS::Kwalitee::License)'
#   at /tmpfs/.cpan-build/2015111121/Test-Dist-0.01-frtQBO/lib/Test/Dist.pm line 460.
# Does not have license information in any of its source files
# Add =head1 LICENSE and the text of the license to the main module in your code.

#   Failed test 'has_known_license_in_source_file (from: Module::CPANTS::Kwalitee::License)'
#   at /tmpfs/.cpan-build/2015111121/Test-Dist-0.01-frtQBO/lib/Test/Dist.pm line 460.
# Does not have license information in any of its source files, or the information is not recognized by Software::License
# Add =head1 LICENSE and/or the proper text of the well-known license to the main module in your code.

#   Failed test 'manifest_matches_dist (from: Test::Dist::Manifest)'
#   at /tmpfs/.cpan-build/2015111121/Test-Dist-0.01-frtQBO/lib/Test/Dist.pm line 460.
# MANIFEST does not match the contents of this distribution. See 'error_manifest_matches_dist' in the dist view for more info.
# Use a buildtool to generate the MANIFEST. Or update MANIFEST manually.
# MANIFEST (26) does not match dist (10):
# Missing in MANIFEST: MYMETA.json, MYMETA.yml
# Missing in Dist: ex/99-dist.t, inc/Module/AutoInstall.pm, inc/Module/Install.pm, inc/Module/Install/AutoInstall.pm, inc/Module/Install/Base.pm, inc/Module/Install/Can.pm, inc/Module/Install/Fetch.pm, inc/Module/Install/Include.pm, inc/Module/Install/Makefile.pm, inc/Module/Install/Metadata.pm, inc/Module/Install/Win32.pm, inc/Module/Install/WriteAll.pm, lib/Test/Dist.pm, lib/Test/Dist/Manifest.pm, t/00-load.t, t/01-all.t, t/pod-coverage.t, t/pod.t
Undefined subroutine &Test::YAML::Meta::yaml_file_ok called at /tmpfs/.cpan-build/2015111121/Test-Dist-0.01-frtQBO/lib/Test/Dist.pm line 196.
# Looks like you planned 36 tests but ran 30.
# Looks like you failed 3 tests of 30 run.
# Looks like your test exited with 255 just after 30.
t/01-all.t ........ 
Dubious, test returned 255 (wstat 65280, 0xff00)
Failed 9/36 subtests 
	(1 TODO test unexpectedly succeeded)
t/pod-coverage.t .. skipped: Test condition not met
t/pod.t ........... ok

Test Summary Report
-------------------
t/01-all.t      (Wstat: 65280 Tests: 30 Failed: 3)
  Failed tests:  23-25
  TODO passed:   3
  Non-zero exit status: 255
  Parse errors: Bad plan.  You planned 36 tests but ran 30.
Files=4, Tests=34,  2 wallclock secs ( 0.01 usr  0.03 sys +  0.62 cusr  0.12 csys =  0.78 CPU)
Result: FAIL
Failed 1/4 test programs. 3/34 subtests failed.
make: *** [test_dynamic] Error 255

------------------------------
PREREQUISITES
------------------------------

Prerequisite modules loaded:

requires:

    Module                  Need Have    
    ----------------------- ---- --------
    Array::Diff             0    0.07    
    ExtUtils::MakeMaker     0    7.04    
    ExtUtils::Manifest      0    1.68    
    lib::abs                0.90 0.93    
    Module::CPANTS::Analyse 0    0.96    
    Test::If                0    0.01    
    Test::More              0    1.001014
    Test::NoWarnings        0    1.04    

build_requires:

    Module                  Need Have    
    ----------------------- ---- --------
    ExtUtils::MakeMaker     0    7.04    

configure_requires:

    Module                  Need Have    
    ----------------------- ---- --------
    ExtUtils::MakeMaker     6.42 7.04    


------------------------------
ENVIRONMENT AND OTHER CONTEXT
------------------------------

Environment variables:

    LANG = C
    PATH = /usr/local/bin:/usr/bin:/bin:/usr/local/sbin:/usr/sbin:/sbin:/home/eserte/bin/linux-gnu:/home/eserte/bin/sh:/home/eserte/bin:/usr/games:/home/eserte/devel:/home/eserte/src/srezic-misc/scripts
    PERL5LIB = /home/eserte/.cpan/build/2015111121/Test-If-0.01-dQEhR3/blib/arch:/home/eserte/.cpan/build/2015111121/Test-If-0.01-dQEhR3/blib/lib:/home/eserte/.cpan/build/2015111121/NetSDS-1.301-XoWZQf/blib/arch:/home/eserte/.cpan/build/2015111121/NetSDS-1.301-XoWZQf/blib/lib:/home/eserte/.cpan/build/2015111121/Hardware-Vhdl-Lexer-1.00-Jg1cVR/blib/arch:/home/eserte/.cpan/build/2015111121/Hardware-Vhdl-Lexer-1.00-Jg1cVR/blib/lib
    PERL5OPT = 
    PERL5_CPANPLUS_IS_RUNNING = 4494
    PERL5_CPAN_IS_RUNNING = 4494
    PERL5_CPAN_IS_RUNNING_IN_RECURSION = 27027,4494
    PERLDOC = -MPod::Perldoc::ToTextOverstrike
    PERL_BATCH = yes
    PERL_CANARY_STABILITY_NOPROMPT = 1
    PERL_CPAN_REPORTER_CONFIG = /var/tmp/cpansmoker-1001/2015111118/cpanreporter_004_config.ini
    PERL_EXTUTILS_AUTOINSTALL = --defaultdeps
    SHELL = /bin/zsh
    TERM = screen
    TMPDIR = /var/tmp/cpansmoker-1001/2015111118

Perl special variables (and OS-specific diagnostics, for MSWin32):

    $^X = /bbbike/perl-5.18.2/bin/perl
    $UID/$EUID = 1001 / 1001
    $GID = 1001 109 1001
    $EGID = 1001 109 1001

Perl module toolchain versions installed:

    Module              Have    
    ------------------- --------
    CPAN                2.05    
    CPAN::Meta          2.150005
    Cwd                 3.47    
    ExtUtils::CBuilder  0.280223
    ExtUtils::Command   1.18    
    ExtUtils::Install   2.04    
    ExtUtils::MakeMaker 7.04    
    ExtUtils::Manifest  1.68    
    ExtUtils::ParseXS   3.24    
    File::Spec          3.47    
    JSON                2.90    
    JSON::PP            2.27300 
    Module::Build       0.4214  
    Module::Signature   0.78    
    Parse::CPAN::Meta   1.4414  
    Test::Harness       3.35    
    Test::More          1.001014
    YAML                1.15    
    YAML::Syck          1.29    
    version             0.9912  


--

Summary of my perl5 (revision 5 version 18 subversion 2) configuration:
   
  Platform:
    osname=linux, osvers=3.2.0-4-amd64, archname=x86_64-linux
    uname='linux eserte 3.2.0-4-amd64 #1 smp debian 3.2.57-3 x86_64 gnulinux '
    config_args='-ds -e -Dprefix=/opt/perl-5.18.2'
    hint=recommended, useposix=true, d_sigaction=define
    useithreads=undef, usemultiplicity=undef
    useperlio=define, d_sfio=undef, uselargefiles=define, usesocks=undef
    use64bitint=define, use64bitall=define, uselongdouble=undef
    usemymalloc=n, bincompat5005=undef
  Compiler:
    cc='cc', ccflags ='-fno-strict-aliasing -pipe -fstack-protector -I/usr/local/include -D_LARGEFILE_SOURCE -D_FILE_OFFSET_BITS=64',
    optimize='-O2',
    cppflags='-fno-strict-aliasing -pipe -fstack-protector -I/usr/local/include'
    ccversion='', gccversion='4.7.2', gccosandvers=''
    intsize=4, longsize=8, ptrsize=8, doublesize=8, byteorder=12345678
    d_longlong=define, longlongsize=8, d_longdbl=define, longdblsize=16
    ivtype='long', ivsize=8, nvtype='double', nvsize=8, Off_t='off_t', lseeksize=8
    alignbytes=8, prototype=define
  Linker and Libraries:
    ld='cc', ldflags =' -fstack-protector -L/usr/local/lib'
    libpth=/usr/local/lib /lib/x86_64-linux-gnu /lib/../lib /usr/lib/x86_64-linux-gnu /usr/lib/../lib /lib /usr/lib
    libs=-lnsl -ldb -ldl -lm -lcrypt -lutil -lc
    perllibs=-lnsl -ldl -lm -lcrypt -lutil -lc
    libc=, so=so, useshrplib=false, libperl=libperl.a
    gnulibc_version='2.13'
  Dynamic Linking:
    dlsrc=dl_dlopen.xs, dlext=so, d_dlsymun=undef, ccdlflags='-Wl,-E'
    cccdlflags='-fPIC', lddlflags='-shared -O2 -L/usr/local/lib -fstack-protector'


Characteristics of this binary (from libperl): 
  Compile-time options: HAS_TIMES PERLIO_LAYERS PERL_DONT_CREATE_GVSV
                        PERL_HASH_FUNC_ONE_AT_A_TIME_HARD PERL_MALLOC_WRAP
                        PERL_PRESERVE_IVUV PERL_SAWAMPERSAND USE_64_BIT_ALL
                        USE_64_BIT_INT USE_LARGE_FILES USE_LOCALE
                        USE_LOCALE_COLLATE USE_LOCALE_CTYPE
                        USE_LOCALE_NUMERIC USE_PERLIO USE_PERL_ATOF
  Built under linux
  Compiled at May  7 2014 07:25:45
  %ENV:
    PERL5LIB="/home/eserte/.cpan/build/2015111121/Test-If-0.01-dQEhR3/blib/arch:/home/eserte/.cpan/build/2015111121/Test-If-0.01-dQEhR3/blib/lib:/home/eserte/.cpan/build/2015111121/NetSDS-1.301-XoWZQf/blib/arch:/home/eserte/.cpan/build/2015111121/NetSDS-1.301-XoWZQf/blib/lib:/home/eserte/.cpan/build/2015111121/Hardware-Vhdl-Lexer-1.00-Jg1cVR/blib/arch:/home/eserte/.cpan/build/2015111121/Hardware-Vhdl-Lexer-1.00-Jg1cVR/blib/lib"
    PERL5OPT=""
    PERL5_CPANPLUS_IS_RUNNING="4494"
    PERL5_CPAN_IS_RUNNING="4494"
    PERL5_CPAN_IS_RUNNING_IN_RECURSION="27027,4494"
    PERLDOC="-MPod::Perldoc::ToTextOverstrike"
    PERL_BATCH="yes"
    PERL_CANARY_STABILITY_NOPROMPT="1"
    PERL_CPAN_REPORTER_CONFIG="/var/tmp/cpansmoker-1001/2015111118/cpanreporter_004_config.ini"
    PERL_EXTUTILS_AUTOINSTALL="--defaultdeps"
  @INC:
    /home/eserte/.cpan/build/2015111121/Test-If-0.01-dQEhR3/blib/arch
    /home/eserte/.cpan/build/2015111121/Test-If-0.01-dQEhR3/blib/lib
    /home/eserte/.cpan/build/2015111121/NetSDS-1.301-XoWZQf/blib/arch
    /home/eserte/.cpan/build/2015111121/NetSDS-1.301-XoWZQf/blib/lib
    /home/eserte/.cpan/build/2015111121/Hardware-Vhdl-Lexer-1.00-Jg1cVR/blib/arch
    /home/eserte/.cpan/build/2015111121/Hardware-Vhdl-Lexer-1.00-Jg1cVR/blib/lib
    /opt/perl-5.18.2/lib/site_perl/5.18.2/x86_64-linux
    /opt/perl-5.18.2/lib/site_perl/5.18.2
    /opt/perl-5.18.2/lib/5.18.2/x86_64-linux
    /opt/perl-5.18.2/lib/5.18.2
    .