Report for Data-CTable-1.03_02

Back
From: metabase:user:320bfe00-2aae-11df-837a-5e0a49663a4f
Subject: FAIL Data-CTable-1.03_02 v5.17.2 GNU/Linux
Date: 2012-09-06T00:59:10Z

This distribution has been tested as part of the CPAN Testers
project, supporting the Perl programming language.  See
http://wiki.cpantesters.org/ for more information or email
questions to cpan-testers-discuss@perl.org


--
Dear Jay Hannah,

This is a computer-generated report for Data-CTable-1.03_02
on perl 5.17.2, created by CPAN-Reporter-1.2006.

Thank you for uploading your work to CPAN.  However, there was a problem
testing your distribution.

If you think this report is invalid, please consult the CPAN Testers Wiki
for suggestions on how to avoid getting FAIL reports for missing library
or binary dependencies, unsupported operating systems, and so on:

http://wiki.cpantesters.org/wiki/CPANAuthorNotes

Sections of this report:

    * Tester comments
    * Program output
    * Prerequisites
    * Environment and other context

------------------------------
TESTER COMMENTS
------------------------------

Additional comments from tester:

this report is from an automated smoke testing program
and was not reviewed by a human for accuracy

------------------------------
PROGRAM OUTPUT
------------------------------

Output from '/usr/bin/make test':

PERL_DL_NONLAZY=1 /mnt/k75/homesand/src/perl/repoperls/installed-perls/perl/v5.17.2/165a/bin/perl "-MExtUtils::Command::MM" "-e" "test_harness(0, 'blib/lib', 'blib/arch')" t/*.t
t/append.t ............ ok
t/cache.t ............. ok
t/cache_abs.t ......... ok
t/calc.t .............. ok

#   Failed test at t/clean.t line 45.
#          got: '‚a fait dix ans.'
#     expected: '‚a fait dix ans.'

#   Failed test at t/clean.t line 46.
#          got: 'CrŽŽe par Se–or †berpfeffer.'
#     expected: 'CrŽŽe par Se–or †berpfeffer.'

#   Failed test at t/clean.t line 47.
#          got: 'Crme glaŽe en crožte.'
#     expected: 'Crme glaŽe en crožte.'

#   Failed test at t/clean.t line 50.
#          got: 'Ça fait dix ans.'
#     expected: 'Ça fait dix ans.'

#   Failed test at t/clean.t line 51.
#          got: 'Créée par Señor Überpfeffer.'
#     expected: 'Créée par Señor Überpfeffer.'

#   Failed test at t/clean.t line 52.
#          got: 'Crème glaçée en croûte.'
#     expected: 'Crème glaçée en croûte.'

#   Failed test at t/clean.t line 58.
#          got: 'Crème glaçée en croûte.'
#     expected: 'Crème glaçée en croûte.'

#   Failed test at t/clean.t line 62.
#          got: 'Ça fait dix ans.'
#     expected: 'Ça fait dix ans.'

#   Failed test at t/clean.t line 63.
#          got: 'Créée par Señor Überpfeffer.'
#     expected: 'Créée par Señor Überpfeffer.'

#   Failed test at t/clean.t line 64.
#          got: 'Crème glaçée en croûte.'
#     expected: 'Crème glaçée en croûte.'
# Looks like you failed 10 tests of 25.
t/clean.t ............. 
Dubious, test returned 10 (wstat 2560, 0xa00)
Failed 10/25 subtests 
t/col.t ............... ok
t/combine.t ........... ok
t/cull.t .............. ok
t/fieldlist.t ......... ok
t/format.t ............ skipped: Skipping test of format() and out() methods because Data::ShowTable is not installed on this platform.
t/formats.t ........... ok
t/indexes.t ........... ok
t/join.t .............. ok
t/join2.t ............. ok
t/progress.t .......... ok
t/read.t .............. ok

#   Failed test at t/row.t line 44.
#     Structures begin differing at:
#          $got->{Last} = undef
#     $expected->{Last} = ''

#   Failed test at t/row.t line 51.
#     Structures begin differing at:
#          $got->{Last} = undef
#     $expected->{Last} = ''

#   Failed test at t/row.t line 58.
#     Structures begin differing at:
#          $got->{Last} = undef
#     $expected->{Last} = ''

#   Failed test at t/row.t line 78.
#     Structures begin differing at:
#          $got->{Last} = undef
#     $expected->{Last} = ''

#   Failed test at t/row.t line 84.
#     Structures begin differing at:
#          $got->{Last} = undef
#     $expected->{Last} = ''

#   Failed test at t/row.t line 90.
#     Structures begin differing at:
#          $got->{Last} = undef
#     $expected->{Last} = ''

#   Failed test at t/row.t line 95.
#     Structures begin differing at:
#          $got->{Last} = undef
#     $expected->{Last} = ''
# Looks like you failed 7 tests of 46.
t/row.t ............... 
Dubious, test returned 7 (wstat 1792, 0x700)
Failed 7/46 subtests 

#   Failed test at t/row_misc.t line 12.
#     Structures begin differing at:
#          $got->{Last} = undef
#     $expected->{Last} = ''
# Looks like you failed 1 test of 35.
t/row_misc.t .......... 
Dubious, test returned 1 (wstat 256, 0x100)
Failed 1/35 subtests 
t/row_move.t .......... ok
t/sel.t ............... ok
t/select.t ............ ok
t/selection.t ......... ok
t/snapshot.t .......... ok
t/sort.t .............. ok
t/subclasses.t ........ ok
t/subroutines.t ....... ok

#   Failed test 'First message must NOT appear...'
#   at t/timedprog.t line 52.
#                   'Testing delayed timed progress... 1 (25%)'
#     doesn't match '(?^: 0 \( 0%\))'
# Looks like you failed 1 test of 6.
t/timedprog.t ......... 
Dubious, test returned 1 (wstat 256, 0x100)
Failed 1/6 subtests 
t/unbalanced_quote.t .. ok
t/write.t ............. ok

Test Summary Report
-------------------
t/clean.t           (Wstat: 2560 Tests: 25 Failed: 10)
  Failed tests:  15-24
  Non-zero exit status: 10
t/row.t             (Wstat: 1792 Tests: 46 Failed: 7)
  Failed tests:  18, 22, 26, 37, 40, 43, 45
  Non-zero exit status: 7
t/row_misc.t        (Wstat: 256 Tests: 35 Failed: 1)
  Failed test:  1
  Non-zero exit status: 1
t/timedprog.t       (Wstat: 256 Tests: 6 Failed: 1)
  Failed test:  5
  Non-zero exit status: 1
Files=29, Tests=530, 11 wallclock secs ( 0.11 usr  0.02 sys +  8.10 cusr  1.17 csys =  9.40 CPU)
Result: FAIL
Failed 4/29 test programs. 19/530 subtests failed.
make: *** [test_dynamic] Error 255

------------------------------
PREREQUISITES
------------------------------

Prerequisite modules loaded:

requires:

    Module              Need Have   
    ------------------- ---- -------
    FindBin             0    1.51   
    Test::More          0    0.98_03

build_requires:

    Module              Need Have   
    ------------------- ---- -------
    ExtUtils::MakeMaker 0    6.63_02

configure_requires:

    Module              Need Have   
    ------------------- ---- -------
    ExtUtils::MakeMaker 0    6.63_02


------------------------------
ENVIRONMENT AND OTHER CONTEXT
------------------------------

Environment variables:

    AUTOMATED_TESTING = 1
    LANG = en_US.UTF-8
    LANGUAGE = en_US:en
    PATH = /home/sand/bin:/usr/local/bin:/usr/bin:/bin:/usr/bin/X11:/usr/games:/usr/local/perl/bin:/usr/X11/bin:/sbin:/usr/sbin
    PERL5LIB = 
    PERL5OPT = 
    PERL5_CPANPLUS_IS_RUNNING = 8982
    PERL5_CPAN_IS_RUNNING = 8982
    PERL_MM_USE_DEFAULT = 1
    SHELL = /usr/bin/zsh
    TERM = screen

Perl special variables (and OS-specific diagnostics, for MSWin32):

    $^X = /mnt/k75/homesand/src/perl/repoperls/installed-perls/perl/v5.17.2/165a/bin/perl
    $UID/$EUID = 1005 / 1005
    $GID = 1005 1005
    $EGID = 1005 1005

Perl module toolchain versions installed:

    Module              Have    
    ------------------- --------
    CPAN                1.9800  
    CPAN::Meta          2.120921
    Cwd                 3.39_02 
    ExtUtils::CBuilder  0.280208
    ExtUtils::Command   1.17    
    ExtUtils::Install   1.58    
    ExtUtils::MakeMaker 6.63_02 
    ExtUtils::Manifest  1.61    
    ExtUtils::ParseXS   3.17    
    File::Spec          3.39_02 
    JSON                2.53    
    JSON::PP            2.27200 
    Module::Build       0.4003  
    Module::Signature   0.68    
    Parse::CPAN::Meta   1.4404  
    Test::Harness       3.25_01 
    Test::More          0.98_03 
    YAML                0.84    
    YAML::Syck          1.21_01 
    version             0.99    


--

Summary of my perl5 (revision 5 version 17 subversion 2) configuration:
  Commit id: 9895e5d00535dc7fa7cb5fb3836176784043a0c4
  Platform:
    osname=linux, osvers=3.2.0-3-amd64, archname=x86_64-linux
    uname='linux k83 3.2.0-3-amd64 #1 smp thu jun 28 09:07:26 utc 2012 x86_64 gnulinux '
    config_args='-Dprefix=/home/src/perl/repoperls/installed-perls/perl/v5.17.2/165a -Dmyhostname=k83 -Dinstallusrbinperl=n -Uversiononly -Dusedevel -des -Ui_db -Uuseithreads -Uuselongdouble -DDEBUGGING=-g'
    hint=recommended, useposix=true, d_sigaction=define
    useithreads=undef, usemultiplicity=undef
    useperlio=define, d_sfio=undef, uselargefiles=define, usesocks=undef
    use64bitint=define, use64bitall=define, uselongdouble=undef
    usemymalloc=n, bincompat5005=undef
  Compiler:
    cc='cc', ccflags ='-fno-strict-aliasing -pipe -fstack-protector -I/usr/local/include -D_LARGEFILE_SOURCE -D_FILE_OFFSET_BITS=64',
    optimize='-O2 -g',
    cppflags='-fno-strict-aliasing -pipe -fstack-protector -I/usr/local/include'
    ccversion='', gccversion='4.7.1', gccosandvers=''
    intsize=4, longsize=8, ptrsize=8, doublesize=8, byteorder=12345678
    d_longlong=define, longlongsize=8, d_longdbl=define, longdblsize=16
    ivtype='long', ivsize=8, nvtype='double', nvsize=8, Off_t='off_t', lseeksize=8
    alignbytes=8, prototype=define
  Linker and Libraries:
    ld='cc', ldflags =' -fstack-protector -L/usr/local/lib'
    libpth=/usr/local/lib /lib/x86_64-linux-gnu /lib/../lib /usr/lib/x86_64-linux-gnu /usr/lib/../lib /lib /usr/lib
    libs=-lnsl -ldb -ldl -lm -lcrypt -lutil -lc
    perllibs=-lnsl -ldl -lm -lcrypt -lutil -lc
    libc=, so=so, useshrplib=false, libperl=libperl.a
    gnulibc_version='2.13'
  Dynamic Linking:
    dlsrc=dl_dlopen.xs, dlext=so, d_dlsymun=undef, ccdlflags='-Wl,-E'
    cccdlflags='-fPIC', lddlflags='-shared -O2 -g -L/usr/local/lib -fstack-protector'


Characteristics of this binary (from libperl): 
  Compile-time options: HAS_TIMES PERLIO_LAYERS PERL_DONT_CREATE_GVSV
                        PERL_MALLOC_WRAP PERL_PRESERVE_IVUV PERL_USE_DEVEL
                        USE_64_BIT_ALL USE_64_BIT_INT USE_LARGE_FILES
                        USE_LOCALE USE_LOCALE_COLLATE USE_LOCALE_CTYPE
                        USE_LOCALE_NUMERIC USE_PERLIO USE_PERL_ATOF
  Built under linux
  Compiled at Jul 29 2012 09:01:21
  %ENV:
    PERL5LIB=""
    PERL5OPT=""
    PERL5_CPANPLUS_IS_RUNNING="8982"
    PERL5_CPAN_IS_RUNNING="8982"
    PERL_MM_USE_DEFAULT="1"
  @INC:
    /home/src/perl/repoperls/installed-perls/perl/v5.17.2/165a/lib/site_perl/5.17.2/x86_64-linux
    /home/src/perl/repoperls/installed-perls/perl/v5.17.2/165a/lib/site_perl/5.17.2
    /home/src/perl/repoperls/installed-perls/perl/v5.17.2/165a/lib/5.17.2/x86_64-linux
    /home/src/perl/repoperls/installed-perls/perl/v5.17.2/165a/lib/5.17.2
    .