Report for Graph-Graph6-6

Back
From: metabase:user:320bfe00-2aae-11df-837a-5e0a49663a4f
Subject: FAIL Graph-Graph6-6 v5.25.3 GNU/Linux
Date: 2016-08-21T12:16:20Z

This distribution has been tested as part of the CPAN Testers
project, supporting the Perl programming language.  See
http://wiki.cpantesters.org/ for more information or email
questions to cpan-testers-discuss@perl.org


--
Dear Kevin Ryde,

This is a computer-generated report for Graph-Graph6-6
on perl 5.25.3, created by CPAN-Reporter-1.2018.

Thank you for uploading your work to CPAN.  However, there was a problem
testing your distribution.

If you think this report is invalid, please consult the CPAN Testers Wiki
for suggestions on how to avoid getting FAIL reports for missing library
or binary dependencies, unsupported operating systems, and so on:

http://wiki.cpantesters.org/wiki/CPANAuthorNotes

Sections of this report:

    * Tester comments
    * Program output
    * Prerequisites
    * Environment and other context

------------------------------
TESTER COMMENTS
------------------------------

Additional comments from tester:

this report is from an automated smoke testing program
and was not reviewed by a human for accuracy

------------------------------
PROGRAM OUTPUT
------------------------------

Output from '/usr/bin/make test':

PERL_DL_NONLAZY=1 "/home/sand/src/perl/repoperls/installed-perls/perl/v5.25.3/de40/bin/perl" "-MExtUtils::Command::MM" "-MTest::Harness" "-e" "undef *Test::Harness::Switches; test_harness(0, 'blib/lib', 'blib/arch')" t/*.t
Subroutine Scalar::Util::dualvar redefined at /home/sand/src/perl/repoperls/installed-perls/perl/v5.25.3/de40/lib/5.25.3/XSLoader.pm line 114.
Subroutine Scalar::Util::isdual redefined at /home/sand/src/perl/repoperls/installed-perls/perl/v5.25.3/de40/lib/5.25.3/XSLoader.pm line 114.
Subroutine Scalar::Util::blessed redefined at /home/sand/src/perl/repoperls/installed-perls/perl/v5.25.3/de40/lib/5.25.3/XSLoader.pm line 114.
Subroutine Scalar::Util::reftype redefined at /home/sand/src/perl/repoperls/installed-perls/perl/v5.25.3/de40/lib/5.25.3/XSLoader.pm line 114.
Subroutine Scalar::Util::refaddr redefined at /home/sand/src/perl/repoperls/installed-perls/perl/v5.25.3/de40/lib/5.25.3/XSLoader.pm line 114.
Subroutine Scalar::Util::weaken redefined at /home/sand/src/perl/repoperls/installed-perls/perl/v5.25.3/de40/lib/5.25.3/XSLoader.pm line 114.
Subroutine Scalar::Util::unweaken redefined at /home/sand/src/perl/repoperls/installed-perls/perl/v5.25.3/de40/lib/5.25.3/XSLoader.pm line 114.
Subroutine Scalar::Util::isweak redefined at /home/sand/src/perl/repoperls/installed-perls/perl/v5.25.3/de40/lib/5.25.3/XSLoader.pm line 114.
Subroutine Scalar::Util::readonly redefined at /home/sand/src/perl/repoperls/installed-perls/perl/v5.25.3/de40/lib/5.25.3/XSLoader.pm line 114.
Subroutine Scalar::Util::tainted redefined at /home/sand/src/perl/repoperls/installed-perls/perl/v5.25.3/de40/lib/5.25.3/XSLoader.pm line 114.
Subroutine Scalar::Util::isvstring redefined at /home/sand/src/perl/repoperls/installed-perls/perl/v5.25.3/de40/lib/5.25.3/XSLoader.pm line 114.
Subroutine Scalar::Util::looks_like_number redefined at /home/sand/src/perl/repoperls/installed-perls/perl/v5.25.3/de40/lib/5.25.3/XSLoader.pm line 114.
Subroutine Scalar::Util::openhandle redefined at /home/sand/src/perl/repoperls/installed-perls/perl/v5.25.3/de40/lib/5.25.3/XSLoader.pm line 114.
# Saw 13 warning(s):
# 
# Trace begun at t/MyTestHelpers.pm line 59
# MyTestHelpers::nowarnings_handler('Subroutine Scalar::Util::dualvar redefined at /home/sand/src/perl/repoperls/installed-perls/perl/v5.25.3/de40/lib/5.25.3/XSLoader.pm line 114.^J') called at /home/sand/src/perl/repoperls/installed-perls/perl/v5.25.3/de40/lib/5.25.3/XSLoader.pm line 114
# XSLoader::load('Scalar::Util', '1.46_01') called at /home/sand/src/perl/repoperls/installed-perls/perl/v5.25.3/de40/lib/site_perl/5.25.3/x86_64-linux-thread-multi-ld/Scalar/Util.pm line 25
# require Scalar/Util.pm at /home/sand/src/perl/repoperls/installed-perls/perl/v5.25.3/de40/lib/site_perl/5.25.3/Graph/Easy/Group.pm line 10
# Graph::Easy::Group::BEGIN at /home/sand/src/perl/repoperls/installed-perls/perl/v5.25.3/de40/lib/site_perl/5.25.3/x86_64-linux-thread-multi-ld/Scalar/Util.pm line 0
# eval {...} at /home/sand/src/perl/repoperls/installed-perls/perl/v5.25.3/de40/lib/site_perl/5.25.3/x86_64-linux-thread-multi-ld/Scalar/Util.pm line 0
# require Graph/Easy/Group.pm at /home/sand/src/perl/repoperls/installed-perls/perl/v5.25.3/de40/lib/site_perl/5.25.3/Graph/Easy.pm line 12
# Graph::Easy::BEGIN at /home/sand/src/perl/repoperls/installed-perls/perl/v5.25.3/de40/lib/site_perl/5.25.3/x86_64-linux-thread-multi-ld/Scalar/Util.pm line 0
# eval {...} at /home/sand/src/perl/repoperls/installed-perls/perl/v5.25.3/de40/lib/site_perl/5.25.3/x86_64-linux-thread-multi-ld/Scalar/Util.pm line 0
# require Graph/Easy.pm at t/Graph-Easy-As_graph6.t line 31
# eval {...} at t/Graph-Easy-As_graph6.t line 31
# 
# 
# Trace begun at t/MyTestHelpers.pm line 59
# MyTestHelpers::nowarnings_handler('Subroutine Scalar::Util::isdual redefined at /home/sand/src/perl/repoperls/installed-perls/perl/v5.25.3/de40/lib/5.25.3/XSLoader.pm line 114.^J') called at /home/sand/src/perl/repoperls/installed-perls/perl/v5.25.3/de40/lib/5.25.3/XSLoader.pm line 114
# XSLoader::load('Scalar::Util', '1.46_01') called at /home/sand/src/perl/repoperls/installed-perls/perl/v5.25.3/de40/lib/site_perl/5.25.3/x86_64-linux-thread-multi-ld/Scalar/Util.pm line 25
# require Scalar/Util.pm at /home/sand/src/perl/repoperls/installed-perls/perl/v5.25.3/de40/lib/site_perl/5.25.3/Graph/Easy/Group.pm line 10
# Graph::Easy::Group::BEGIN at /home/sand/src/perl/repoperls/installed-perls/perl/v5.25.3/de40/lib/site_perl/5.25.3/x86_64-linux-thread-multi-ld/Scalar/Util.pm line 0
# eval {...} at /home/sand/src/perl/repoperls/installed-perls/perl/v5.25.3/de40/lib/site_perl/5.25.3/x86_64-linux-thread-multi-ld/Scalar/Util.pm line 0
# require Graph/Easy/Group.pm at /home/sand/src/perl/repoperls/installed-perls/perl/v5.25.3/de40/lib/site_perl/5.25.3/Graph/Easy.pm line 12
# Graph::Easy::BEGIN at /home/sand/src/perl/repoperls/installed-perls/perl/v5.25.3/de40/lib/site_perl/5.25.3/x86_64-linux-thread-multi-ld/Scalar/Util.pm line 0
# eval {...} at /home/sand/src/perl/repoperls/installed-perls/perl/v5.25.3/de40/lib/site_perl/5.25.3/x86_64-linux-thread-multi-ld/Scalar/Util.pm line 0
# require Graph/Easy.pm at t/Graph-Easy-As_graph6.t line 31
# eval {...} at t/Graph-Easy-As_graph6.t line 31
# 
# 
# Trace begun at t/MyTestHelpers.pm line 59
# MyTestHelpers::nowarnings_handler('Subroutine Scalar::Util::blessed redefined at /home/sand/src/perl/repoperls/installed-perls/perl/v5.25.3/de40/lib/5.25.3/XSLoader.pm line 114.^J') called at /home/sand/src/perl/repoperls/installed-perls/perl/v5.25.3/de40/lib/5.25.3/XSLoader.pm line 114
# XSLoader::load('Scalar::Util', '1.46_01') called at /home/sand/src/perl/repoperls/installed-perls/perl/v5.25.3/de40/lib/site_perl/5.25.3/x86_64-linux-thread-multi-ld/Scalar/Util.pm line 25
# require Scalar/Util.pm at /home/sand/src/perl/repoperls/installed-perls/perl/v5.25.3/de40/lib/site_perl/5.25.3/Graph/Easy/Group.pm line 10
# Graph::Easy::Group::BEGIN at /home/sand/src/perl/repoperls/installed-perls/perl/v5.25.3/de40/lib/site_perl/5.25.3/x86_64-linux-thread-multi-ld/Scalar/Util.pm line 0
# eval {...} at /home/sand/src/perl/repoperls/installed-perls/perl/v5.25.3/de40/lib/site_perl/5.25.3/x86_64-linux-thread-multi-ld/Scalar/Util.pm line 0
# require Graph/Easy/Group.pm at /home/sand/src/perl/repoperls/installed-perls/perl/v5.25.3/de40/lib/site_perl/5.25.3/Graph/Easy.pm line 12
# Graph::Easy::BEGIN at /home/sand/src/perl/repoperls/installed-perls/perl/v5.25.3/de40/lib/site_perl/5.25.3/x86_64-linux-thread-multi-ld/Scalar/Util.pm line 0
# eval {...} at /home/sand/src/perl/repoperls/installed-perls/perl/v5.25.3/de40/lib/site_perl/5.25.3/x86_64-linux-thread-multi-ld/Scalar/Util.pm line 0
# require Graph/Easy.pm at t/Graph-Easy-As_graph6.t line 31
# eval {...} at t/Graph-Easy-As_graph6.t line 31
# 
# 
# Exit code 1 for warnings
t/Graph-Easy-As_graph6.t ...... 
Dubious, test returned 1 (wstat 256, 0x100)
All 11 subtests passed 
Subroutine Scalar::Util::dualvar redefined at /home/sand/src/perl/repoperls/installed-perls/perl/v5.25.3/de40/lib/5.25.3/XSLoader.pm line 114.
Subroutine Scalar::Util::isdual redefined at /home/sand/src/perl/repoperls/installed-perls/perl/v5.25.3/de40/lib/5.25.3/XSLoader.pm line 114.
Subroutine Scalar::Util::blessed redefined at /home/sand/src/perl/repoperls/installed-perls/perl/v5.25.3/de40/lib/5.25.3/XSLoader.pm line 114.
Subroutine Scalar::Util::reftype redefined at /home/sand/src/perl/repoperls/installed-perls/perl/v5.25.3/de40/lib/5.25.3/XSLoader.pm line 114.
Subroutine Scalar::Util::refaddr redefined at /home/sand/src/perl/repoperls/installed-perls/perl/v5.25.3/de40/lib/5.25.3/XSLoader.pm line 114.
Subroutine Scalar::Util::weaken redefined at /home/sand/src/perl/repoperls/installed-perls/perl/v5.25.3/de40/lib/5.25.3/XSLoader.pm line 114.
Subroutine Scalar::Util::unweaken redefined at /home/sand/src/perl/repoperls/installed-perls/perl/v5.25.3/de40/lib/5.25.3/XSLoader.pm line 114.
Subroutine Scalar::Util::isweak redefined at /home/sand/src/perl/repoperls/installed-perls/perl/v5.25.3/de40/lib/5.25.3/XSLoader.pm line 114.
Subroutine Scalar::Util::readonly redefined at /home/sand/src/perl/repoperls/installed-perls/perl/v5.25.3/de40/lib/5.25.3/XSLoader.pm line 114.
Subroutine Scalar::Util::tainted redefined at /home/sand/src/perl/repoperls/installed-perls/perl/v5.25.3/de40/lib/5.25.3/XSLoader.pm line 114.
Subroutine Scalar::Util::isvstring redefined at /home/sand/src/perl/repoperls/installed-perls/perl/v5.25.3/de40/lib/5.25.3/XSLoader.pm line 114.
Subroutine Scalar::Util::looks_like_number redefined at /home/sand/src/perl/repoperls/installed-perls/perl/v5.25.3/de40/lib/5.25.3/XSLoader.pm line 114.
Subroutine Scalar::Util::openhandle redefined at /home/sand/src/perl/repoperls/installed-perls/perl/v5.25.3/de40/lib/5.25.3/XSLoader.pm line 114.
# Saw 13 warning(s):
# 
# Trace begun at t/MyTestHelpers.pm line 59
# MyTestHelpers::nowarnings_handler('Subroutine Scalar::Util::dualvar redefined at /home/sand/src/perl/repoperls/installed-perls/perl/v5.25.3/de40/lib/5.25.3/XSLoader.pm line 114.^J') called at /home/sand/src/perl/repoperls/installed-perls/perl/v5.25.3/de40/lib/5.25.3/XSLoader.pm line 114
# XSLoader::load('Scalar::Util', '1.46_01') called at /home/sand/src/perl/repoperls/installed-perls/perl/v5.25.3/de40/lib/site_perl/5.25.3/x86_64-linux-thread-multi-ld/Scalar/Util.pm line 25
# require Scalar/Util.pm at /home/sand/src/perl/repoperls/installed-perls/perl/v5.25.3/de40/lib/site_perl/5.25.3/Graph/Easy/Group.pm line 10
# Graph::Easy::Group::BEGIN at /home/sand/src/perl/repoperls/installed-perls/perl/v5.25.3/de40/lib/site_perl/5.25.3/x86_64-linux-thread-multi-ld/Scalar/Util.pm line 0
# eval {...} at /home/sand/src/perl/repoperls/installed-perls/perl/v5.25.3/de40/lib/site_perl/5.25.3/x86_64-linux-thread-multi-ld/Scalar/Util.pm line 0
# require Graph/Easy/Group.pm at /home/sand/src/perl/repoperls/installed-perls/perl/v5.25.3/de40/lib/site_perl/5.25.3/Graph/Easy.pm line 12
# Graph::Easy::BEGIN at /home/sand/src/perl/repoperls/installed-perls/perl/v5.25.3/de40/lib/site_perl/5.25.3/x86_64-linux-thread-multi-ld/Scalar/Util.pm line 0
# eval {...} at /home/sand/src/perl/repoperls/installed-perls/perl/v5.25.3/de40/lib/site_perl/5.25.3/x86_64-linux-thread-multi-ld/Scalar/Util.pm line 0
# require Graph/Easy.pm at t/Graph-Easy-As_sparse6.t line 31
# eval {...} at t/Graph-Easy-As_sparse6.t line 31
# 
# 
# Trace begun at t/MyTestHelpers.pm line 59
# MyTestHelpers::nowarnings_handler('Subroutine Scalar::Util::isdual redefined at /home/sand/src/perl/repoperls/installed-perls/perl/v5.25.3/de40/lib/5.25.3/XSLoader.pm line 114.^J') called at /home/sand/src/perl/repoperls/installed-perls/perl/v5.25.3/de40/lib/5.25.3/XSLoader.pm line 114
# XSLoader::load('Scalar::Util', '1.46_01') called at /home/sand/src/perl/repoperls/installed-perls/perl/v5.25.3/de40/lib/site_perl/5.25.3/x86_64-linux-thread-multi-ld/Scalar/Util.pm line 25
# require Scalar/Util.pm at /home/sand/src/perl/repoperls/installed-perls/perl/v5.25.3/de40/lib/site_perl/5.25.3/Graph/Easy/Group.pm line 10
# Graph::Easy::Group::BEGIN at /home/sand/src/perl/repoperls/installed-perls/perl/v5.25.3/de40/lib/site_perl/5.25.3/x86_64-linux-thread-multi-ld/Scalar/Util.pm line 0
# eval {...} at /home/sand/src/perl/repoperls/installed-perls/perl/v5.25.3/de40/lib/site_perl/5.25.3/x86_64-linux-thread-multi-ld/Scalar/Util.pm line 0
# require Graph/Easy/Group.pm at /home/sand/src/perl/repoperls/installed-perls/perl/v5.25.3/de40/lib/site_perl/5.25.3/Graph/Easy.pm line 12
# Graph::Easy::BEGIN at /home/sand/src/perl/repoperls/installed-perls/perl/v5.25.3/de40/lib/site_perl/5.25.3/x86_64-linux-thread-multi-ld/Scalar/Util.pm line 0
# eval {...} at /home/sand/src/perl/repoperls/installed-perls/perl/v5.25.3/de40/lib/site_perl/5.25.3/x86_64-linux-thread-multi-ld/Scalar/Util.pm line 0
# require Graph/Easy.pm at t/Graph-Easy-As_sparse6.t line 31
# eval {...} at t/Graph-Easy-As_sparse6.t line 31
# 
# 
# Trace begun at t/MyTestHelpers.pm line 59
# MyTestHelpers::nowarnings_handler('Subroutine Scalar::Util::blessed redefined at /home/sand/src/perl/repoperls/installed-perls/perl/v5.25.3/de40/lib/5.25.3/XSLoader.pm line 114.^J') called at /home/sand/src/perl/repoperls/installed-perls/perl/v5.25.3/de40/lib/5.25.3/XSLoader.pm line 114
# XSLoader::load('Scalar::Util', '1.46_01') called at /home/sand/src/perl/repoperls/installed-perls/perl/v5.25.3/de40/lib/site_perl/5.25.3/x86_64-linux-thread-multi-ld/Scalar/Util.pm line 25
# require Scalar/Util.pm at /home/sand/src/perl/repoperls/installed-perls/perl/v5.25.3/de40/lib/site_perl/5.25.3/Graph/Easy/Group.pm line 10
# Graph::Easy::Group::BEGIN at /home/sand/src/perl/repoperls/installed-perls/perl/v5.25.3/de40/lib/site_perl/5.25.3/x86_64-linux-thread-multi-ld/Scalar/Util.pm line 0
# eval {...} at /home/sand/src/perl/repoperls/installed-perls/perl/v5.25.3/de40/lib/site_perl/5.25.3/x86_64-linux-thread-multi-ld/Scalar/Util.pm line 0
# require Graph/Easy/Group.pm at /home/sand/src/perl/repoperls/installed-perls/perl/v5.25.3/de40/lib/site_perl/5.25.3/Graph/Easy.pm line 12
# Graph::Easy::BEGIN at /home/sand/src/perl/repoperls/installed-perls/perl/v5.25.3/de40/lib/site_perl/5.25.3/x86_64-linux-thread-multi-ld/Scalar/Util.pm line 0
# eval {...} at /home/sand/src/perl/repoperls/installed-perls/perl/v5.25.3/de40/lib/site_perl/5.25.3/x86_64-linux-thread-multi-ld/Scalar/Util.pm line 0
# require Graph/Easy.pm at t/Graph-Easy-As_sparse6.t line 31
# eval {...} at t/Graph-Easy-As_sparse6.t line 31
# 
# 
# Exit code 1 for warnings
t/Graph-Easy-As_sparse6.t ..... 
Dubious, test returned 1 (wstat 256, 0x100)
All 13 subtests passed 
Subroutine Scalar::Util::dualvar redefined at /home/sand/src/perl/repoperls/installed-perls/perl/v5.25.3/de40/lib/5.25.3/XSLoader.pm line 114.
Subroutine Scalar::Util::isdual redefined at /home/sand/src/perl/repoperls/installed-perls/perl/v5.25.3/de40/lib/5.25.3/XSLoader.pm line 114.
Subroutine Scalar::Util::blessed redefined at /home/sand/src/perl/repoperls/installed-perls/perl/v5.25.3/de40/lib/5.25.3/XSLoader.pm line 114.
Subroutine Scalar::Util::reftype redefined at /home/sand/src/perl/repoperls/installed-perls/perl/v5.25.3/de40/lib/5.25.3/XSLoader.pm line 114.
Subroutine Scalar::Util::refaddr redefined at /home/sand/src/perl/repoperls/installed-perls/perl/v5.25.3/de40/lib/5.25.3/XSLoader.pm line 114.
Subroutine Scalar::Util::weaken redefined at /home/sand/src/perl/repoperls/installed-perls/perl/v5.25.3/de40/lib/5.25.3/XSLoader.pm line 114.
Subroutine Scalar::Util::unweaken redefined at /home/sand/src/perl/repoperls/installed-perls/perl/v5.25.3/de40/lib/5.25.3/XSLoader.pm line 114.
Subroutine Scalar::Util::isweak redefined at /home/sand/src/perl/repoperls/installed-perls/perl/v5.25.3/de40/lib/5.25.3/XSLoader.pm line 114.
Subroutine Scalar::Util::readonly redefined at /home/sand/src/perl/repoperls/installed-perls/perl/v5.25.3/de40/lib/5.25.3/XSLoader.pm line 114.
Subroutine Scalar::Util::tainted redefined at /home/sand/src/perl/repoperls/installed-perls/perl/v5.25.3/de40/lib/5.25.3/XSLoader.pm line 114.
Subroutine Scalar::Util::isvstring redefined at /home/sand/src/perl/repoperls/installed-perls/perl/v5.25.3/de40/lib/5.25.3/XSLoader.pm line 114.
Subroutine Scalar::Util::looks_like_number redefined at /home/sand/src/perl/repoperls/installed-perls/perl/v5.25.3/de40/lib/5.25.3/XSLoader.pm line 114.
Subroutine Scalar::Util::openhandle redefined at /home/sand/src/perl/repoperls/installed-perls/perl/v5.25.3/de40/lib/5.25.3/XSLoader.pm line 114.
# Saw 13 warning(s):
# 
# Trace begun at t/MyTestHelpers.pm line 59
# MyTestHelpers::nowarnings_handler('Subroutine Scalar::Util::dualvar redefined at /home/sand/src/perl/repoperls/installed-perls/perl/v5.25.3/de40/lib/5.25.3/XSLoader.pm line 114.^J') called at /home/sand/src/perl/repoperls/installed-perls/perl/v5.25.3/de40/lib/5.25.3/XSLoader.pm line 114
# XSLoader::load('Scalar::Util', '1.46_01') called at /home/sand/src/perl/repoperls/installed-perls/perl/v5.25.3/de40/lib/site_perl/5.25.3/x86_64-linux-thread-multi-ld/Scalar/Util.pm line 25
# require Scalar/Util.pm at /home/sand/src/perl/repoperls/installed-perls/perl/v5.25.3/de40/lib/site_perl/5.25.3/Graph/Easy/Group.pm line 10
# Graph::Easy::Group::BEGIN at /home/sand/src/perl/repoperls/installed-perls/perl/v5.25.3/de40/lib/site_perl/5.25.3/x86_64-linux-thread-multi-ld/Scalar/Util.pm line 0
# eval {...} at /home/sand/src/perl/repoperls/installed-perls/perl/v5.25.3/de40/lib/site_perl/5.25.3/x86_64-linux-thread-multi-ld/Scalar/Util.pm line 0
# require Graph/Easy/Group.pm at /home/sand/src/perl/repoperls/installed-perls/perl/v5.25.3/de40/lib/site_perl/5.25.3/Graph/Easy.pm line 12
# Graph::Easy::BEGIN at /home/sand/src/perl/repoperls/installed-perls/perl/v5.25.3/de40/lib/site_perl/5.25.3/x86_64-linux-thread-multi-ld/Scalar/Util.pm line 0
# eval {...} at /home/sand/src/perl/repoperls/installed-perls/perl/v5.25.3/de40/lib/site_perl/5.25.3/x86_64-linux-thread-multi-ld/Scalar/Util.pm line 0
# require Graph/Easy.pm at t/Graph-Easy-Parser-Graph6.t line 35
# eval {...} at t/Graph-Easy-Parser-Graph6.t line 35
# 
# 
# Trace begun at t/MyTestHelpers.pm line 59
# MyTestHelpers::nowarnings_handler('Subroutine Scalar::Util::isdual redefined at /home/sand/src/perl/repoperls/installed-perls/perl/v5.25.3/de40/lib/5.25.3/XSLoader.pm line 114.^J') called at /home/sand/src/perl/repoperls/installed-perls/perl/v5.25.3/de40/lib/5.25.3/XSLoader.pm line 114
# XSLoader::load('Scalar::Util', '1.46_01') called at /home/sand/src/perl/repoperls/installed-perls/perl/v5.25.3/de40/lib/site_perl/5.25.3/x86_64-linux-thread-multi-ld/Scalar/Util.pm line 25
# require Scalar/Util.pm at /home/sand/src/perl/repoperls/installed-perls/perl/v5.25.3/de40/lib/site_perl/5.25.3/Graph/Easy/Group.pm line 10
# Graph::Easy::Group::BEGIN at /home/sand/src/perl/repoperls/installed-perls/perl/v5.25.3/de40/lib/site_perl/5.25.3/x86_64-linux-thread-multi-ld/Scalar/Util.pm line 0
# eval {...} at /home/sand/src/perl/repoperls/installed-perls/perl/v5.25.3/de40/lib/site_perl/5.25.3/x86_64-linux-thread-multi-ld/Scalar/Util.pm line 0
# require Graph/Easy/Group.pm at /home/sand/src/perl/repoperls/installed-perls/perl/v5.25.3/de40/lib/site_perl/5.25.3/Graph/Easy.pm line 12
# Graph::Easy::BEGIN at /home/sand/src/perl/repoperls/installed-perls/perl/v5.25.3/de40/lib/site_perl/5.25.3/x86_64-linux-thread-multi-ld/Scalar/Util.pm line 0
# eval {...} at /home/sand/src/perl/repoperls/installed-perls/perl/v5.25.3/de40/lib/site_perl/5.25.3/x86_64-linux-thread-multi-ld/Scalar/Util.pm line 0
# require Graph/Easy.pm at t/Graph-Easy-Parser-Graph6.t line 35
# eval {...} at t/Graph-Easy-Parser-Graph6.t line 35
# 
# 
# Trace begun at t/MyTestHelpers.pm line 59
# MyTestHelpers::nowarnings_handler('Subroutine Scalar::Util::blessed redefined at /home/sand/src/perl/repoperls/installed-perls/perl/v5.25.3/de40/lib/5.25.3/XSLoader.pm line 114.^J') called at /home/sand/src/perl/repoperls/installed-perls/perl/v5.25.3/de40/lib/5.25.3/XSLoader.pm line 114
# XSLoader::load('Scalar::Util', '1.46_01') called at /home/sand/src/perl/repoperls/installed-perls/perl/v5.25.3/de40/lib/site_perl/5.25.3/x86_64-linux-thread-multi-ld/Scalar/Util.pm line 25
# require Scalar/Util.pm at /home/sand/src/perl/repoperls/installed-perls/perl/v5.25.3/de40/lib/site_perl/5.25.3/Graph/Easy/Group.pm line 10
# Graph::Easy::Group::BEGIN at /home/sand/src/perl/repoperls/installed-perls/perl/v5.25.3/de40/lib/site_perl/5.25.3/x86_64-linux-thread-multi-ld/Scalar/Util.pm line 0
# eval {...} at /home/sand/src/perl/repoperls/installed-perls/perl/v5.25.3/de40/lib/site_perl/5.25.3/x86_64-linux-thread-multi-ld/Scalar/Util.pm line 0
# require Graph/Easy/Group.pm at /home/sand/src/perl/repoperls/installed-perls/perl/v5.25.3/de40/lib/site_perl/5.25.3/Graph/Easy.pm line 12
# Graph::Easy::BEGIN at /home/sand/src/perl/repoperls/installed-perls/perl/v5.25.3/de40/lib/site_perl/5.25.3/x86_64-linux-thread-multi-ld/Scalar/Util.pm line 0
# eval {...} at /home/sand/src/perl/repoperls/installed-perls/perl/v5.25.3/de40/lib/site_perl/5.25.3/x86_64-linux-thread-multi-ld/Scalar/Util.pm line 0
# require Graph/Easy.pm at t/Graph-Easy-Parser-Graph6.t line 35
# eval {...} at t/Graph-Easy-Parser-Graph6.t line 35
# 
# 
# Exit code 1 for warnings
t/Graph-Easy-Parser-Graph6.t .. 
Dubious, test returned 1 (wstat 256, 0x100)
All 23 subtests passed 
t/Graph-Graph6-import.t ....... ok
# Skip due to no Taint::Util available: Can't locate Taint/Util.pm in @INC (you may need to install the Taint::Util module) (@INC contains: t /tmp/loop_over_bdir-21075-cCPWjU/Graph-Graph6-6-0/blib/lib /tmp/loop_over_bdir-21075-cCPWjU/Graph-Graph6-6-0/blib/arch /home/sand/src/perl/repoperls/installed-perls/perl/v5.25.3/de40/lib/site_perl/5.25.3/x86_64-linux-thread-multi-ld /home/sand/src/perl/repoperls/installed-perls/perl/v5.25.3/de40/lib/site_perl/5.25.3 /home/sand/src/perl/repoperls/installed-perls/perl/v5.25.3/de40/lib/5.25.3/x86_64-linux-thread-multi-ld /home/sand/src/perl/repoperls/installed-perls/perl/v5.25.3/de40/lib/5.25.3 .) at t/Graph-Graph6-taint.t line 37.
# 
t/Graph-Graph6-taint.t ........ ok
t/Graph-Graph6.t .............. ok
Subroutine Scalar::Util::dualvar redefined at /home/sand/src/perl/repoperls/installed-perls/perl/v5.25.3/de40/lib/5.25.3/XSLoader.pm line 114.
Subroutine Scalar::Util::isdual redefined at /home/sand/src/perl/repoperls/installed-perls/perl/v5.25.3/de40/lib/5.25.3/XSLoader.pm line 114.
Subroutine Scalar::Util::blessed redefined at /home/sand/src/perl/repoperls/installed-perls/perl/v5.25.3/de40/lib/5.25.3/XSLoader.pm line 114.
Subroutine Scalar::Util::reftype redefined at /home/sand/src/perl/repoperls/installed-perls/perl/v5.25.3/de40/lib/5.25.3/XSLoader.pm line 114.
Subroutine Scalar::Util::refaddr redefined at /home/sand/src/perl/repoperls/installed-perls/perl/v5.25.3/de40/lib/5.25.3/XSLoader.pm line 114.
Subroutine Scalar::Util::weaken redefined at /home/sand/src/perl/repoperls/installed-perls/perl/v5.25.3/de40/lib/5.25.3/XSLoader.pm line 114.
Subroutine Scalar::Util::unweaken redefined at /home/sand/src/perl/repoperls/installed-perls/perl/v5.25.3/de40/lib/5.25.3/XSLoader.pm line 114.
Subroutine Scalar::Util::isweak redefined at /home/sand/src/perl/repoperls/installed-perls/perl/v5.25.3/de40/lib/5.25.3/XSLoader.pm line 114.
Subroutine Scalar::Util::readonly redefined at /home/sand/src/perl/repoperls/installed-perls/perl/v5.25.3/de40/lib/5.25.3/XSLoader.pm line 114.
Subroutine Scalar::Util::tainted redefined at /home/sand/src/perl/repoperls/installed-perls/perl/v5.25.3/de40/lib/5.25.3/XSLoader.pm line 114.
Subroutine Scalar::Util::isvstring redefined at /home/sand/src/perl/repoperls/installed-perls/perl/v5.25.3/de40/lib/5.25.3/XSLoader.pm line 114.
Subroutine Scalar::Util::looks_like_number redefined at /home/sand/src/perl/repoperls/installed-perls/perl/v5.25.3/de40/lib/5.25.3/XSLoader.pm line 114.
Subroutine Scalar::Util::openhandle redefined at /home/sand/src/perl/repoperls/installed-perls/perl/v5.25.3/de40/lib/5.25.3/XSLoader.pm line 114.
# Skip due to no Graph::Reader available: Can't locate Graph/Reader.pm in @INC (you may need to install the Graph::Reader module) (@INC contains: t /tmp/loop_over_bdir-21075-cCPWjU/Graph-Graph6-6-0/blib/lib /tmp/loop_over_bdir-21075-cCPWjU/Graph-Graph6-6-0/blib/arch /home/sand/src/perl/repoperls/installed-perls/perl/v5.25.3/de40/lib/site_perl/5.25.3/x86_64-linux-thread-multi-ld /home/sand/src/perl/repoperls/installed-perls/perl/v5.25.3/de40/lib/site_perl/5.25.3 /home/sand/src/perl/repoperls/installed-perls/perl/v5.25.3/de40/lib/5.25.3/x86_64-linux-thread-multi-ld /home/sand/src/perl/repoperls/installed-perls/perl/v5.25.3/de40/lib/5.25.3 .) at t/Graph-Reader-Graph6.t line 49.
# 
t/Graph-Reader-Graph6.t ....... ok
Subroutine Scalar::Util::dualvar redefined at /home/sand/src/perl/repoperls/installed-perls/perl/v5.25.3/de40/lib/5.25.3/XSLoader.pm line 114.
Subroutine Scalar::Util::isdual redefined at /home/sand/src/perl/repoperls/installed-perls/perl/v5.25.3/de40/lib/5.25.3/XSLoader.pm line 114.
Subroutine Scalar::Util::blessed redefined at /home/sand/src/perl/repoperls/installed-perls/perl/v5.25.3/de40/lib/5.25.3/XSLoader.pm line 114.
Subroutine Scalar::Util::reftype redefined at /home/sand/src/perl/repoperls/installed-perls/perl/v5.25.3/de40/lib/5.25.3/XSLoader.pm line 114.
Subroutine Scalar::Util::refaddr redefined at /home/sand/src/perl/repoperls/installed-perls/perl/v5.25.3/de40/lib/5.25.3/XSLoader.pm line 114.
Subroutine Scalar::Util::weaken redefined at /home/sand/src/perl/repoperls/installed-perls/perl/v5.25.3/de40/lib/5.25.3/XSLoader.pm line 114.
Subroutine Scalar::Util::unweaken redefined at /home/sand/src/perl/repoperls/installed-perls/perl/v5.25.3/de40/lib/5.25.3/XSLoader.pm line 114.
Subroutine Scalar::Util::isweak redefined at /home/sand/src/perl/repoperls/installed-perls/perl/v5.25.3/de40/lib/5.25.3/XSLoader.pm line 114.
Subroutine Scalar::Util::readonly redefined at /home/sand/src/perl/repoperls/installed-perls/perl/v5.25.3/de40/lib/5.25.3/XSLoader.pm line 114.
Subroutine Scalar::Util::tainted redefined at /home/sand/src/perl/repoperls/installed-perls/perl/v5.25.3/de40/lib/5.25.3/XSLoader.pm line 114.
Subroutine Scalar::Util::isvstring redefined at /home/sand/src/perl/repoperls/installed-perls/perl/v5.25.3/de40/lib/5.25.3/XSLoader.pm line 114.
Subroutine Scalar::Util::looks_like_number redefined at /home/sand/src/perl/repoperls/installed-perls/perl/v5.25.3/de40/lib/5.25.3/XSLoader.pm line 114.
Subroutine Scalar::Util::openhandle redefined at /home/sand/src/perl/repoperls/installed-perls/perl/v5.25.3/de40/lib/5.25.3/XSLoader.pm line 114.
# Skip due to no Graph::Writer available: Can't locate Graph/Writer.pm in @INC (you may need to install the Graph::Writer module) (@INC contains: t /tmp/loop_over_bdir-21075-cCPWjU/Graph-Graph6-6-0/blib/lib /tmp/loop_over_bdir-21075-cCPWjU/Graph-Graph6-6-0/blib/arch /home/sand/src/perl/repoperls/installed-perls/perl/v5.25.3/de40/lib/site_perl/5.25.3/x86_64-linux-thread-multi-ld /home/sand/src/perl/repoperls/installed-perls/perl/v5.25.3/de40/lib/site_perl/5.25.3 /home/sand/src/perl/repoperls/installed-perls/perl/v5.25.3/de40/lib/5.25.3/x86_64-linux-thread-multi-ld /home/sand/src/perl/repoperls/installed-perls/perl/v5.25.3/de40/lib/5.25.3 .) at t/Graph-Writer-Graph6.t line 49.
# 
t/Graph-Writer-Graph6.t ....... ok
Subroutine Scalar::Util::dualvar redefined at /home/sand/src/perl/repoperls/installed-perls/perl/v5.25.3/de40/lib/5.25.3/XSLoader.pm line 114.
Subroutine Scalar::Util::isdual redefined at /home/sand/src/perl/repoperls/installed-perls/perl/v5.25.3/de40/lib/5.25.3/XSLoader.pm line 114.
Subroutine Scalar::Util::blessed redefined at /home/sand/src/perl/repoperls/installed-perls/perl/v5.25.3/de40/lib/5.25.3/XSLoader.pm line 114.
Subroutine Scalar::Util::reftype redefined at /home/sand/src/perl/repoperls/installed-perls/perl/v5.25.3/de40/lib/5.25.3/XSLoader.pm line 114.
Subroutine Scalar::Util::refaddr redefined at /home/sand/src/perl/repoperls/installed-perls/perl/v5.25.3/de40/lib/5.25.3/XSLoader.pm line 114.
Subroutine Scalar::Util::weaken redefined at /home/sand/src/perl/repoperls/installed-perls/perl/v5.25.3/de40/lib/5.25.3/XSLoader.pm line 114.
Subroutine Scalar::Util::unweaken redefined at /home/sand/src/perl/repoperls/installed-perls/perl/v5.25.3/de40/lib/5.25.3/XSLoader.pm line 114.
Subroutine Scalar::Util::isweak redefined at /home/sand/src/perl/repoperls/installed-perls/perl/v5.25.3/de40/lib/5.25.3/XSLoader.pm line 114.
Subroutine Scalar::Util::readonly redefined at /home/sand/src/perl/repoperls/installed-perls/perl/v5.25.3/de40/lib/5.25.3/XSLoader.pm line 114.
Subroutine Scalar::Util::tainted redefined at /home/sand/src/perl/repoperls/installed-perls/perl/v5.25.3/de40/lib/5.25.3/XSLoader.pm line 114.
Subroutine Scalar::Util::isvstring redefined at /home/sand/src/perl/repoperls/installed-perls/perl/v5.25.3/de40/lib/5.25.3/XSLoader.pm line 114.
Subroutine Scalar::Util::looks_like_number redefined at /home/sand/src/perl/repoperls/installed-perls/perl/v5.25.3/de40/lib/5.25.3/XSLoader.pm line 114.
Subroutine Scalar::Util::openhandle redefined at /home/sand/src/perl/repoperls/installed-perls/perl/v5.25.3/de40/lib/5.25.3/XSLoader.pm line 114.
# Skip due to no Graph::Writer available: Can't locate Graph/Writer.pm in @INC (you may need to install the Graph::Writer module) (@INC contains: t /tmp/loop_over_bdir-21075-cCPWjU/Graph-Graph6-6-0/blib/lib /tmp/loop_over_bdir-21075-cCPWjU/Graph-Graph6-6-0/blib/arch /home/sand/src/perl/repoperls/installed-perls/perl/v5.25.3/de40/lib/site_perl/5.25.3/x86_64-linux-thread-multi-ld /home/sand/src/perl/repoperls/installed-perls/perl/v5.25.3/de40/lib/site_perl/5.25.3 /home/sand/src/perl/repoperls/installed-perls/perl/v5.25.3/de40/lib/5.25.3/x86_64-linux-thread-multi-ld /home/sand/src/perl/repoperls/installed-perls/perl/v5.25.3/de40/lib/5.25.3 .) at t/Graph-Writer-Sparse6.t line 51.
# 
t/Graph-Writer-Sparse6.t ...... ok
Subroutine Scalar::Util::dualvar redefined at /home/sand/src/perl/repoperls/installed-perls/perl/v5.25.3/de40/lib/5.25.3/XSLoader.pm line 114.
Subroutine Scalar::Util::isdual redefined at /home/sand/src/perl/repoperls/installed-perls/perl/v5.25.3/de40/lib/5.25.3/XSLoader.pm line 114.
Subroutine Scalar::Util::blessed redefined at /home/sand/src/perl/repoperls/installed-perls/perl/v5.25.3/de40/lib/5.25.3/XSLoader.pm line 114.
Subroutine Scalar::Util::reftype redefined at /home/sand/src/perl/repoperls/installed-perls/perl/v5.25.3/de40/lib/5.25.3/XSLoader.pm line 114.
Subroutine Scalar::Util::refaddr redefined at /home/sand/src/perl/repoperls/installed-perls/perl/v5.25.3/de40/lib/5.25.3/XSLoader.pm line 114.
Subroutine Scalar::Util::weaken redefined at /home/sand/src/perl/repoperls/installed-perls/perl/v5.25.3/de40/lib/5.25.3/XSLoader.pm line 114.
Subroutine Scalar::Util::unweaken redefined at /home/sand/src/perl/repoperls/installed-perls/perl/v5.25.3/de40/lib/5.25.3/XSLoader.pm line 114.
Subroutine Scalar::Util::isweak redefined at /home/sand/src/perl/repoperls/installed-perls/perl/v5.25.3/de40/lib/5.25.3/XSLoader.pm line 114.
Subroutine Scalar::Util::readonly redefined at /home/sand/src/perl/repoperls/installed-perls/perl/v5.25.3/de40/lib/5.25.3/XSLoader.pm line 114.
Subroutine Scalar::Util::tainted redefined at /home/sand/src/perl/repoperls/installed-perls/perl/v5.25.3/de40/lib/5.25.3/XSLoader.pm line 114.
Subroutine Scalar::Util::isvstring redefined at /home/sand/src/perl/repoperls/installed-perls/perl/v5.25.3/de40/lib/5.25.3/XSLoader.pm line 114.
Subroutine Scalar::Util::looks_like_number redefined at /home/sand/src/perl/repoperls/installed-perls/perl/v5.25.3/de40/lib/5.25.3/XSLoader.pm line 114.
Subroutine Scalar::Util::openhandle redefined at /home/sand/src/perl/repoperls/installed-perls/perl/v5.25.3/de40/lib/5.25.3/XSLoader.pm line 114.
# Saw 13 warning(s):
# 
# Trace begun at t/MyTestHelpers.pm line 59
# MyTestHelpers::nowarnings_handler('Subroutine Scalar::Util::dualvar redefined at /home/sand/src/perl/repoperls/installed-perls/perl/v5.25.3/de40/lib/5.25.3/XSLoader.pm line 114.^J') called at /home/sand/src/perl/repoperls/installed-perls/perl/v5.25.3/de40/lib/5.25.3/XSLoader.pm line 114
# XSLoader::load('List::Util', '1.45_01') called at /home/sand/src/perl/repoperls/installed-perls/perl/v5.25.3/de40/lib/5.25.3/x86_64-linux-thread-multi-ld/List/Util.pm line 23
# require List/Util.pm at /home/sand/src/perl/repoperls/installed-perls/perl/v5.25.3/de40/lib/5.25.3/x86_64-linux-thread-multi-ld/Sub/Util.pm line 21
# require Sub/Util.pm at /home/sand/src/perl/repoperls/installed-perls/perl/v5.25.3/de40/lib/site_perl/5.25.3/Moo/_Utils.pm line 14
# eval {...} at /home/sand/src/perl/repoperls/installed-perls/perl/v5.25.3/de40/lib/site_perl/5.25.3/Moo/_Utils.pm line 15
# Moo::_Utils::BEGIN at /home/sand/src/perl/repoperls/installed-perls/perl/v5.25.3/de40/lib/5.25.3/x86_64-linux-thread-multi-ld/List/Util.pm line 0
# eval {...} at /home/sand/src/perl/repoperls/installed-perls/perl/v5.25.3/de40/lib/5.25.3/x86_64-linux-thread-multi-ld/List/Util.pm line 0
# require Moo/_Utils.pm at /home/sand/src/perl/repoperls/installed-perls/perl/v5.25.3/de40/lib/site_perl/5.25.3/Moo.pm line 13
# Moo::BEGIN at /home/sand/src/perl/repoperls/installed-perls/perl/v5.25.3/de40/lib/5.25.3/x86_64-linux-thread-multi-ld/List/Util.pm line 0
# eval {...} at /home/sand/src/perl/repoperls/installed-perls/perl/v5.25.3/de40/lib/5.25.3/x86_64-linux-thread-multi-ld/List/Util.pm line 0
# require Moo.pm at /home/sand/src/perl/repoperls/installed-perls/perl/v5.25.3/de40/lib/site_perl/5.25.3/GraphViz2.pm line 13
# GraphViz2::BEGIN at /home/sand/src/perl/repoperls/installed-perls/perl/v5.25.3/de40/lib/5.25.3/x86_64-linux-thread-multi-ld/List/Util.pm line 0
# eval {...} at /home/sand/src/perl/repoperls/installed-perls/perl/v5.25.3/de40/lib/5.25.3/x86_64-linux-thread-multi-ld/List/Util.pm line 0
# require GraphViz2.pm at t/GraphViz2-Parse-Graph6.t line 43
# eval {...} at t/GraphViz2-Parse-Graph6.t line 43
# 
# 
# Trace begun at t/MyTestHelpers.pm line 59
# MyTestHelpers::nowarnings_handler('Subroutine Scalar::Util::isdual redefined at /home/sand/src/perl/repoperls/installed-perls/perl/v5.25.3/de40/lib/5.25.3/XSLoader.pm line 114.^J') called at /home/sand/src/perl/repoperls/installed-perls/perl/v5.25.3/de40/lib/5.25.3/XSLoader.pm line 114
# XSLoader::load('List::Util', '1.45_01') called at /home/sand/src/perl/repoperls/installed-perls/perl/v5.25.3/de40/lib/5.25.3/x86_64-linux-thread-multi-ld/List/Util.pm line 23
# require List/Util.pm at /home/sand/src/perl/repoperls/installed-perls/perl/v5.25.3/de40/lib/5.25.3/x86_64-linux-thread-multi-ld/Sub/Util.pm line 21
# require Sub/Util.pm at /home/sand/src/perl/repoperls/installed-perls/perl/v5.25.3/de40/lib/site_perl/5.25.3/Moo/_Utils.pm line 14
# eval {...} at /home/sand/src/perl/repoperls/installed-perls/perl/v5.25.3/de40/lib/site_perl/5.25.3/Moo/_Utils.pm line 15
# Moo::_Utils::BEGIN at /home/sand/src/perl/repoperls/installed-perls/perl/v5.25.3/de40/lib/5.25.3/x86_64-linux-thread-multi-ld/List/Util.pm line 0
# eval {...} at /home/sand/src/perl/repoperls/installed-perls/perl/v5.25.3/de40/lib/5.25.3/x86_64-linux-thread-multi-ld/List/Util.pm line 0
# require Moo/_Utils.pm at /home/sand/src/perl/repoperls/installed-perls/perl/v5.25.3/de40/lib/site_perl/5.25.3/Moo.pm line 13
# Moo::BEGIN at /home/sand/src/perl/repoperls/installed-perls/perl/v5.25.3/de40/lib/5.25.3/x86_64-linux-thread-multi-ld/List/Util.pm line 0
# eval {...} at /home/sand/src/perl/repoperls/installed-perls/perl/v5.25.3/de40/lib/5.25.3/x86_64-linux-thread-multi-ld/List/Util.pm line 0
# require Moo.pm at /home/sand/src/perl/repoperls/installed-perls/perl/v5.25.3/de40/lib/site_perl/5.25.3/GraphViz2.pm line 13
# GraphViz2::BEGIN at /home/sand/src/perl/repoperls/installed-perls/perl/v5.25.3/de40/lib/5.25.3/x86_64-linux-thread-multi-ld/List/Util.pm line 0
# eval {...} at /home/sand/src/perl/repoperls/installed-perls/perl/v5.25.3/de40/lib/5.25.3/x86_64-linux-thread-multi-ld/List/Util.pm line 0
# require GraphViz2.pm at t/GraphViz2-Parse-Graph6.t line 43
# eval {...} at t/GraphViz2-Parse-Graph6.t line 43
# 
# 
# Trace begun at t/MyTestHelpers.pm line 59
# MyTestHelpers::nowarnings_handler('Subroutine Scalar::Util::blessed redefined at /home/sand/src/perl/repoperls/installed-perls/perl/v5.25.3/de40/lib/5.25.3/XSLoader.pm line 114.^J') called at /home/sand/src/perl/repoperls/installed-perls/perl/v5.25.3/de40/lib/5.25.3/XSLoader.pm line 114
# XSLoader::load('List::Util', '1.45_01') called at /home/sand/src/perl/repoperls/installed-perls/perl/v5.25.3/de40/lib/5.25.3/x86_64-linux-thread-multi-ld/List/Util.pm line 23
# require List/Util.pm at /home/sand/src/perl/repoperls/installed-perls/perl/v5.25.3/de40/lib/5.25.3/x86_64-linux-thread-multi-ld/Sub/Util.pm line 21
# require Sub/Util.pm at /home/sand/src/perl/repoperls/installed-perls/perl/v5.25.3/de40/lib/site_perl/5.25.3/Moo/_Utils.pm line 14
# eval {...} at /home/sand/src/perl/repoperls/installed-perls/perl/v5.25.3/de40/lib/site_perl/5.25.3/Moo/_Utils.pm line 15
# Moo::_Utils::BEGIN at /home/sand/src/perl/repoperls/installed-perls/perl/v5.25.3/de40/lib/5.25.3/x86_64-linux-thread-multi-ld/List/Util.pm line 0
# eval {...} at /home/sand/src/perl/repoperls/installed-perls/perl/v5.25.3/de40/lib/5.25.3/x86_64-linux-thread-multi-ld/List/Util.pm line 0
# require Moo/_Utils.pm at /home/sand/src/perl/repoperls/installed-perls/perl/v5.25.3/de40/lib/site_perl/5.25.3/Moo.pm line 13
# Moo::BEGIN at /home/sand/src/perl/repoperls/installed-perls/perl/v5.25.3/de40/lib/5.25.3/x86_64-linux-thread-multi-ld/List/Util.pm line 0
# eval {...} at /home/sand/src/perl/repoperls/installed-perls/perl/v5.25.3/de40/lib/5.25.3/x86_64-linux-thread-multi-ld/List/Util.pm line 0
# require Moo.pm at /home/sand/src/perl/repoperls/installed-perls/perl/v5.25.3/de40/lib/site_perl/5.25.3/GraphViz2.pm line 13
# GraphViz2::BEGIN at /home/sand/src/perl/repoperls/installed-perls/perl/v5.25.3/de40/lib/5.25.3/x86_64-linux-thread-multi-ld/List/Util.pm line 0
# eval {...} at /home/sand/src/perl/repoperls/installed-perls/perl/v5.25.3/de40/lib/5.25.3/x86_64-linux-thread-multi-ld/List/Util.pm line 0
# require GraphViz2.pm at t/GraphViz2-Parse-Graph6.t line 43
# eval {...} at t/GraphViz2-Parse-Graph6.t line 43
# 
# 
# Exit code 1 for warnings
t/GraphViz2-Parse-Graph6.t .... 
Dubious, test returned 1 (wstat 256, 0x100)
All 21 subtests passed 

Test Summary Report
-------------------
t/Graph-Easy-As_graph6.t    (Wstat: 256 Tests: 11 Failed: 0)
  Non-zero exit status: 1
t/Graph-Easy-As_sparse6.t   (Wstat: 256 Tests: 13 Failed: 0)
  Non-zero exit status: 1
t/Graph-Easy-Parser-Graph6.t (Wstat: 256 Tests: 23 Failed: 0)
  Non-zero exit status: 1
t/GraphViz2-Parse-Graph6.t  (Wstat: 256 Tests: 21 Failed: 0)
  Non-zero exit status: 1
Files=10, Tests=209,  3 wallclock secs ( 0.06 usr  0.06 sys +  1.08 cusr  0.31 csys =  1.51 CPU)
Result: FAIL
Failed 4/10 test programs. 0/209 subtests failed.
Makefile:918: recipe for target 'test_dynamic' failed
make: *** [test_dynamic] Error 1

------------------------------
PREREQUISITES
------------------------------

Prerequisite modules loaded:

requires:

    Module              Need  Have    
    ------------------- ----- --------
    Carp                0     1.41    
    Exporter            0     5.72    
    IO::String          0     1.08    
    List::Util          0     1.45_01 
    perl                5.006 5.025003

build_requires:

    Module              Need  Have    
    ------------------- ----- --------
    ExtUtils::MakeMaker 0     7.24    
    Test                0     1.28    

configure_requires:

    Module              Need  Have    
    ------------------- ----- --------
    ExtUtils::MakeMaker 0     7.24    


------------------------------
ENVIRONMENT AND OTHER CONTEXT
------------------------------

Environment variables:

    AUTOMATED_TESTING = 1
    LANG = en_US.UTF-8
    LANGUAGE = en_US:en
    PATH = /usr/lib/ccache:/home/sand/bin:/usr/local/bin:/usr/bin:/bin:/usr/games:/usr/local/perl/bin:/usr/X11/bin:/sbin:/usr/sbin
    PERL5LIB = 
    PERL5OPT = 
    PERL5_CPANPLUS_IS_RUNNING = 21076
    PERL5_CPAN_IS_RUNNING = 21076
    PERL_CANARY_STABILITY_NOPROMPT = 1
    PERL_MM_USE_DEFAULT = 1
    SHELL = /usr/bin/zsh
    TERM = screen

Perl special variables (and OS-specific diagnostics, for MSWin32):

    $^X = /home/sand/src/perl/repoperls/installed-perls/perl/v5.25.3/de40/bin/perl
    $UID/$EUID = 1005 / 1005
    $GID = 1005 1005
    $EGID = 1005 1005

Perl module toolchain versions installed:

    Module              Have    
    ------------------- --------
    CPAN                2.15    
    CPAN::Meta          2.150010
    Cwd                 3.64    
    ExtUtils::CBuilder  0.280225
    ExtUtils::Command   7.24    
    ExtUtils::Install   2.04    
    ExtUtils::MakeMaker 7.24    
    ExtUtils::Manifest  1.70    
    ExtUtils::ParseXS   3.33    
    File::Spec          3.64    
    JSON                2.90    
    JSON::PP            2.27400 
    Module::Build       0.4220  
    Module::Signature   0.80    
    Parse::CPAN::Meta   2.150010
    Test::Harness       3.36    
    Test::More          1.302054
    YAML                1.18    
    YAML::Syck          1.29    
    version             0.9917  


--

Summary of my perl5 (revision 5 version 25 subversion 3) configuration:
  Commit id: c137098022dcef5e7ea32608e5299276efea6457
  Platform:
    osname=linux
    osvers=4.3.0-1-amd64
    archname=x86_64-linux-thread-multi-ld
    uname='linux k83 4.3.0-1-amd64 #1 smp debian 4.3.3-7 (2016-01-19) x86_64 gnulinux '
    config_args='-Dprefix=/home/sand/src/perl/repoperls/installed-perls/perl/v5.25.3/de40 -Dmyhostname=k83 -Dinstallusrbinperl=n -Uversiononly -Dusedevel -des -Ui_db -Dlibswanted=cl pthread socket inet nsl gdbm dbm malloc dl ld sun m crypt sec util c cposix posix ucb BSD gdbm_compat -Duseithreads -Duselongdouble'
    hint=recommended
    useposix=true
    d_sigaction=define
    useithreads=define
    usemultiplicity=define
    use64bitint=define
    use64bitall=define
    uselongdouble=define
    usemymalloc=n
    bincompat5005=undef
  Compiler:
    cc='cc'
    ccflags ='-D_REENTRANT -D_GNU_SOURCE -fwrapv -fno-strict-aliasing -pipe -fstack-protector-strong -I/usr/local/include -D_LARGEFILE_SOURCE -D_FILE_OFFSET_BITS=64 -D_FORTIFY_SOURCE=2'
    optimize='-O2'
    cppflags='-D_REENTRANT -D_GNU_SOURCE -fwrapv -fno-strict-aliasing -pipe -fstack-protector-strong -I/usr/local/include'
    ccversion=''
    gccversion='5.3.1 20160121'
    gccosandvers=''
    intsize=4
    longsize=8
    ptrsize=8
    doublesize=8
    byteorder=12345678
    doublekind=3
    d_longlong=define
    longlongsize=8
    d_longdbl=define
    longdblsize=16
    longdblkind=3
    ivtype='long'
    ivsize=8
    nvtype='long double'
    nvsize=16
    Off_t='off_t'
    lseeksize=8
    alignbytes=16
    prototype=define
  Linker and Libraries:
    ld='cc'
    ldflags =' -fstack-protector-strong -L/usr/local/lib'
    libpth=/usr/local/lib /usr/lib/gcc/x86_64-linux-gnu/5/include-fixed /usr/include/x86_64-linux-gnu /usr/lib /lib/x86_64-linux-gnu /lib/../lib /usr/lib/x86_64-linux-gnu /usr/lib/../lib /lib
    libs=-lpthread -lnsl -lgdbm -ldl -lm -lcrypt -lutil -lc -lgdbm_compat
    perllibs=-lpthread -lnsl -ldl -lm -lcrypt -lutil -lc
    libc=libc-2.21.so
    so=so
    useshrplib=false
    libperl=libperl.a
    gnulibc_version='2.21'
  Dynamic Linking:
    dlsrc=dl_dlopen.xs
    dlext=so
    d_dlsymun=undef
    ccdlflags='-Wl,-E'
    cccdlflags='-fPIC'
    lddlflags='-shared -O2 -L/usr/local/lib -fstack-protector-strong'


Characteristics of this binary (from libperl): 
  Compile-time options:
    HAS_TIMES
    MULTIPLICITY
    PERLIO_LAYERS
    PERL_COPY_ON_WRITE
    PERL_DONT_CREATE_GVSV
    PERL_HASH_FUNC_ONE_AT_A_TIME_HARD
    PERL_IMPLICIT_CONTEXT
    PERL_MALLOC_WRAP
    PERL_OP_PARENT
    PERL_PRESERVE_IVUV
    PERL_USE_DEVEL
    USE_64_BIT_ALL
    USE_64_BIT_INT
    USE_ITHREADS
    USE_LARGE_FILES
    USE_LOCALE
    USE_LOCALE_COLLATE
    USE_LOCALE_CTYPE
    USE_LOCALE_NUMERIC
    USE_LOCALE_TIME
    USE_LONG_DOUBLE
    USE_PERLIO
    USE_PERL_ATOF
    USE_REENTRANT_API
  Built under linux
  Compiled at Jul 21 2016 01:23:52
  %ENV:
    PERL5LIB=""
    PERL5OPT=""
    PERL5_CPANPLUS_IS_RUNNING="21076"
    PERL5_CPAN_IS_RUNNING="21076"
    PERL_CANARY_STABILITY_NOPROMPT="1"
    PERL_MM_USE_DEFAULT="1"
  @INC:
    /home/sand/src/perl/repoperls/installed-perls/perl/v5.25.3/de40/lib/site_perl/5.25.3/x86_64-linux-thread-multi-ld
    /home/sand/src/perl/repoperls/installed-perls/perl/v5.25.3/de40/lib/site_perl/5.25.3
    /home/sand/src/perl/repoperls/installed-perls/perl/v5.25.3/de40/lib/5.25.3/x86_64-linux-thread-multi-ld
    /home/sand/src/perl/repoperls/installed-perls/perl/v5.25.3/de40/lib/5.25.3
    .